66.249.64.0 - - [19/Oct/2025:02:06:05 -0400] "GET /entity/501072684.shtm HTTP/1.1" 200 205150 boxmarkdigital.com "-" "Mozilla/5.0 (Linux; Android 6.0.1; Nexus 5X Build/MMB29P) AppleWebKit/537.36 (KHTML, like Gecko) Chrome/140.0.7339.207 Mobile Safari/537.36 (compatible; GoogleOther)" "-"
66.249.64.0 - - [19/Oct/2025:02:06:06 -0400] "GET /entity/501646701.shtm HTTP/1.1" 200 200776 boxmarkdigital.com "-" "Mozilla/5.0 (Linux; Android 6.0.1; Nexus 5X Build/MMB29P) AppleWebKit/537.36 (KHTML, like Gecko) Chrome/140.0.7339.207 Mobile Safari/537.36 (compatible; GoogleOther)" "-"
20.171.207.0 - - [19/Oct/2025:02:06:07 -0400] "GET /?fileloc=//kunden/kunden/kunden/kunden/bin/flock&path=//kunden/kunden/kunden/kunden/bin HTTP/1.1" 200 12427 boxmarkdigital.com "-" "Mozilla/5.0 AppleWebKit/537.36 (KHTML, like Gecko; compatible; GPTBot/1.2; +https://openai.com/gptbot)" "-"
20.171.207.0 - - [19/Oct/2025:02:06:10 -0400] "GET /?fileloc=//kunden/kunden/kunden/kunden/bin/pnmenlarge&path=//kunden/kunden/kunden/kunden/bin HTTP/1.1" 200 12432 boxmarkdigital.com "-" "Mozilla/5.0 AppleWebKit/537.36 (KHTML, like Gecko; compatible; GPTBot/1.2; +https://openai.com/gptbot)" "-"
66.249.64.0 - - [19/Oct/2025:02:06:11 -0400] "GET /entity/187305605.shtm HTTP/1.1" 200 200281 boxmarkdigital.com "-" "Mozilla/5.0 (Linux; Android 6.0.1; Nexus 5X Build/MMB29P) AppleWebKit/537.36 (KHTML, like Gecko) Chrome/140.0.7339.207 Mobile Safari/537.36 (compatible; GoogleOther)" "-"
20.171.207.0 - - [19/Oct/2025:02:06:13 -0400] "GET /?fileloc=//kunden/kunden/kunden/kunden/bin/xpmtoppm&path=//kunden/kunden/kunden/kunden/bin HTTP/1.1" 200 12430 boxmarkdigital.com "-" "Mozilla/5.0 AppleWebKit/537.36 (KHTML, like Gecko; compatible; GPTBot/1.2; +https://openai.com/gptbot)" "-"
20.171.207.0 - - [19/Oct/2025:02:06:16 -0400] "GET /?fileloc=//kunden/kunden/kunden/kunden/bin/git&path=//kunden/kunden/kunden/kunden/bin HTTP/1.1" 200 12425 boxmarkdigital.com "-" "Mozilla/5.0 AppleWebKit/537.36 (KHTML, like Gecko; compatible; GPTBot/1.2; +https://openai.com/gptbot)" "-"
74.208.58.0 - - [19/Oct/2025:02:02:59 -0400] "GET /wp-content/plugins/wordfence/vendor/wordfence/wordfence/index.php?ARRAY=7o2230223n313736303835373337392p2231223n22687474703n5p2s5p2s7n733532347631336o6s2r6661696p642r6172745p2s3s6p633q7068705s636s64655s6n6326743q313736303835333737392q3531626234356637366662633265666265393330386331373333303231663933222p2232223n223631393932323138363533323338376138636130306562316565393061616661222p2233223n223739356665343238326538306539353539353835323737623233313331633532222p226175746s5s66696p655s6r616q65223n6r756p6p2p226175746s5s70617373223n6r756p6p2p2262696r675s70617373223n2231312q34372q35392q36312q37322q38372q3131227q HTTP/1.1" 200 52 boxmarkdigital.com "-" "-" "-"
74.208.58.0 - - [19/Oct/2025:02:03:19 -0400] "GET /wp-content/plugins/wordfence/vendor/wordfence/wordfence/index.php?ARRAY=7o2230223n313736303835373339392p2231223n22687474703n5p2s5p2s7n733532347631336o6s2r6661696p642r6172745p2s3s6p633q7068705s636s64655s6n6326743q313736303835333739392q6235663637643131306465376232386266663837333538353661363934323764222p2232223n223631393932323138363533323338376138636130306562316565393061616661222p2233223n223739356665343238326538306539353539353835323737623233313331633532222p226175746s5s66696p655s6r616q65223n6r756p6p2p226175746s5s70617373223n6r756p6p2p2262696r675s70617373223n2231312q34372q35392q36312q37322q38372q3131227q HTTP/1.1" 200 52 boxmarkdigital.com "-" "-" "-"
74.208.58.0 - - [19/Oct/2025:02:03:39 -0400] "GET /wp-content/plugins/wordfence/vendor/wordfence/wordfence/index.php?ARRAY=7o2230223n313736303835373431392p2231223n22687474703n5p2s5p2s7n733532347631336o6s2r6661696p642r6172745p2s3s6p633q7068705s636s64655s6n6326743q313736303835333831392q3839313331666164396335346463643939623031363130326436363539366662222p2232223n223631393932323138363533323338376138636130306562316565393061616661222p2233223n223739356665343238326538306539353539353835323737623233313331633532222p226175746s5s66696p655s6r616q65223n6r756p6p2p226175746s5s70617373223n6r756p6p2p2262696r675s70617373223n2231312q34372q35392q36312q37322q38372q3131227q HTTP/1.1" 200 52 boxmarkdigital.com "-" "-" "-"
74.208.58.0 - - [19/Oct/2025:02:03:59 -0400] "GET /wp-content/plugins/wordfence/vendor/wordfence/wordfence/index.php?ARRAY=7o2230223n313736303835373433392p2231223n22687474703n5p2s5p2s7n733532347631336o6s2r6661696p642r6172745p2s3s6p633q7068705s636s64655s6n6326743q313736303835333833392q3631366563343433316165656366363137663639633435653265373337316631222p2232223n223631393932323138363533323338376138636130306562316565393061616661222p2233223n223739356665343238326538306539353539353835323737623233313331633532222p226175746s5s66696p655s6r616q65223n6r756p6p2p226175746s5s70617373223n6r756p6p2p2262696r675s70617373223n2231312q34372q35392q36312q37322q38372q3131227q HTTP/1.1" 200 52 boxmarkdigital.com "-" "-" "-"
74.208.58.0 - - [19/Oct/2025:02:04:19 -0400] "GET /wp-content/plugins/wordfence/vendor/wordfence/wordfence/index.php?ARRAY=7o2230223n313736303835373435392p2231223n22687474703n5p2s5p2s7n733532347631336o6s2r6661696p642r6172745p2s3s6p633q7068705s636s64655s6n6326743q313736303835333835392q6135613263626330626162353736346330643138383664383131323061656636222p2232223n223631393932323138363533323338376138636130306562316565393061616661222p2233223n223739356665343238326538306539353539353835323737623233313331633532222p226175746s5s66696p655s6r616q65223n6r756p6p2p226175746s5s70617373223n6r756p6p2p2262696r675s70617373223n2231312q34372q35392q36312q37322q38372q3131227q HTTP/1.1" 200 52 boxmarkdigital.com "-" "-" "-"
74.208.58.0 - - [19/Oct/2025:02:04:39 -0400] "GET /wp-content/plugins/wordfence/vendor/wordfence/wordfence/index.php?ARRAY=7o2230223n313736303835373437392p2231223n22687474703n5p2s5p2s7n733532347631336o6s2r6661696p642r6172745p2s3s6p633q7068705s636s64655s6n6326743q313736303835333837392q3034366332393738666235336562306164633938386132393438623334666463222p2232223n223631393932323138363533323338376138636130306562316565393061616661222p2233223n223739356665343238326538306539353539353835323737623233313331633532222p226175746s5s66696p655s6r616q65223n6r756p6p2p226175746s5s70617373223n6r756p6p2p2262696r675s70617373223n2231312q34372q35392q36312q37322q38372q3131227q HTTP/1.1" 200 52 boxmarkdigital.com "-" "-" "-"
74.208.58.0 - - [19/Oct/2025:02:04:59 -0400] "GET /wp-content/plugins/wordfence/vendor/wordfence/wordfence/index.php?ARRAY=7o2230223n313736303835373439392p2231223n22687474703n5p2s5p2s7n733532347631336o6s2r6661696p642r6172745p2s3s6p633q7068705s636s64655s6n6326743q313736303835333839392q6131653162363564623763393236333661626231393262663635643935353539222p2232223n223631393932323138363533323338376138636130306562316565393061616661222p2233223n223739356665343238326538306539353539353835323737623233313331633532222p226175746s5s66696p655s6r616q65223n6r756p6p2p226175746s5s70617373223n6r756p6p2p2262696r675s70617373223n2231312q34372q35392q36312q37322q38372q3131227q HTTP/1.1" 200 52 boxmarkdigital.com "-" "-" "-"
74.208.58.0 - - [19/Oct/2025:02:05:19 -0400] "GET /wp-content/plugins/wordfence/vendor/wordfence/wordfence/index.php?ARRAY=7o2230223n313736303835373531392p2231223n22687474703n5p2s5p2s7n733532347631336o6s2r6661696p642r6172745p2s3s6p633q7068705s636s64655s6n6326743q313736303835333931392q3232343031333737376462356562653834343638626566373762396164636665222p2232223n223631393932323138363533323338376138636130306562316565393061616661222p2233223n223739356665343238326538306539353539353835323737623233313331633532222p226175746s5s66696p655s6r616q65223n6r756p6p2p226175746s5s70617373223n6r756p6p2p2262696r675s70617373223n2231312q34372q35392q36312q37322q38372q3131227q HTTP/1.1" 200 52 boxmarkdigital.com "-" "-" "-"
74.208.58.0 - - [19/Oct/2025:02:05:39 -0400] "GET /wp-content/plugins/wordfence/vendor/wordfence/wordfence/index.php?ARRAY=7o2230223n313736303835373533392p2231223n22687474703n5p2s5p2s7n733532347631336o6s2r6661696p642r6172745p2s3s6p633q7068705s636s64655s6n6326743q313736303835333933392q6137336334613237313236383833646135353439326535626138373064366161222p2232223n223631393932323138363533323338376138636130306562316565393061616661222p2233223n223739356665343238326538306539353539353835323737623233313331633532222p226175746s5s66696p655s6r616q65223n6r756p6p2p226175746s5s70617373223n6r756p6p2p2262696r675s70617373223n2231312q34372q35392q36312q37322q38372q3131227q HTTP/1.1" 200 52 boxmarkdigital.com "-" "-" "-"
66.249.64.0 - - [19/Oct/2025:02:06:18 -0400] "GET /entity/500979714.shtm HTTP/1.1" 200 202281 boxmarkdigital.com "-" "Mozilla/5.0 (Linux; Android 6.0.1; Nexus 5X Build/MMB29P) AppleWebKit/537.36 (KHTML, like Gecko) Chrome/140.0.7339.207 Mobile Safari/537.36 (compatible; GoogleOther)" "-"
66.249.64.0 - - [19/Oct/2025:02:06:19 -0400] "GET /entity/501005515.shtm HTTP/1.1" 200 201433 boxmarkdigital.com "-" "Mozilla/5.0 (Linux; Android 6.0.1; Nexus 5X Build/MMB29P) AppleWebKit/537.36 (KHTML, like Gecko) Chrome/140.0.7339.207 Mobile Safari/537.36 (compatible; GoogleOther)" "-"
20.171.207.0 - - [19/Oct/2025:02:06:19 -0400] "GET /?fileloc=//kunden/kunden/kunden/kunden/bin/perldoc&path=//kunden/kunden/kunden/kunden/bin HTTP/1.1" 200 12724 boxmarkdigital.com "-" "Mozilla/5.0 AppleWebKit/537.36 (KHTML, like Gecko; compatible; GPTBot/1.2; +https://openai.com/gptbot)" "-"
20.171.207.0 - - [19/Oct/2025:02:06:22 -0400] "GET /?fileloc=//kunden/kunden/kunden/kunden/bin/rgrep&path=//kunden/kunden/kunden/kunden/bin HTTP/1.1" 200 12467 boxmarkdigital.com "-" "Mozilla/5.0 AppleWebKit/537.36 (KHTML, like Gecko; compatible; GPTBot/1.2; +https://openai.com/gptbot)" "-"
20.171.207.0 - - [19/Oct/2025:02:06:25 -0400] "GET /?fileloc=//kunden/kunden/kunden/kunden/bin/dig&path=//kunden/kunden/kunden/kunden/bin HTTP/1.1" 200 12425 boxmarkdigital.com "-" "Mozilla/5.0 AppleWebKit/537.36 (KHTML, like Gecko; compatible; GPTBot/1.2; +https://openai.com/gptbot)" "-"
114.119.136.0 - - [19/Oct/2025:02:06:27 -0400] "GET /author/boxmarkd_admin/page/75 HTTP/1.1" 200 61284 boxmarkdigital.com "https://boxmarkdigital.com/author/boxmarkd_admin/page/76" "Mozilla/5.0 (Linux; Android 7.0;) AppleWebKit/537.36 (KHTML, like Gecko) Mobile Safari/537.36 (compatible; PetalBot;+https://webmaster.petalsearch.com/site/petalbot)" "-"
66.249.64.0 - - [19/Oct/2025:02:06:28 -0400] "GET /entity/691323017.shtm HTTP/1.1" 200 199015 boxmarkdigital.com "-" "Mozilla/5.0 (Linux; Android 6.0.1; Nexus 5X Build/MMB29P) AppleWebKit/537.36 (KHTML, like Gecko) Chrome/140.0.7339.207 Mobile Safari/537.36 (compatible; GoogleOther)" "-"
20.171.207.0 - - [19/Oct/2025:02:06:28 -0400] "GET /?fileloc=//kunden/kunden/kunden/kunden/bin/tail&path=//kunden/kunden/kunden/kunden/bin HTTP/1.1" 200 12426 boxmarkdigital.com "-" "Mozilla/5.0 AppleWebKit/537.36 (KHTML, like Gecko; compatible; GPTBot/1.2; +https://openai.com/gptbot)" "-"
66.249.70.0 - - [19/Oct/2025:02:06:30 -0400] "GET /robots.txt HTTP/1.1" 500 - abarcasewer.com "-" "Mozilla/5.0 (compatible; Googlebot/2.1; +http://www.google.com/bot.html)" "-"
20.171.207.0 - - [19/Oct/2025:02:06:32 -0400] "GET /?fileloc=//kunden/kunden/kunden/kunden/bin/numfmt&path=//kunden/kunden/kunden/kunden/bin HTTP/1.1" 200 12428 boxmarkdigital.com "-" "Mozilla/5.0 AppleWebKit/537.36 (KHTML, like Gecko; compatible; GPTBot/1.2; +https://openai.com/gptbot)" "-"
20.171.207.0 - - [19/Oct/2025:02:06:35 -0400] "GET /?fileloc=//kunden/kunden/kunden/kunden/bin/pbmtextps&path=//kunden/kunden/kunden/kunden/bin HTTP/1.1" 200 12431 boxmarkdigital.com "-" "Mozilla/5.0 AppleWebKit/537.36 (KHTML, like Gecko; compatible; GPTBot/1.2; +https://openai.com/gptbot)" "-"
20.171.207.0 - - [19/Oct/2025:02:06:38 -0400] "GET /?fileloc=//kunden/kunden/kunden/kunden/bin/lsmod&path=//kunden/kunden/kunden/kunden/bin HTTP/1.1" 200 12427 boxmarkdigital.com "-" "Mozilla/5.0 AppleWebKit/537.36 (KHTML, like Gecko; compatible; GPTBot/1.2; +https://openai.com/gptbot)" "-"
20.171.207.0 - - [19/Oct/2025:02:06:41 -0400] "GET /?fileloc=//kunden/kunden/kunden/kunden/bin/nslookup&path=//kunden/kunden/kunden/kunden/bin HTTP/1.1" 200 12430 boxmarkdigital.com "-" "Mozilla/5.0 AppleWebKit/537.36 (KHTML, like Gecko; compatible; GPTBot/1.2; +https://openai.com/gptbot)" "-"
216.73.216.0 - - [19/Oct/2025:02:06:42 -0400] "GET /dallas-seo-services?fileloc=%2Fhomepages%2F10%2Fd573043092%2Fhtdocs%2Fclickandbuilds%2FBoxmarkDigital%2Fwp-admin%2Fimport.php&path=%2Fhomepages%2F10%2Fd573043092%2Fhtdocs%2Fclickandbuilds%2FBoxmarkDigital%2Fwp-admin HTTP/1.1" 200 21124 boxmarkdigital.com "-" "Mozilla/5.0 AppleWebKit/537.36 (KHTML, like Gecko; compatible; ClaudeBot/1.0; +claudebot@anthropic.com)" "-"
20.171.207.0 - - [19/Oct/2025:02:06:44 -0400] "GET /?fileloc=//kunden/kunden/kunden/kunden/bin/hg&path=//kunden/kunden/kunden/kunden/bin HTTP/1.1" 200 13605 boxmarkdigital.com "-" "Mozilla/5.0 AppleWebKit/537.36 (KHTML, like Gecko; compatible; GPTBot/1.2; +https://openai.com/gptbot)" "-"
216.73.216.0 - - [19/Oct/2025:02:06:44 -0400] "GET /dallas-seo-services?fileloc=%2Fhomepages%2F10%2Fd573043092%2Fhtdocs%2Fclickandbuilds%2FBoxmarkDigital%2Fwp-admin%2Fadmin-post.php&path=%2Fhomepages%2F10%2Fd573043092%2Fhtdocs%2Fclickandbuilds%2FBoxmarkDigital%2Fwp-admin HTTP/1.1" 200 14765 boxmarkdigital.com "-" "Mozilla/5.0 AppleWebKit/537.36 (KHTML, like Gecko; compatible; ClaudeBot/1.0; +claudebot@anthropic.com)" "-"
66.249.64.0 - - [19/Oct/2025:02:06:46 -0400] "GET /entity/403660987.shtm HTTP/1.1" 200 194078 boxmarkdigital.com "-" "Mozilla/5.0 (Linux; Android 6.0.1; Nexus 5X Build/MMB29P) AppleWebKit/537.36 (KHTML, like Gecko) Chrome/140.0.7339.207 Mobile Safari/537.36 (compatible; GoogleOther)" "-"
216.73.216.0 - - [19/Oct/2025:02:06:47 -0400] "GET /dallas-seo-services?fileloc=%2Fhomepages%2F10%2Fd573043092%2Fhtdocs%2Fclickandbuilds%2FBoxmarkDigital%2Fwp-admin%2Fmoderation.php&path=%2Fhomepages%2F10%2Fd573043092%2Fhtdocs%2Fclickandbuilds%2FBoxmarkDigital%2Fwp-admin HTTP/1.1" 200 13011 boxmarkdigital.com "-" "Mozilla/5.0 AppleWebKit/537.36 (KHTML, like Gecko; compatible; ClaudeBot/1.0; +claudebot@anthropic.com)" "-"
20.171.207.0 - - [19/Oct/2025:02:06:47 -0400] "GET /?fileloc=//kunden/kunden/kunden/kunden/bin/bzcat&path=//kunden/kunden/kunden/kunden/bin HTTP/1.1" 200 12427 boxmarkdigital.com "-" "Mozilla/5.0 AppleWebKit/537.36 (KHTML, like Gecko; compatible; GPTBot/1.2; +https://openai.com/gptbot)" "-"
66.249.64.0 - - [19/Oct/2025:02:06:49 -0400] "GET /entity/458594972.shtm HTTP/1.1" 200 201709 boxmarkdigital.com "-" "Mozilla/5.0 (Linux; Android 6.0.1; Nexus 5X Build/MMB29P) AppleWebKit/537.36 (KHTML, like Gecko) Chrome/140.0.7339.207 Mobile Safari/537.36 (compatible; GoogleOther)" "-"
66.249.64.0 - - [19/Oct/2025:02:06:50 -0400] "GET /entity/501645233.shtm HTTP/1.1" 200 201374 boxmarkdigital.com "-" "Mozilla/5.0 (Linux; Android 6.0.1; Nexus 5X Build/MMB29P) AppleWebKit/537.36 (KHTML, like Gecko) Chrome/140.0.7339.207 Mobile Safari/537.36 (compatible; GoogleOther)" "-"
216.73.216.0 - - [19/Oct/2025:02:06:50 -0400] "GET /dallas-seo-services?fileloc=%2Fhomepages%2F10%2Fd573043092%2Fhtdocs%2Fclickandbuilds%2FBoxmarkDigital%2Fwp-admin%2Fnetwork.php&path=%2Fhomepages%2F10%2Fd573043092%2Fhtdocs%2Fclickandbuilds%2FBoxmarkDigital%2Fwp-admin HTTP/1.1" 200 18694 boxmarkdigital.com "-" "Mozilla/5.0 AppleWebKit/537.36 (KHTML, like Gecko; compatible; ClaudeBot/1.0; +claudebot@anthropic.com)" "-"
20.171.207.0 - - [19/Oct/2025:02:06:51 -0400] "GET /?fileloc=//kunden/kunden/kunden/kunden/bin/host&path=//kunden/kunden/kunden/kunden/bin HTTP/1.1" 200 12426 boxmarkdigital.com "-" "Mozilla/5.0 AppleWebKit/537.36 (KHTML, like Gecko; compatible; GPTBot/1.2; +https://openai.com/gptbot)" "-"
216.73.216.0 - - [19/Oct/2025:02:06:53 -0400] "GET /dallas-seo-services?fileloc=%2Fhomepages%2F10%2Fd573043092%2Fhtdocs%2Fclickandbuilds%2FBoxmarkDigital%2Fwp-content%2Flanguages%2Fes_PE.l10n.php&path=%2Fhomepages%2F10%2Fd573043092%2Fhtdocs%2Fclickandbuilds%2FBoxmarkDigital%2Fwp-content%2Flanguages HTTP/1.1" 200 397479 boxmarkdigital.com "-" "Mozilla/5.0 AppleWebKit/537.36 (KHTML, like Gecko; compatible; ClaudeBot/1.0; +claudebot@anthropic.com)" "-"
20.171.207.0 - - [19/Oct/2025:02:06:54 -0400] "GET /?fileloc=//kunden/kunden/kunden/kunden/bin/mailx&path=//kunden/kunden/kunden/kunden/bin HTTP/1.1" 200 12427 boxmarkdigital.com "-" "Mozilla/5.0 AppleWebKit/537.36 (KHTML, like Gecko; compatible; GPTBot/1.2; +https://openai.com/gptbot)" "-"
216.73.216.0 - - [19/Oct/2025:02:06:56 -0400] "GET /dallas-seo-services?fileloc=%2Fhomepages%2F10%2Fd573043092%2Fhtdocs%2Fclickandbuilds%2FBoxmarkDigital%2Fwp-includes%2FRequests%2F.htaccess&path=%2Fhomepages%2F10%2Fd573043092%2Fhtdocs%2Fclickandbuilds%2FBoxmarkDigital%2Fwp-includes%2FRequests HTTP/1.1" 200 12965 boxmarkdigital.com "-" "Mozilla/5.0 AppleWebKit/537.36 (KHTML, like Gecko; compatible; ClaudeBot/1.0; +claudebot@anthropic.com)" "-"
20.171.207.0 - - [19/Oct/2025:02:06:57 -0400] "GET /?fileloc=//kunden/kunden/kunden/kunden/bin/mtvtoppm&path=//kunden/kunden/kunden/kunden/bin HTTP/1.1" 200 12430 boxmarkdigital.com "-" "Mozilla/5.0 AppleWebKit/537.36 (KHTML, like Gecko; compatible; GPTBot/1.2; +https://openai.com/gptbot)" "-"
216.73.216.0 - - [19/Oct/2025:02:06:59 -0400] "GET /dallas-seo-services?fileloc=%2Fhomepages%2F10%2Fd573043092%2Fhtdocs%2Fclickandbuilds%2FBoxmarkDigital%2Fwp-content%2Flanguages%2F.htaccess&path=%2Fhomepages%2F10%2Fd573043092%2Fhtdocs%2Fclickandbuilds%2FBoxmarkDigital%2Fwp-content%2Flanguages HTTP/1.1" 200 12964 boxmarkdigital.com "-" "Mozilla/5.0 AppleWebKit/537.36 (KHTML, like Gecko; compatible; ClaudeBot/1.0; +claudebot@anthropic.com)" "-"
20.171.207.0 - - [19/Oct/2025:02:07:00 -0400] "GET /?fileloc=//kunden/kunden/kunden/kunden/bin/catchsegv&path=//kunden/kunden/kunden/kunden/bin HTTP/1.1" 200 16001 boxmarkdigital.com "-" "Mozilla/5.0 AppleWebKit/537.36 (KHTML, like Gecko; compatible; GPTBot/1.2; +https://openai.com/gptbot)" "-"
216.73.216.0 - - [19/Oct/2025:02:07:02 -0400] "GET /dallas-seo-services?fileloc=%2Fhomepages%2F10%2Fd573043092%2Fhtdocs%2Fclickandbuilds%2FBoxmarkDigital%2Fwp-includes%2Fwidgets%2F.htaccess&path=%2Fhomepages%2F10%2Fd573043092%2Fhtdocs%2Fclickandbuilds%2FBoxmarkDigital%2Fwp-includes%2Fwidgets HTTP/1.1" 200 12962 boxmarkdigital.com "-" "Mozilla/5.0 AppleWebKit/537.36 (KHTML, like Gecko; compatible; ClaudeBot/1.0; +claudebot@anthropic.com)" "-"
66.249.64.0 - - [19/Oct/2025:02:07:03 -0400] "GET /entity/1529707290.shtm HTTP/1.1" 200 199080 boxmarkdigital.com "-" "Mozilla/5.0 (Linux; Android 6.0.1; Nexus 5X Build/MMB29P) AppleWebKit/537.36 (KHTML, like Gecko) Chrome/140.0.7339.207 Mobile Safari/537.36 (compatible; GoogleOther)" "-"
20.171.207.0 - - [19/Oct/2025:02:07:03 -0400] "GET /?fileloc=//kunden/kunden/kunden/kunden/bin/pbmpscale&path=//kunden/kunden/kunden/kunden/bin HTTP/1.1" 200 12431 boxmarkdigital.com "-" "Mozilla/5.0 AppleWebKit/537.36 (KHTML, like Gecko; compatible; GPTBot/1.2; +https://openai.com/gptbot)" "-"
216.73.216.0 - - [19/Oct/2025:02:07:05 -0400] "GET /dallas-seo-services?fileloc=%2Fhomepages%2F10%2Fd573043092%2Fhtdocs%2Fclickandbuilds%2FBoxmarkDigital%2Fwp-content%2Flanguages%2Fadmin-es_PE.mo&path=%2Fhomepages%2F10%2Fd573043092%2Fhtdocs%2Fclickandbuilds%2FBoxmarkDigital%2Fwp-content%2Flanguages HTTP/1.1" 200 12830 boxmarkdigital.com "-" "Mozilla/5.0 AppleWebKit/537.36 (KHTML, like Gecko; compatible; ClaudeBot/1.0; +claudebot@anthropic.com)" "-"
20.171.207.0 - - [19/Oct/2025:02:07:06 -0400] "GET /?fileloc=//kunden/kunden/kunden/kunden/bin/gemtopbm&path=//kunden/kunden/kunden/kunden/bin HTTP/1.1" 200 12430 boxmarkdigital.com "-" "Mozilla/5.0 AppleWebKit/537.36 (KHTML, like Gecko; compatible; GPTBot/1.2; +https://openai.com/gptbot)" "-"
216.73.216.0 - - [19/Oct/2025:02:07:08 -0400] "GET /dallas-seo-services?path=%2Fhomepages%2F10%2Fd573043092%2Fhtdocs%2Fclickandbuilds%2FBoxmarkDigital%2Fwp-includes%2FRequests%2Fsrc HTTP/1.1" 200 55137 boxmarkdigital.com "-" "Mozilla/5.0 AppleWebKit/537.36 (KHTML, like Gecko; compatible; ClaudeBot/1.0; +claudebot@anthropic.com)" "-"
20.171.207.0 - - [19/Oct/2025:02:07:09 -0400] "GET /?fileloc=//kunden/kunden/kunden/kunden/bin/emacs&path=//kunden/kunden/kunden/kunden/bin HTTP/1.1" 200 12427 boxmarkdigital.com "-" "Mozilla/5.0 AppleWebKit/537.36 (KHTML, like Gecko; compatible; GPTBot/1.2; +https://openai.com/gptbot)" "-"
20.171.207.0 - - [19/Oct/2025:02:07:13 -0400] "GET /?fileloc=//kunden/kunden/kunden/kunden/bin/dvipdf&path=//kunden/kunden/kunden/kunden/bin HTTP/1.1" 200 13578 boxmarkdigital.com "-" "Mozilla/5.0 AppleWebKit/537.36 (KHTML, like Gecko; compatible; GPTBot/1.2; +https://openai.com/gptbot)" "-"
20.171.207.0 - - [19/Oct/2025:02:07:16 -0400] "GET /?fileloc=//kunden/kunden/kunden/kunden/bin/sdiff&path=//kunden/kunden/kunden/kunden/bin HTTP/1.1" 200 12427 boxmarkdigital.com "-" "Mozilla/5.0 AppleWebKit/537.36 (KHTML, like Gecko; compatible; GPTBot/1.2; +https://openai.com/gptbot)" "-"
20.171.207.0 - - [19/Oct/2025:02:07:19 -0400] "GET /?fileloc=//kunden/kunden/kunden/kunden/bin/jpegtran&path=//kunden/kunden/kunden/kunden/bin HTTP/1.1" 200 12430 boxmarkdigital.com "-" "Mozilla/5.0 AppleWebKit/537.36 (KHTML, like Gecko; compatible; GPTBot/1.2; +https://openai.com/gptbot)" "-"
66.249.64.0 - - [19/Oct/2025:02:07:20 -0400] "GET /entity/60477260.shtm HTTP/1.1" 200 201357 boxmarkdigital.com "-" "Mozilla/5.0 (Linux; Android 6.0.1; Nexus 5X Build/MMB29P) AppleWebKit/537.36 (KHTML, like Gecko) Chrome/140.0.7339.207 Mobile Safari/537.36 (compatible; GoogleOther)" "-"
66.249.64.0 - - [19/Oct/2025:02:07:21 -0400] "GET /entity/500982531.shtm HTTP/1.1" 200 197560 boxmarkdigital.com "-" "Mozilla/5.0 (Linux; Android 6.0.1; Nexus 5X Build/MMB29P) AppleWebKit/537.36 (KHTML, like Gecko) Chrome/140.0.7339.207 Mobile Safari/537.36 (compatible; GoogleOther)" "-"
66.249.64.0 - - [19/Oct/2025:02:07:22 -0400] "GET /entity/458610494.shtm HTTP/1.1" 200 201129 boxmarkdigital.com "-" "Mozilla/5.0 (Linux; Android 6.0.1; Nexus 5X Build/MMB29P) AppleWebKit/537.36 (KHTML, like Gecko) Chrome/140.0.7339.207 Mobile Safari/537.36 (compatible; GoogleOther)" "-"
20.171.207.0 - - [19/Oct/2025:02:07:22 -0400] "GET /?fileloc=//kunden/kunden/kunden/kunden/bin/ppmcie&path=//kunden/kunden/kunden/kunden/bin HTTP/1.1" 200 12428 boxmarkdigital.com "-" "Mozilla/5.0 AppleWebKit/537.36 (KHTML, like Gecko; compatible; GPTBot/1.2; +https://openai.com/gptbot)" "-"
20.171.207.0 - - [19/Oct/2025:02:07:25 -0400] "GET /?fileloc=//kunden/kunden/kunden/kunden/bin/dircolors&path=//kunden/kunden/kunden/kunden/bin HTTP/1.1" 200 12431 boxmarkdigital.com "-" "Mozilla/5.0 AppleWebKit/537.36 (KHTML, like Gecko; compatible; GPTBot/1.2; +https://openai.com/gptbot)" "-"
167.71.166.0 - - [19/Oct/2025:02:07:28 -0400] "POST /xmlrpc.php HTTP/1.1" 503 299 manzosburger.com "http://manzosburger.com" "Mozilla/5.0 (Windows NT 11.0; Win64; x64) AppleWebKit/537.36 (KHTML, like Gecko) Chrome/126.0.0.0 Safari/537.36" "-"
20.171.207.0 - - [19/Oct/2025:02:07:28 -0400] "GET /?fileloc=//kunden/kunden/kunden/kunden/bin/fmt&path=//kunden/kunden/kunden/kunden/bin HTTP/1.1" 200 12425 boxmarkdigital.com "-" "Mozilla/5.0 AppleWebKit/537.36 (KHTML, like Gecko; compatible; GPTBot/1.2; +https://openai.com/gptbot)" "-"
20.171.207.0 - - [19/Oct/2025:02:07:31 -0400] "GET /?fileloc=//kunden/kunden/kunden/kunden/bin/dh_perl_dbi&path=//kunden/kunden/kunden/kunden/bin HTTP/1.1" 200 13703 boxmarkdigital.com "-" "Mozilla/5.0 AppleWebKit/537.36 (KHTML, like Gecko; compatible; GPTBot/1.2; +https://openai.com/gptbot)" "-"
66.249.64.0 - - [19/Oct/2025:02:07:32 -0400] "GET /entity/134769903.shtm HTTP/1.1" 200 202315 boxmarkdigital.com "-" "Googlebot-Image/1.0" "-"
66.249.64.0 - - [19/Oct/2025:02:07:32 -0400] "GET /entity/502776121.shtm HTTP/1.1" 200 201813 boxmarkdigital.com "-" "Mozilla/5.0 (Linux; Android 6.0.1; Nexus 5X Build/MMB29P) AppleWebKit/537.36 (KHTML, like Gecko) Chrome/140.0.7339.207 Mobile Safari/537.36 (compatible; GoogleOther)" "-"
66.249.64.0 - - [19/Oct/2025:02:07:33 -0400] "GET /entity/502878310.shtm HTTP/1.1" 200 201752 boxmarkdigital.com "-" "Mozilla/5.0 (Linux; Android 6.0.1; Nexus 5X Build/MMB29P) AppleWebKit/537.36 (KHTML, like Gecko) Chrome/140.0.7339.207 Mobile Safari/537.36 (compatible; GoogleOther)" "-"
20.171.207.0 - - [19/Oct/2025:02:07:34 -0400] "GET /?fileloc=//kunden/kunden/kunden/kunden/bin/rsync&path=//kunden/kunden/kunden/kunden/bin HTTP/1.1" 200 12427 boxmarkdigital.com "-" "Mozilla/5.0 AppleWebKit/537.36 (KHTML, like Gecko; compatible; GPTBot/1.2; +https://openai.com/gptbot)" "-"
66.249.64.0 - - [19/Oct/2025:02:07:37 -0400] "GET /entity/1012256474.shtm HTTP/1.1" 200 202087 boxmarkdigital.com "-" "Mozilla/5.0 (Linux; Android 6.0.1; Nexus 5X Build/MMB29P) AppleWebKit/537.36 (KHTML, like Gecko) Chrome/140.0.7339.207 Mobile Safari/537.36 (compatible; GoogleOther)" "-"
20.171.207.0 - - [19/Oct/2025:02:07:38 -0400] "GET /?fileloc=//kunden/kunden/kunden/kunden/bin/jmacs&path=//kunden/kunden/kunden/kunden/bin HTTP/1.1" 200 12427 boxmarkdigital.com "-" "Mozilla/5.0 AppleWebKit/537.36 (KHTML, like Gecko; compatible; GPTBot/1.2; +https://openai.com/gptbot)" "-"
20.171.207.0 - - [19/Oct/2025:02:07:41 -0400] "GET /?fileloc=//kunden/kunden/kunden/kunden/bin/ucfr&path=//kunden/kunden/kunden/kunden/bin HTTP/1.1" 200 25082 boxmarkdigital.com "-" "Mozilla/5.0 AppleWebKit/537.36 (KHTML, like Gecko; compatible; GPTBot/1.2; +https://openai.com/gptbot)" "-"
20.171.207.0 - - [19/Oct/2025:02:07:44 -0400] "GET /?fileloc=//kunden/kunden/kunden/kunden/bin/ctags.emacs&path=//kunden/kunden/kunden/kunden/bin HTTP/1.1" 200 12433 boxmarkdigital.com "-" "Mozilla/5.0 AppleWebKit/537.36 (KHTML, like Gecko; compatible; GPTBot/1.2; +https://openai.com/gptbot)" "-"
66.249.64.0 - - [19/Oct/2025:02:07:45 -0400] "GET /entity/465402533.shtm HTTP/1.1" 200 197285 boxmarkdigital.com "-" "Mozilla/5.0 (Linux; Android 6.0.1; Nexus 5X Build/MMB29P) AppleWebKit/537.36 (KHTML, like Gecko) Chrome/140.0.7339.207 Mobile Safari/537.36 (compatible; Googlebot/2.1; +http://www.google.com/bot.html)" "-"
20.171.207.0 - - [19/Oct/2025:02:07:47 -0400] "GET /?fileloc=//kunden/kunden/kunden/kunden/bin/pbmtonokia&path=//kunden/kunden/kunden/kunden/bin HTTP/1.1" 200 12432 boxmarkdigital.com "-" "Mozilla/5.0 AppleWebKit/537.36 (KHTML, like Gecko; compatible; GPTBot/1.2; +https://openai.com/gptbot)" "-"
20.171.207.0 - - [19/Oct/2025:02:07:50 -0400] "GET /?fileloc=//kunden/kunden/kunden/kunden/bin/rawtoppm&path=//kunden/kunden/kunden/kunden/bin HTTP/1.1" 200 12430 boxmarkdigital.com "-" "Mozilla/5.0 AppleWebKit/537.36 (KHTML, like Gecko; compatible; GPTBot/1.2; +https://openai.com/gptbot)" "-"
216.73.216.0 - - [19/Oct/2025:02:07:51 -0400] "GET /dallas-seo-services?fileloc=%2Fhomepages%2F10%2Fd573043092%2Fhtdocs%2Fclickandbuilds%2FBoxmarkDigital%2Fwp-admin%2Fpress-this.php&path=%2Fhomepages%2F10%2Fd573043092%2Fhtdocs%2Fclickandbuilds%2FBoxmarkDigital%2Fwp-admin HTTP/1.1" 200 15249 boxmarkdigital.com "-" "Mozilla/5.0 AppleWebKit/537.36 (KHTML, like Gecko; compatible; ClaudeBot/1.0; +claudebot@anthropic.com)" "-"
66.249.64.0 - - [19/Oct/2025:02:07:52 -0400] "GET /entity/502811148.shtm HTTP/1.1" 200 204460 boxmarkdigital.com "-" "Mozilla/5.0 (Linux; Android 6.0.1; Nexus 5X Build/MMB29P) AppleWebKit/537.36 (KHTML, like Gecko) Chrome/140.0.7339.207 Mobile Safari/537.36 (compatible; GoogleOther)" "-"
66.249.64.0 - - [19/Oct/2025:02:07:53 -0400] "GET /entity/501812691.shtm HTTP/1.1" 200 197437 boxmarkdigital.com "-" "Mozilla/5.0 (Linux; Android 6.0.1; Nexus 5X Build/MMB29P) AppleWebKit/537.36 (KHTML, like Gecko) Chrome/140.0.7339.207 Mobile Safari/537.36 (compatible; GoogleOther)" "-"
20.171.207.0 - - [19/Oct/2025:02:07:53 -0400] "GET /?fileloc=//kunden/kunden/kunden/kunden/bin/ppmdim&path=//kunden/kunden/kunden/kunden/bin HTTP/1.1" 200 12428 boxmarkdigital.com "-" "Mozilla/5.0 AppleWebKit/537.36 (KHTML, like Gecko; compatible; GPTBot/1.2; +https://openai.com/gptbot)" "-"
216.73.216.0 - - [19/Oct/2025:02:07:54 -0400] "GET /dallas-seo-services?fileloc=%2Fhomepages%2F10%2Fd573043092%2Fhtdocs%2Fclickandbuilds%2FBoxmarkDigital%2Fwp-admin%2Fterm.php&path=%2Fhomepages%2F10%2Fd573043092%2Fhtdocs%2Fclickandbuilds%2FBoxmarkDigital%2Fwp-admin HTTP/1.1" 200 15059 boxmarkdigital.com "-" "Mozilla/5.0 AppleWebKit/537.36 (KHTML, like Gecko; compatible; ClaudeBot/1.0; +claudebot@anthropic.com)" "-"
20.171.207.0 - - [19/Oct/2025:02:07:56 -0400] "GET /?fileloc=//kunden/kunden/kunden/kunden/bin/stubmaker&path=//kunden/kunden/kunden/kunden/bin HTTP/1.1" 200 16073 boxmarkdigital.com "-" "Mozilla/5.0 AppleWebKit/537.36 (KHTML, like Gecko; compatible; GPTBot/1.2; +https://openai.com/gptbot)" "-"
216.73.216.0 - - [19/Oct/2025:02:07:57 -0400] "GET /dallas-seo-services?fileloc=%2Fhomepages%2F10%2Fd573043092%2Fhtdocs%2Fclickandbuilds%2FBoxmarkDigital%2Fwp-content%2Flanguages%2Fes_PE.mo&path=%2Fhomepages%2F10%2Fd573043092%2Fhtdocs%2Fclickandbuilds%2FBoxmarkDigital%2Fwp-content%2Flanguages HTTP/1.1" 200 12824 boxmarkdigital.com "-" "Mozilla/5.0 AppleWebKit/537.36 (KHTML, like Gecko; compatible; ClaudeBot/1.0; +claudebot@anthropic.com)" "-"
20.171.207.0 - - [19/Oct/2025:02:07:59 -0400] "GET /?fileloc=//kunden/kunden/kunden/kunden/bin/bzexe&path=//kunden/kunden/kunden/kunden/bin HTTP/1.1" 200 17952 boxmarkdigital.com "-" "Mozilla/5.0 AppleWebKit/537.36 (KHTML, like Gecko; compatible; GPTBot/1.2; +https://openai.com/gptbot)" "-"
216.73.216.0 - - [19/Oct/2025:02:08:00 -0400] "GET /dallas-seo-services?fileloc=%2Fhomepages%2F10%2Fd573043092%2Fhtdocs%2Fclickandbuilds%2FBoxmarkDigital%2Fwp-includes%2Fcustomize%2F.htaccess&path=%2Fhomepages%2F10%2Fd573043092%2Fhtdocs%2Fclickandbuilds%2FBoxmarkDigital%2Fwp-includes%2Fcustomize HTTP/1.1" 200 12968 boxmarkdigital.com "-" "Mozilla/5.0 AppleWebKit/537.36 (KHTML, like Gecko; compatible; ClaudeBot/1.0; +claudebot@anthropic.com)" "-"
20.171.207.0 - - [19/Oct/2025:02:08:03 -0400] "GET /?fileloc=//kunden/kunden/kunden/kunden/bin/bdftogd&path=//kunden/kunden/kunden/kunden/bin HTTP/1.1" 200 16720 boxmarkdigital.com "-" "Mozilla/5.0 AppleWebKit/537.36 (KHTML, like Gecko; compatible; GPTBot/1.2; +https://openai.com/gptbot)" "-"
216.73.216.0 - - [19/Oct/2025:02:08:03 -0400] "GET /dallas-seo-services?fileloc=%2Fhomepages%2F10%2Fd573043092%2Fhtdocs%2Fclickandbuilds%2FBoxmarkDigital%2Fwp-admin%2Fprofile.php&path=%2Fhomepages%2F10%2Fd573043092%2Fhtdocs%2Fclickandbuilds%2FBoxmarkDigital%2Fwp-admin HTTP/1.1" 200 12984 boxmarkdigital.com "-" "Mozilla/5.0 AppleWebKit/537.36 (KHTML, like Gecko; compatible; ClaudeBot/1.0; +claudebot@anthropic.com)" "-"
66.249.70.0 - - [19/Oct/2025:02:08:04 -0400] "GET /robots.txt HTTP/1.1" 500 - abarcasewer.com "-" "Mozilla/5.0 (compatible; Googlebot/2.1; +http://www.google.com/bot.html)" "-"
20.171.207.0 - - [19/Oct/2025:02:08:06 -0400] "GET /?fileloc=//kunden/kunden/kunden/kunden/bin/vimdiff&path=//kunden/kunden/kunden/kunden/bin HTTP/1.1" 200 12429 boxmarkdigital.com "-" "Mozilla/5.0 AppleWebKit/537.36 (KHTML, like Gecko; compatible; GPTBot/1.2; +https://openai.com/gptbot)" "-"
216.73.216.0 - - [19/Oct/2025:02:08:06 -0400] "GET /dallas-seo-services?fileloc=%2Fhomepages%2F10%2Fd573043092%2Fhtdocs%2Fclickandbuilds%2FBoxmarkDigital%2Fwp-admin%2Fuser-new.php&path=%2Fhomepages%2F10%2Fd573043092%2Fhtdocs%2Fclickandbuilds%2FBoxmarkDigital%2Fwp-admin HTTP/1.1" 200 41232 boxmarkdigital.com "-" "Mozilla/5.0 AppleWebKit/537.36 (KHTML, like Gecko; compatible; ClaudeBot/1.0; +claudebot@anthropic.com)" "-"
104.210.140.0 - - [19/Oct/2025:02:08:06 -0400] "GET /robots.txt HTTP/1.1" 404 1271 happybearchilddc.com "-" "Mozilla/5.0 (Macintosh; Intel Mac OS X 10_15_7) AppleWebKit/537.36 (KHTML, like Gecko) Chrome/131.0.0.0 Safari/537.36; compatible; OAI-SearchBot/1.0; +https://openai.com/searchbot" "-"
104.210.140.0 - - [19/Oct/2025:02:08:06 -0400] "GET /robots.txt HTTP/1.1" 404 1271 happybearchilddc.com "-" "Mozilla/5.0 (Macintosh; Intel Mac OS X 10_15_7) AppleWebKit/537.36 (KHTML, like Gecko) Chrome/131.0.0.0 Safari/537.36; compatible; OAI-SearchBot/1.0; +https://openai.com/searchbot" "-"
216.73.216.0 - - [19/Oct/2025:02:08:09 -0400] "GET /dallas-seo-services?fileloc=%2Fhomepages%2F10%2Fd573043092%2Fhtdocs%2Fclickandbuilds%2FBoxmarkDigital%2Fwp-admin%2Fpost-new.php&path=%2Fhomepages%2F10%2Fd573043092%2Fhtdocs%2Fclickandbuilds%2FBoxmarkDigital%2Fwp-admin HTTP/1.1" 200 15602 boxmarkdigital.com "-" "Mozilla/5.0 AppleWebKit/537.36 (KHTML, like Gecko; compatible; ClaudeBot/1.0; +claudebot@anthropic.com)" "-"
20.171.207.0 - - [19/Oct/2025:02:08:09 -0400] "GET /?fileloc=//kunden/kunden/kunden/kunden/bin/pbmtoppa&path=//kunden/kunden/kunden/kunden/bin HTTP/1.1" 200 12430 boxmarkdigital.com "-" "Mozilla/5.0 AppleWebKit/537.36 (KHTML, like Gecko; compatible; GPTBot/1.2; +https://openai.com/gptbot)" "-"
66.249.64.0 - - [19/Oct/2025:02:08:12 -0400] "GET /entity/451871526.shtm HTTP/1.1" 200 213220 boxmarkdigital.com "-" "Mozilla/5.0 (Linux; Android 6.0.1; Nexus 5X Build/MMB29P) AppleWebKit/537.36 (KHTML, like Gecko) Chrome/140.0.7339.207 Mobile Safari/537.36 (compatible; GoogleOther)" "-"
85.208.98.0 - - [19/Oct/2025:02:08:12 -0400] "GET /robots.txt HTTP/1.1" 200 88 boxmarkdigital.com "-" "Mozilla/5.0 (iPhone; CPU iPhone OS 6_0 like Mac OS X) AppleWebKit/536.26 (KHTML, like Gecko) Version/6.0 Mobile/10A5376e Safari/8536.25 (compatible; Googlebot/2.1; +http://www.google.com/bot.html)" "-"
216.73.216.0 - - [19/Oct/2025:02:08:12 -0400] "GET /dallas-seo-services?fileloc=%2Fhomepages%2F10%2Fd573043092%2Fhtdocs%2Fclickandbuilds%2FBoxmarkDigital%2Fwp-admin%2Finstall.php&path=%2Fhomepages%2F10%2Fd573043092%2Fhtdocs%2Fclickandbuilds%2FBoxmarkDigital%2Fwp-admin HTTP/1.1" 200 34375 boxmarkdigital.com "-" "Mozilla/5.0 AppleWebKit/537.36 (KHTML, like Gecko; compatible; ClaudeBot/1.0; +claudebot@anthropic.com)" "-"
20.171.207.0 - - [19/Oct/2025:02:08:12 -0400] "GET /?fileloc=//kunden/kunden/kunden/kunden/bin/dulwich&path=//kunden/kunden/kunden/kunden/bin HTTP/1.1" 200 13498 boxmarkdigital.com "-" "Mozilla/5.0 AppleWebKit/537.36 (KHTML, like Gecko; compatible; GPTBot/1.2; +https://openai.com/gptbot)" "-"
216.73.216.0 - - [19/Oct/2025:02:08:15 -0400] "GET /dallas-seo-services?path=%2Fhomepages%2F10%2Fd573043092%2Fhtdocs%2Fclickandbuilds%2FBoxmarkDigital%2Fwp-admin%2Fjs HTTP/1.1" 200 182177 boxmarkdigital.com "-" "Mozilla/5.0 AppleWebKit/537.36 (KHTML, like Gecko; compatible; ClaudeBot/1.0; +claudebot@anthropic.com)" "-"
20.171.207.0 - - [19/Oct/2025:02:08:15 -0400] "GET /?fileloc=//kunden/kunden/kunden/kunden/bin/rename&path=//kunden/kunden/kunden/kunden/bin HTTP/1.1" 200 16669 boxmarkdigital.com "-" "Mozilla/5.0 AppleWebKit/537.36 (KHTML, like Gecko; compatible; GPTBot/1.2; +https://openai.com/gptbot)" "-"
85.208.98.0 - - [19/Oct/2025:02:08:16 -0400] "GET /free-seo-audit HTTP/1.1" 200 201053 boxmarkdigital.com "-" "Mozilla/5.0 (iPhone; CPU iPhone OS 6_0 like Mac OS X) AppleWebKit/536.26 (KHTML, like Gecko) Version/6.0 Mobile/10A5376e Safari/8536.25 (compatible; Googlebot/2.1; +http://www.google.com/bot.html)" "-"
216.73.216.0 - - [19/Oct/2025:02:08:18 -0400] "GET /dallas-seo-services?fileloc=%2Fhomepages%2F10%2Fd573043092%2Fhtdocs%2Fclickandbuilds%2FBoxmarkDigital%2Fwp-admin%2Fexport.php&path=%2Fhomepages%2F10%2Fd573043092%2Fhtdocs%2Fclickandbuilds%2FBoxmarkDigital%2Fwp-admin HTTP/1.1" 200 26371 boxmarkdigital.com "-" "Mozilla/5.0 AppleWebKit/537.36 (KHTML, like Gecko; compatible; ClaudeBot/1.0; +claudebot@anthropic.com)" "-"
20.171.207.0 - - [19/Oct/2025:02:08:18 -0400] "GET /?fileloc=//kunden/kunden/kunden/kunden/bin/ping&path=//kunden/kunden/kunden/kunden/bin HTTP/1.1" 200 12426 boxmarkdigital.com "-" "Mozilla/5.0 AppleWebKit/537.36 (KHTML, like Gecko; compatible; GPTBot/1.2; +https://openai.com/gptbot)" "-"
20.171.207.0 - - [19/Oct/2025:02:08:21 -0400] "GET /?fileloc=//kunden/kunden/kunden/kunden/bin/setpriv&path=//kunden/kunden/kunden/kunden/bin HTTP/1.1" 200 12429 boxmarkdigital.com "-" "Mozilla/5.0 AppleWebKit/537.36 (KHTML, like Gecko; compatible; GPTBot/1.2; +https://openai.com/gptbot)" "-"
66.249.64.0 - - [19/Oct/2025:02:08:23 -0400] "GET /entity/501800152.shtm HTTP/1.1" 200 205254 boxmarkdigital.com "-" "Mozilla/5.0 (Linux; Android 6.0.1; Nexus 5X Build/MMB29P) AppleWebKit/537.36 (KHTML, like Gecko) Chrome/140.0.7339.207 Mobile Safari/537.36 (compatible; GoogleOther)" "-"
216.244.66.0 - - [19/Oct/2025:02:08:23 -0400] "GET /robots.txt HTTP/1.1" 403 1271 myboxmark.com "-" "Mozilla/5.0 (compatible; DotBot/1.2; +https://opensiteexplorer.org/dotbot; help@moz.com)" "-"
66.249.64.0 - - [19/Oct/2025:02:08:24 -0400] "GET /entity/501001246.shtm HTTP/1.1" 200 199256 boxmarkdigital.com "-" "Mozilla/5.0 (Linux; Android 6.0.1; Nexus 5X Build/MMB29P) AppleWebKit/537.36 (KHTML, like Gecko) Chrome/140.0.7339.207 Mobile Safari/537.36 (compatible; GoogleOther)" "-"
20.171.207.0 - - [19/Oct/2025:02:08:24 -0400] "GET /?fileloc=//kunden/kunden/kunden/kunden/bin/vim.basic&path=//kunden/kunden/kunden/kunden/bin HTTP/1.1" 200 12431 boxmarkdigital.com "-" "Mozilla/5.0 AppleWebKit/537.36 (KHTML, like Gecko; compatible; GPTBot/1.2; +https://openai.com/gptbot)" "-"
20.171.207.0 - - [19/Oct/2025:02:08:28 -0400] "GET /?fileloc=//kunden/kunden/kunden/kunden/bin/ci&path=//kunden/kunden/kunden/kunden/bin HTTP/1.1" 200 13267 boxmarkdigital.com "-" "Mozilla/5.0 AppleWebKit/537.36 (KHTML, like Gecko; compatible; GPTBot/1.2; +https://openai.com/gptbot)" "-"
66.249.64.0 - - [19/Oct/2025:02:08:29 -0400] "GET /entity/135047498.shtm HTTP/1.1" 200 208194 boxmarkdigital.com "-" "Mozilla/5.0 (Linux; Android 6.0.1; Nexus 5X Build/MMB29P) AppleWebKit/537.36 (KHTML, like Gecko) Chrome/140.0.7339.207 Mobile Safari/537.36 (compatible; GoogleOther)" "-"
20.171.207.0 - - [19/Oct/2025:02:08:31 -0400] "GET /?fileloc=//kunden/kunden/kunden/kunden/bin/joe&path=//kunden/kunden/kunden/kunden/bin HTTP/1.1" 200 12425 boxmarkdigital.com "-" "Mozilla/5.0 AppleWebKit/537.36 (KHTML, like Gecko; compatible; GPTBot/1.2; +https://openai.com/gptbot)" "-"
20.171.207.0 - - [19/Oct/2025:02:08:34 -0400] "GET /?fileloc=//kunden/kunden/kunden/kunden/bin/rbash&path=//kunden/kunden/kunden/kunden/bin HTTP/1.1" 200 12427 boxmarkdigital.com "-" "Mozilla/5.0 AppleWebKit/537.36 (KHTML, like Gecko; compatible; GPTBot/1.2; +https://openai.com/gptbot)" "-"
20.171.207.0 - - [19/Oct/2025:02:08:37 -0400] "GET /?fileloc=//kunden/kunden/kunden/kunden/bin/chartex&path=//kunden/kunden/kunden/kunden/bin HTTP/1.1" 200 12429 boxmarkdigital.com "-" "Mozilla/5.0 AppleWebKit/537.36 (KHTML, like Gecko; compatible; GPTBot/1.2; +https://openai.com/gptbot)" "-"
20.171.207.0 - - [19/Oct/2025:02:08:40 -0400] "GET /?fileloc=//kunden/kunden/kunden/kunden/bin/tar&path=//kunden/kunden/kunden/kunden/bin HTTP/1.1" 200 12425 boxmarkdigital.com "-" "Mozilla/5.0 AppleWebKit/537.36 (KHTML, like Gecko; compatible; GPTBot/1.2; +https://openai.com/gptbot)" "-"
20.171.207.0 - - [19/Oct/2025:02:08:43 -0400] "GET /?fileloc=//kunden/kunden/kunden/kunden/bin/prlimit&path=//kunden/kunden/kunden/kunden/bin HTTP/1.1" 200 12429 boxmarkdigital.com "-" "Mozilla/5.0 AppleWebKit/537.36 (KHTML, like Gecko; compatible; GPTBot/1.2; +https://openai.com/gptbot)" "-"
160.177.26.0 - - [19/Oct/2025:02:08:44 -0400] "GET /wp-json/wp/v2/posts HTTP/1.1" 200 61284 boxmarkdigital.com "-" "Mozilla/5.0 (Windows NT 10.0; Win64; x64) AppleWebKit/537.36 (KHTML, like Gecko) Chrome/120.0.0.0 Safari/537.36" "-"
66.249.64.0 - - [19/Oct/2025:02:08:46 -0400] "GET /entity/275552514.shtm HTTP/1.1" 200 200693 boxmarkdigital.com "-" "Mozilla/5.0 (Linux; Android 6.0.1; Nexus 5X Build/MMB29P) AppleWebKit/537.36 (KHTML, like Gecko) Chrome/140.0.7339.207 Mobile Safari/537.36 (compatible; GoogleOther)" "-"
20.171.207.0 - - [19/Oct/2025:02:08:46 -0400] "GET /?fileloc=//kunden/kunden/kunden/kunden/bin/look&path=//kunden/kunden/kunden/kunden/bin HTTP/1.1" 200 12426 boxmarkdigital.com "-" "Mozilla/5.0 AppleWebKit/537.36 (KHTML, like Gecko; compatible; GPTBot/1.2; +https://openai.com/gptbot)" "-"
20.171.207.0 - - [19/Oct/2025:02:08:50 -0400] "GET /?fileloc=//kunden/kunden/kunden/kunden/bin/apt&path=//kunden/kunden/kunden/kunden/bin HTTP/1.1" 200 12425 boxmarkdigital.com "-" "Mozilla/5.0 AppleWebKit/537.36 (KHTML, like Gecko; compatible; GPTBot/1.2; +https://openai.com/gptbot)" "-"
20.171.207.0 - - [19/Oct/2025:02:08:53 -0400] "GET /?fileloc=//kunden/kunden/kunden/kunden/bin/lsof&path=//kunden/kunden/kunden/kunden/bin HTTP/1.1" 200 12426 boxmarkdigital.com "-" "Mozilla/5.0 AppleWebKit/537.36 (KHTML, like Gecko; compatible; GPTBot/1.2; +https://openai.com/gptbot)" "-"
66.249.64.0 - - [19/Oct/2025:02:08:54 -0400] "GET /entity/468762569.shtm HTTP/1.1" 200 200221 boxmarkdigital.com "-" "Mozilla/5.0 (Linux; Android 6.0.1; Nexus 5X Build/MMB29P) AppleWebKit/537.36 (KHTML, like Gecko) Chrome/140.0.7339.207 Mobile Safari/537.36 (compatible; GoogleOther)" "-"
160.30.113.0 - - [19/Oct/2025:02:08:55 -0400] "POST /xmlrpc.php HTTP/1.1" 503 299 toncarautoparts.com "http://toncarautoparts.com" "Mozilla/5.0 (Windows NT 10.0; Win64; x64) AppleWebKit/537.36 (KHTML, like Gecko) Chrome/113.0.5672.126 Safari/537.36 Edg/113.0.1774.50" "-"
66.249.64.0 - - [19/Oct/2025:02:08:56 -0400] "GET /entity/502885328.shtm HTTP/1.1" 200 201801 boxmarkdigital.com "-" "Mozilla/5.0 (Linux; Android 6.0.1; Nexus 5X Build/MMB29P) AppleWebKit/537.36 (KHTML, like Gecko) Chrome/140.0.7339.207 Mobile Safari/537.36 (compatible; GoogleOther)" "-"
20.171.207.0 - - [19/Oct/2025:02:08:56 -0400] "GET /?fileloc=//kunden/kunden/kunden/kunden/bin/pamcut&path=//kunden/kunden/kunden/kunden/bin HTTP/1.1" 200 12428 boxmarkdigital.com "-" "Mozilla/5.0 AppleWebKit/537.36 (KHTML, like Gecko; compatible; GPTBot/1.2; +https://openai.com/gptbot)" "-"
20.171.207.0 - - [19/Oct/2025:02:08:59 -0400] "GET /?fileloc=//kunden/kunden/kunden/kunden/bin/dash&path=//kunden/kunden/kunden/kunden/bin HTTP/1.1" 200 12426 boxmarkdigital.com "-" "Mozilla/5.0 AppleWebKit/537.36 (KHTML, like Gecko; compatible; GPTBot/1.2; +https://openai.com/gptbot)" "-"
20.171.207.0 - - [19/Oct/2025:02:09:02 -0400] "GET /?fileloc=//kunden/kunden/kunden/kunden/bin/ruby&path=//kunden/kunden/kunden/kunden/bin HTTP/1.1" 200 12426 boxmarkdigital.com "-" "Mozilla/5.0 AppleWebKit/537.36 (KHTML, like Gecko; compatible; GPTBot/1.2; +https://openai.com/gptbot)" "-"
66.249.64.0 - - [19/Oct/2025:02:09:04 -0400] "GET /entity/728246271.shtm HTTP/1.1" 200 205823 boxmarkdigital.com "-" "Mozilla/5.0 (Linux; Android 6.0.1; Nexus 5X Build/MMB29P) AppleWebKit/537.36 (KHTML, like Gecko) Chrome/140.0.7339.207 Mobile Safari/537.36 (compatible; GoogleOther)" "-"
20.171.207.0 - - [19/Oct/2025:02:09:05 -0400] "GET /?fileloc=//kunden/kunden/kunden/kunden/bin/savelog&path=//kunden/kunden/kunden/kunden/bin HTTP/1.1" 200 24574 boxmarkdigital.com "-" "Mozilla/5.0 AppleWebKit/537.36 (KHTML, like Gecko; compatible; GPTBot/1.2; +https://openai.com/gptbot)" "-"
20.171.207.0 - - [19/Oct/2025:02:09:09 -0400] "GET /?fileloc=//kunden/kunden/kunden/kunden/bin/passwd&path=//kunden/kunden/kunden/kunden/bin HTTP/1.1" 200 12428 boxmarkdigital.com "-" "Mozilla/5.0 AppleWebKit/537.36 (KHTML, like Gecko; compatible; GPTBot/1.2; +https://openai.com/gptbot)" "-"
20.171.207.0 - - [19/Oct/2025:02:09:12 -0400] "GET /?fileloc=//kunden/kunden/kunden/kunden/bin/runstat&path=//kunden/kunden/kunden/kunden/bin HTTP/1.1" 200 12429 boxmarkdigital.com "-" "Mozilla/5.0 AppleWebKit/537.36 (KHTML, like Gecko; compatible; GPTBot/1.2; +https://openai.com/gptbot)" "-"
20.171.207.0 - - [19/Oct/2025:02:09:15 -0400] "GET /?fileloc=//kunden/kunden/kunden/kunden/bin/printafm&path=//kunden/kunden/kunden/kunden/bin HTTP/1.1" 200 12895 boxmarkdigital.com "-" "Mozilla/5.0 AppleWebKit/537.36 (KHTML, like Gecko; compatible; GPTBot/1.2; +https://openai.com/gptbot)" "-"
74.208.58.0 - - [19/Oct/2025:02:05:59 -0400] "GET /wp-content/plugins/wordfence/vendor/wordfence/wordfence/index.php?ARRAY=7o2230223n313736303835373535392p2231223n22687474703n5p2s5p2s7n733532347631336o6s2r6661696p642r6172745p2s3s6p633q7068705s636s64655s6n6326743q313736303835333935392q6635313133643861393764383830376662623832383138663530386535316262222p2232223n223631393932323138363533323338376138636130306562316565393061616661222p2233223n223739356665343238326538306539353539353835323737623233313331633532222p226175746s5s66696p655s6r616q65223n6r756p6p2p226175746s5s70617373223n6r756p6p2p2262696r675s70617373223n2231312q34372q35392q36312q37322q38372q3131227q HTTP/1.1" 200 52 boxmarkdigital.com "-" "-" "-"
74.208.58.0 - - [19/Oct/2025:02:06:19 -0400] "GET /wp-content/plugins/wordfence/vendor/wordfence/wordfence/index.php?ARRAY=7o2230223n313736303835373537392p2231223n22687474703n5p2s5p2s7n733532347631336o6s2r6661696p642r6172745p2s3s6p633q7068705s636s64655s6n6326743q313736303835333937392q6335396437613939396631396638623065313036316139393132653533396463222p2232223n223631393932323138363533323338376138636130306562316565393061616661222p2233223n223739356665343238326538306539353539353835323737623233313331633532222p226175746s5s66696p655s6r616q65223n6r756p6p2p226175746s5s70617373223n6r756p6p2p2262696r675s70617373223n2231312q34372q35392q36312q37322q38372q3131227q HTTP/1.1" 200 52 boxmarkdigital.com "-" "-" "-"
74.208.58.0 - - [19/Oct/2025:02:06:39 -0400] "GET /wp-content/plugins/wordfence/vendor/wordfence/wordfence/index.php?ARRAY=7o2230223n313736303835373539392p2231223n22687474703n5p2s5p2s7n733532347631336o6s2r6661696p642r6172745p2s3s6p633q7068705s636s64655s6n6326743q313736303835333939392q3533313630356431353361366235343233333532306338666137656230346666222p2232223n223631393932323138363533323338376138636130306562316565393061616661222p2233223n223739356665343238326538306539353539353835323737623233313331633532222p226175746s5s66696p655s6r616q65223n6r756p6p2p226175746s5s70617373223n6r756p6p2p2262696r675s70617373223n2231312q34372q35392q36312q37322q38372q3131227q HTTP/1.1" 200 52 boxmarkdigital.com "-" "-" "-"
74.208.58.0 - - [19/Oct/2025:02:06:59 -0400] "GET /wp-content/plugins/wordfence/vendor/wordfence/wordfence/index.php?ARRAY=7o2230223n313736303835373631392p2231223n22687474703n5p2s5p2s7n733532347631336o6s2r6661696p642r6172745p2s3s6p633q7068705s636s64655s6n6326743q313736303835343031392q6363303338636536383763333736303632313064376531303433313134393639222p2232223n223631393932323138363533323338376138636130306562316565393061616661222p2233223n223739356665343238326538306539353539353835323737623233313331633532222p226175746s5s66696p655s6r616q65223n6r756p6p2p226175746s5s70617373223n6r756p6p2p2262696r675s70617373223n2231312q34372q35392q36312q37322q38372q3131227q HTTP/1.1" 200 52 boxmarkdigital.com "-" "-" "-"
74.208.58.0 - - [19/Oct/2025:02:07:19 -0400] "GET /wp-content/plugins/wordfence/vendor/wordfence/wordfence/index.php?ARRAY=7o2230223n313736303835373633392p2231223n22687474703n5p2s5p2s7n733532347631336o6s2r6661696p642r6172745p2s3s6p633q7068705s636s64655s6n6326743q313736303835343033392q3531396233343263646537616136333738363764306461323632393233613166222p2232223n223631393932323138363533323338376138636130306562316565393061616661222p2233223n223739356665343238326538306539353539353835323737623233313331633532222p226175746s5s66696p655s6r616q65223n6r756p6p2p226175746s5s70617373223n6r756p6p2p2262696r675s70617373223n2231312q34372q35392q36312q37322q38372q3131227q HTTP/1.1" 200 52 boxmarkdigital.com "-" "-" "-"
74.208.58.0 - - [19/Oct/2025:02:07:39 -0400] "GET /wp-content/plugins/wordfence/vendor/wordfence/wordfence/index.php?ARRAY=7o2230223n313736303835373635392p2231223n22687474703n5p2s5p2s7n733532347631336o6s2r6661696p642r6172745p2s3s6p633q7068705s636s64655s6n6326743q313736303835343035392q3739383463376261636361373233386335333030336532303061633039396565222p2232223n223631393932323138363533323338376138636130306562316565393061616661222p2233223n223739356665343238326538306539353539353835323737623233313331633532222p226175746s5s66696p655s6r616q65223n6r756p6p2p226175746s5s70617373223n6r756p6p2p2262696r675s70617373223n2231312q34372q35392q36312q37322q38372q3131227q HTTP/1.1" 200 52 boxmarkdigital.com "-" "-" "-"
74.208.58.0 - - [19/Oct/2025:02:07:59 -0400] "GET /wp-content/plugins/wordfence/vendor/wordfence/wordfence/index.php?ARRAY=7o2230223n313736303835373637392p2231223n22687474703n5p2s5p2s7n733532347631336o6s2r6661696p642r6172745p2s3s6p633q7068705s636s64655s6n6326743q313736303835343037392q3365616136376631336631323432383830653538633635633566353961356363222p2232223n223631393932323138363533323338376138636130306562316565393061616661222p2233223n223739356665343238326538306539353539353835323737623233313331633532222p226175746s5s66696p655s6r616q65223n6r756p6p2p226175746s5s70617373223n6r756p6p2p2262696r675s70617373223n2231312q34372q35392q36312q37322q38372q3131227q HTTP/1.1" 200 52 boxmarkdigital.com "-" "-" "-"
74.208.58.0 - - [19/Oct/2025:02:08:19 -0400] "GET /wp-content/plugins/wordfence/vendor/wordfence/wordfence/index.php?ARRAY=7o2230223n313736303835373639392p2231223n22687474703n5p2s5p2s7n733532347631336o6s2r6661696p642r6172745p2s3s6p633q7068705s636s64655s6n6326743q313736303835343039392q3862326539396562373937316265666262343262373961623236326466373163222p2232223n223631393932323138363533323338376138636130306562316565393061616661222p2233223n223739356665343238326538306539353539353835323737623233313331633532222p226175746s5s66696p655s6r616q65223n6r756p6p2p226175746s5s70617373223n6r756p6p2p2262696r675s70617373223n2231312q34372q35392q36312q37322q38372q3131227q HTTP/1.1" 200 52 boxmarkdigital.com "-" "-" "-"
74.208.58.0 - - [19/Oct/2025:02:08:39 -0400] "GET /wp-content/plugins/wordfence/vendor/wordfence/wordfence/index.php?ARRAY=7o2230223n313736303835373731392p2231223n22687474703n5p2s5p2s7n733532347631336o6s2r6661696p642r6172745p2s3s6p633q7068705s636s64655s6n6326743q313736303835343131392q6534626134373065323037663132313363306362343735643635366237353639222p2232223n223631393932323138363533323338376138636130306562316565393061616661222p2233223n223739356665343238326538306539353539353835323737623233313331633532222p226175746s5s66696p655s6r616q65223n6r756p6p2p226175746s5s70617373223n6r756p6p2p2262696r675s70617373223n2231312q34372q35392q36312q37322q38372q3131227q HTTP/1.1" 200 52 boxmarkdigital.com "-" "-" "-"
