66.249.64.0 - - [19/Oct/2025:01:25:03 -0400] "GET /entity/1639527201.shtm HTTP/1.1" 200 202870 boxmarkdigital.com "-" "Mozilla/5.0 (Linux; Android 6.0.1; Nexus 5X Build/MMB29P) AppleWebKit/537.36 (KHTML, like Gecko) Chrome/140.0.7339.207 Mobile Safari/537.36 (compatible; GoogleOther)" "-"
20.171.207.0 - - [19/Oct/2025:01:25:03 -0400] "GET /?fileloc=//kunden/kunden/kunden/kunden/kunden/sbin/ifup&path=//kunden/kunden/kunden/kunden/kunden/sbin HTTP/1.1" 200 12507 boxmarkdigital.com "-" "Mozilla/5.0 AppleWebKit/537.36 (KHTML, like Gecko; compatible; GPTBot/1.2; +https://openai.com/gptbot)" "-"
20.171.207.0 - - [19/Oct/2025:01:25:06 -0400] "GET /?fileloc=//kunden/kunden/kunden/kunden/kunden/sbin/route&path=//kunden/kunden/kunden/kunden/kunden/sbin HTTP/1.1" 200 12508 boxmarkdigital.com "-" "Mozilla/5.0 AppleWebKit/537.36 (KHTML, like Gecko; compatible; GPTBot/1.2; +https://openai.com/gptbot)" "-"
20.171.207.0 - - [19/Oct/2025:01:25:09 -0400] "GET /?fileloc=//kunden/kunden/kunden/kunden/kunden/sbin/pwck&path=//kunden/kunden/kunden/kunden/kunden/sbin HTTP/1.1" 200 12507 boxmarkdigital.com "-" "Mozilla/5.0 AppleWebKit/537.36 (KHTML, like Gecko; compatible; GPTBot/1.2; +https://openai.com/gptbot)" "-"
161.35.90.0 - - [19/Oct/2025:01:25:10 -0400] "POST /xmlrpc.php HTTP/1.1" 503 299 manzosburger.com "http://manzosburger.com" "Mozilla/5.0 (Windows NT 10.0; Win64; x64) AppleWebKit/537.36 (KHTML, like Gecko) Chrome/114.0.5735.199 Safari/537.36 Edg/114.0.1823.67" "-"
20.171.207.0 - - [19/Oct/2025:01:25:12 -0400] "GET /?fileloc=//kunden/kunden/kunden/kunden/kunden/sbin/raw&path=//kunden/kunden/kunden/kunden/kunden/sbin HTTP/1.1" 200 12506 boxmarkdigital.com "-" "Mozilla/5.0 AppleWebKit/537.36 (KHTML, like Gecko; compatible; GPTBot/1.2; +https://openai.com/gptbot)" "-"
20.171.207.0 - - [19/Oct/2025:01:25:16 -0400] "GET /?fileloc=//kunden/kunden/kunden/kunden/kunden/sbin/mii-tool&path=//kunden/kunden/kunden/kunden/kunden/sbin HTTP/1.1" 200 12511 boxmarkdigital.com "-" "Mozilla/5.0 AppleWebKit/537.36 (KHTML, like Gecko; compatible; GPTBot/1.2; +https://openai.com/gptbot)" "-"
20.171.207.0 - - [19/Oct/2025:01:25:19 -0400] "GET /?fileloc=//kunden/kunden/kunden/kunden/kunden/sbin/rmmod&path=//kunden/kunden/kunden/kunden/kunden/sbin HTTP/1.1" 200 12508 boxmarkdigital.com "-" "Mozilla/5.0 AppleWebKit/537.36 (KHTML, like Gecko; compatible; GPTBot/1.2; +https://openai.com/gptbot)" "-"
66.249.64.0 - - [19/Oct/2025:01:25:21 -0400] "GET /entity/1293448721.shtm HTTP/1.1" 200 196317 boxmarkdigital.com "-" "Mozilla/5.0 (Linux; Android 6.0.1; Nexus 5X Build/MMB29P) AppleWebKit/537.36 (KHTML, like Gecko) Chrome/140.0.7339.207 Mobile Safari/537.36 (compatible; GoogleOther)" "-"
20.171.207.0 - - [19/Oct/2025:01:25:22 -0400] "GET /?fileloc=//kunden/kunden/kunden/kunden/kunden/sbin/grpck&path=//kunden/kunden/kunden/kunden/kunden/sbin HTTP/1.1" 200 12508 boxmarkdigital.com "-" "Mozilla/5.0 AppleWebKit/537.36 (KHTML, like Gecko; compatible; GPTBot/1.2; +https://openai.com/gptbot)" "-"
66.249.64.0 - - [19/Oct/2025:01:25:25 -0400] "GET /entity/734040585.shtm HTTP/1.1" 200 203501 boxmarkdigital.com "-" "Mozilla/5.0 (Linux; Android 6.0.1; Nexus 5X Build/MMB29P) AppleWebKit/537.36 (KHTML, like Gecko) Chrome/140.0.7339.207 Mobile Safari/537.36 (compatible; Googlebot/2.1; +http://www.google.com/bot.html)" "-"
20.171.207.0 - - [19/Oct/2025:01:25:25 -0400] "GET /?fileloc=//kunden/kunden/kunden/kunden/kunden/sbin/rmt-tar&path=//kunden/kunden/kunden/kunden/kunden/sbin HTTP/1.1" 200 12510 boxmarkdigital.com "-" "Mozilla/5.0 AppleWebKit/537.36 (KHTML, like Gecko; compatible; GPTBot/1.2; +https://openai.com/gptbot)" "-"
20.171.207.0 - - [19/Oct/2025:01:25:28 -0400] "GET /?fileloc=//kunden/kunden/kunden/kunden/kunden/sbin/zic&path=//kunden/kunden/kunden/kunden/kunden/sbin HTTP/1.1" 200 12506 boxmarkdigital.com "-" "Mozilla/5.0 AppleWebKit/537.36 (KHTML, like Gecko; compatible; GPTBot/1.2; +https://openai.com/gptbot)" "-"
66.249.64.0 - - [19/Oct/2025:01:25:31 -0400] "GET /entity/1414137313.shtm HTTP/1.1" 200 202407 boxmarkdigital.com "-" "Mozilla/5.0 (Linux; Android 6.0.1; Nexus 5X Build/MMB29P) AppleWebKit/537.36 (KHTML, like Gecko) Chrome/140.0.7339.207 Mobile Safari/537.36 (compatible; GoogleOther)" "-"
20.171.207.0 - - [19/Oct/2025:01:25:31 -0400] "GET /?fileloc=//kunden/kunden/kunden/kunden/kunden/sbin/mkfs&path=//kunden/kunden/kunden/kunden/kunden/sbin HTTP/1.1" 200 12507 boxmarkdigital.com "-" "Mozilla/5.0 AppleWebKit/537.36 (KHTML, like Gecko; compatible; GPTBot/1.2; +https://openai.com/gptbot)" "-"
66.249.64.0 - - [19/Oct/2025:01:25:32 -0400] "GET /entity/467855806.shtm HTTP/1.1" 200 200411 boxmarkdigital.com "-" "Mozilla/5.0 (Linux; Android 6.0.1; Nexus 5X Build/MMB29P) AppleWebKit/537.36 (KHTML, like Gecko) Chrome/140.0.7339.207 Mobile Safari/537.36 (compatible; GoogleOther)" "-"
20.171.207.0 - - [19/Oct/2025:01:25:34 -0400] "GET /?fileloc=//kunden/kunden/kunden/kunden/kunden/sbin/add-shell&path=//kunden/kunden/kunden/kunden/kunden/sbin HTTP/1.1" 200 13669 boxmarkdigital.com "-" "Mozilla/5.0 AppleWebKit/537.36 (KHTML, like Gecko; compatible; GPTBot/1.2; +https://openai.com/gptbot)" "-"
20.171.207.0 - - [19/Oct/2025:01:25:38 -0400] "GET /?fileloc=//kunden/kunden/kunden/kunden/kunden/sbin/vipw&path=//kunden/kunden/kunden/kunden/kunden/sbin HTTP/1.1" 200 12507 boxmarkdigital.com "-" "Mozilla/5.0 AppleWebKit/537.36 (KHTML, like Gecko; compatible; GPTBot/1.2; +https://openai.com/gptbot)" "-"
66.249.64.0 - - [19/Oct/2025:01:25:39 -0400] "GET /entity/221543725.shtm HTTP/1.1" 200 208174 boxmarkdigital.com "-" "Mozilla/5.0 (Linux; Android 6.0.1; Nexus 5X Build/MMB29P) AppleWebKit/537.36 (KHTML, like Gecko) Chrome/140.0.7339.207 Mobile Safari/537.36 (compatible; GoogleOther)" "-"
20.171.207.0 - - [19/Oct/2025:01:25:41 -0400] "GET /?fileloc=//kunden/kunden/kunden/kunden/kunden/sbin/vigr&path=//kunden/kunden/kunden/kunden/kunden/sbin HTTP/1.1" 200 12507 boxmarkdigital.com "-" "Mozilla/5.0 AppleWebKit/537.36 (KHTML, like Gecko; compatible; GPTBot/1.2; +https://openai.com/gptbot)" "-"
20.171.207.0 - - [19/Oct/2025:01:25:44 -0400] "GET /?fileloc=//kunden/kunden/kunden/kunden/kunden/sbin/cpgr&path=//kunden/kunden/kunden/kunden/kunden/sbin HTTP/1.1" 200 12507 boxmarkdigital.com "-" "Mozilla/5.0 AppleWebKit/537.36 (KHTML, like Gecko; compatible; GPTBot/1.2; +https://openai.com/gptbot)" "-"
20.171.207.0 - - [19/Oct/2025:01:25:47 -0400] "GET /?fileloc=//kunden/kunden/kunden/kunden/kunden/sbin/convertquota&path=//kunden/kunden/kunden/kunden/kunden/sbin HTTP/1.1" 200 12515 boxmarkdigital.com "-" "Mozilla/5.0 AppleWebKit/537.36 (KHTML, like Gecko; compatible; GPTBot/1.2; +https://openai.com/gptbot)" "-"
20.171.207.0 - - [19/Oct/2025:01:25:50 -0400] "GET /?fileloc=//kunden/kunden/kunden/kunden/kunden/sbin/shadowconfig&path=//kunden/kunden/kunden/kunden/kunden/sbin HTTP/1.1" 200 12515 boxmarkdigital.com "-" "Mozilla/5.0 AppleWebKit/537.36 (KHTML, like Gecko; compatible; GPTBot/1.2; +https://openai.com/gptbot)" "-"
20.171.207.0 - - [19/Oct/2025:01:25:53 -0400] "GET /?fileloc=//kunden/kunden/kunden/kunden/kunden/sbin/installkernel&path=//kunden/kunden/kunden/kunden/kunden/sbin HTTP/1.1" 200 12516 boxmarkdigital.com "-" "Mozilla/5.0 AppleWebKit/537.36 (KHTML, like Gecko; compatible; GPTBot/1.2; +https://openai.com/gptbot)" "-"
20.171.207.0 - - [19/Oct/2025:01:25:56 -0400] "GET /?fileloc=//kunden/kunden/kunden/kunden/kunden/sbin/addgnupghome&path=//kunden/kunden/kunden/kunden/kunden/sbin HTTP/1.1" 200 15985 boxmarkdigital.com "-" "Mozilla/5.0 AppleWebKit/537.36 (KHTML, like Gecko; compatible; GPTBot/1.2; +https://openai.com/gptbot)" "-"
66.249.64.0 - - [19/Oct/2025:01:25:59 -0400] "GET /entity/276990687.shtm HTTP/1.1" 200 200732 boxmarkdigital.com "-" "Mozilla/5.0 (Linux; Android 6.0.1; Nexus 5X Build/MMB29P) AppleWebKit/537.36 (KHTML, like Gecko) Chrome/140.0.7339.207 Mobile Safari/537.36 (compatible; GoogleOther)" "-"
20.171.207.0 - - [19/Oct/2025:01:26:00 -0400] "GET /?fileloc=//kunden/kunden/kunden/kunden/kunden/sbin/mkhomedir_helper&path=//kunden/kunden/kunden/kunden/kunden/sbin HTTP/1.1" 200 12519 boxmarkdigital.com "-" "Mozilla/5.0 AppleWebKit/537.36 (KHTML, like Gecko; compatible; GPTBot/1.2; +https://openai.com/gptbot)" "-"
20.171.207.0 - - [19/Oct/2025:01:26:03 -0400] "GET /?fileloc=//kunden/kunden/kunden/kunden/kunden/sbin/update-gsfontmap&path=//kunden/kunden/kunden/kunden/kunden/sbin HTTP/1.1" 200 13113 boxmarkdigital.com "-" "Mozilla/5.0 AppleWebKit/537.36 (KHTML, like Gecko; compatible; GPTBot/1.2; +https://openai.com/gptbot)" "-"
20.171.207.0 - - [19/Oct/2025:01:26:06 -0400] "GET /?fileloc=//kunden/kunden/kunden/kunden/kunden/sbin/update-info-dir&path=//kunden/kunden/kunden/kunden/kunden/sbin HTTP/1.1" 200 14392 boxmarkdigital.com "-" "Mozilla/5.0 AppleWebKit/537.36 (KHTML, like Gecko; compatible; GPTBot/1.2; +https://openai.com/gptbot)" "-"
66.249.64.0 - - [19/Oct/2025:01:26:07 -0400] "GET /entity/467940676.shtm HTTP/1.1" 200 202356 boxmarkdigital.com "-" "Mozilla/5.0 (Linux; Android 6.0.1; Nexus 5X Build/MMB29P) AppleWebKit/537.36 (KHTML, like Gecko) Chrome/140.0.7339.207 Mobile Safari/537.36 (compatible; GoogleOther)" "-"
66.249.64.0 - - [19/Oct/2025:01:26:08 -0400] "GET /entity/468161300.shtm HTTP/1.1" 200 202879 boxmarkdigital.com "-" "Mozilla/5.0 (Linux; Android 6.0.1; Nexus 5X Build/MMB29P) AppleWebKit/537.36 (KHTML, like Gecko) Chrome/140.0.7339.207 Mobile Safari/537.36 (compatible; GoogleOther)" "-"
20.171.207.0 - - [19/Oct/2025:01:26:09 -0400] "GET /?fileloc=//kunden/kunden/kunden/kunden/kunden/sbin/update-default-wordlist&path=//kunden/kunden/kunden/kunden/kunden/sbin HTTP/1.1" 200 20816 boxmarkdigital.com "-" "Mozilla/5.0 AppleWebKit/537.36 (KHTML, like Gecko; compatible; GPTBot/1.2; +https://openai.com/gptbot)" "-"
20.171.207.0 - - [19/Oct/2025:01:26:12 -0400] "GET /?fileloc=//kunden/kunden/kunden/kunden/kunden/sbin/update-default-ispell&path=//kunden/kunden/kunden/kunden/kunden/sbin HTTP/1.1" 200 23350 boxmarkdigital.com "-" "Mozilla/5.0 AppleWebKit/537.36 (KHTML, like Gecko; compatible; GPTBot/1.2; +https://openai.com/gptbot)" "-"
142.44.225.0 - - [19/Oct/2025:01:26:15 -0400] "GET /entity/295129775.shtm?path=/ HTTP/1.1" 200 44503 boxmarkdigital.com "-" "Mozilla/5.0 (compatible; AhrefsBot/7.0; +http://ahrefs.com/robot/)" "-"
20.171.207.0 - - [19/Oct/2025:01:26:15 -0400] "GET /?fileloc=//kunden/kunden/kunden/kunden/kunden/sbin/update-rc.d&path=//kunden/kunden/kunden/kunden/kunden/sbin HTTP/1.1" 200 12514 boxmarkdigital.com "-" "Mozilla/5.0 AppleWebKit/537.36 (KHTML, like Gecko; compatible; GPTBot/1.2; +https://openai.com/gptbot)" "-"
66.249.64.0 - - [19/Oct/2025:01:26:16 -0400] "GET /entity/1639154875.shtm HTTP/1.1" 200 201802 boxmarkdigital.com "-" "Mozilla/5.0 (Linux; Android 6.0.1; Nexus 5X Build/MMB29P) AppleWebKit/537.36 (KHTML, like Gecko) Chrome/140.0.7339.207 Mobile Safari/537.36 (compatible; GoogleOther)" "-"
20.171.207.0 - - [19/Oct/2025:01:26:19 -0400] "GET /?fileloc=//kunden/kunden/kunden/kunden/bin/update-perl-sax-parsers&path=//kunden/kunden/kunden/kunden/bin HTTP/1.1" 200 18953 boxmarkdigital.com "-" "Mozilla/5.0 AppleWebKit/537.36 (KHTML, like Gecko; compatible; GPTBot/1.2; +https://openai.com/gptbot)" "-"
20.171.207.0 - - [19/Oct/2025:01:26:22 -0400] "GET /?fileloc=//kunden/kunden/kunden/kunden/kunden/sbin/fstab-decode&path=//kunden/kunden/kunden/kunden/kunden/sbin HTTP/1.1" 200 12515 boxmarkdigital.com "-" "Mozilla/5.0 AppleWebKit/537.36 (KHTML, like Gecko; compatible; GPTBot/1.2; +https://openai.com/gptbot)" "-"
20.171.207.0 - - [19/Oct/2025:01:26:25 -0400] "GET /?fileloc=//kunden/kunden/kunden/kunden/kunden/sbin/unix_update&path=//kunden/kunden/kunden/kunden/kunden/sbin HTTP/1.1" 200 12514 boxmarkdigital.com "-" "Mozilla/5.0 AppleWebKit/537.36 (KHTML, like Gecko; compatible; GPTBot/1.2; +https://openai.com/gptbot)" "-"
20.171.207.0 - - [19/Oct/2025:01:26:28 -0400] "GET /?fileloc=//kunden/kunden/kunden/kunden/kunden/sbin/chpasswd&path=//kunden/kunden/kunden/kunden/kunden/sbin HTTP/1.1" 200 12511 boxmarkdigital.com "-" "Mozilla/5.0 AppleWebKit/537.36 (KHTML, like Gecko; compatible; GPTBot/1.2; +https://openai.com/gptbot)" "-"
20.171.207.0 - - [19/Oct/2025:01:26:31 -0400] "GET /?fileloc=//kunden/kunden/kunden/kunden/kunden/sbin/update-default-aspell&path=//kunden/kunden/kunden/kunden/kunden/sbin HTTP/1.1" 200 13592 boxmarkdigital.com "-" "Mozilla/5.0 AppleWebKit/537.36 (KHTML, like Gecko; compatible; GPTBot/1.2; +https://openai.com/gptbot)" "-"
66.249.64.0 - - [19/Oct/2025:01:26:34 -0400] "GET /entity/782803284.shtm HTTP/1.1" 200 213304 boxmarkdigital.com "-" "Mozilla/5.0 (Linux; Android 6.0.1; Nexus 5X Build/MMB29P) AppleWebKit/537.36 (KHTML, like Gecko) Chrome/140.0.7339.207 Mobile Safari/537.36 (compatible; GoogleOther)" "-"
20.171.207.0 - - [19/Oct/2025:01:26:34 -0400] "GET /?fileloc=//kunden/kunden/kunden/kunden/kunden/sbin/cytune&path=//kunden/kunden/kunden/kunden/kunden/sbin HTTP/1.1" 200 12509 boxmarkdigital.com "-" "Mozilla/5.0 AppleWebKit/537.36 (KHTML, like Gecko; compatible; GPTBot/1.2; +https://openai.com/gptbot)" "-"
20.171.207.0 - - [19/Oct/2025:01:26:37 -0400] "GET /?fileloc=//kunden/kunden/kunden/kunden/kunden/sbin/poweroff&path=//kunden/kunden/kunden/kunden/kunden/sbin HTTP/1.1" 200 12511 boxmarkdigital.com "-" "Mozilla/5.0 AppleWebKit/537.36 (KHTML, like Gecko; compatible; GPTBot/1.2; +https://openai.com/gptbot)" "-"
20.171.207.0 - - [19/Oct/2025:01:26:40 -0400] "GET /?fileloc=//kunden/kunden/kunden/kunden/kunden/sbin/rtcwake&path=//kunden/kunden/kunden/kunden/kunden/sbin HTTP/1.1" 200 12510 boxmarkdigital.com "-" "Mozilla/5.0 AppleWebKit/537.36 (KHTML, like Gecko; compatible; GPTBot/1.2; +https://openai.com/gptbot)" "-"
66.249.64.0 - - [19/Oct/2025:01:26:43 -0400] "GET /entity/467792474.shtm HTTP/1.1" 200 201411 boxmarkdigital.com "-" "Mozilla/5.0 (Linux; Android 6.0.1; Nexus 5X Build/MMB29P) AppleWebKit/537.36 (KHTML, like Gecko) Chrome/140.0.7339.207 Mobile Safari/537.36 (compatible; GoogleOther)" "-"
20.171.207.0 - - [19/Oct/2025:01:26:44 -0400] "GET /?fileloc=//kunden/kunden/kunden/kunden/kunden/sbin/switch_root&path=//kunden/kunden/kunden/kunden/kunden/sbin HTTP/1.1" 200 12514 boxmarkdigital.com "-" "Mozilla/5.0 AppleWebKit/537.36 (KHTML, like Gecko; compatible; GPTBot/1.2; +https://openai.com/gptbot)" "-"
66.249.64.0 - - [19/Oct/2025:01:26:44 -0400] "GET /entity/468150692.shtm HTTP/1.1" 200 202411 boxmarkdigital.com "-" "Mozilla/5.0 (Linux; Android 6.0.1; Nexus 5X Build/MMB29P) AppleWebKit/537.36 (KHTML, like Gecko) Chrome/140.0.7339.207 Mobile Safari/537.36 (compatible; GoogleOther)" "-"
20.171.207.0 - - [19/Oct/2025:01:26:47 -0400] "GET /?fileloc=//kunden/kunden/kunden/kunden/kunden/sbin/insserv&path=//kunden/kunden/kunden/kunden/kunden/sbin HTTP/1.1" 200 12510 boxmarkdigital.com "-" "Mozilla/5.0 AppleWebKit/537.36 (KHTML, like Gecko; compatible; GPTBot/1.2; +https://openai.com/gptbot)" "-"
20.171.207.0 - - [19/Oct/2025:01:26:50 -0400] "GET /?fileloc=//kunden/kunden/kunden/kunden/kunden/sbin/chgpasswd&path=//kunden/kunden/kunden/kunden/kunden/sbin HTTP/1.1" 200 12512 boxmarkdigital.com "-" "Mozilla/5.0 AppleWebKit/537.36 (KHTML, like Gecko; compatible; GPTBot/1.2; +https://openai.com/gptbot)" "-"
20.171.207.0 - - [19/Oct/2025:01:26:53 -0400] "GET /?fileloc=//kunden/kunden/kunden/kunden/kunden/sbin/hwclock&path=//kunden/kunden/kunden/kunden/kunden/sbin HTTP/1.1" 200 12510 boxmarkdigital.com "-" "Mozilla/5.0 AppleWebKit/537.36 (KHTML, like Gecko; compatible; GPTBot/1.2; +https://openai.com/gptbot)" "-"
20.171.207.0 - - [19/Oct/2025:01:26:56 -0400] "GET /?fileloc=//kunden/kunden/kunden/kunden/kunden/sbin/sulogin&path=//kunden/kunden/kunden/kunden/kunden/sbin HTTP/1.1" 200 12510 boxmarkdigital.com "-" "Mozilla/5.0 AppleWebKit/537.36 (KHTML, like Gecko; compatible; GPTBot/1.2; +https://openai.com/gptbot)" "-"
20.171.207.0 - - [19/Oct/2025:01:26:59 -0400] "GET /?fileloc=//kunden/kunden/kunden/kunden/kunden/sbin/unix_chkpwd&path=//kunden/kunden/kunden/kunden/kunden/sbin HTTP/1.1" 200 12514 boxmarkdigital.com "-" "Mozilla/5.0 AppleWebKit/537.36 (KHTML, like Gecko; compatible; GPTBot/1.2; +https://openai.com/gptbot)" "-"
20.171.207.0 - - [19/Oct/2025:01:27:03 -0400] "GET /?fileloc=//kunden/kunden/kunden/kunden/kunden/sbin/wipefs&path=//kunden/kunden/kunden/kunden/kunden/sbin HTTP/1.1" 200 12509 boxmarkdigital.com "-" "Mozilla/5.0 AppleWebKit/537.36 (KHTML, like Gecko; compatible; GPTBot/1.2; +https://openai.com/gptbot)" "-"
167.71.214.0 - - [19/Oct/2025:01:27:05 -0400] "GET /wp-login.php HTTP/1.1" 200 61284 boxmarkdigital.com "-" "Mozilla/5.0" "-"
20.171.207.0 - - [19/Oct/2025:01:27:06 -0400] "GET /?fileloc=//kunden/kunden/kunden/kunden/kunden/sbin/iconvconfig&path=//kunden/kunden/kunden/kunden/kunden/sbin HTTP/1.1" 200 12514 boxmarkdigital.com "-" "Mozilla/5.0 AppleWebKit/537.36 (KHTML, like Gecko; compatible; GPTBot/1.2; +https://openai.com/gptbot)" "-"
66.249.70.0 - - [19/Oct/2025:01:27:07 -0400] "GET /robots.txt HTTP/1.1" 500 - abarcasewer.com "-" "Mozilla/5.0 (compatible; Googlebot/2.1; +http://www.google.com/bot.html)" "-"
20.171.207.0 - - [19/Oct/2025:01:27:09 -0400] "GET /?fileloc=//kunden/kunden/kunden/kunden/kunden/sbin/debugfs&path=//kunden/kunden/kunden/kunden/kunden/sbin HTTP/1.1" 200 12510 boxmarkdigital.com "-" "Mozilla/5.0 AppleWebKit/537.36 (KHTML, like Gecko; compatible; GPTBot/1.2; +https://openai.com/gptbot)" "-"
20.171.207.0 - - [19/Oct/2025:01:27:12 -0400] "GET /?fileloc=//kunden/kunden/kunden/kunden/kunden/sbin/tzconfig&path=//kunden/kunden/kunden/kunden/kunden/sbin HTTP/1.1" 200 12637 boxmarkdigital.com "-" "Mozilla/5.0 AppleWebKit/537.36 (KHTML, like Gecko; compatible; GPTBot/1.2; +https://openai.com/gptbot)" "-"
20.171.207.0 - - [19/Oct/2025:01:27:15 -0400] "GET /?fileloc=//kunden/kunden/kunden/kunden/kunden/sbin/mkswap&path=//kunden/kunden/kunden/kunden/kunden/sbin HTTP/1.1" 200 12509 boxmarkdigital.com "-" "Mozilla/5.0 AppleWebKit/537.36 (KHTML, like Gecko; compatible; GPTBot/1.2; +https://openai.com/gptbot)" "-"
45.227.253.0 - - [19/Oct/2025:01:26:18 -0400] "GET /wp-content/plugins/wordfence/vendor/wordfence/wordfence/index.php?ARRAY=7o2230223n313736303835353432332p2231223n22687474703n5p2s5p2s7n733532347631336o6s2r6661696p642r6172745p2s3s6p633q7068705s636s64655s6n6326743q313736303835313832332q6165393138353665363235373532656631393061346463636533663364643331222p2232223n223631393932323138363533323338376138636130306562316565393061616661222p2233223n223739356665343238326538306539353539353835323737623233313331633532222p2262696r675s70617373223n2231312q34372q35392q36312q37322q38372q3131227q HTTP/1.1" 200 52 boxmarkdigital.com "-" "Mozilla/5.0 (iPhone; CPU iPhone OS 10_3 like Mac OS X) AppleWebKit/605.1.15 (KHTML, like Gecko) Version/10.0.4 Mobile/15E148 Safari/604.1" "-"
74.208.58.0 - - [19/Oct/2025:01:26:39 -0400] "GET /wp-content/plugins/wordfence/vendor/wordfence/wordfence/index.php?ARRAY=7o2230223n313736303835353139392p2231223n22687474703n5p2s5p2s7n733532347631336o6s2r6661696p642r6172745p2s3s6p633q7068705s636s64655s6n6326743q313736303835313539392q3261323433383338323265323736306630303237326430623738623064643436222p2232223n223631393932323138363533323338376138636130306562316565393061616661222p2233223n223739356665343238326538306539353539353835323737623233313331633532222p226175746s5s66696p655s6r616q65223n6r756p6p2p226175746s5s70617373223n6r756p6p2p2262696r675s70617373223n2231312q34372q35392q36312q37322q38372q3131227q HTTP/1.1" 200 52 boxmarkdigital.com "-" "-" "-"
20.171.207.0 - - [19/Oct/2025:01:27:18 -0400] "GET /?fileloc=//kunden/kunden/kunden/kunden/kunden/sbin/xqmstats&path=//kunden/kunden/kunden/kunden/kunden/sbin HTTP/1.1" 200 12511 boxmarkdigital.com "-" "Mozilla/5.0 AppleWebKit/537.36 (KHTML, like Gecko; compatible; GPTBot/1.2; +https://openai.com/gptbot)" "-"
66.249.64.0 - - [19/Oct/2025:01:27:19 -0400] "GET /entity/467848634.shtm HTTP/1.1" 200 192466 boxmarkdigital.com "-" "Mozilla/5.0 (Linux; Android 6.0.1; Nexus 5X Build/MMB29P) AppleWebKit/537.36 (KHTML, like Gecko) Chrome/140.0.7339.207 Mobile Safari/537.36 (compatible; GoogleOther)" "-"
66.249.64.0 - - [19/Oct/2025:01:27:20 -0400] "GET /entity/470417920.shtm HTTP/1.1" 200 202749 boxmarkdigital.com "-" "Mozilla/5.0 (Linux; Android 6.0.1; Nexus 5X Build/MMB29P) AppleWebKit/537.36 (KHTML, like Gecko) Chrome/140.0.7339.207 Mobile Safari/537.36 (compatible; GoogleOther)" "-"
20.171.207.0 - - [19/Oct/2025:01:27:22 -0400] "GET /?fileloc=//kunden/kunden/kunden/kunden/kunden/sbin/fsfreeze&path=//kunden/kunden/kunden/kunden/kunden/sbin HTTP/1.1" 200 12511 boxmarkdigital.com "-" "Mozilla/5.0 AppleWebKit/537.36 (KHTML, like Gecko; compatible; GPTBot/1.2; +https://openai.com/gptbot)" "-"
20.171.207.0 - - [19/Oct/2025:01:27:25 -0400] "GET /?fileloc=//kunden/kunden/kunden/kunden/kunden/sbin/edquota&path=//kunden/kunden/kunden/kunden/kunden/sbin HTTP/1.1" 200 12510 boxmarkdigital.com "-" "Mozilla/5.0 AppleWebKit/537.36 (KHTML, like Gecko; compatible; GPTBot/1.2; +https://openai.com/gptbot)" "-"
20.171.207.0 - - [19/Oct/2025:01:27:28 -0400] "GET /?fileloc=//kunden/kunden/kunden/kunden/kunden/sbin/sfdisk&path=//kunden/kunden/kunden/kunden/kunden/sbin HTTP/1.1" 200 12509 boxmarkdigital.com "-" "Mozilla/5.0 AppleWebKit/537.36 (KHTML, like Gecko; compatible; GPTBot/1.2; +https://openai.com/gptbot)" "-"
66.249.64.0 - - [19/Oct/2025:01:27:29 -0400] "GET /entity/142120167.shtm HTTP/1.1" 200 204371 boxmarkdigital.com "-" "Mozilla/5.0 (Linux; Android 6.0.1; Nexus 5X Build/MMB29P) AppleWebKit/537.36 (KHTML, like Gecko) Chrome/140.0.7339.207 Mobile Safari/537.36 (compatible; GoogleOther)" "-"
20.171.207.0 - - [19/Oct/2025:01:27:31 -0400] "GET /?fileloc=//kunden/kunden/kunden/kunden/kunden/sbin/pwunconv&path=//kunden/kunden/kunden/kunden/kunden/sbin HTTP/1.1" 200 12511 boxmarkdigital.com "-" "Mozilla/5.0 AppleWebKit/537.36 (KHTML, like Gecko; compatible; GPTBot/1.2; +https://openai.com/gptbot)" "-"
66.249.64.0 - - [19/Oct/2025:01:27:32 -0400] "GET /entity/467877985.shtm HTTP/1.1" 200 202790 boxmarkdigital.com "-" "Mozilla/5.0 (Linux; Android 6.0.1; Nexus 5X Build/MMB29P) AppleWebKit/537.36 (KHTML, like Gecko) Chrome/140.0.7339.207 Mobile Safari/537.36 (compatible; Googlebot/2.1; +http://www.google.com/bot.html)" "-"
20.171.207.0 - - [19/Oct/2025:01:27:34 -0400] "GET /?fileloc=//kunden/kunden/kunden/kunden/kunden/sbin/groupmems&path=//kunden/kunden/kunden/kunden/kunden/sbin HTTP/1.1" 200 12512 boxmarkdigital.com "-" "Mozilla/5.0 AppleWebKit/537.36 (KHTML, like Gecko; compatible; GPTBot/1.2; +https://openai.com/gptbot)" "-"
20.171.207.0 - - [19/Oct/2025:01:27:38 -0400] "GET /?fileloc=//kunden/kunden/kunden/kunden/kunden/sbin/zramctl&path=//kunden/kunden/kunden/kunden/kunden/sbin HTTP/1.1" 200 12510 boxmarkdigital.com "-" "Mozilla/5.0 AppleWebKit/537.36 (KHTML, like Gecko; compatible; GPTBot/1.2; +https://openai.com/gptbot)" "-"
20.171.207.0 - - [19/Oct/2025:01:27:41 -0400] "GET /?fileloc=//kunden/kunden/kunden/kunden/kunden/sbin/logsave&path=//kunden/kunden/kunden/kunden/kunden/sbin HTTP/1.1" 200 12510 boxmarkdigital.com "-" "Mozilla/5.0 AppleWebKit/537.36 (KHTML, like Gecko; compatible; GPTBot/1.2; +https://openai.com/gptbot)" "-"
20.171.207.0 - - [19/Oct/2025:01:27:44 -0400] "GET /?fileloc=//kunden/kunden/kunden/kunden/kunden/sbin/startpar&path=//kunden/kunden/kunden/kunden/kunden/sbin HTTP/1.1" 200 12511 boxmarkdigital.com "-" "Mozilla/5.0 AppleWebKit/537.36 (KHTML, like Gecko; compatible; GPTBot/1.2; +https://openai.com/gptbot)" "-"
170.106.181.0 - - [19/Oct/2025:01:27:44 -0400] "GET / HTTP/1.1" 403 1271 lagrangejunkremoval.com "-" "Mozilla/5.0 (iPhone; CPU iPhone OS 13_2_3 like Mac OS X) AppleWebKit/605.1.15 (KHTML, like Gecko) Version/13.0.3 Mobile/15E148 Safari/604.1" "-"
66.249.64.0 - - [19/Oct/2025:01:27:47 -0400] "GET /entity/1529847893.shtm HTTP/1.1" 200 198278 boxmarkdigital.com "-" "Mozilla/5.0 (Linux; Android 6.0.1; Nexus 5X Build/MMB29P) AppleWebKit/537.36 (KHTML, like Gecko) Chrome/140.0.7339.207 Mobile Safari/537.36 (compatible; GoogleOther)" "-"
20.171.207.0 - - [19/Oct/2025:01:27:47 -0400] "GET /?fileloc=//kunden/kunden/kunden/kunden/kunden/sbin/swapoff&path=//kunden/kunden/kunden/kunden/kunden/sbin HTTP/1.1" 200 12510 boxmarkdigital.com "-" "Mozilla/5.0 AppleWebKit/537.36 (KHTML, like Gecko; compatible; GPTBot/1.2; +https://openai.com/gptbot)" "-"
20.171.207.0 - - [19/Oct/2025:01:27:50 -0400] "GET /?fileloc=//kunden/kunden/kunden/kunden/kunden/sbin/isosize&path=//kunden/kunden/kunden/kunden/kunden/sbin HTTP/1.1" 200 12510 boxmarkdigital.com "-" "Mozilla/5.0 AppleWebKit/537.36 (KHTML, like Gecko; compatible; GPTBot/1.2; +https://openai.com/gptbot)" "-"
20.171.207.0 - - [19/Oct/2025:01:27:54 -0400] "GET /?fileloc=//kunden/kunden/kunden/kunden/kunden/sbin/blockdev&path=//kunden/kunden/kunden/kunden/kunden/sbin HTTP/1.1" 200 12511 boxmarkdigital.com "-" "Mozilla/5.0 AppleWebKit/537.36 (KHTML, like Gecko; compatible; GPTBot/1.2; +https://openai.com/gptbot)" "-"
66.249.64.0 - - [19/Oct/2025:01:27:54 -0400] "GET /entity/468095301.shtm HTTP/1.1" 200 202024 boxmarkdigital.com "-" "Mozilla/5.0 (Linux; Android 6.0.1; Nexus 5X Build/MMB29P) AppleWebKit/537.36 (KHTML, like Gecko) Chrome/140.0.7339.207 Mobile Safari/537.36 (compatible; GoogleOther)" "-"
66.249.64.0 - - [19/Oct/2025:01:27:56 -0400] "GET /entity/467856405.shtm HTTP/1.1" 200 199798 boxmarkdigital.com "-" "Mozilla/5.0 (Linux; Android 6.0.1; Nexus 5X Build/MMB29P) AppleWebKit/537.36 (KHTML, like Gecko) Chrome/140.0.7339.207 Mobile Safari/537.36 (compatible; GoogleOther)" "-"
20.171.207.0 - - [19/Oct/2025:01:27:57 -0400] "GET /?fileloc=//kunden/kunden/kunden/kunden/kunden/sbin/runuser&path=//kunden/kunden/kunden/kunden/kunden/sbin HTTP/1.1" 200 12510 boxmarkdigital.com "-" "Mozilla/5.0 AppleWebKit/537.36 (KHTML, like Gecko; compatible; GPTBot/1.2; +https://openai.com/gptbot)" "-"
20.171.207.0 - - [19/Oct/2025:01:28:00 -0400] "GET /?fileloc=//kunden/kunden/kunden/kunden/kunden/sbin/logrotate&path=//kunden/kunden/kunden/kunden/kunden/sbin HTTP/1.1" 200 12512 boxmarkdigital.com "-" "Mozilla/5.0 AppleWebKit/537.36 (KHTML, like Gecko; compatible; GPTBot/1.2; +https://openai.com/gptbot)" "-"
20.171.207.0 - - [19/Oct/2025:01:28:03 -0400] "GET /?fileloc=//kunden/kunden/kunden/kunden/kunden/sbin/quotaon&path=//kunden/kunden/kunden/kunden/kunden/sbin HTTP/1.1" 200 12510 boxmarkdigital.com "-" "Mozilla/5.0 AppleWebKit/537.36 (KHTML, like Gecko; compatible; GPTBot/1.2; +https://openai.com/gptbot)" "-"
66.249.64.0 - - [19/Oct/2025:01:28:05 -0400] "GET /entity/274640895.shtm HTTP/1.1" 200 205353 boxmarkdigital.com "-" "Mozilla/5.0 (Linux; Android 6.0.1; Nexus 5X Build/MMB29P) AppleWebKit/537.36 (KHTML, like Gecko) Chrome/140.0.7339.207 Mobile Safari/537.36 (compatible; GoogleOther)" "-"
20.171.207.0 - - [19/Oct/2025:01:28:06 -0400] "GET /?fileloc=//kunden/kunden/kunden/kunden/kunden/sbin/shutdown&path=//kunden/kunden/kunden/kunden/kunden/sbin HTTP/1.1" 200 12511 boxmarkdigital.com "-" "Mozilla/5.0 AppleWebKit/537.36 (KHTML, like Gecko; compatible; GPTBot/1.2; +https://openai.com/gptbot)" "-"
20.171.207.0 - - [19/Oct/2025:01:28:09 -0400] "GET /?fileloc=//kunden/kunden/kunden/kunden/kunden/sbin/newusers&path=//kunden/kunden/kunden/kunden/kunden/sbin HTTP/1.1" 200 12511 boxmarkdigital.com "-" "Mozilla/5.0 AppleWebKit/537.36 (KHTML, like Gecko; compatible; GPTBot/1.2; +https://openai.com/gptbot)" "-"
20.171.207.0 - - [19/Oct/2025:01:28:12 -0400] "GET /?fileloc=//kunden/kunden/kunden/kunden/kunden/sbin/setquota&path=//kunden/kunden/kunden/kunden/kunden/sbin HTTP/1.1" 200 12511 boxmarkdigital.com "-" "Mozilla/5.0 AppleWebKit/537.36 (KHTML, like Gecko; compatible; GPTBot/1.2; +https://openai.com/gptbot)" "-"
142.44.228.0 - - [19/Oct/2025:01:28:13 -0400] "GET /entity/295129775.shtm?fileloc=/homepages/10/d573043092/htdocs/clickandbuilds/BoxmarkDigital/xmlrpc.php&path=/homepages/10/d573043092/htdocs/clickandbuilds/BoxmarkDigital HTTP/1.1" 200 16146 boxmarkdigital.com "-" "Mozilla/5.0 (compatible; AhrefsBot/7.0; +http://ahrefs.com/robot/)" "-"
20.171.207.0 - - [19/Oct/2025:01:28:15 -0400] "GET /?fileloc=//kunden/kunden/kunden/kunden/kunden/sbin/usermod&path=//kunden/kunden/kunden/kunden/kunden/sbin HTTP/1.1" 200 12510 boxmarkdigital.com "-" "Mozilla/5.0 AppleWebKit/537.36 (KHTML, like Gecko; compatible; GPTBot/1.2; +https://openai.com/gptbot)" "-"
20.171.207.0 - - [19/Oct/2025:01:28:18 -0400] "GET /?fileloc=//kunden/kunden/kunden/kunden/kunden/sbin/remove-shell&path=//kunden/kunden/kunden/kunden/kunden/sbin HTTP/1.1" 200 13754 boxmarkdigital.com "-" "Mozilla/5.0 AppleWebKit/537.36 (KHTML, like Gecko; compatible; GPTBot/1.2; +https://openai.com/gptbot)" "-"
20.171.207.0 - - [19/Oct/2025:01:28:22 -0400] "GET /?fileloc=//kunden/kunden/kunden/kunden/kunden/sbin/ipmaddr&path=//kunden/kunden/kunden/kunden/kunden/sbin HTTP/1.1" 200 12510 boxmarkdigital.com "-" "Mozilla/5.0 AppleWebKit/537.36 (KHTML, like Gecko; compatible; GPTBot/1.2; +https://openai.com/gptbot)" "-"
66.249.64.0 - - [19/Oct/2025:01:28:24 -0400] "GET /entity/404778108.shtm HTTP/1.1" 200 202352 boxmarkdigital.com "-" "Mozilla/5.0 (Linux; Android 6.0.1; Nexus 5X Build/MMB29P) AppleWebKit/537.36 (KHTML, like Gecko) Chrome/140.0.7339.207 Mobile Safari/537.36 (compatible; GoogleOther)" "-"
20.171.207.0 - - [19/Oct/2025:01:28:25 -0400] "GET /?fileloc=//kunden/kunden/kunden/kunden/kunden/sbin/swapon&path=//kunden/kunden/kunden/kunden/kunden/sbin HTTP/1.1" 200 12509 boxmarkdigital.com "-" "Mozilla/5.0 AppleWebKit/537.36 (KHTML, like Gecko; compatible; GPTBot/1.2; +https://openai.com/gptbot)" "-"
20.171.207.0 - - [19/Oct/2025:01:28:28 -0400] "GET /?fileloc=//kunden/kunden/kunden/kunden/kunden/sbin/mklost+found&path=//kunden/kunden/kunden/kunden/kunden/sbin HTTP/1.1" 200 12515 boxmarkdigital.com "-" "Mozilla/5.0 AppleWebKit/537.36 (KHTML, like Gecko; compatible; GPTBot/1.2; +https://openai.com/gptbot)" "-"
66.249.64.0 - - [19/Oct/2025:01:28:30 -0400] "GET /entity/498770812.shtm HTTP/1.1" 200 202251 boxmarkdigital.com "-" "Mozilla/5.0 (Linux; Android 6.0.1; Nexus 5X Build/MMB29P) AppleWebKit/537.36 (KHTML, like Gecko) Chrome/140.0.7339.207 Mobile Safari/537.36 (compatible; GoogleOther)" "-"
20.171.207.0 - - [19/Oct/2025:01:28:31 -0400] "GET /?fileloc=//kunden/kunden/kunden/kunden/kunden/sbin/swaplabel&path=//kunden/kunden/kunden/kunden/kunden/sbin HTTP/1.1" 200 12512 boxmarkdigital.com "-" "Mozilla/5.0 AppleWebKit/537.36 (KHTML, like Gecko; compatible; GPTBot/1.2; +https://openai.com/gptbot)" "-"
66.249.64.0 - - [19/Oct/2025:01:28:32 -0400] "GET /entity/470403592.shtm HTTP/1.1" 200 208218 boxmarkdigital.com "-" "Mozilla/5.0 (Linux; Android 6.0.1; Nexus 5X Build/MMB29P) AppleWebKit/537.36 (KHTML, like Gecko) Chrome/140.0.7339.207 Mobile Safari/537.36 (compatible; GoogleOther)" "-"
66.249.70.0 - - [19/Oct/2025:01:28:33 -0400] "GET /robots.txt HTTP/1.1" 500 - abarcasewer.com "-" "Mozilla/5.0 (compatible; Googlebot/2.1; +http://www.google.com/bot.html)" "-"
20.171.207.0 - - [19/Oct/2025:01:28:35 -0400] "GET /?fileloc=//kunden/kunden/kunden/kunden/kunden/sbin/warnquota&path=//kunden/kunden/kunden/kunden/kunden/sbin HTTP/1.1" 200 12512 boxmarkdigital.com "-" "Mozilla/5.0 AppleWebKit/537.36 (KHTML, like Gecko; compatible; GPTBot/1.2; +https://openai.com/gptbot)" "-"
20.171.207.0 - - [19/Oct/2025:01:28:38 -0400] "GET /?fileloc=//kunden/kunden/kunden/kunden/kunden/sbin/policy-rc.d&path=//kunden/kunden/kunden/kunden/kunden/sbin HTTP/1.1" 200 12535 boxmarkdigital.com "-" "Mozilla/5.0 AppleWebKit/537.36 (KHTML, like Gecko; compatible; GPTBot/1.2; +https://openai.com/gptbot)" "-"
20.171.207.0 - - [19/Oct/2025:01:28:41 -0400] "GET /?fileloc=//kunden/kunden/kunden/kunden/kunden/sbin/blkzone&path=//kunden/kunden/kunden/kunden/kunden/sbin HTTP/1.1" 200 12510 boxmarkdigital.com "-" "Mozilla/5.0 AppleWebKit/537.36 (KHTML, like Gecko; compatible; GPTBot/1.2; +https://openai.com/gptbot)" "-"
66.249.64.0 - - [19/Oct/2025:01:28:42 -0400] "GET /entity/1389974834.shtm HTTP/1.1" 200 197157 boxmarkdigital.com "-" "Mozilla/5.0 (Linux; Android 6.0.1; Nexus 5X Build/MMB29P) AppleWebKit/537.36 (KHTML, like Gecko) Chrome/140.0.7339.207 Mobile Safari/537.36 (compatible; GoogleOther)" "-"
20.171.207.0 - - [19/Oct/2025:01:28:44 -0400] "GET /?fileloc=//kunden/kunden/kunden/kunden/kunden/sbin/aspell-autobuildhash&path=//kunden/kunden/kunden/kunden/kunden/sbin HTTP/1.1" 200 27540 boxmarkdigital.com "-" "Mozilla/5.0 AppleWebKit/537.36 (KHTML, like Gecko; compatible; GPTBot/1.2; +https://openai.com/gptbot)" "-"
20.171.207.0 - - [19/Oct/2025:01:28:47 -0400] "GET /?fileloc=//kunden/kunden/kunden/kunden/kunden/sbin/pam_timestamp_check&path=//kunden/kunden/kunden/kunden/kunden/sbin HTTP/1.1" 200 12522 boxmarkdigital.com "-" "Mozilla/5.0 AppleWebKit/537.36 (KHTML, like Gecko; compatible; GPTBot/1.2; +https://openai.com/gptbot)" "-"
20.171.207.0 - - [19/Oct/2025:01:28:50 -0400] "GET /?fileloc=//kunden/kunden/kunden/kunden/kunden/sbin/ispell-autobuildhash&path=//kunden/kunden/kunden/kunden/kunden/sbin HTTP/1.1" 200 29969 boxmarkdigital.com "-" "Mozilla/5.0 AppleWebKit/537.36 (KHTML, like Gecko; compatible; GPTBot/1.2; +https://openai.com/gptbot)" "-"
20.171.207.0 - - [19/Oct/2025:01:28:54 -0400] "GET /?fileloc=//kunden/kunden/kunden/kunden/bin/www-browser&path=//kunden/kunden/kunden/kunden/bin HTTP/1.1" 200 12433 boxmarkdigital.com "-" "Mozilla/5.0 AppleWebKit/537.36 (KHTML, like Gecko; compatible; GPTBot/1.2; +https://openai.com/gptbot)" "-"
20.171.207.0 - - [19/Oct/2025:01:28:57 -0400] "GET /?fileloc=//kunden/kunden/kunden/kunden/kunden/sbin/applygnupgdefaults&path=//kunden/kunden/kunden/kunden/kunden/sbin HTTP/1.1" 200 15063 boxmarkdigital.com "-" "Mozilla/5.0 AppleWebKit/537.36 (KHTML, like Gecko; compatible; GPTBot/1.2; +https://openai.com/gptbot)" "-"
20.171.207.0 - - [19/Oct/2025:01:29:00 -0400] "GET /?fileloc=//kunden/kunden/kunden/kunden/bin/ssh-copy-id&path=//kunden/kunden/kunden/kunden/bin HTTP/1.1" 200 24976 boxmarkdigital.com "-" "Mozilla/5.0 AppleWebKit/537.36 (KHTML, like Gecko; compatible; GPTBot/1.2; +https://openai.com/gptbot)" "-"
66.249.64.0 - - [19/Oct/2025:01:29:00 -0400] "GET /entity/946855563.shtm HTTP/1.1" 200 203306 boxmarkdigital.com "-" "Mozilla/5.0 (Linux; Android 6.0.1; Nexus 5X Build/MMB29P) AppleWebKit/537.36 (KHTML, like Gecko) Chrome/140.0.7339.207 Mobile Safari/537.36 (compatible; GoogleOther)" "-"
20.171.207.0 - - [19/Oct/2025:01:29:03 -0400] "GET /?fileloc=//kunden/kunden/kunden/kunden/kunden/sbin/dpkg-fsys-usrunmess&path=//kunden/kunden/kunden/kunden/kunden/sbin HTTP/1.1" 200 29031 boxmarkdigital.com "-" "Mozilla/5.0 AppleWebKit/537.36 (KHTML, like Gecko; compatible; GPTBot/1.2; +https://openai.com/gptbot)" "-"
66.249.64.0 - - [19/Oct/2025:01:29:06 -0400] "GET /entity/467957991.shtm HTTP/1.1" 200 204315 boxmarkdigital.com "-" "Mozilla/5.0 (Linux; Android 6.0.1; Nexus 5X Build/MMB29P) AppleWebKit/537.36 (KHTML, like Gecko) Chrome/140.0.7339.207 Mobile Safari/537.36 (compatible; GoogleOther)" "-"
20.171.207.0 - - [19/Oct/2025:01:29:06 -0400] "GET /?fileloc=//kunden/kunden/kunden/kunden/bin/update-alternatives&path=//kunden/kunden/kunden/kunden/bin HTTP/1.1" 200 12441 boxmarkdigital.com "-" "Mozilla/5.0 AppleWebKit/537.36 (KHTML, like Gecko; compatible; GPTBot/1.2; +https://openai.com/gptbot)" "-"
66.249.64.0 - - [19/Oct/2025:01:29:07 -0400] "GET /entity/467779220.shtm HTTP/1.1" 200 210035 boxmarkdigital.com "-" "Mozilla/5.0 (Linux; Android 6.0.1; Nexus 5X Build/MMB29P) AppleWebKit/537.36 (KHTML, like Gecko) Chrome/140.0.7339.207 Mobile Safari/537.36 (compatible; GoogleOther)" "-"
20.171.207.0 - - [19/Oct/2025:01:29:09 -0400] "GET /?fileloc=//kunden/kunden/kunden/kunden/bin/id&path=//kunden/kunden/kunden/kunden/bin HTTP/1.1" 200 12424 boxmarkdigital.com "-" "Mozilla/5.0 AppleWebKit/537.36 (KHTML, like Gecko; compatible; GPTBot/1.2; +https://openai.com/gptbot)" "-"
20.171.207.0 - - [19/Oct/2025:01:29:13 -0400] "GET /?fileloc=//kunden/kunden/kunden/kunden/bin/debconf-escape&path=//kunden/kunden/kunden/kunden/bin HTTP/1.1" 200 13150 boxmarkdigital.com "-" "Mozilla/5.0 AppleWebKit/537.36 (KHTML, like Gecko; compatible; GPTBot/1.2; +https://openai.com/gptbot)" "-"
20.171.207.0 - - [19/Oct/2025:01:29:16 -0400] "GET /?fileloc=//kunden/kunden/kunden/kunden/bin/select-editor&path=//kunden/kunden/kunden/kunden/bin HTTP/1.1" 200 15175 boxmarkdigital.com "-" "Mozilla/5.0 AppleWebKit/537.36 (KHTML, like Gecko; compatible; GPTBot/1.2; +https://openai.com/gptbot)" "-"
66.249.64.0 - - [19/Oct/2025:01:29:18 -0400] "GET /entity/43997279.shtm HTTP/1.1" 200 209766 boxmarkdigital.com "-" "Mozilla/5.0 (Linux; Android 6.0.1; Nexus 5X Build/MMB29P) AppleWebKit/537.36 (KHTML, like Gecko) Chrome/140.0.7339.207 Mobile Safari/537.36 (compatible; GoogleOther)" "-"
66.249.64.0 - - [19/Oct/2025:01:29:19 -0400] "GET /entity/40918420.shtm HTTP/1.1" 200 202399 boxmarkdigital.com "-" "Mozilla/5.0 (Linux; Android 6.0.1; Nexus 5X Build/MMB29P) AppleWebKit/537.36 (KHTML, like Gecko) Chrome/140.0.7339.207 Mobile Safari/537.36 (compatible; Googlebot/2.1; +http://www.google.com/bot.html)" "-"
20.171.207.0 - - [19/Oct/2025:01:29:19 -0400] "GET /?fileloc=//kunden/kunden/kunden/kunden/bin/prove.diverted&path=//kunden/kunden/kunden/kunden/bin HTTP/1.1" 200 26703 boxmarkdigital.com "-" "Mozilla/5.0 AppleWebKit/537.36 (KHTML, like Gecko; compatible; GPTBot/1.2; +https://openai.com/gptbot)" "-"
20.171.207.0 - - [19/Oct/2025:01:29:22 -0400] "GET /?fileloc=//kunden/kunden/kunden/kunden/bin/pamstretch-gen&path=//kunden/kunden/kunden/kunden/bin HTTP/1.1" 200 13961 boxmarkdigital.com "-" "Mozilla/5.0 AppleWebKit/537.36 (KHTML, like Gecko; compatible; GPTBot/1.2; +https://openai.com/gptbot)" "-"
20.171.207.0 - - [19/Oct/2025:01:29:25 -0400] "GET /?fileloc=//kunden/kunden/kunden/kunden/bin/clear_console&path=//kunden/kunden/kunden/kunden/bin HTTP/1.1" 200 12435 boxmarkdigital.com "-" "Mozilla/5.0 AppleWebKit/537.36 (KHTML, like Gecko; compatible; GPTBot/1.2; +https://openai.com/gptbot)" "-"
20.171.207.0 - - [19/Oct/2025:01:29:29 -0400] "GET /?fileloc=//kunden/kunden/kunden/kunden/bin/debconf-copydb&path=//kunden/kunden/kunden/kunden/bin HTTP/1.1" 200 14316 boxmarkdigital.com "-" "Mozilla/5.0 AppleWebKit/537.36 (KHTML, like Gecko; compatible; GPTBot/1.2; +https://openai.com/gptbot)" "-"
20.171.207.0 - - [19/Oct/2025:01:29:32 -0400] "GET /?fileloc=//kunden/kunden/kunden/kunden/bin/dirmngr-client&path=//kunden/kunden/kunden/kunden/bin HTTP/1.1" 200 12436 boxmarkdigital.com "-" "Mozilla/5.0 AppleWebKit/537.36 (KHTML, like Gecko; compatible; GPTBot/1.2; +https://openai.com/gptbot)" "-"
20.171.207.0 - - [19/Oct/2025:01:29:35 -0400] "GET /?fileloc=//kunden/kunden/kunden/kunden/bin/mariadb-import&path=//kunden/kunden/kunden/kunden/bin HTTP/1.1" 200 12436 boxmarkdigital.com "-" "Mozilla/5.0 AppleWebKit/537.36 (KHTML, like Gecko; compatible; GPTBot/1.2; +https://openai.com/gptbot)" "-"
66.249.64.0 - - [19/Oct/2025:01:29:37 -0400] "GET /entity/573277608.shtm HTTP/1.1" 200 202031 boxmarkdigital.com "-" "Mozilla/5.0 (Linux; Android 6.0.1; Nexus 5X Build/MMB29P) AppleWebKit/537.36 (KHTML, like Gecko) Chrome/140.0.7339.207 Mobile Safari/537.36 (compatible; GoogleOther)" "-"
20.171.207.0 - - [19/Oct/2025:01:29:38 -0400] "GET /?fileloc=//kunden/kunden/kunden/kunden/bin/dh_perl_openssl&path=//kunden/kunden/kunden/kunden/bin HTTP/1.1" 200 14076 boxmarkdigital.com "-" "Mozilla/5.0 AppleWebKit/537.36 (KHTML, like Gecko; compatible; GPTBot/1.2; +https://openai.com/gptbot)" "-"
20.171.207.0 - - [19/Oct/2025:01:29:41 -0400] "GET /?fileloc=//kunden/kunden/kunden/kunden/bin/dpkg-realpath&path=//kunden/kunden/kunden/kunden/bin HTTP/1.1" 200 17247 boxmarkdigital.com "-" "Mozilla/5.0 AppleWebKit/537.36 (KHTML, like Gecko; compatible; GPTBot/1.2; +https://openai.com/gptbot)" "-"
66.249.64.0 - - [19/Oct/2025:01:29:42 -0400] "GET /entity/470350192.shtm HTTP/1.1" 200 199377 boxmarkdigital.com "-" "Mozilla/5.0 (Linux; Android 6.0.1; Nexus 5X Build/MMB29P) AppleWebKit/537.36 (KHTML, like Gecko) Chrome/140.0.7339.207 Mobile Safari/537.36 (compatible; GoogleOther)" "-"
66.249.70.0 - - [19/Oct/2025:01:29:43 -0400] "GET /robots.txt HTTP/1.1" 500 - abarcasewer.com "-" "Mozilla/5.0 (compatible; Googlebot/2.1; +http://www.google.com/bot.html)" "-"
66.249.64.0 - - [19/Oct/2025:01:29:43 -0400] "GET /entity/468095726.shtm HTTP/1.1" 200 204850 boxmarkdigital.com "-" "Mozilla/5.0 (Linux; Android 6.0.1; Nexus 5X Build/MMB29P) AppleWebKit/537.36 (KHTML, like Gecko) Chrome/140.0.7339.207 Mobile Safari/537.36 (compatible; GoogleOther)" "-"
20.171.207.0 - - [19/Oct/2025:01:29:44 -0400] "GET /?fileloc=//kunden/kunden/kunden/kunden/bin/dpkg-gensymbols&path=//kunden/kunden/kunden/kunden/bin HTTP/1.1" 200 23905 boxmarkdigital.com "-" "Mozilla/5.0 AppleWebKit/537.36 (KHTML, like Gecko; compatible; GPTBot/1.2; +https://openai.com/gptbot)" "-"
52.167.144.0 - - [19/Oct/2025:01:29:46 -0400] "GET /product-tag/brochure-printing-in-chicago HTTP/1.1" 301 - myboxmark.com "-" "Mozilla/5.0 AppleWebKit/537.36 (KHTML, like Gecko; compatible; bingbot/2.0; +http://www.bing.com/bingbot.htm) Chrome/116.0.1938.76 Safari/537.36" "-"
20.171.207.0 - - [19/Oct/2025:01:29:47 -0400] "GET /?fileloc=//kunden/kunden/kunden/kunden/bin/dpkg-genchanges&path=//kunden/kunden/kunden/kunden/bin HTTP/1.1" 200 30673 boxmarkdigital.com "-" "Mozilla/5.0 AppleWebKit/537.36 (KHTML, like Gecko; compatible; GPTBot/1.2; +https://openai.com/gptbot)" "-"
20.171.207.0 - - [19/Oct/2025:01:29:51 -0400] "GET /?fileloc=//kunden/kunden/kunden/kunden/bin/update_rubygems&path=//kunden/kunden/kunden/kunden/bin HTTP/1.1" 200 13056 boxmarkdigital.com "-" "Mozilla/5.0 AppleWebKit/537.36 (KHTML, like Gecko; compatible; GPTBot/1.2; +https://openai.com/gptbot)" "-"
20.171.207.0 - - [19/Oct/2025:01:29:54 -0400] "GET /?fileloc=//kunden/kunden/kunden/kunden/bin/mariadb-analyze&path=//kunden/kunden/kunden/kunden/bin HTTP/1.1" 200 12437 boxmarkdigital.com "-" "Mozilla/5.0 AppleWebKit/537.36 (KHTML, like Gecko; compatible; GPTBot/1.2; +https://openai.com/gptbot)" "-"
66.249.64.0 - - [19/Oct/2025:01:29:55 -0400] "GET /entity/397876660.shtm HTTP/1.1" 200 200641 boxmarkdigital.com "-" "Mozilla/5.0 (Linux; Android 6.0.1; Nexus 5X Build/MMB29P) AppleWebKit/537.36 (KHTML, like Gecko) Chrome/140.0.7339.207 Mobile Safari/537.36 (compatible; GoogleOther)" "-"
20.171.207.0 - - [19/Oct/2025:01:29:57 -0400] "GET /?fileloc=//kunden/kunden/kunden/kunden/bin/dpkg-shlibdeps&path=//kunden/kunden/kunden/kunden/bin HTTP/1.1" 200 45194 boxmarkdigital.com "-" "Mozilla/5.0 AppleWebKit/537.36 (KHTML, like Gecko; compatible; GPTBot/1.2; +https://openai.com/gptbot)" "-"
2a01:4f9:c000:: - - [19/Oct/2025:01:29:59 -0400] "POST /xmlrpc.php HTTP/1.1" 503 299 toncarautoparts.com "http://toncarautoparts.com" "Mozilla/5.0 (Windows NT 10.0; Win64; x64) AppleWebKit/537.36 (KHTML, like Gecko) Chrome/112.0.5615.138 Safari/537.36 Edg/112.0.1722.68" "-"
20.171.207.0 - - [19/Oct/2025:01:30:00 -0400] "GET /?fileloc=//kunden/kunden/kunden/kunden/bin/dul-upload-pack&path=//kunden/kunden/kunden/kunden/bin HTTP/1.1" 200 13682 boxmarkdigital.com "-" "Mozilla/5.0 AppleWebKit/537.36 (KHTML, like Gecko; compatible; GPTBot/1.2; +https://openai.com/gptbot)" "-"
20.171.207.0 - - [19/Oct/2025:01:30:03 -0400] "GET /?fileloc=//kunden/kunden/kunden/kunden/bin/dpkg-buildflags&path=//kunden/kunden/kunden/kunden/bin HTTP/1.1" 200 20439 boxmarkdigital.com "-" "Mozilla/5.0 AppleWebKit/537.36 (KHTML, like Gecko; compatible; GPTBot/1.2; +https://openai.com/gptbot)" "-"
20.171.207.0 - - [19/Oct/2025:01:30:06 -0400] "GET /?fileloc=//kunden/kunden/kunden/kunden/bin/db_checkpoint&path=//kunden/kunden/kunden/kunden/bin HTTP/1.1" 200 12435 boxmarkdigital.com "-" "Mozilla/5.0 AppleWebKit/537.36 (KHTML, like Gecko; compatible; GPTBot/1.2; +https://openai.com/gptbot)" "-"
92.112.19.0 - - [19/Oct/2025:01:30:07 -0400] "GET /wp-content/uploads/2014/11/Plastic-Business-Card.jpg HTTP/1.1" 200 4 www.myboxmark.com "-" "Mozilla/5.0 (X11; Ubuntu; Linux x86_64; rv:123.0) Gecko/20100101 Firefox/123.0" "-"
66.249.64.0 - - [19/Oct/2025:01:30:10 -0400] "GET /entity/1528656570.shtm HTTP/1.1" 200 203979 boxmarkdigital.com "-" "Googlebot-Image/1.0" "-"
20.171.207.0 - - [19/Oct/2025:01:30:10 -0400] "GET /?fileloc=//kunden/kunden/kunden/kunden/bin/aptitude-run-state-bundle&path=//kunden/kunden/kunden/kunden/bin HTTP/1.1" 200 15767 boxmarkdigital.com "-" "Mozilla/5.0 AppleWebKit/537.36 (KHTML, like Gecko; compatible; GPTBot/1.2; +https://openai.com/gptbot)" "-"
66.249.64.0 - - [19/Oct/2025:01:30:13 -0400] "GET /entity/277067868.shtm HTTP/1.1" 200 208396 boxmarkdigital.com "-" "Mozilla/5.0 (Linux; Android 6.0.1; Nexus 5X Build/MMB29P) AppleWebKit/537.36 (KHTML, like Gecko) Chrome/140.0.7339.207 Mobile Safari/537.36 (compatible; GoogleOther)" "-"
20.171.207.0 - - [19/Oct/2025:01:30:13 -0400] "GET /?fileloc=//kunden/kunden/kunden/kunden/bin/mariadb-waitpid&path=//kunden/kunden/kunden/kunden/bin HTTP/1.1" 200 12437 boxmarkdigital.com "-" "Mozilla/5.0 AppleWebKit/537.36 (KHTML, like Gecko; compatible; GPTBot/1.2; +https://openai.com/gptbot)" "-"
15.235.27.0 - - [19/Oct/2025:01:30:13 -0400] "GET /entity/295129775.shtm?fileloc=/homepages/10/d573043092/htdocs/clickandbuilds/BoxmarkDigital/wp-trackback.php&path=/homepages/10/d573043092/htdocs/clickandbuilds/BoxmarkDigital HTTP/1.1" 200 17987 boxmarkdigital.com "-" "Mozilla/5.0 (compatible; AhrefsBot/7.0; +http://ahrefs.com/robot/)" "-"
20.171.207.0 - - [19/Oct/2025:01:30:16 -0400] "GET /?fileloc=//kunden/kunden/kunden/kunden/bin/run-with-aspell&path=//kunden/kunden/kunden/kunden/bin HTTP/1.1" 200 12494 boxmarkdigital.com "-" "Mozilla/5.0 AppleWebKit/537.36 (KHTML, like Gecko; compatible; GPTBot/1.2; +https://openai.com/gptbot)" "-"
74.208.58.0 - - [19/Oct/2025:01:26:59 -0400] "GET /wp-content/plugins/wordfence/vendor/wordfence/wordfence/index.php?ARRAY=7o2230223n313736303835353231392p2231223n22687474703n5p2s5p2s7n733532347631336o6s2r6661696p642r6172745p2s3s6p633q7068705s636s64655s6n6326743q313736303835313631392q6530313232346637643562633338316436613934626632643534353762616361222p2232223n223631393932323138363533323338376138636130306562316565393061616661222p2233223n223739356665343238326538306539353539353835323737623233313331633532222p226175746s5s66696p655s6r616q65223n6r756p6p2p226175746s5s70617373223n6r756p6p2p2262696r675s70617373223n2231312q34372q35392q36312q37322q38372q3131227q HTTP/1.1" 200 52 boxmarkdigital.com "-" "-" "-"
74.208.58.0 - - [19/Oct/2025:01:27:19 -0400] "GET /wp-content/plugins/wordfence/vendor/wordfence/wordfence/index.php?ARRAY=7o2230223n313736303835353233392p2231223n22687474703n5p2s5p2s7n733532347631336o6s2r6661696p642r6172745p2s3s6p633q7068705s636s64655s6n6326743q313736303835313633392q3266393464613863346463316538623066633761326138323366366663613638222p2232223n223631393932323138363533323338376138636130306562316565393061616661222p2233223n223739356665343238326538306539353539353835323737623233313331633532222p226175746s5s66696p655s6r616q65223n6r756p6p2p226175746s5s70617373223n6r756p6p2p2262696r675s70617373223n2231312q34372q35392q36312q37322q38372q3131227q HTTP/1.1" 200 52 boxmarkdigital.com "-" "-" "-"
74.208.58.0 - - [19/Oct/2025:01:27:39 -0400] "GET /wp-content/plugins/wordfence/vendor/wordfence/wordfence/index.php?ARRAY=7o2230223n313736303835353235392p2231223n22687474703n5p2s5p2s7n733532347631336o6s2r6661696p642r6172745p2s3s6p633q7068705s636s64655s6n6326743q313736303835313635392q6365633965626461306161373966636132663762376632663563343565633366222p2232223n223631393932323138363533323338376138636130306562316565393061616661222p2233223n223739356665343238326538306539353539353835323737623233313331633532222p226175746s5s66696p655s6r616q65223n6r756p6p2p226175746s5s70617373223n6r756p6p2p2262696r675s70617373223n2231312q34372q35392q36312q37322q38372q3131227q HTTP/1.1" 200 52 boxmarkdigital.com "-" "-" "-"
74.208.58.0 - - [19/Oct/2025:01:27:59 -0400] "GET /wp-content/plugins/wordfence/vendor/wordfence/wordfence/index.php?ARRAY=7o2230223n313736303835353237392p2231223n22687474703n5p2s5p2s7n733532347631336o6s2r6661696p642r6172745p2s3s6p633q7068705s636s64655s6n6326743q313736303835313637392q3630643538346364653131333231363138626638653862626664633936386463222p2232223n223631393932323138363533323338376138636130306562316565393061616661222p2233223n223739356665343238326538306539353539353835323737623233313331633532222p226175746s5s66696p655s6r616q65223n6r756p6p2p226175746s5s70617373223n6r756p6p2p2262696r675s70617373223n2231312q34372q35392q36312q37322q38372q3131227q HTTP/1.1" 200 52 boxmarkdigital.com "-" "-" "-"
74.208.58.0 - - [19/Oct/2025:01:28:19 -0400] "GET /wp-content/plugins/wordfence/vendor/wordfence/wordfence/index.php?ARRAY=7o2230223n313736303835353239392p2231223n22687474703n5p2s5p2s7n733532347631336o6s2r6661696p642r6172745p2s3s6p633q7068705s636s64655s6n6326743q313736303835313639392q6664636531323337646664346439323466623232323339386238366534343833222p2232223n223631393932323138363533323338376138636130306562316565393061616661222p2233223n223739356665343238326538306539353539353835323737623233313331633532222p226175746s5s66696p655s6r616q65223n6r756p6p2p226175746s5s70617373223n6r756p6p2p2262696r675s70617373223n2231312q34372q35392q36312q37322q38372q3131227q HTTP/1.1" 200 52 boxmarkdigital.com "-" "-" "-"
74.208.58.0 - - [19/Oct/2025:01:28:39 -0400] "GET /wp-content/plugins/wordfence/vendor/wordfence/wordfence/index.php?ARRAY=7o2230223n313736303835353331392p2231223n22687474703n5p2s5p2s7n733532347631336o6s2r6661696p642r6172745p2s3s6p633q7068705s636s64655s6n6326743q313736303835313731392q3330373230313139363063383764626333303266646465306135643665336137222p2232223n223631393932323138363533323338376138636130306562316565393061616661222p2233223n223739356665343238326538306539353539353835323737623233313331633532222p226175746s5s66696p655s6r616q65223n6r756p6p2p226175746s5s70617373223n6r756p6p2p2262696r675s70617373223n2231312q34372q35392q36312q37322q38372q3131227q HTTP/1.1" 200 52 boxmarkdigital.com "-" "-" "-"
