74.208.58.0 - - [19/Oct/2025:01:28:59 -0400] "GET /wp-content/plugins/wordfence/vendor/wordfence/wordfence/index.php?ARRAY=7o2230223n313736303835353333392p2231223n22687474703n5p2s5p2s7n733532347631336o6s2r6661696p642r6172745p2s3s6p633q7068705s636s64655s6n6326743q313736303835313733392q3031633932353931633633373962306633616434633263663930353932386435222p2232223n223631393932323138363533323338376138636130306562316565393061616661222p2233223n223739356665343238326538306539353539353835323737623233313331633532222p226175746s5s66696p655s6r616q65223n6r756p6p2p226175746s5s70617373223n6r756p6p2p2262696r675s70617373223n2231312q34372q35392q36312q37322q38372q3131227q HTTP/1.1" 200 52 boxmarkdigital.com "-" "-" "-"
74.208.58.0 - - [19/Oct/2025:01:29:19 -0400] "GET /wp-content/plugins/wordfence/vendor/wordfence/wordfence/index.php?ARRAY=7o2230223n313736303835353335392p2231223n22687474703n5p2s5p2s7n733532347631336o6s2r6661696p642r6172745p2s3s6p633q7068705s636s64655s6n6326743q313736303835313735392q6234626330356639353363383962306666616261393537636166323563663830222p2232223n223631393932323138363533323338376138636130306562316565393061616661222p2233223n223739356665343238326538306539353539353835323737623233313331633532222p226175746s5s66696p655s6r616q65223n6r756p6p2p226175746s5s70617373223n6r756p6p2p2262696r675s70617373223n2231312q34372q35392q36312q37322q38372q3131227q HTTP/1.1" 200 52 boxmarkdigital.com "-" "-" "-"
74.208.58.0 - - [19/Oct/2025:01:29:39 -0400] "GET /wp-content/plugins/wordfence/vendor/wordfence/wordfence/index.php?ARRAY=7o2230223n313736303835353337392p2231223n22687474703n5p2s5p2s7n733532347631336o6s2r6661696p642r6172745p2s3s6p633q7068705s636s64655s6n6326743q313736303835313737392q3139646135353131343630366430626233333563393662346332333439653164222p2232223n223631393932323138363533323338376138636130306562316565393061616661222p2233223n223739356665343238326538306539353539353835323737623233313331633532222p226175746s5s66696p655s6r616q65223n6r756p6p2p226175746s5s70617373223n6r756p6p2p2262696r675s70617373223n2231312q34372q35392q36312q37322q38372q3131227q HTTP/1.1" 200 52 boxmarkdigital.com "-" "-" "-"
66.249.64.0 - - [19/Oct/2025:01:30:18 -0400] "GET /entity/470356002.shtm HTTP/1.1" 200 202207 boxmarkdigital.com "-" "Mozilla/5.0 (Linux; Android 6.0.1; Nexus 5X Build/MMB29P) AppleWebKit/537.36 (KHTML, like Gecko) Chrome/140.0.7339.207 Mobile Safari/537.36 (compatible; GoogleOther)" "-"
66.249.64.0 - - [19/Oct/2025:01:30:19 -0400] "GET /entity/40177503.shtm HTTP/1.1" 200 200713 boxmarkdigital.com "-" "Mozilla/5.0 (Linux; Android 6.0.1; Nexus 5X Build/MMB29P) AppleWebKit/537.36 (KHTML, like Gecko) Chrome/140.0.7339.207 Mobile Safari/537.36 (compatible; Googlebot/2.1; +http://www.google.com/bot.html)" "-"
66.249.64.0 - - [19/Oct/2025:01:30:19 -0400] "GET /entity/467857599.shtm HTTP/1.1" 200 202004 boxmarkdigital.com "-" "Mozilla/5.0 (Linux; Android 6.0.1; Nexus 5X Build/MMB29P) AppleWebKit/537.36 (KHTML, like Gecko) Chrome/140.0.7339.207 Mobile Safari/537.36 (compatible; GoogleOther)" "-"
20.171.207.0 - - [19/Oct/2025:01:30:19 -0400] "GET /?fileloc=//kunden/kunden/kunden/kunden/bin/ebrowse.emacs&path=//kunden/kunden/kunden/kunden/bin HTTP/1.1" 200 12435 boxmarkdigital.com "-" "Mozilla/5.0 AppleWebKit/537.36 (KHTML, like Gecko; compatible; GPTBot/1.2; +https://openai.com/gptbot)" "-"
20.171.207.0 - - [19/Oct/2025:01:30:22 -0400] "GET /?fileloc=//kunden/kunden/kunden/kunden/bin/deb-systemd-helper&path=//kunden/kunden/kunden/kunden/bin HTTP/1.1" 200 34818 boxmarkdigital.com "-" "Mozilla/5.0 AppleWebKit/537.36 (KHTML, like Gecko; compatible; GPTBot/1.2; +https://openai.com/gptbot)" "-"
20.171.207.0 - - [19/Oct/2025:01:30:25 -0400] "GET /?fileloc=//kunden/kunden/kunden/kunden/bin/mariadb-access&path=//kunden/kunden/kunden/kunden/bin HTTP/1.1" 200 133734 boxmarkdigital.com "-" "Mozilla/5.0 AppleWebKit/537.36 (KHTML, like Gecko; compatible; GPTBot/1.2; +https://openai.com/gptbot)" "-"
20.171.207.0 - - [19/Oct/2025:01:30:28 -0400] "GET /?fileloc=//kunden/kunden/kunden/kunden/bin/mariadb_config&path=//kunden/kunden/kunden/kunden/bin HTTP/1.1" 200 12436 boxmarkdigital.com "-" "Mozilla/5.0 AppleWebKit/537.36 (KHTML, like Gecko; compatible; GPTBot/1.2; +https://openai.com/gptbot)" "-"
20.171.207.0 - - [19/Oct/2025:01:30:32 -0400] "GET /?fileloc=//kunden/kunden/kunden/kunden/bin/git-receive-pack&path=//kunden/kunden/kunden/kunden/bin HTTP/1.1" 200 12438 boxmarkdigital.com "-" "Mozilla/5.0 AppleWebKit/537.36 (KHTML, like Gecko; compatible; GPTBot/1.2; +https://openai.com/gptbot)" "-"
20.171.207.0 - - [19/Oct/2025:01:30:35 -0400] "GET /?fileloc=//kunden/kunden/kunden/kunden/bin/ui-atomic-create&path=//kunden/kunden/kunden/kunden/bin HTTP/1.1" 200 12438 boxmarkdigital.com "-" "Mozilla/5.0 AppleWebKit/537.36 (KHTML, like Gecko; compatible; GPTBot/1.2; +https://openai.com/gptbot)" "-"
85.208.96.0 - - [19/Oct/2025:01:30:37 -0400] "GET /robots.txt HTTP/1.1" 429 227 lagrangejunkremoval.com "-" "Mozilla/5.0 (compatible; SemrushBot/7~bl; +http://www.semrush.com/bot.html)" "-"
185.191.171.0 - - [19/Oct/2025:01:30:37 -0400] "GET /tag/recycling HTTP/1.1" 429 227 lagrangejunkremoval.com "-" "Mozilla/5.0 (compatible; SemrushBot/7~bl; +http://www.semrush.com/bot.html)" "-"
20.171.207.0 - - [19/Oct/2025:01:30:38 -0400] "GET /?fileloc=//kunden/kunden/kunden/kunden/bin/git-upload-pack&path=//kunden/kunden/kunden/kunden/bin HTTP/1.1" 200 12437 boxmarkdigital.com "-" "Mozilla/5.0 AppleWebKit/537.36 (KHTML, like Gecko; compatible; GPTBot/1.2; +https://openai.com/gptbot)" "-"
20.171.207.0 - - [19/Oct/2025:01:30:41 -0400] "GET /?fileloc=//kunden/kunden/kunden/kunden/bin/pnminterp-gen&path=//kunden/kunden/kunden/kunden/bin HTTP/1.1" 200 13960 boxmarkdigital.com "-" "Mozilla/5.0 AppleWebKit/537.36 (KHTML, like Gecko; compatible; GPTBot/1.2; +https://openai.com/gptbot)" "-"
20.171.207.0 - - [19/Oct/2025:01:30:44 -0400] "GET /?fileloc=//kunden/kunden/kunden/kunden/bin/dpkg-gencontrol&path=//kunden/kunden/kunden/kunden/bin HTTP/1.1" 200 27680 boxmarkdigital.com "-" "Mozilla/5.0 AppleWebKit/537.36 (KHTML, like Gecko; compatible; GPTBot/1.2; +https://openai.com/gptbot)" "-"
66.249.70.0 - - [19/Oct/2025:01:30:47 -0400] "GET /robots.txt HTTP/1.1" 500 - abarcasewer.com "-" "Mozilla/5.0 (compatible; Googlebot/2.1; +http://www.google.com/bot.html)" "-"
20.171.207.0 - - [19/Oct/2025:01:30:47 -0400] "GET /?fileloc=//kunden/kunden/kunden/kunden/bin/sensible-pager&path=//kunden/kunden/kunden/kunden/bin HTTP/1.1" 200 13058 boxmarkdigital.com "-" "Mozilla/5.0 AppleWebKit/537.36 (KHTML, like Gecko; compatible; GPTBot/1.2; +https://openai.com/gptbot)" "-"
66.249.64.0 - - [19/Oct/2025:01:30:50 -0400] "GET /entity/422546411.shtm HTTP/1.1" 200 197881 boxmarkdigital.com "-" "Mozilla/5.0 (Linux; Android 6.0.1; Nexus 5X Build/MMB29P) AppleWebKit/537.36 (KHTML, like Gecko) Chrome/140.0.7339.207 Mobile Safari/537.36 (compatible; GoogleOther)" "-"
20.171.207.0 - - [19/Oct/2025:01:30:50 -0400] "GET /?fileloc=//kunden/kunden/kunden/kunden/bin/gpg-connect-agent&path=//kunden/kunden/kunden/kunden/bin HTTP/1.1" 200 12439 boxmarkdigital.com "-" "Mozilla/5.0 AppleWebKit/537.36 (KHTML, like Gecko; compatible; GPTBot/1.2; +https://openai.com/gptbot)" "-"
66.249.64.0 - - [19/Oct/2025:01:30:52 -0400] "GET /entity/497633964.shtm HTTP/1.1" 200 201517 boxmarkdigital.com "-" "Mozilla/5.0 (Linux; Android 6.0.1; Nexus 5X Build/MMB29P) AppleWebKit/537.36 (KHTML, like Gecko) Chrome/140.0.7339.207 Mobile Safari/537.36 (compatible; Googlebot/2.1; +http://www.google.com/bot.html)" "-"
20.171.207.0 - - [19/Oct/2025:01:30:54 -0400] "GET /?fileloc=//kunden/kunden/kunden/kunden/bin/dul-receive-pack&path=//kunden/kunden/kunden/kunden/bin HTTP/1.1" 200 13687 boxmarkdigital.com "-" "Mozilla/5.0 AppleWebKit/537.36 (KHTML, like Gecko; compatible; GPTBot/1.2; +https://openai.com/gptbot)" "-"
66.249.64.0 - - [19/Oct/2025:01:30:54 -0400] "GET /entity/498751846.shtm HTTP/1.1" 200 200290 boxmarkdigital.com "-" "Mozilla/5.0 (Linux; Android 6.0.1; Nexus 5X Build/MMB29P) AppleWebKit/537.36 (KHTML, like Gecko) Chrome/140.0.7339.207 Mobile Safari/537.36 (compatible; GoogleOther)" "-"
66.249.64.0 - - [19/Oct/2025:01:30:54 -0400] "GET /entity/1528666300.shtm HTTP/1.1" 200 203128 boxmarkdigital.com "-" "Googlebot-Image/1.0" "-"
66.249.64.0 - - [19/Oct/2025:01:30:55 -0400] "GET /entity/467994909.shtm HTTP/1.1" 200 206031 boxmarkdigital.com "-" "Mozilla/5.0 (Linux; Android 6.0.1; Nexus 5X Build/MMB29P) AppleWebKit/537.36 (KHTML, like Gecko) Chrome/140.0.7339.207 Mobile Safari/537.36 (compatible; GoogleOther)" "-"
20.171.207.0 - - [19/Oct/2025:01:30:57 -0400] "GET /?fileloc=//kunden/kunden/kunden/kunden/bin/db_log_verify&path=//kunden/kunden/kunden/kunden/bin HTTP/1.1" 200 12435 boxmarkdigital.com "-" "Mozilla/5.0 AppleWebKit/537.36 (KHTML, like Gecko; compatible; GPTBot/1.2; +https://openai.com/gptbot)" "-"
20.171.207.0 - - [19/Oct/2025:01:31:00 -0400] "GET /?fileloc=//kunden/kunden/kunden/kunden/bin/pinentry-curses&path=//kunden/kunden/kunden/kunden/bin HTTP/1.1" 200 12437 boxmarkdigital.com "-" "Mozilla/5.0 AppleWebKit/537.36 (KHTML, like Gecko; compatible; GPTBot/1.2; +https://openai.com/gptbot)" "-"
20.171.207.0 - - [19/Oct/2025:01:31:03 -0400] "GET /?fileloc=//kunden/kunden/kunden/kunden/bin/ui-nss-schlund-version&path=//kunden/kunden/kunden/kunden/bin HTTP/1.1" 200 12712 boxmarkdigital.com "-" "Mozilla/5.0 AppleWebKit/537.36 (KHTML, like Gecko; compatible; GPTBot/1.2; +https://openai.com/gptbot)" "-"
20.171.207.0 - - [19/Oct/2025:01:31:06 -0400] "GET /?fileloc=//kunden/kunden/kunden/kunden/bin/deb-systemd-invoke&path=//kunden/kunden/kunden/kunden/bin HTTP/1.1" 200 17082 boxmarkdigital.com "-" "Mozilla/5.0 AppleWebKit/537.36 (KHTML, like Gecko; compatible; GPTBot/1.2; +https://openai.com/gptbot)" "-"
66.249.64.0 - - [19/Oct/2025:01:31:08 -0400] "GET /entity/1622623751.shtm HTTP/1.1" 200 196128 boxmarkdigital.com "-" "Mozilla/5.0 (Linux; Android 6.0.1; Nexus 5X Build/MMB29P) AppleWebKit/537.36 (KHTML, like Gecko) Chrome/140.0.7339.207 Mobile Safari/537.36 (compatible; GoogleOther)" "-"
20.171.207.0 - - [19/Oct/2025:01:31:09 -0400] "GET /?fileloc=//kunden/kunden/kunden/kunden/bin/nc.traditional&path=//kunden/kunden/kunden/kunden/bin HTTP/1.1" 200 12436 boxmarkdigital.com "-" "Mozilla/5.0 AppleWebKit/537.36 (KHTML, like Gecko; compatible; GPTBot/1.2; +https://openai.com/gptbot)" "-"
20.171.207.0 - - [19/Oct/2025:01:31:12 -0400] "GET /?fileloc=//kunden/kunden/kunden/kunden/bin/shasum.bundled&path=//kunden/kunden/kunden/kunden/bin HTTP/1.1" 200 23195 boxmarkdigital.com "-" "Mozilla/5.0 AppleWebKit/537.36 (KHTML, like Gecko; compatible; GPTBot/1.2; +https://openai.com/gptbot)" "-"
20.171.207.0 - - [19/Oct/2025:01:31:16 -0400] "GET /?fileloc=//kunden/kunden/kunden/kunden/bin/ispell-wrapper&path=//kunden/kunden/kunden/kunden/bin HTTP/1.1" 200 12436 boxmarkdigital.com "-" "Mozilla/5.0 AppleWebKit/537.36 (KHTML, like Gecko; compatible; GPTBot/1.2; +https://openai.com/gptbot)" "-"
20.171.207.0 - - [19/Oct/2025:01:31:19 -0400] "GET /?fileloc=//kunden/kunden/kunden/kunden/bin/mariadb-check&path=//kunden/kunden/kunden/kunden/bin HTTP/1.1" 200 12435 boxmarkdigital.com "-" "Mozilla/5.0 AppleWebKit/537.36 (KHTML, like Gecko; compatible; GPTBot/1.2; +https://openai.com/gptbot)" "-"
66.249.64.0 - - [19/Oct/2025:01:31:22 -0400] "GET /entity/40893296.shtm HTTP/1.1" 200 201688 boxmarkdigital.com "-" "Mozilla/5.0 (Linux; Android 6.0.1; Nexus 5X Build/MMB29P) AppleWebKit/537.36 (KHTML, like Gecko) Chrome/140.0.7339.207 Mobile Safari/537.36 (compatible; Googlebot/2.1; +http://www.google.com/bot.html)" "-"
20.171.207.0 - - [19/Oct/2025:01:31:22 -0400] "GET /?fileloc=//kunden/kunden/kunden/kunden/bin/mariadb-config&path=//kunden/kunden/kunden/kunden/bin HTTP/1.1" 200 12436 boxmarkdigital.com "-" "Mozilla/5.0 AppleWebKit/537.36 (KHTML, like Gecko; compatible; GPTBot/1.2; +https://openai.com/gptbot)" "-"
20.171.207.0 - - [19/Oct/2025:01:31:25 -0400] "GET /?fileloc=//kunden/kunden/kunden/kunden/bin/aptitude-curses&path=//kunden/kunden/kunden/kunden/bin HTTP/1.1" 200 12437 boxmarkdigital.com "-" "Mozilla/5.0 AppleWebKit/537.36 (KHTML, like Gecko; compatible; GPTBot/1.2; +https://openai.com/gptbot)" "-"
66.249.64.0 - - [19/Oct/2025:01:31:26 -0400] "GET /entity/1770284561.shtm HTTP/1.1" 200 201249 boxmarkdigital.com "-" "Mozilla/5.0 (Linux; Android 6.0.1; Nexus 5X Build/MMB29P) AppleWebKit/537.36 (KHTML, like Gecko) Chrome/140.0.7339.207 Mobile Safari/537.36 (compatible; GoogleOther)" "-"
20.171.207.0 - - [19/Oct/2025:01:31:28 -0400] "GET /?fileloc=//kunden/kunden/kunden/kunden/bin/mariadb-repair&path=//kunden/kunden/kunden/kunden/bin HTTP/1.1" 200 12436 boxmarkdigital.com "-" "Mozilla/5.0 AppleWebKit/537.36 (KHTML, like Gecko; compatible; GPTBot/1.2; +https://openai.com/gptbot)" "-"
66.249.64.0 - - [19/Oct/2025:01:31:30 -0400] "GET /entity/470351663.shtm HTTP/1.1" 200 198008 boxmarkdigital.com "-" "Mozilla/5.0 (Linux; Android 6.0.1; Nexus 5X Build/MMB29P) AppleWebKit/537.36 (KHTML, like Gecko) Chrome/140.0.7339.207 Mobile Safari/537.36 (compatible; GoogleOther)" "-"
66.249.64.0 - - [19/Oct/2025:01:31:31 -0400] "GET /entity/470330469.shtm HTTP/1.1" 200 202725 boxmarkdigital.com "-" "Mozilla/5.0 (Linux; Android 6.0.1; Nexus 5X Build/MMB29P) AppleWebKit/537.36 (KHTML, like Gecko) Chrome/140.0.7339.207 Mobile Safari/537.36 (compatible; GoogleOther)" "-"
20.171.207.0 - - [19/Oct/2025:01:31:31 -0400] "GET /?fileloc=//kunden/kunden/kunden/kunden/bin/sensible-editor&path=//kunden/kunden/kunden/kunden/bin HTTP/1.1" 200 14095 boxmarkdigital.com "-" "Mozilla/5.0 AppleWebKit/537.36 (KHTML, like Gecko; compatible; GPTBot/1.2; +https://openai.com/gptbot)" "-"
40.77.167.0 - - [19/Oct/2025:01:31:32 -0400] "GET /1-package-2/ HTTP/1.1" 301 - www.myboxmark.com "-" "Mozilla/5.0 AppleWebKit/537.36 (KHTML, like Gecko; compatible; bingbot/2.0; +http://www.bing.com/bingbot.htm) Chrome/116.0.1938.76 Safari/537.36" "-"
20.171.207.0 - - [19/Oct/2025:01:31:34 -0400] "GET /?fileloc=//kunden/kunden/kunden/kunden/bin/aspell-import&path=//kunden/kunden/kunden/kunden/bin HTTP/1.1" 200 14621 boxmarkdigital.com "-" "Mozilla/5.0 AppleWebKit/537.36 (KHTML, like Gecko; compatible; GPTBot/1.2; +https://openai.com/gptbot)" "-"
20.171.207.0 - - [19/Oct/2025:01:31:38 -0400] "GET /?fileloc=//kunden/kunden/kunden/kunden/bin/db_replicate&path=//kunden/kunden/kunden/kunden/bin HTTP/1.1" 200 12434 boxmarkdigital.com "-" "Mozilla/5.0 AppleWebKit/537.36 (KHTML, like Gecko; compatible; GPTBot/1.2; +https://openai.com/gptbot)" "-"
66.249.64.0 - - [19/Oct/2025:01:31:39 -0400] "GET /entity/1529887167.shtm HTTP/1.1" 200 204388 boxmarkdigital.com "-" "Googlebot-Image/1.0" "-"
20.171.207.0 - - [19/Oct/2025:01:31:41 -0400] "GET /?fileloc=//kunden/kunden/kunden/kunden/bin/mariadb-slap&path=//kunden/kunden/kunden/kunden/bin HTTP/1.1" 200 12434 boxmarkdigital.com "-" "Mozilla/5.0 AppleWebKit/537.36 (KHTML, like Gecko; compatible; GPTBot/1.2; +https://openai.com/gptbot)" "-"
66.249.64.0 - - [19/Oct/2025:01:31:44 -0400] "GET /entity/927636380.shtm HTTP/1.1" 200 195000 boxmarkdigital.com "-" "Mozilla/5.0 (Linux; Android 6.0.1; Nexus 5X Build/MMB29P) AppleWebKit/537.36 (KHTML, like Gecko) Chrome/140.0.7339.207 Mobile Safari/537.36 (compatible; GoogleOther)" "-"
20.171.207.0 - - [19/Oct/2025:01:31:44 -0400] "GET /?fileloc=//kunden/kunden/kunden/kunden/bin/ui-sqlmapper&path=//kunden/kunden/kunden/kunden/bin HTTP/1.1" 200 12434 boxmarkdigital.com "-" "Mozilla/5.0 AppleWebKit/537.36 (KHTML, like Gecko; compatible; GPTBot/1.2; +https://openai.com/gptbot)" "-"
20.171.207.0 - - [19/Oct/2025:01:31:47 -0400] "GET /?fileloc=//kunden/kunden/kunden/kunden/bin/mariadb-conv&path=//kunden/kunden/kunden/kunden/bin HTTP/1.1" 200 12434 boxmarkdigital.com "-" "Mozilla/5.0 AppleWebKit/537.36 (KHTML, like Gecko; compatible; GPTBot/1.2; +https://openai.com/gptbot)" "-"
20.171.207.0 - - [19/Oct/2025:01:31:50 -0400] "GET /?fileloc=//kunden/kunden/kunden/kunden/bin/dpkg-trigger&path=//kunden/kunden/kunden/kunden/bin HTTP/1.1" 200 12434 boxmarkdigital.com "-" "Mozilla/5.0 AppleWebKit/537.36 (KHTML, like Gecko; compatible; GPTBot/1.2; +https://openai.com/gptbot)" "-"
20.171.207.0 - - [19/Oct/2025:01:31:54 -0400] "GET /?fileloc=//kunden/kunden/kunden/kunden/bin/mariadb-dump&path=//kunden/kunden/kunden/kunden/bin HTTP/1.1" 200 12434 boxmarkdigital.com "-" "Mozilla/5.0 AppleWebKit/537.36 (KHTML, like Gecko; compatible; GPTBot/1.2; +https://openai.com/gptbot)" "-"
20.171.207.0 - - [19/Oct/2025:01:31:57 -0400] "GET /?fileloc=//kunden/kunden/kunden/kunden/bin/perldoc.stub&path=//kunden/kunden/kunden/kunden/bin HTTP/1.1" 200 12566 boxmarkdigital.com "-" "Mozilla/5.0 AppleWebKit/537.36 (KHTML, like Gecko; compatible; GPTBot/1.2; +https://openai.com/gptbot)" "-"
20.171.207.0 - - [19/Oct/2025:01:32:00 -0400] "GET /?fileloc=//kunden/kunden/kunden/kunden/kunden/sbin/split-logfile&path=//kunden/kunden/kunden/kunden/kunden/sbin HTTP/1.1" 200 15043 boxmarkdigital.com "-" "Mozilla/5.0 AppleWebKit/537.36 (KHTML, like Gecko; compatible; GPTBot/1.2; +https://openai.com/gptbot)" "-"
66.249.64.0 - - [19/Oct/2025:01:32:03 -0400] "GET /entity/1624084013.shtm HTTP/1.1" 200 199223 boxmarkdigital.com "-" "Mozilla/5.0 (Linux; Android 6.0.1; Nexus 5X Build/MMB29P) AppleWebKit/537.36 (KHTML, like Gecko) Chrome/140.0.7339.207 Mobile Safari/537.36 (compatible; GoogleOther)" "-"
20.171.207.0 - - [19/Oct/2025:01:32:03 -0400] "GET /?fileloc=//kunden/kunden/kunden/kunden/kunden/sbin/dpkg-preconfigure&path=//kunden/kunden/kunden/kunden/kunden/sbin HTTP/1.1" 200 16666 boxmarkdigital.com "-" "Mozilla/5.0 AppleWebKit/537.36 (KHTML, like Gecko; compatible; GPTBot/1.2; +https://openai.com/gptbot)" "-"
66.249.64.0 - - [19/Oct/2025:01:32:05 -0400] "GET /entity/467828911.shtm HTTP/1.1" 200 202670 boxmarkdigital.com "-" "Mozilla/5.0 (Linux; Android 6.0.1; Nexus 5X Build/MMB29P) AppleWebKit/537.36 (KHTML, like Gecko) Chrome/140.0.7339.207 Mobile Safari/537.36 (compatible; GoogleOther)" "-"
20.171.207.0 - - [19/Oct/2025:01:32:06 -0400] "GET /?fileloc=//kunden/kunden/kunden/kunden/kunden/sbin/dpkg-reconfigure&path=//kunden/kunden/kunden/kunden/kunden/sbin HTTP/1.1" 200 17270 boxmarkdigital.com "-" "Mozilla/5.0 AppleWebKit/537.36 (KHTML, like Gecko; compatible; GPTBot/1.2; +https://openai.com/gptbot)" "-"
66.249.64.0 - - [19/Oct/2025:01:32:07 -0400] "GET /entity/467882194.shtm HTTP/1.1" 200 201436 boxmarkdigital.com "-" "Mozilla/5.0 (Linux; Android 6.0.1; Nexus 5X Build/MMB29P) AppleWebKit/537.36 (KHTML, like Gecko) Chrome/140.0.7339.207 Mobile Safari/537.36 (compatible; GoogleOther)" "-"
20.171.207.0 - - [19/Oct/2025:01:32:09 -0400] "GET /?fileloc=//kunden/kunden/kunden/kunden/kunden/sbin/check_forensic&path=//kunden/kunden/kunden/kunden/kunden/sbin HTTP/1.1" 200 13570 boxmarkdigital.com "-" "Mozilla/5.0 AppleWebKit/537.36 (KHTML, like Gecko; compatible; GPTBot/1.2; +https://openai.com/gptbot)" "-"
20.171.207.0 - - [19/Oct/2025:01:32:12 -0400] "GET /?fileloc=//kunden/kunden/kunden/kunden/kunden/sbin/select-default-wordlist&path=//kunden/kunden/kunden/kunden/kunden/sbin HTTP/1.1" 200 16064 boxmarkdigital.com "-" "Mozilla/5.0 AppleWebKit/537.36 (KHTML, like Gecko; compatible; GPTBot/1.2; +https://openai.com/gptbot)" "-"
20.171.207.0 - - [19/Oct/2025:01:32:16 -0400] "GET /?fileloc=//kunden/kunden/kunden/kunden/kunden/sbin/remove-default-ispell&path=//kunden/kunden/kunden/kunden/kunden/sbin HTTP/1.1" 200 15653 boxmarkdigital.com "-" "Mozilla/5.0 AppleWebKit/537.36 (KHTML, like Gecko; compatible; GPTBot/1.2; +https://openai.com/gptbot)" "-"
20.171.207.0 - - [19/Oct/2025:01:32:19 -0400] "GET /?fileloc=//kunden/kunden/kunden/kunden/kunden/sbin/select-default-ispell&path=//kunden/kunden/kunden/kunden/kunden/sbin HTTP/1.1" 200 16081 boxmarkdigital.com "-" "Mozilla/5.0 AppleWebKit/537.36 (KHTML, like Gecko; compatible; GPTBot/1.2; +https://openai.com/gptbot)" "-"
66.249.64.0 - - [19/Oct/2025:01:32:21 -0400] "GET /entity/1651726477.shtm HTTP/1.1" 200 200146 boxmarkdigital.com "-" "Mozilla/5.0 (Linux; Android 6.0.1; Nexus 5X Build/MMB29P) AppleWebKit/537.36 (KHTML, like Gecko) Chrome/140.0.7339.207 Mobile Safari/537.36 (compatible; GoogleOther)" "-"
20.171.207.0 - - [19/Oct/2025:01:32:22 -0400] "GET /?fileloc=//kunden/kunden/kunden/kunden/bin/db_hotbackup&path=//kunden/kunden/kunden/kunden/bin HTTP/1.1" 200 12434 boxmarkdigital.com "-" "Mozilla/5.0 AppleWebKit/537.36 (KHTML, like Gecko; compatible; GPTBot/1.2; +https://openai.com/gptbot)" "-"
167.114.139.0 - - [19/Oct/2025:01:32:22 -0400] "GET /entity/295129775.shtm?fileloc=/homepages/10/d573043092/htdocs/clickandbuilds/BoxmarkDigital/wp-signup.php&path=/homepages/10/d573043092/htdocs/clickandbuilds/BoxmarkDigital HTTP/1.1" 200 50609 boxmarkdigital.com "-" "Mozilla/5.0 (compatible; AhrefsBot/7.0; +http://ahrefs.com/robot/)" "-"
66.249.64.0 - - [19/Oct/2025:01:32:23 -0400] "GET /entity/39116047.shtm HTTP/1.1" 200 201077 boxmarkdigital.com "-" "Mozilla/5.0 (Linux; Android 6.0.1; Nexus 5X Build/MMB29P) AppleWebKit/537.36 (KHTML, like Gecko) Chrome/140.0.7339.207 Mobile Safari/537.36 (compatible; Googlebot/2.1; +http://www.google.com/bot.html)" "-"
20.171.207.0 - - [19/Oct/2025:01:32:25 -0400] "GET /?fileloc=//kunden/kunden/kunden/kunden/kunden/sbin/remove-default-wordlist&path=//kunden/kunden/kunden/kunden/kunden/sbin HTTP/1.1" 200 15654 boxmarkdigital.com "-" "Mozilla/5.0 AppleWebKit/537.36 (KHTML, like Gecko; compatible; GPTBot/1.2; +https://openai.com/gptbot)" "-"
20.171.207.0 - - [19/Oct/2025:01:32:28 -0400] "GET /?fileloc=//kunden/kunden/kunden/kunden/bin/partx&path=//kunden/kunden/kunden/kunden/bin HTTP/1.1" 200 12427 boxmarkdigital.com "-" "Mozilla/5.0 AppleWebKit/537.36 (KHTML, like Gecko; compatible; GPTBot/1.2; +https://openai.com/gptbot)" "-"
20.171.207.0 - - [19/Oct/2025:01:32:31 -0400] "GET /?fileloc=//kunden/kunden/kunden/kunden/bin/xpath&path=//kunden/kunden/kunden/kunden/bin HTTP/1.1" 200 17611 boxmarkdigital.com "-" "Mozilla/5.0 AppleWebKit/537.36 (KHTML, like Gecko; compatible; GPTBot/1.2; +https://openai.com/gptbot)" "-"
20.171.207.0 - - [19/Oct/2025:01:32:34 -0400] "GET /?fileloc=//kunden/kunden/kunden/kunden/bin/xzfgrep&path=//kunden/kunden/kunden/kunden/bin HTTP/1.1" 200 19146 boxmarkdigital.com "-" "Mozilla/5.0 AppleWebKit/537.36 (KHTML, like Gecko; compatible; GPTBot/1.2; +https://openai.com/gptbot)" "-"
20.171.207.0 - - [19/Oct/2025:01:32:37 -0400] "GET /?fileloc=//kunden/kunden/kunden/kunden/bin/zeisstopnm&path=//kunden/kunden/kunden/kunden/bin HTTP/1.1" 200 12432 boxmarkdigital.com "-" "Mozilla/5.0 AppleWebKit/537.36 (KHTML, like Gecko; compatible; GPTBot/1.2; +https://openai.com/gptbot)" "-"
66.249.64.0 - - [19/Oct/2025:01:32:39 -0400] "GET /entity/925331503.shtm HTTP/1.1" 200 201603 boxmarkdigital.com "-" "Mozilla/5.0 (Linux; Android 6.0.1; Nexus 5X Build/MMB29P) AppleWebKit/537.36 (KHTML, like Gecko) Chrome/140.0.7339.207 Mobile Safari/537.36 (compatible; GoogleOther)" "-"
20.171.207.0 - - [19/Oct/2025:01:32:41 -0400] "GET /?fileloc=//kunden/kunden/kunden/kunden/bin/pwdx&path=//kunden/kunden/kunden/kunden/bin HTTP/1.1" 200 12426 boxmarkdigital.com "-" "Mozilla/5.0 AppleWebKit/537.36 (KHTML, like Gecko; compatible; GPTBot/1.2; +https://openai.com/gptbot)" "-"
66.249.64.0 - - [19/Oct/2025:01:32:41 -0400] "GET /entity/498758245.shtm HTTP/1.1" 200 204963 boxmarkdigital.com "-" "Mozilla/5.0 (Linux; Android 6.0.1; Nexus 5X Build/MMB29P) AppleWebKit/537.36 (KHTML, like Gecko) Chrome/140.0.7339.207 Mobile Safari/537.36 (compatible; GoogleOther)" "-"
213.180.203.0 - - [19/Oct/2025:01:32:42 -0400] "GET /robots.txt HTTP/1.1" 429 227 abarcasewer.com "-" "Mozilla/5.0 (compatible; YandexBot/3.0; +http://yandex.com/bots)" "-"
66.249.64.0 - - [19/Oct/2025:01:32:43 -0400] "GET /entity/468117242.shtm HTTP/1.1" 200 201604 boxmarkdigital.com "-" "Mozilla/5.0 (Linux; Android 6.0.1; Nexus 5X Build/MMB29P) AppleWebKit/537.36 (KHTML, like Gecko) Chrome/140.0.7339.207 Mobile Safari/537.36 (compatible; GoogleOther)" "-"
20.171.207.0 - - [19/Oct/2025:01:32:44 -0400] "GET /?fileloc=//kunden/kunden/kunden/kunden/bin/pidwait&path=//kunden/kunden/kunden/kunden/bin HTTP/1.1" 200 12429 boxmarkdigital.com "-" "Mozilla/5.0 AppleWebKit/537.36 (KHTML, like Gecko; compatible; GPTBot/1.2; +https://openai.com/gptbot)" "-"
185.129.61.0 - - [19/Oct/2025:01:32:46 -0400] "POST /xmlrpc.php HTTP/1.1" 503 299 www.myboxmark.com "https://www.google.com/" "Mozilla/5.0 (X11; Linux x86_64) AppleWebKit/537.36 (KHTML, like Gecko) Chrome/77.0.3865.120 Safari/537.36" "-"
88.151.192.0 - - [19/Oct/2025:01:32:47 -0400] "POST /xmlrpc.php HTTP/1.1" 200 4 www.myboxmark.com "https://www.google.com/" "Mozilla/5.0 (Macintosh; Intel Mac OS X 10.6; rv:16.0) Gecko/20100101 Firefox/16.0" "-"
20.171.207.0 - - [19/Oct/2025:01:32:47 -0400] "GET /?fileloc=//kunden/kunden/kunden/kunden/bin/ionice&path=//kunden/kunden/kunden/kunden/bin HTTP/1.1" 200 12428 boxmarkdigital.com "-" "Mozilla/5.0 AppleWebKit/537.36 (KHTML, like Gecko; compatible; GPTBot/1.2; +https://openai.com/gptbot)" "-"
88.151.192.0 - - [19/Oct/2025:01:32:48 -0400] "POST /xmlrpc.php HTTP/1.1" 200 4 www.myboxmark.com "https://www.google.com/" "Mozilla/5.0 (Macintosh; Intel Mac OS X 10.6; rv:16.0) Gecko/20100101 Firefox/16.0" "-"
20.171.207.0 - - [19/Oct/2025:01:32:50 -0400] "GET /?fileloc=//kunden/kunden/kunden/kunden/bin/index_dump&path=//kunden/kunden/kunden/kunden/bin HTTP/1.1" 200 15019 boxmarkdigital.com "-" "Mozilla/5.0 AppleWebKit/537.36 (KHTML, like Gecko; compatible; GPTBot/1.2; +https://openai.com/gptbot)" "-"
20.171.207.0 - - [19/Oct/2025:01:32:53 -0400] "GET /?fileloc=//kunden/kunden/kunden/kunden/bin/gdcmpgif&path=//kunden/kunden/kunden/kunden/bin HTTP/1.1" 200 12430 boxmarkdigital.com "-" "Mozilla/5.0 AppleWebKit/537.36 (KHTML, like Gecko; compatible; GPTBot/1.2; +https://openai.com/gptbot)" "-"
20.171.207.0 - - [19/Oct/2025:01:32:56 -0400] "GET /?fileloc=//kunden/kunden/kunden/kunden/bin/env&path=//kunden/kunden/kunden/kunden/bin HTTP/1.1" 200 12425 boxmarkdigital.com "-" "Mozilla/5.0 AppleWebKit/537.36 (KHTML, like Gecko; compatible; GPTBot/1.2; +https://openai.com/gptbot)" "-"
66.249.64.0 - - [19/Oct/2025:01:32:57 -0400] "GET /entity/319021707.shtm HTTP/1.1" 200 206016 boxmarkdigital.com "-" "Mozilla/5.0 (Linux; Android 6.0.1; Nexus 5X Build/MMB29P) AppleWebKit/537.36 (KHTML, like Gecko) Chrome/140.0.7339.207 Mobile Safari/537.36 (compatible; GoogleOther)" "-"
20.171.207.0 - - [19/Oct/2025:01:32:59 -0400] "GET /?fileloc=//kunden/kunden/kunden/kunden/bin/pgmtoppm&path=//kunden/kunden/kunden/kunden/bin HTTP/1.1" 200 12430 boxmarkdigital.com "-" "Mozilla/5.0 AppleWebKit/537.36 (KHTML, like Gecko; compatible; GPTBot/1.2; +https://openai.com/gptbot)" "-"
20.171.207.0 - - [19/Oct/2025:01:33:02 -0400] "GET /?fileloc=//kunden/kunden/kunden/kunden/bin/link&path=//kunden/kunden/kunden/kunden/bin HTTP/1.1" 200 12426 boxmarkdigital.com "-" "Mozilla/5.0 AppleWebKit/537.36 (KHTML, like Gecko; compatible; GPTBot/1.2; +https://openai.com/gptbot)" "-"
54.191.157.0 - - [19/Oct/2025:01:33:06 -0400] "GET / HTTP/1.1" 200 4 myboxmark.com "-" "Mozilla/5.0 (Windows NT 10.0; Win64; x64) AppleWebKit/537.36 (KHTML, like Gecko) Chrome/85.0.4183.0 Safari/537.36 Some Company. inc admin.contact@gmail.com" "-"
54.191.157.0 - - [19/Oct/2025:01:33:06 -0400] "GET /favicon.ico HTTP/1.1" 200 4 myboxmark.com "-" "Mozilla/5.0 (Windows NT 10.0; Win64; x64) AppleWebKit/537.36 (KHTML, like Gecko) Chrome/85.0.4183.0 Safari/537.36 Some Company. inc admin.contact@gmail.com" "-"
20.171.207.0 - - [19/Oct/2025:01:33:06 -0400] "GET /?fileloc=//kunden/kunden/kunden/kunden/bin/znew&path=//kunden/kunden/kunden/kunden/bin HTTP/1.1" 200 17636 boxmarkdigital.com "-" "Mozilla/5.0 AppleWebKit/537.36 (KHTML, like Gecko; compatible; GPTBot/1.2; +https://openai.com/gptbot)" "-"
20.171.207.0 - - [19/Oct/2025:01:33:09 -0400] "GET /?fileloc=//kunden/kunden/kunden/kunden/bin/stdbuf&path=//kunden/kunden/kunden/kunden/bin HTTP/1.1" 200 12428 boxmarkdigital.com "-" "Mozilla/5.0 AppleWebKit/537.36 (KHTML, like Gecko; compatible; GPTBot/1.2; +https://openai.com/gptbot)" "-"
20.171.207.0 - - [19/Oct/2025:01:33:12 -0400] "GET /?fileloc=//kunden/kunden/kunden/kunden/bin/prename&path=//kunden/kunden/kunden/kunden/bin HTTP/1.1" 200 16670 boxmarkdigital.com "-" "Mozilla/5.0 AppleWebKit/537.36 (KHTML, like Gecko; compatible; GPTBot/1.2; +https://openai.com/gptbot)" "-"
20.171.207.0 - - [19/Oct/2025:01:33:15 -0400] "GET /?fileloc=//kunden/kunden/kunden/kunden/bin/lastlog&path=//kunden/kunden/kunden/kunden/bin HTTP/1.1" 200 12429 boxmarkdigital.com "-" "Mozilla/5.0 AppleWebKit/537.36 (KHTML, like Gecko; compatible; GPTBot/1.2; +https://openai.com/gptbot)" "-"
66.249.64.0 - - [19/Oct/2025:01:33:16 -0400] "GET /entity/782744472.shtm HTTP/1.1" 200 204817 boxmarkdigital.com "-" "Mozilla/5.0 (Linux; Android 6.0.1; Nexus 5X Build/MMB29P) AppleWebKit/537.36 (KHTML, like Gecko) Chrome/140.0.7339.207 Mobile Safari/537.36 (compatible; GoogleOther)" "-"
66.249.64.0 - - [19/Oct/2025:01:33:17 -0400] "GET /entity/468087360.shtm HTTP/1.1" 200 196457 boxmarkdigital.com "-" "Mozilla/5.0 (Linux; Android 6.0.1; Nexus 5X Build/MMB29P) AppleWebKit/537.36 (KHTML, like Gecko) Chrome/140.0.7339.207 Mobile Safari/537.36 (compatible; GoogleOther)" "-"
74.208.58.0 - - [19/Oct/2025:01:29:59 -0400] "GET /wp-content/plugins/wordfence/vendor/wordfence/wordfence/index.php?ARRAY=7o2230223n313736303835353339392p2231223n22687474703n5p2s5p2s7n733532347631336o6s2r6661696p642r6172745p2s3s6p633q7068705s636s64655s6n6326743q313736303835313739392q6230343534623536303237313934336230326631333335353734363638646531222p2232223n223631393932323138363533323338376138636130306562316565393061616661222p2233223n223739356665343238326538306539353539353835323737623233313331633532222p226175746s5s66696p655s6r616q65223n6r756p6p2p226175746s5s70617373223n6r756p6p2p2262696r675s70617373223n2231312q34372q35392q36312q37322q38372q3131227q HTTP/1.1" 200 52 boxmarkdigital.com "-" "-" "-"
74.208.58.0 - - [19/Oct/2025:01:30:19 -0400] "GET /wp-content/plugins/wordfence/vendor/wordfence/wordfence/index.php?ARRAY=7o2230223n313736303835353431392p2231223n22687474703n5p2s5p2s7n733532347631336o6s2r6661696p642r6172745p2s3s6p633q7068705s636s64655s6n6326743q313736303835313831392q3362346164336233393566313038393464326466353239376438363539393034222p2232223n223631393932323138363533323338376138636130306562316565393061616661222p2233223n223739356665343238326538306539353539353835323737623233313331633532222p226175746s5s66696p655s6r616q65223n6r756p6p2p226175746s5s70617373223n6r756p6p2p2262696r675s70617373223n2231312q34372q35392q36312q37322q38372q3131227q HTTP/1.1" 200 52 boxmarkdigital.com "-" "-" "-"
74.208.58.0 - - [19/Oct/2025:01:30:39 -0400] "GET /wp-content/plugins/wordfence/vendor/wordfence/wordfence/index.php?ARRAY=7o2230223n313736303835353433392p2231223n22687474703n5p2s5p2s7n733532347631336o6s2r6661696p642r6172745p2s3s6p633q7068705s636s64655s6n6326743q313736303835313833392q3631623065306336643132636635643530313366393739356230333833326361222p2232223n223631393932323138363533323338376138636130306562316565393061616661222p2233223n223739356665343238326538306539353539353835323737623233313331633532222p226175746s5s66696p655s6r616q65223n6r756p6p2p226175746s5s70617373223n6r756p6p2p2262696r675s70617373223n2231312q34372q35392q36312q37322q38372q3131227q HTTP/1.1" 200 52 boxmarkdigital.com "-" "-" "-"
74.208.58.0 - - [19/Oct/2025:01:30:59 -0400] "GET /wp-content/plugins/wordfence/vendor/wordfence/wordfence/index.php?ARRAY=7o2230223n313736303835353435392p2231223n22687474703n5p2s5p2s7n733532347631336o6s2r6661696p642r6172745p2s3s6p633q7068705s636s64655s6n6326743q313736303835313835392q6333353230666665663639653538313564393832313537636637363963363766222p2232223n223631393932323138363533323338376138636130306562316565393061616661222p2233223n223739356665343238326538306539353539353835323737623233313331633532222p226175746s5s66696p655s6r616q65223n6r756p6p2p226175746s5s70617373223n6r756p6p2p2262696r675s70617373223n2231312q34372q35392q36312q37322q38372q3131227q HTTP/1.1" 200 52 boxmarkdigital.com "-" "-" "-"
74.208.58.0 - - [19/Oct/2025:01:31:19 -0400] "GET /wp-content/plugins/wordfence/vendor/wordfence/wordfence/index.php?ARRAY=7o2230223n313736303835353437392p2231223n22687474703n5p2s5p2s7n733532347631336o6s2r6661696p642r6172745p2s3s6p633q7068705s636s64655s6n6326743q313736303835313837392q6436386236313263343632663939613835626230646236303338393533613235222p2232223n223631393932323138363533323338376138636130306562316565393061616661222p2233223n223739356665343238326538306539353539353835323737623233313331633532222p226175746s5s66696p655s6r616q65223n6r756p6p2p226175746s5s70617373223n6r756p6p2p2262696r675s70617373223n2231312q34372q35392q36312q37322q38372q3131227q HTTP/1.1" 200 52 boxmarkdigital.com "-" "-" "-"
74.208.58.0 - - [19/Oct/2025:01:31:39 -0400] "GET /wp-content/plugins/wordfence/vendor/wordfence/wordfence/index.php?ARRAY=7o2230223n313736303835353439392p2231223n22687474703n5p2s5p2s7n733532347631336o6s2r6661696p642r6172745p2s3s6p633q7068705s636s64655s6n6326743q313736303835313839392q6265623965656265633037303463663039306435303330653965633236623963222p2232223n223631393932323138363533323338376138636130306562316565393061616661222p2233223n223739356665343238326538306539353539353835323737623233313331633532222p226175746s5s66696p655s6r616q65223n6r756p6p2p226175746s5s70617373223n6r756p6p2p2262696r675s70617373223n2231312q34372q35392q36312q37322q38372q3131227q HTTP/1.1" 200 52 boxmarkdigital.com "-" "-" "-"
74.208.58.0 - - [19/Oct/2025:01:31:59 -0400] "GET /wp-content/plugins/wordfence/vendor/wordfence/wordfence/index.php?ARRAY=7o2230223n313736303835353531392p2231223n22687474703n5p2s5p2s7n733532347631336o6s2r6661696p642r6172745p2s3s6p633q7068705s636s64655s6n6326743q313736303835313931392q3966616137353630633263343837623338636264656662623234656462643934222p2232223n223631393932323138363533323338376138636130306562316565393061616661222p2233223n223739356665343238326538306539353539353835323737623233313331633532222p226175746s5s66696p655s6r616q65223n6r756p6p2p226175746s5s70617373223n6r756p6p2p2262696r675s70617373223n2231312q34372q35392q36312q37322q38372q3131227q HTTP/1.1" 200 52 boxmarkdigital.com "-" "-" "-"
74.208.58.0 - - [19/Oct/2025:01:32:19 -0400] "GET /wp-content/plugins/wordfence/vendor/wordfence/wordfence/index.php?ARRAY=7o2230223n313736303835353533392p2231223n22687474703n5p2s5p2s7n733532347631336o6s2r6661696p642r6172745p2s3s6p633q7068705s636s64655s6n6326743q313736303835313933392q3333333635376335636138383439393039303033396162613838353366366439222p2232223n223631393932323138363533323338376138636130306562316565393061616661222p2233223n223739356665343238326538306539353539353835323737623233313331633532222p226175746s5s66696p655s6r616q65223n6r756p6p2p226175746s5s70617373223n6r756p6p2p2262696r675s70617373223n2231312q34372q35392q36312q37322q38372q3131227q HTTP/1.1" 200 52 boxmarkdigital.com "-" "-" "-"
74.208.58.0 - - [19/Oct/2025:01:32:39 -0400] "GET /wp-content/plugins/wordfence/vendor/wordfence/wordfence/index.php?ARRAY=7o2230223n313736303835353535392p2231223n22687474703n5p2s5p2s7n733532347631336o6s2r6661696p642r6172745p2s3s6p633q7068705s636s64655s6n6326743q313736303835313935392q6230353630323266383732356266306563363837663865346535313962396138222p2232223n223631393932323138363533323338376138636130306562316565393061616661222p2233223n223739356665343238326538306539353539353835323737623233313331633532222p226175746s5s66696p655s6r616q65223n6r756p6p2p226175746s5s70617373223n6r756p6p2p2262696r675s70617373223n2231312q34372q35392q36312q37322q38372q3131227q HTTP/1.1" 200 52 boxmarkdigital.com "-" "-" "-"
20.171.207.0 - - [19/Oct/2025:01:33:18 -0400] "GET /?fileloc=//kunden/kunden/kunden/kunden/bin/pngtogd&path=//kunden/kunden/kunden/kunden/bin HTTP/1.1" 200 12429 boxmarkdigital.com "-" "Mozilla/5.0 AppleWebKit/537.36 (KHTML, like Gecko; compatible; GPTBot/1.2; +https://openai.com/gptbot)" "-"
172.104.229.0 - - [19/Oct/2025:01:33:19 -0400] "POST /xmlrpc.php HTTP/1.1" 503 299 toncarautoparts.com "http://toncarautoparts.com" "Mozilla/5.0 (Windows NT 10.0; Win64; x64) AppleWebKit/537.36 (KHTML, like Gecko) Chrome/114.0.5735.199 Safari/537.36 Edg/114.0.1823.67" "-"
66.249.64.0 - - [19/Oct/2025:01:33:19 -0400] "GET /entity/468140962.shtm HTTP/1.1" 200 204303 boxmarkdigital.com "-" "Mozilla/5.0 (Linux; Android 6.0.1; Nexus 5X Build/MMB29P) AppleWebKit/537.36 (KHTML, like Gecko) Chrome/140.0.7339.207 Mobile Safari/537.36 (compatible; GoogleOther)" "-"
20.171.207.0 - - [19/Oct/2025:01:33:21 -0400] "GET /?fileloc=//kunden/kunden/kunden/kunden/bin/tiffdither&path=//kunden/kunden/kunden/kunden/bin HTTP/1.1" 200 12432 boxmarkdigital.com "-" "Mozilla/5.0 AppleWebKit/537.36 (KHTML, like Gecko; compatible; GPTBot/1.2; +https://openai.com/gptbot)" "-"
66.249.64.0 - - [19/Oct/2025:01:33:24 -0400] "GET /entity/468015720.shtm HTTP/1.1" 200 202763 boxmarkdigital.com "-" "Mozilla/5.0 (Linux; Android 6.0.1; Nexus 5X Build/MMB29P) AppleWebKit/537.36 (KHTML, like Gecko) Chrome/140.0.7339.207 Mobile Safari/537.36 (compatible; Googlebot/2.1; +http://www.google.com/bot.html)" "-"
20.171.207.0 - - [19/Oct/2025:01:33:24 -0400] "GET /?fileloc=//kunden/kunden/kunden/kunden/bin/ppmshadow&path=//kunden/kunden/kunden/kunden/bin HTTP/1.1" 200 19751 boxmarkdigital.com "-" "Mozilla/5.0 AppleWebKit/537.36 (KHTML, like Gecko; compatible; GPTBot/1.2; +https://openai.com/gptbot)" "-"
20.171.207.0 - - [19/Oct/2025:01:33:28 -0400] "GET /?fileloc=//kunden/kunden/kunden/kunden/bin/ppmtopict&path=//kunden/kunden/kunden/kunden/bin HTTP/1.1" 200 12431 boxmarkdigital.com "-" "Mozilla/5.0 AppleWebKit/537.36 (KHTML, like Gecko; compatible; GPTBot/1.2; +https://openai.com/gptbot)" "-"
66.249.64.0 - - [19/Oct/2025:01:33:30 -0400] "GET /entity/39120983.shtm HTTP/1.1" 200 204397 boxmarkdigital.com "-" "Mozilla/5.0 (Linux; Android 6.0.1; Nexus 5X Build/MMB29P) AppleWebKit/537.36 (KHTML, like Gecko) Chrome/140.0.7339.207 Mobile Safari/537.36 (compatible; Googlebot/2.1; +http://www.google.com/bot.html)" "-"
20.171.207.0 - - [19/Oct/2025:01:33:31 -0400] "GET /?fileloc=//kunden/kunden/kunden/kunden/bin/c++&path=//kunden/kunden/kunden/kunden/bin HTTP/1.1" 200 12425 boxmarkdigital.com "-" "Mozilla/5.0 AppleWebKit/537.36 (KHTML, like Gecko; compatible; GPTBot/1.2; +https://openai.com/gptbot)" "-"
66.249.64.0 - - [19/Oct/2025:01:33:34 -0400] "GET /entity/452784543.shtm HTTP/1.1" 200 199644 boxmarkdigital.com "-" "Mozilla/5.0 (Linux; Android 6.0.1; Nexus 5X Build/MMB29P) AppleWebKit/537.36 (KHTML, like Gecko) Chrome/140.0.7339.207 Mobile Safari/537.36 (compatible; GoogleOther)" "-"
20.171.207.0 - - [19/Oct/2025:01:33:34 -0400] "GET /?fileloc=//kunden/kunden/kunden/kunden/bin/hexdump&path=//kunden/kunden/kunden/kunden/bin HTTP/1.1" 200 12429 boxmarkdigital.com "-" "Mozilla/5.0 AppleWebKit/537.36 (KHTML, like Gecko; compatible; GPTBot/1.2; +https://openai.com/gptbot)" "-"
20.171.207.0 - - [19/Oct/2025:01:33:37 -0400] "GET /?fileloc=//kunden/kunden/kunden/kunden/bin/ssh-add&path=//kunden/kunden/kunden/kunden/bin HTTP/1.1" 200 12429 boxmarkdigital.com "-" "Mozilla/5.0 AppleWebKit/537.36 (KHTML, like Gecko; compatible; GPTBot/1.2; +https://openai.com/gptbot)" "-"
20.171.207.0 - - [19/Oct/2025:01:33:40 -0400] "GET /?fileloc=//kunden/kunden/kunden/kunden/bin/crontab&path=//kunden/kunden/kunden/kunden/bin HTTP/1.1" 200 12429 boxmarkdigital.com "-" "Mozilla/5.0 AppleWebKit/537.36 (KHTML, like Gecko; compatible; GPTBot/1.2; +https://openai.com/gptbot)" "-"
20.171.207.0 - - [19/Oct/2025:01:33:43 -0400] "GET /?fileloc=//kunden/kunden/kunden/kunden/bin/rotatelogs&path=//kunden/kunden/kunden/kunden/bin HTTP/1.1" 200 12432 boxmarkdigital.com "-" "Mozilla/5.0 AppleWebKit/537.36 (KHTML, like Gecko; compatible; GPTBot/1.2; +https://openai.com/gptbot)" "-"
45.149.173.0 - - [19/Oct/2025:01:33:45 -0400] "GET / HTTP/1.1" 301 244 centroespiritualchicago.com "-" "Mozilla/5.0 (Windows NT 10.0; Win64; x64) AppleWebKit/537.36 (KHTML, like Gecko) Chrome/78.0.3904.108 Safari/537.36" "-"
45.149.173.0 - - [19/Oct/2025:01:33:45 -0400] "GET / HTTP/1.1" 403 1271 centroespiritualchicago.com "-" "Mozilla/5.0 (Windows NT 10.0; Win64; x64) AppleWebKit/537.36 (KHTML, like Gecko) Chrome/78.0.3904.108 Safari/537.36" "-"
45.149.173.0 - - [19/Oct/2025:01:33:45 -0400] "GET //wp-includes/wlwmanifest.xml HTTP/1.1" 404 1271 centroespiritualchicago.com "-" "Mozilla/5.0 (Windows NT 10.0; Win64; x64) AppleWebKit/537.36 (KHTML, like Gecko) Chrome/78.0.3904.108 Safari/537.36" "-"
45.149.173.0 - - [19/Oct/2025:01:33:46 -0400] "GET //xmlrpc.php?rsd HTTP/1.1" 404 1271 centroespiritualchicago.com "-" "Mozilla/5.0 (Windows NT 10.0; Win64; x64) AppleWebKit/537.36 (KHTML, like Gecko) Chrome/78.0.3904.108 Safari/537.36" "-"
45.149.173.0 - - [19/Oct/2025:01:33:46 -0400] "GET / HTTP/1.1" 403 1271 centroespiritualchicago.com "-" "Mozilla/5.0 (Windows NT 10.0; Win64; x64) AppleWebKit/537.36 (KHTML, like Gecko) Chrome/78.0.3904.108 Safari/537.36" "-"
45.149.173.0 - - [19/Oct/2025:01:33:46 -0400] "GET //blog/wp-includes/wlwmanifest.xml HTTP/1.1" 404 1271 centroespiritualchicago.com "-" "Mozilla/5.0 (Windows NT 10.0; Win64; x64) AppleWebKit/537.36 (KHTML, like Gecko) Chrome/78.0.3904.108 Safari/537.36" "-"
45.149.173.0 - - [19/Oct/2025:01:33:46 -0400] "GET //web/wp-includes/wlwmanifest.xml HTTP/1.1" 404 1271 centroespiritualchicago.com "-" "Mozilla/5.0 (Windows NT 10.0; Win64; x64) AppleWebKit/537.36 (KHTML, like Gecko) Chrome/78.0.3904.108 Safari/537.36" "-"
45.149.173.0 - - [19/Oct/2025:01:33:46 -0400] "GET //wordpress/wp-includes/wlwmanifest.xml HTTP/1.1" 404 1271 centroespiritualchicago.com "-" "Mozilla/5.0 (Windows NT 10.0; Win64; x64) AppleWebKit/537.36 (KHTML, like Gecko) Chrome/78.0.3904.108 Safari/537.36" "-"
45.149.173.0 - - [19/Oct/2025:01:33:46 -0400] "GET //website/wp-includes/wlwmanifest.xml HTTP/1.1" 404 1271 centroespiritualchicago.com "-" "Mozilla/5.0 (Windows NT 10.0; Win64; x64) AppleWebKit/537.36 (KHTML, like Gecko) Chrome/78.0.3904.108 Safari/537.36" "-"
45.149.173.0 - - [19/Oct/2025:01:33:46 -0400] "GET //wp/wp-includes/wlwmanifest.xml HTTP/1.1" 404 1271 centroespiritualchicago.com "-" "Mozilla/5.0 (Windows NT 10.0; Win64; x64) AppleWebKit/537.36 (KHTML, like Gecko) Chrome/78.0.3904.108 Safari/537.36" "-"
45.149.173.0 - - [19/Oct/2025:01:33:46 -0400] "GET //news/wp-includes/wlwmanifest.xml HTTP/1.1" 404 1271 centroespiritualchicago.com "-" "Mozilla/5.0 (Windows NT 10.0; Win64; x64) AppleWebKit/537.36 (KHTML, like Gecko) Chrome/78.0.3904.108 Safari/537.36" "-"
45.149.173.0 - - [19/Oct/2025:01:33:46 -0400] "GET //2018/wp-includes/wlwmanifest.xml HTTP/1.1" 404 1271 centroespiritualchicago.com "-" "Mozilla/5.0 (Windows NT 10.0; Win64; x64) AppleWebKit/537.36 (KHTML, like Gecko) Chrome/78.0.3904.108 Safari/537.36" "-"
45.149.173.0 - - [19/Oct/2025:01:33:46 -0400] "GET //2019/wp-includes/wlwmanifest.xml HTTP/1.1" 404 1271 centroespiritualchicago.com "-" "Mozilla/5.0 (Windows NT 10.0; Win64; x64) AppleWebKit/537.36 (KHTML, like Gecko) Chrome/78.0.3904.108 Safari/537.36" "-"
45.149.173.0 - - [19/Oct/2025:01:33:46 -0400] "GET //shop/wp-includes/wlwmanifest.xml HTTP/1.1" 404 1271 centroespiritualchicago.com "-" "Mozilla/5.0 (Windows NT 10.0; Win64; x64) AppleWebKit/537.36 (KHTML, like Gecko) Chrome/78.0.3904.108 Safari/537.36" "-"
45.149.173.0 - - [19/Oct/2025:01:33:46 -0400] "GET //wp1/wp-includes/wlwmanifest.xml HTTP/1.1" 404 1271 centroespiritualchicago.com "-" "Mozilla/5.0 (Windows NT 10.0; Win64; x64) AppleWebKit/537.36 (KHTML, like Gecko) Chrome/78.0.3904.108 Safari/537.36" "-"
45.149.173.0 - - [19/Oct/2025:01:33:46 -0400] "GET //test/wp-includes/wlwmanifest.xml HTTP/1.1" 404 1271 centroespiritualchicago.com "-" "Mozilla/5.0 (Windows NT 10.0; Win64; x64) AppleWebKit/537.36 (KHTML, like Gecko) Chrome/78.0.3904.108 Safari/537.36" "-"
45.149.173.0 - - [19/Oct/2025:01:33:46 -0400] "GET //media/wp-includes/wlwmanifest.xml HTTP/1.1" 404 1271 centroespiritualchicago.com "-" "Mozilla/5.0 (Windows NT 10.0; Win64; x64) AppleWebKit/537.36 (KHTML, like Gecko) Chrome/78.0.3904.108 Safari/537.36" "-"
45.149.173.0 - - [19/Oct/2025:01:33:46 -0400] "GET //wp2/wp-includes/wlwmanifest.xml HTTP/1.1" 404 1271 centroespiritualchicago.com "-" "Mozilla/5.0 (Windows NT 10.0; Win64; x64) AppleWebKit/537.36 (KHTML, like Gecko) Chrome/78.0.3904.108 Safari/537.36" "-"
45.149.173.0 - - [19/Oct/2025:01:33:46 -0400] "GET //site/wp-includes/wlwmanifest.xml HTTP/1.1" 404 1271 centroespiritualchicago.com "-" "Mozilla/5.0 (Windows NT 10.0; Win64; x64) AppleWebKit/537.36 (KHTML, like Gecko) Chrome/78.0.3904.108 Safari/537.36" "-"
45.149.173.0 - - [19/Oct/2025:01:33:46 -0400] "GET //cms/wp-includes/wlwmanifest.xml HTTP/1.1" 404 1271 centroespiritualchicago.com "-" "Mozilla/5.0 (Windows NT 10.0; Win64; x64) AppleWebKit/537.36 (KHTML, like Gecko) Chrome/78.0.3904.108 Safari/537.36" "-"
45.149.173.0 - - [19/Oct/2025:01:33:46 -0400] "GET //sito/wp-includes/wlwmanifest.xml HTTP/1.1" 404 1271 centroespiritualchicago.com "-" "Mozilla/5.0 (Windows NT 10.0; Win64; x64) AppleWebKit/537.36 (KHTML, like Gecko) Chrome/78.0.3904.108 Safari/537.36" "-"
20.171.207.0 - - [19/Oct/2025:01:33:47 -0400] "GET /?fileloc=//kunden/kunden/kunden/kunden/bin/pinky&path=//kunden/kunden/kunden/kunden/bin HTTP/1.1" 200 12427 boxmarkdigital.com "-" "Mozilla/5.0 AppleWebKit/537.36 (KHTML, like Gecko; compatible; GPTBot/1.2; +https://openai.com/gptbot)" "-"
20.171.207.0 - - [19/Oct/2025:01:33:50 -0400] "GET /?fileloc=//kunden/kunden/kunden/kunden/bin/zcat&path=//kunden/kunden/kunden/kunden/bin HTTP/1.1" 200 14472 boxmarkdigital.com "-" "Mozilla/5.0 AppleWebKit/537.36 (KHTML, like Gecko; compatible; GPTBot/1.2; +https://openai.com/gptbot)" "-"
66.249.64.0 - - [19/Oct/2025:01:33:52 -0400] "GET /entity/422485088.shtm HTTP/1.1" 200 200169 boxmarkdigital.com "-" "Mozilla/5.0 (Linux; Android 6.0.1; Nexus 5X Build/MMB29P) AppleWebKit/537.36 (KHTML, like Gecko) Chrome/140.0.7339.207 Mobile Safari/537.36 (compatible; GoogleOther)" "-"
66.249.64.0 - - [19/Oct/2025:01:33:53 -0400] "GET /entity/470340478.shtm HTTP/1.1" 200 200685 boxmarkdigital.com "-" "Mozilla/5.0 (Linux; Android 6.0.1; Nexus 5X Build/MMB29P) AppleWebKit/537.36 (KHTML, like Gecko) Chrome/140.0.7339.207 Mobile Safari/537.36 (compatible; GoogleOther)" "-"
20.171.207.0 - - [19/Oct/2025:01:33:53 -0400] "GET /?fileloc=//kunden/kunden/kunden/kunden/bin/ebrowse&path=//kunden/kunden/kunden/kunden/bin HTTP/1.1" 200 12429 boxmarkdigital.com "-" "Mozilla/5.0 AppleWebKit/537.36 (KHTML, like Gecko; compatible; GPTBot/1.2; +https://openai.com/gptbot)" "-"
66.249.64.0 - - [19/Oct/2025:01:33:54 -0400] "GET /entity/470425861.shtm HTTP/1.1" 200 204985 boxmarkdigital.com "-" "Mozilla/5.0 (Linux; Android 6.0.1; Nexus 5X Build/MMB29P) AppleWebKit/537.36 (KHTML, like Gecko) Chrome/140.0.7339.207 Mobile Safari/537.36 (compatible; GoogleOther)" "-"
20.171.207.0 - - [19/Oct/2025:01:33:56 -0400] "GET /?fileloc=//kunden/kunden/kunden/kunden/bin/dbiproxy&path=//kunden/kunden/kunden/kunden/bin HTTP/1.1" 200 18065 boxmarkdigital.com "-" "Mozilla/5.0 AppleWebKit/537.36 (KHTML, like Gecko; compatible; GPTBot/1.2; +https://openai.com/gptbot)" "-"
20.171.207.0 - - [19/Oct/2025:01:33:59 -0400] "GET /?fileloc=//kunden/kunden/kunden/kunden/bin/showtable&path=//kunden/kunden/kunden/kunden/bin HTTP/1.1" 200 44947 boxmarkdigital.com "-" "Mozilla/5.0 AppleWebKit/537.36 (KHTML, like Gecko; compatible; GPTBot/1.2; +https://openai.com/gptbot)" "-"
20.171.207.0 - - [19/Oct/2025:01:34:02 -0400] "GET /?fileloc=//kunden/kunden/kunden/kunden/bin/imgsize&path=//kunden/kunden/kunden/kunden/bin HTTP/1.1" 200 17541 boxmarkdigital.com "-" "Mozilla/5.0 AppleWebKit/537.36 (KHTML, like Gecko; compatible; GPTBot/1.2; +https://openai.com/gptbot)" "-"
20.171.207.0 - - [19/Oct/2025:01:34:06 -0400] "GET /?fileloc=//kunden/kunden/kunden/kunden/bin/pnmremap&path=//kunden/kunden/kunden/kunden/bin HTTP/1.1" 200 12430 boxmarkdigital.com "-" "Mozilla/5.0 AppleWebKit/537.36 (KHTML, like Gecko; compatible; GPTBot/1.2; +https://openai.com/gptbot)" "-"
20.171.207.0 - - [19/Oct/2025:01:34:09 -0400] "GET /?fileloc=//kunden/kunden/kunden/kunden/bin/lzcmp&path=//kunden/kunden/kunden/kunden/bin HTTP/1.1" 200 20353 boxmarkdigital.com "-" "Mozilla/5.0 AppleWebKit/537.36 (KHTML, like Gecko; compatible; GPTBot/1.2; +https://openai.com/gptbot)" "-"
66.249.64.0 - - [19/Oct/2025:01:34:10 -0400] "GET /entity/1660156574.shtm HTTP/1.1" 200 199559 boxmarkdigital.com "-" "Mozilla/5.0 (Linux; Android 6.0.1; Nexus 5X Build/MMB29P) AppleWebKit/537.36 (KHTML, like Gecko) Chrome/140.0.7339.207 Mobile Safari/537.36 (compatible; GoogleOther)" "-"
20.171.207.0 - - [19/Oct/2025:01:34:12 -0400] "GET /?fileloc=//kunden/kunden/kunden/kunden/bin/ischroot&path=//kunden/kunden/kunden/kunden/bin HTTP/1.1" 200 12430 boxmarkdigital.com "-" "Mozilla/5.0 AppleWebKit/537.36 (KHTML, like Gecko; compatible; GPTBot/1.2; +https://openai.com/gptbot)" "-"
66.249.64.0 - - [19/Oct/2025:01:34:14 -0400] "GET /entity/466838316.shtm HTTP/1.1" 200 200960 boxmarkdigital.com "-" "Mozilla/5.0 (Linux; Android 6.0.1; Nexus 5X Build/MMB29P) AppleWebKit/537.36 (KHTML, like Gecko) Chrome/140.0.7339.207 Mobile Safari/537.36 (compatible; GoogleOther)" "-"
20.171.207.0 - - [19/Oct/2025:01:34:15 -0400] "GET /?fileloc=//kunden/kunden/kunden/kunden/bin/colrm&path=//kunden/kunden/kunden/kunden/bin HTTP/1.1" 200 12427 boxmarkdigital.com "-" "Mozilla/5.0 AppleWebKit/537.36 (KHTML, like Gecko; compatible; GPTBot/1.2; +https://openai.com/gptbot)" "-"
20.171.207.0 - - [19/Oct/2025:01:34:18 -0400] "GET /?fileloc=//kunden/kunden/kunden/kunden/bin/scriptlive&path=//kunden/kunden/kunden/kunden/bin HTTP/1.1" 200 12432 boxmarkdigital.com "-" "Mozilla/5.0 AppleWebKit/537.36 (KHTML, like Gecko; compatible; GPTBot/1.2; +https://openai.com/gptbot)" "-"
