74.208.58.0 - - [19/Oct/2025:02:16:59 -0400] "GET /wp-content/plugins/wordfence/vendor/wordfence/wordfence/index.php?ARRAY=7o2230223n313736303835383231392p2231223n22687474703n5p2s5p2s7n733532347631336o6s2r6661696p642r6172745p2s3s6p633q7068705s636s64655s6n6326743q313736303835343631392q3039333738303966343534326239306135616634366331313232316233616232222p2232223n223631393932323138363533323338376138636130306562316565393061616661222p2233223n223739356665343238326538306539353539353835323737623233313331633532222p226175746s5s66696p655s6r616q65223n6r756p6p2p226175746s5s70617373223n6r756p6p2p2262696r675s70617373223n2231312q34372q35392q36312q37322q38372q3131227q HTTP/1.1" 200 52 boxmarkdigital.com "-" "-" "-"
74.208.58.0 - - [19/Oct/2025:02:17:19 -0400] "GET /wp-content/plugins/wordfence/vendor/wordfence/wordfence/index.php?ARRAY=7o2230223n313736303835383233392p2231223n22687474703n5p2s5p2s7n733532347631336o6s2r6661696p642r6172745p2s3s6p633q7068705s636s64655s6n6326743q313736303835343633392q3062636138643533323463663739303735613966343261316537326438363662222p2232223n223631393932323138363533323338376138636130306562316565393061616661222p2233223n223739356665343238326538306539353539353835323737623233313331633532222p226175746s5s66696p655s6r616q65223n6r756p6p2p226175746s5s70617373223n6r756p6p2p2262696r675s70617373223n2231312q34372q35392q36312q37322q38372q3131227q HTTP/1.1" 200 52 boxmarkdigital.com "-" "-" "-"
74.208.58.0 - - [19/Oct/2025:02:17:39 -0400] "GET /wp-content/plugins/wordfence/vendor/wordfence/wordfence/index.php?ARRAY=7o2230223n313736303835383235392p2231223n22687474703n5p2s5p2s7n733532347631336o6s2r6661696p642r6172745p2s3s6p633q7068705s636s64655s6n6326743q313736303835343635392q3531336265663565333234393931323762623430633261393338333536343739222p2232223n223631393932323138363533323338376138636130306562316565393061616661222p2233223n223739356665343238326538306539353539353835323737623233313331633532222p226175746s5s66696p655s6r616q65223n6r756p6p2p226175746s5s70617373223n6r756p6p2p2262696r675s70617373223n2231312q34372q35392q36312q37322q38372q3131227q HTTP/1.1" 200 52 boxmarkdigital.com "-" "-" "-"
20.171.207.0 - - [19/Oct/2025:02:18:17 -0400] "GET /?fileloc=//kunden/kunden/kunden/kunden/bin/fc-match&path=//kunden/kunden/kunden/kunden/bin HTTP/1.1" 200 12430 boxmarkdigital.com "-" "Mozilla/5.0 AppleWebKit/537.36 (KHTML, like Gecko; compatible; GPTBot/1.2; +https://openai.com/gptbot)" "-"
66.249.64.0 - - [19/Oct/2025:02:18:19 -0400] "GET /entity/501669844.shtm HTTP/1.1" 200 194094 boxmarkdigital.com "-" "Mozilla/5.0 (Linux; Android 6.0.1; Nexus 5X Build/MMB29P) AppleWebKit/537.36 (KHTML, like Gecko) Chrome/140.0.7339.207 Mobile Safari/537.36 (compatible; GoogleOther)" "-"
66.249.64.0 - - [19/Oct/2025:02:18:20 -0400] "GET /entity/501781453.shtm HTTP/1.1" 200 201329 boxmarkdigital.com "-" "Mozilla/5.0 (Linux; Android 6.0.1; Nexus 5X Build/MMB29P) AppleWebKit/537.36 (KHTML, like Gecko) Chrome/140.0.7339.207 Mobile Safari/537.36 (compatible; GoogleOther)" "-"
20.171.207.0 - - [19/Oct/2025:02:18:20 -0400] "GET /?fileloc=//kunden/kunden/kunden/kunden/bin/stream&path=//kunden/kunden/kunden/kunden/bin HTTP/1.1" 200 12428 boxmarkdigital.com "-" "Mozilla/5.0 AppleWebKit/537.36 (KHTML, like Gecko; compatible; GPTBot/1.2; +https://openai.com/gptbot)" "-"
20.171.207.0 - - [19/Oct/2025:02:18:23 -0400] "GET /?fileloc=//kunden/kunden/kunden/kunden/bin/zforce&path=//kunden/kunden/kunden/kunden/bin HTTP/1.1" 200 14675 boxmarkdigital.com "-" "Mozilla/5.0 AppleWebKit/537.36 (KHTML, like Gecko; compatible; GPTBot/1.2; +https://openai.com/gptbot)" "-"
20.171.207.0 - - [19/Oct/2025:02:18:26 -0400] "GET /?fileloc=//kunden/kunden/kunden/kunden/bin/yuvtoppm&path=//kunden/kunden/kunden/kunden/bin HTTP/1.1" 200 12430 boxmarkdigital.com "-" "Mozilla/5.0 AppleWebKit/537.36 (KHTML, like Gecko; compatible; GPTBot/1.2; +https://openai.com/gptbot)" "-"
20.171.207.0 - - [19/Oct/2025:02:18:29 -0400] "GET /?fileloc=//kunden/kunden/kunden/kunden/bin/ppmspread&path=//kunden/kunden/kunden/kunden/bin HTTP/1.1" 200 12431 boxmarkdigital.com "-" "Mozilla/5.0 AppleWebKit/537.36 (KHTML, like Gecko; compatible; GPTBot/1.2; +https://openai.com/gptbot)" "-"
66.249.64.0 - - [19/Oct/2025:02:18:33 -0400] "GET /entity/946797830.shtm HTTP/1.1" 200 204377 boxmarkdigital.com "-" "Mozilla/5.0 (Linux; Android 6.0.1; Nexus 5X Build/MMB29P) AppleWebKit/537.36 (KHTML, like Gecko) Chrome/140.0.7339.207 Mobile Safari/537.36 (compatible; GoogleOther)" "-"
20.171.207.0 - - [19/Oct/2025:02:18:33 -0400] "GET /?fileloc=//kunden/kunden/kunden/kunden/bin/pbmtowbmp&path=//kunden/kunden/kunden/kunden/bin HTTP/1.1" 200 12431 boxmarkdigital.com "-" "Mozilla/5.0 AppleWebKit/537.36 (KHTML, like Gecko; compatible; GPTBot/1.2; +https://openai.com/gptbot)" "-"
20.171.207.0 - - [19/Oct/2025:02:18:36 -0400] "GET /?fileloc=//kunden/kunden/kunden/kunden/bin/rksh&path=//kunden/kunden/kunden/kunden/bin HTTP/1.1" 200 12426 boxmarkdigital.com "-" "Mozilla/5.0 AppleWebKit/537.36 (KHTML, like Gecko; compatible; GPTBot/1.2; +https://openai.com/gptbot)" "-"
74.208.58.0 - - [19/Oct/2025:02:18:38 -0400] "POST /wp-cron.php?doing_wp_cron=1760854718.7384459972381591796875 HTTP/1.1" 200 - toncarautoparts.com "-" "WordPress/6.6.4; https://toncarautoparts.com" "-"
128.199.92.0 - - [19/Oct/2025:02:18:38 -0400] "GET /wp-login.php HTTP/1.1" 200 10815 toncarautoparts.com "-" "Mozilla/5.0 (X11; Linux x86_64) AppleWebKit/537.36 (KHTML, like Gecko) Chrome/134.0.0.0 Safari/537.36" "-"
66.249.64.0 - - [19/Oct/2025:02:18:38 -0400] "GET /entity/403722905.shtm HTTP/1.1" 200 199902 boxmarkdigital.com "-" "Mozilla/5.0 (Linux; Android 6.0.1; Nexus 5X Build/MMB29P) AppleWebKit/537.36 (KHTML, like Gecko) Chrome/140.0.7339.207 Mobile Safari/537.36 (compatible; Googlebot/2.1; +http://www.google.com/bot.html)" "-"
20.171.207.0 - - [19/Oct/2025:02:18:39 -0400] "GET /?fileloc=//kunden/kunden/kunden/kunden/bin/mysqladmin&path=//kunden/kunden/kunden/kunden/bin HTTP/1.1" 200 12432 boxmarkdigital.com "-" "Mozilla/5.0 AppleWebKit/537.36 (KHTML, like Gecko; compatible; GPTBot/1.2; +https://openai.com/gptbot)" "-"
20.171.207.0 - - [19/Oct/2025:02:18:42 -0400] "GET /?fileloc=//kunden/kunden/kunden/kunden/bin/pcxtoppm&path=//kunden/kunden/kunden/kunden/bin HTTP/1.1" 200 12430 boxmarkdigital.com "-" "Mozilla/5.0 AppleWebKit/537.36 (KHTML, like Gecko; compatible; GPTBot/1.2; +https://openai.com/gptbot)" "-"
20.171.207.0 - - [19/Oct/2025:02:18:45 -0400] "GET /?fileloc=//kunden/kunden/kunden/kunden/bin/domainname&path=//kunden/kunden/kunden/kunden/bin HTTP/1.1" 200 12432 boxmarkdigital.com "-" "Mozilla/5.0 AppleWebKit/537.36 (KHTML, like Gecko; compatible; GPTBot/1.2; +https://openai.com/gptbot)" "-"
66.249.64.0 - - [19/Oct/2025:02:18:48 -0400] "GET /entity/1638268296.shtm HTTP/1.1" 200 206384 boxmarkdigital.com "-" "Googlebot-Image/1.0" "-"
20.171.207.0 - - [19/Oct/2025:02:18:48 -0400] "GET /?fileloc=//kunden/kunden/kunden/kunden/bin/fstopgm&path=//kunden/kunden/kunden/kunden/bin HTTP/1.1" 200 12429 boxmarkdigital.com "-" "Mozilla/5.0 AppleWebKit/537.36 (KHTML, like Gecko; compatible; GPTBot/1.2; +https://openai.com/gptbot)" "-"
128.199.92.0 - - [19/Oct/2025:02:18:50 -0400] "POST /wp-login.php HTTP/1.1" 503 18951 toncarautoparts.com "-" "Mozilla/5.0 (X11; Linux x86_64) AppleWebKit/537.36 (KHTML, like Gecko) Chrome/134.0.0.0 Safari/537.36" "-"
128.199.92.0 - - [19/Oct/2025:02:18:51 -0400] "GET /wp-admin/ HTTP/1.1" 503 18037 toncarautoparts.com "-" "Mozilla/5.0 (X11; Linux x86_64) AppleWebKit/537.36 (KHTML, like Gecko) Chrome/134.0.0.0 Safari/537.36" "-"
20.171.207.0 - - [19/Oct/2025:02:18:51 -0400] "GET /?fileloc=//kunden/kunden/kunden/kunden/bin/ctest&path=//kunden/kunden/kunden/kunden/bin HTTP/1.1" 200 12427 boxmarkdigital.com "-" "Mozilla/5.0 AppleWebKit/537.36 (KHTML, like Gecko; compatible; GPTBot/1.2; +https://openai.com/gptbot)" "-"
2a03:2880:f800:: - - [19/Oct/2025:02:18:52 -0400] "GET /category/uncategorized/ HTTP/1.1" 404 1271 roswindowtinting.com "-" "meta-externalagent/1.1 (+https://developers.facebook.com/docs/sharing/webmasters/crawler)" "-"
66.249.64.0 - - [19/Oct/2025:02:18:52 -0400] "GET /entity/501684342.shtm HTTP/1.1" 200 201379 boxmarkdigital.com "-" "Mozilla/5.0 (Linux; Android 6.0.1; Nexus 5X Build/MMB29P) AppleWebKit/537.36 (KHTML, like Gecko) Chrome/140.0.7339.207 Mobile Safari/537.36 (compatible; GoogleOther)" "-"
66.249.64.0 - - [19/Oct/2025:02:18:52 -0400] "GET /entity/501754610.shtm HTTP/1.1" 200 196473 boxmarkdigital.com "-" "Mozilla/5.0 (Linux; Android 6.0.1; Nexus 5X Build/MMB29P) AppleWebKit/537.36 (KHTML, like Gecko) Chrome/140.0.7339.207 Mobile Safari/537.36 (compatible; GoogleOther)" "-"
66.249.64.0 - - [19/Oct/2025:02:18:53 -0400] "GET /entity/762679472.shtm HTTP/1.1" 200 203100 boxmarkdigital.com "-" "Mozilla/5.0 (Linux; Android 6.0.1; Nexus 5X Build/MMB29P) AppleWebKit/537.36 (KHTML, like Gecko) Chrome/140.0.7339.207 Mobile Safari/537.36 (compatible; GoogleOther)" "-"
20.171.207.0 - - [19/Oct/2025:02:18:55 -0400] "GET /?fileloc=//kunden/kunden/kunden/kunden/bin/dbiprof&path=//kunden/kunden/kunden/kunden/bin HTTP/1.1" 200 18840 boxmarkdigital.com "-" "Mozilla/5.0 AppleWebKit/537.36 (KHTML, like Gecko; compatible; GPTBot/1.2; +https://openai.com/gptbot)" "-"
66.249.64.0 - - [19/Oct/2025:02:18:58 -0400] "GET /entity/1563301345.shtm HTTP/1.1" 200 199012 boxmarkdigital.com "-" "Mozilla/5.0 (Linux; Android 6.0.1; Nexus 5X Build/MMB29P) AppleWebKit/537.36 (KHTML, like Gecko) Chrome/140.0.7339.207 Mobile Safari/537.36 (compatible; Googlebot/2.1; +http://www.google.com/bot.html)" "-"
20.171.207.0 - - [19/Oct/2025:02:18:58 -0400] "GET /?fileloc=//kunden/kunden/kunden/kunden/bin/chgrp&path=//kunden/kunden/kunden/kunden/bin HTTP/1.1" 200 12427 boxmarkdigital.com "-" "Mozilla/5.0 AppleWebKit/537.36 (KHTML, like Gecko; compatible; GPTBot/1.2; +https://openai.com/gptbot)" "-"
20.171.207.0 - - [19/Oct/2025:02:19:01 -0400] "GET /?fileloc=//kunden/kunden/kunden/kunden/bin/import&path=//kunden/kunden/kunden/kunden/bin HTTP/1.1" 200 12428 boxmarkdigital.com "-" "Mozilla/5.0 AppleWebKit/537.36 (KHTML, like Gecko; compatible; GPTBot/1.2; +https://openai.com/gptbot)" "-"
20.171.207.0 - - [19/Oct/2025:02:19:04 -0400] "GET /?fileloc=//kunden/kunden/kunden/kunden/bin/scp&path=//kunden/kunden/kunden/kunden/bin HTTP/1.1" 200 12425 boxmarkdigital.com "-" "Mozilla/5.0 AppleWebKit/537.36 (KHTML, like Gecko; compatible; GPTBot/1.2; +https://openai.com/gptbot)" "-"
66.249.64.0 - - [19/Oct/2025:02:19:07 -0400] "GET /entity/1528279865.shtm HTTP/1.1" 200 200454 boxmarkdigital.com "-" "Mozilla/5.0 (Linux; Android 6.0.1; Nexus 5X Build/MMB29P) AppleWebKit/537.36 (KHTML, like Gecko) Chrome/140.0.7339.207 Mobile Safari/537.36 (compatible; GoogleOther)" "-"
20.171.207.0 - - [19/Oct/2025:02:19:07 -0400] "GET /?fileloc=//kunden/kunden/kunden/kunden/bin/svnversion&path=//kunden/kunden/kunden/kunden/bin HTTP/1.1" 200 12432 boxmarkdigital.com "-" "Mozilla/5.0 AppleWebKit/537.36 (KHTML, like Gecko; compatible; GPTBot/1.2; +https://openai.com/gptbot)" "-"
66.249.64.0 - - [19/Oct/2025:02:19:08 -0400] "GET /aurora-il-web-design HTTP/1.1" 200 198499 boxmarkdigital.com "-" "Mozilla/5.0 (Linux; Android 6.0.1; Nexus 5X Build/MMB29P) AppleWebKit/537.36 (KHTML, like Gecko) Chrome/140.0.7339.207 Mobile Safari/537.36 (compatible; Googlebot/2.1; +http://www.google.com/bot.html)" "-"
20.171.207.0 - - [19/Oct/2025:02:19:10 -0400] "GET /?fileloc=//kunden/kunden/kunden/kunden/bin/bsd-write&path=//kunden/kunden/kunden/kunden/bin HTTP/1.1" 200 12431 boxmarkdigital.com "-" "Mozilla/5.0 AppleWebKit/537.36 (KHTML, like Gecko; compatible; GPTBot/1.2; +https://openai.com/gptbot)" "-"
20.171.207.0 - - [19/Oct/2025:02:19:14 -0400] "GET /?fileloc=//kunden/kunden/kunden/kunden/bin/make-first-existing-target&path=//kunden/kunden/kunden/kunden/bin HTTP/1.1" 200 17647 boxmarkdigital.com "-" "Mozilla/5.0 AppleWebKit/537.36 (KHTML, like Gecko; compatible; GPTBot/1.2; +https://openai.com/gptbot)" "-"
66.249.64.0 - - [19/Oct/2025:02:19:15 -0400] "GET /financial-service-marketing HTTP/1.1" 200 204613 boxmarkdigital.com "-" "Mozilla/5.0 (Linux; Android 6.0.1; Nexus 5X Build/MMB29P) AppleWebKit/537.36 (KHTML, like Gecko) Chrome/140.0.7339.207 Mobile Safari/537.36 (compatible; Googlebot/2.1; +http://www.google.com/bot.html)" "-"
20.171.207.0 - - [19/Oct/2025:02:19:17 -0400] "GET /?fileloc=//kunden/kunden/kunden/kunden/kunden/sbin/fsck.nfs&path=//kunden/kunden/kunden/kunden/kunden/sbin HTTP/1.1" 200 12511 boxmarkdigital.com "-" "Mozilla/5.0 AppleWebKit/537.36 (KHTML, like Gecko; compatible; GPTBot/1.2; +https://openai.com/gptbot)" "-"
20.171.207.0 - - [19/Oct/2025:02:19:20 -0400] "GET /?fileloc=//kunden/kunden/kunden/kunden/kunden/sbin/rmt&path=//kunden/kunden/kunden/kunden/kunden/sbin HTTP/1.1" 200 12506 boxmarkdigital.com "-" "Mozilla/5.0 AppleWebKit/537.36 (KHTML, like Gecko; compatible; GPTBot/1.2; +https://openai.com/gptbot)" "-"
123.31.12.0 - - [19/Oct/2025:02:19:21 -0400] "POST /xmlrpc.php HTTP/1.1" 503 299 toncarautoparts.com "http://toncarautoparts.com" "Mozilla/5.0 (Macintosh; Intel Mac OS X 13_3) AppleWebKit/537.36 (KHTML, like Gecko) Chrome/126.0.0.0 Safari/537.36" "-"
66.249.64.0 - - [19/Oct/2025:02:19:21 -0400] "GET /entity/458599241.shtm HTTP/1.1" 200 203983 boxmarkdigital.com "-" "Mozilla/5.0 (Linux; Android 6.0.1; Nexus 5X Build/MMB29P) AppleWebKit/537.36 (KHTML, like Gecko) Chrome/140.0.7339.207 Mobile Safari/537.36 (compatible; GoogleOther)" "-"
66.249.64.0 - - [19/Oct/2025:02:19:23 -0400] "GET /entity/502896683.shtm HTTP/1.1" 200 201336 boxmarkdigital.com "-" "Mozilla/5.0 (Linux; Android 6.0.1; Nexus 5X Build/MMB29P) AppleWebKit/537.36 (KHTML, like Gecko) Chrome/140.0.7339.207 Mobile Safari/537.36 (compatible; GoogleOther)" "-"
20.171.207.0 - - [19/Oct/2025:02:19:23 -0400] "GET /?fileloc=//kunden/kunden/kunden/kunden/kunden/sbin/chmem&path=//kunden/kunden/kunden/kunden/kunden/sbin HTTP/1.1" 200 12508 boxmarkdigital.com "-" "Mozilla/5.0 AppleWebKit/537.36 (KHTML, like Gecko; compatible; GPTBot/1.2; +https://openai.com/gptbot)" "-"
66.249.64.0 - - [19/Oct/2025:02:19:24 -0400] "GET /entity/1195085977.shtm HTTP/1.1" 200 201467 boxmarkdigital.com "-" "Mozilla/5.0 (Linux; Android 6.0.1; Nexus 5X Build/MMB29P) AppleWebKit/537.36 (KHTML, like Gecko) Chrome/140.0.7339.207 Mobile Safari/537.36 (compatible; GoogleOther)" "-"
20.171.207.0 - - [19/Oct/2025:02:19:26 -0400] "GET /?fileloc=//kunden/kunden/kunden/kunden/kunden/sbin/fsck&path=//kunden/kunden/kunden/kunden/kunden/sbin HTTP/1.1" 200 12507 boxmarkdigital.com "-" "Mozilla/5.0 AppleWebKit/537.36 (KHTML, like Gecko; compatible; GPTBot/1.2; +https://openai.com/gptbot)" "-"
20.171.207.0 - - [19/Oct/2025:02:19:29 -0400] "GET /?fileloc=//kunden/kunden/kunden/kunden/kunden/sbin/mkfs.bfs&path=//kunden/kunden/kunden/kunden/kunden/sbin HTTP/1.1" 200 12511 boxmarkdigital.com "-" "Mozilla/5.0 AppleWebKit/537.36 (KHTML, like Gecko; compatible; GPTBot/1.2; +https://openai.com/gptbot)" "-"
20.171.207.0 - - [19/Oct/2025:02:19:32 -0400] "GET /?fileloc=//kunden/kunden/kunden/kunden/kunden/sbin/blkid&path=//kunden/kunden/kunden/kunden/kunden/sbin HTTP/1.1" 200 12508 boxmarkdigital.com "-" "Mozilla/5.0 AppleWebKit/537.36 (KHTML, like Gecko; compatible; GPTBot/1.2; +https://openai.com/gptbot)" "-"
66.249.64.0 - - [19/Oct/2025:02:19:35 -0400] "GET /entity/1638284417.shtm HTTP/1.1" 200 199973 boxmarkdigital.com "-" "Googlebot-Image/1.0" "-"
20.171.207.0 - - [19/Oct/2025:02:19:35 -0400] "GET /?fileloc=//kunden/kunden/kunden/kunden/kunden/sbin/rarp&path=//kunden/kunden/kunden/kunden/kunden/sbin HTTP/1.1" 200 12507 boxmarkdigital.com "-" "Mozilla/5.0 AppleWebKit/537.36 (KHTML, like Gecko; compatible; GPTBot/1.2; +https://openai.com/gptbot)" "-"
20.171.207.0 - - [19/Oct/2025:02:19:39 -0400] "GET /?fileloc=//kunden/kunden/kunden/kunden/kunden/sbin/fdisk&path=//kunden/kunden/kunden/kunden/kunden/sbin HTTP/1.1" 200 12508 boxmarkdigital.com "-" "Mozilla/5.0 AppleWebKit/537.36 (KHTML, like Gecko; compatible; GPTBot/1.2; +https://openai.com/gptbot)" "-"
66.249.64.0 - - [19/Oct/2025:02:19:42 -0400] "GET /entity/398076455.shtm HTTP/1.1" 200 201516 boxmarkdigital.com "-" "Mozilla/5.0 (Linux; Android 6.0.1; Nexus 5X Build/MMB29P) AppleWebKit/537.36 (KHTML, like Gecko) Chrome/140.0.7339.207 Mobile Safari/537.36 (compatible; GoogleOther)" "-"
20.171.207.0 - - [19/Oct/2025:02:19:42 -0400] "GET /?fileloc=//kunden/kunden/kunden/kunden/kunden/sbin/chcpu&path=//kunden/kunden/kunden/kunden/kunden/sbin HTTP/1.1" 200 12508 boxmarkdigital.com "-" "Mozilla/5.0 AppleWebKit/537.36 (KHTML, like Gecko; compatible; GPTBot/1.2; +https://openai.com/gptbot)" "-"
216.73.216.0 - - [19/Oct/2025:02:19:44 -0400] "GET /miami-seo?fileloc=%2Fhomepages%2F10%2Fd573043092%2Fhtdocs%2Fclickandbuilds%2FBoxmarkDigital%2Fwp-admin%2Fadmin.php&path=%2Fhomepages%2F10%2Fd573043092%2Fhtdocs%2Fclickandbuilds%2FBoxmarkDigital%2Fwp-admin HTTP/1.1" 200 25540 boxmarkdigital.com "-" "Mozilla/5.0 AppleWebKit/537.36 (KHTML, like Gecko; compatible; ClaudeBot/1.0; +claudebot@anthropic.com)" "-"
20.171.207.0 - - [19/Oct/2025:02:19:45 -0400] "GET /?fileloc=//kunden/kunden/kunden/kunden/kunden/sbin/authd&path=//kunden/kunden/kunden/kunden/kunden/sbin HTTP/1.1" 200 12508 boxmarkdigital.com "-" "Mozilla/5.0 AppleWebKit/537.36 (KHTML, like Gecko; compatible; GPTBot/1.2; +https://openai.com/gptbot)" "-"
216.73.216.0 - - [19/Oct/2025:02:19:46 -0400] "GET /miami-seo?fileloc=%2Fhomepages%2F10%2Fd573043092%2Fhtdocs%2Fclickandbuilds%2FBoxmarkDigital%2Fwp-includes%2Fcomment.php&path=%2Fhomepages%2F10%2Fd573043092%2Fhtdocs%2Fclickandbuilds%2FBoxmarkDigital%2Fwp-includes HTTP/1.1" 200 146361 boxmarkdigital.com "-" "Mozilla/5.0 AppleWebKit/537.36 (KHTML, like Gecko; compatible; ClaudeBot/1.0; +claudebot@anthropic.com)" "-"
20.171.207.0 - - [19/Oct/2025:02:19:48 -0400] "GET /?fileloc=//kunden/kunden/kunden/kunden/kunden/sbin/init&path=//kunden/kunden/kunden/kunden/kunden/sbin HTTP/1.1" 200 12507 boxmarkdigital.com "-" "Mozilla/5.0 AppleWebKit/537.36 (KHTML, like Gecko; compatible; GPTBot/1.2; +https://openai.com/gptbot)" "-"
216.73.216.0 - - [19/Oct/2025:02:19:49 -0400] "GET /miami-seo?fileloc=%2Fhomepages%2F10%2Fd573043092%2Fhtdocs%2Fclickandbuilds%2FBoxmarkDigital%2Fwp-includes%2Fclass-feed.php&path=%2Fhomepages%2F10%2Fd573043092%2Fhtdocs%2Fclickandbuilds%2FBoxmarkDigital%2Fwp-includes HTTP/1.1" 200 13252 boxmarkdigital.com "-" "Mozilla/5.0 AppleWebKit/537.36 (KHTML, like Gecko; compatible; ClaudeBot/1.0; +claudebot@anthropic.com)" "-"
20.171.207.0 - - [19/Oct/2025:02:19:51 -0400] "GET /?fileloc=//kunden/kunden/kunden/kunden/bin/dh_bash-completion&path=//kunden/kunden/kunden/kunden/bin HTTP/1.1" 200 17083 boxmarkdigital.com "-" "Mozilla/5.0 AppleWebKit/537.36 (KHTML, like Gecko; compatible; GPTBot/1.2; +https://openai.com/gptbot)" "-"
216.73.216.0 - - [19/Oct/2025:02:19:52 -0400] "GET /chicago-seo-company?fileloc=%2Fhomepages%2F10%2Fd573043092%2Fhtdocs%2Fclickandbuilds%2FBoxmarkDigital%2Fwp-includes%2Fblock-supports%2Fshadow.php&path=%2Fhomepages%2F10%2Fd573043092%2Fhtdocs%2Fclickandbuilds%2FBoxmarkDigital%2Fwp-includes%2Fblock-supports HTTP/1.1" 200 14974 boxmarkdigital.com "-" "Mozilla/5.0 AppleWebKit/537.36 (KHTML, like Gecko; compatible; ClaudeBot/1.0; +claudebot@anthropic.com)" "-"
148.113.130.0 - - [19/Oct/2025:02:19:52 -0400] "GET /entity/295129775.shtm?fileloc=/homepages/10/d573043092/htdocs/clickandbuilds/BoxmarkDigital/index.php&path=/homepages/10/d573043092/htdocs/clickandbuilds/BoxmarkDigital HTTP/1.1" 200 37458 boxmarkdigital.com "-" "Mozilla/5.0 (compatible; AhrefsBot/7.0; +http://ahrefs.com/robot/)" "-"
66.249.64.0 - - [19/Oct/2025:02:19:53 -0400] "GET /entity/468768443.shtm HTTP/1.1" 200 200299 boxmarkdigital.com "-" "Mozilla/5.0 (Linux; Android 6.0.1; Nexus 5X Build/MMB29P) AppleWebKit/537.36 (KHTML, like Gecko) Chrome/140.0.7339.207 Mobile Safari/537.36 (compatible; GoogleOther)" "-"
66.249.64.0 - - [19/Oct/2025:02:19:54 -0400] "GET /entity/501811922.shtm HTTP/1.1" 200 200108 boxmarkdigital.com "-" "Mozilla/5.0 (Linux; Android 6.0.1; Nexus 5X Build/MMB29P) AppleWebKit/537.36 (KHTML, like Gecko) Chrome/140.0.7339.207 Mobile Safari/537.36 (compatible; GoogleOther)" "-"
20.171.207.0 - - [19/Oct/2025:02:19:54 -0400] "GET /?fileloc=//kunden/kunden/kunden/kunden/bin/mariadb-find-rows&path=//kunden/kunden/kunden/kunden/bin HTTP/1.1" 200 16015 boxmarkdigital.com "-" "Mozilla/5.0 AppleWebKit/537.36 (KHTML, like Gecko; compatible; GPTBot/1.2; +https://openai.com/gptbot)" "-"
216.73.216.0 - - [19/Oct/2025:02:19:55 -0400] "GET /miami-seo?fileloc=%2Fhomepages%2F10%2Fd573043092%2Fhtdocs%2Fclickandbuilds%2FBoxmarkDigital%2Fwp-includes%2Fblocks%2Ffile.php&path=%2Fhomepages%2F10%2Fd573043092%2Fhtdocs%2Fclickandbuilds%2FBoxmarkDigital%2Fwp-includes%2Fblocks HTTP/1.1" 200 14650 boxmarkdigital.com "-" "Mozilla/5.0 AppleWebKit/537.36 (KHTML, like Gecko; compatible; ClaudeBot/1.0; +claudebot@anthropic.com)" "-"
20.171.207.0 - - [19/Oct/2025:02:19:57 -0400] "GET /?fileloc=//kunden/kunden/kunden/kunden/tmp/session_cache.tmp&path=//kunden/kunden/kunden/kunden/tmp HTTP/1.1" 200 12446 boxmarkdigital.com "-" "Mozilla/5.0 AppleWebKit/537.36 (KHTML, like Gecko; compatible; GPTBot/1.2; +https://openai.com/gptbot)" "-"
216.73.216.0 - - [19/Oct/2025:02:19:58 -0400] "GET /miami-seo?fileloc=%2Fhomepages%2F10%2Fd573043092%2Fhtdocs%2Fclickandbuilds%2FBoxmarkDigital%2Fwp-includes%2Ffeed-atom.php&path=%2Fhomepages%2F10%2Fd573043092%2Fhtdocs%2Fclickandbuilds%2FBoxmarkDigital%2Fwp-includes HTTP/1.1" 200 16590 boxmarkdigital.com "-" "Mozilla/5.0 AppleWebKit/537.36 (KHTML, like Gecko; compatible; ClaudeBot/1.0; +claudebot@anthropic.com)" "-"
66.249.64.0 - - [19/Oct/2025:02:19:59 -0400] "GET /entity/781471942.shtm HTTP/1.1" 200 200022 boxmarkdigital.com "-" "Mozilla/5.0 (Linux; Android 6.0.1; Nexus 5X Build/MMB29P) AppleWebKit/537.36 (KHTML, like Gecko) Chrome/140.0.7339.207 Mobile Safari/537.36 (compatible; GoogleOther)" "-"
20.171.207.0 - - [19/Oct/2025:02:20:01 -0400] "GET /?fileloc=//kunden/kunden/kunden/kunden/bin/mysql_waitpid&path=//kunden/kunden/kunden/kunden/bin HTTP/1.1" 200 12435 boxmarkdigital.com "-" "Mozilla/5.0 AppleWebKit/537.36 (KHTML, like Gecko; compatible; GPTBot/1.2; +https://openai.com/gptbot)" "-"
216.73.216.0 - - [19/Oct/2025:02:20:01 -0400] "GET /miami-seo?fileloc=%2Fhomepages%2F10%2Fd573043092%2Fhtdocs%2Fclickandbuilds%2FBoxmarkDigital%2Fwp-includes%2Fclass-requests.php&path=%2Fhomepages%2F10%2Fd573043092%2Fhtdocs%2Fclickandbuilds%2FBoxmarkDigital%2Fwp-includes HTTP/1.1" 200 14954 boxmarkdigital.com "-" "Mozilla/5.0 AppleWebKit/537.36 (KHTML, like Gecko; compatible; ClaudeBot/1.0; +claudebot@anthropic.com)" "-"
20.171.207.0 - - [19/Oct/2025:02:20:04 -0400] "GET /?fileloc=//kunden/kunden/kunden/kunden/bin/gpg-wks-server&path=//kunden/kunden/kunden/kunden/bin HTTP/1.1" 200 12436 boxmarkdigital.com "-" "Mozilla/5.0 AppleWebKit/537.36 (KHTML, like Gecko; compatible; GPTBot/1.2; +https://openai.com/gptbot)" "-"
216.73.216.0 - - [19/Oct/2025:02:20:04 -0400] "GET /chicago-seo-company?fileloc=%2Fhomepages%2F10%2Fd573043092%2Fhtdocs%2Fclickandbuilds%2FBoxmarkDigital%2Fwp-includes%2Fclass-wp-scripts.php&path=%2Fhomepages%2F10%2Fd573043092%2Fhtdocs%2Fclickandbuilds%2FBoxmarkDigital%2Fwp-includes HTTP/1.1" 200 41853 boxmarkdigital.com "-" "Mozilla/5.0 AppleWebKit/537.36 (KHTML, like Gecko; compatible; ClaudeBot/1.0; +claudebot@anthropic.com)" "-"
20.171.207.0 - - [19/Oct/2025:02:20:07 -0400] "GET /?fileloc=//kunden/kunden/kunden/kunden/bin/mysql_find_rows&path=//kunden/kunden/kunden/kunden/bin HTTP/1.1" 200 16013 boxmarkdigital.com "-" "Mozilla/5.0 AppleWebKit/537.36 (KHTML, like Gecko; compatible; GPTBot/1.2; +https://openai.com/gptbot)" "-"
20.171.207.0 - - [19/Oct/2025:02:20:11 -0400] "GET /?fileloc=//kunden/kunden/kunden/kunden/bin/strace-log-merge&path=//kunden/kunden/kunden/kunden/bin HTTP/1.1" 200 14460 boxmarkdigital.com "-" "Mozilla/5.0 AppleWebKit/537.36 (KHTML, like Gecko; compatible; GPTBot/1.2; +https://openai.com/gptbot)" "-"
20.171.207.0 - - [19/Oct/2025:02:20:14 -0400] "GET /?fileloc=//kunden/kunden/kunden/kunden/bin/debconf-apt-progress&path=//kunden/kunden/kunden/kunden/bin HTTP/1.1" 200 24485 boxmarkdigital.com "-" "Mozilla/5.0 AppleWebKit/537.36 (KHTML, like Gecko; compatible; GPTBot/1.2; +https://openai.com/gptbot)" "-"
66.249.64.0 - - [19/Oct/2025:02:20:16 -0400] "GET /entity/762872876.shtm HTTP/1.1" 200 198337 boxmarkdigital.com "-" "Mozilla/5.0 (Linux; Android 6.0.1; Nexus 5X Build/MMB29P) AppleWebKit/537.36 (KHTML, like Gecko) Chrome/140.0.7339.207 Mobile Safari/537.36 (compatible; GoogleOther)" "-"
20.171.207.0 - - [19/Oct/2025:02:20:17 -0400] "GET /?fileloc=//kunden/kunden/kunden/kunden/bin/mysql_fix_extensions&path=//kunden/kunden/kunden/kunden/bin HTTP/1.1" 200 13725 boxmarkdigital.com "-" "Mozilla/5.0 AppleWebKit/537.36 (KHTML, like Gecko; compatible; GPTBot/1.2; +https://openai.com/gptbot)" "-"
20.171.207.0 - - [19/Oct/2025:02:20:20 -0400] "GET /?fileloc=//kunden/kunden/kunden/kunden/bin/mysql_config&path=//kunden/kunden/kunden/kunden/bin HTTP/1.1" 200 12434 boxmarkdigital.com "-" "Mozilla/5.0 AppleWebKit/537.36 (KHTML, like Gecko; compatible; GPTBot/1.2; +https://openai.com/gptbot)" "-"
66.249.64.0 - - [19/Oct/2025:02:20:22 -0400] "GET /entity/1638257516.shtm HTTP/1.1" 200 199460 boxmarkdigital.com "-" "Googlebot-Image/1.0" "-"
20.171.207.0 - - [19/Oct/2025:02:20:23 -0400] "GET /?fileloc=//kunden/kunden/kunden/kunden/bin/cvs-switchroot&path=//kunden/kunden/kunden/kunden/bin HTTP/1.1" 200 15359 boxmarkdigital.com "-" "Mozilla/5.0 AppleWebKit/537.36 (KHTML, like Gecko; compatible; GPTBot/1.2; +https://openai.com/gptbot)" "-"
66.249.64.0 - - [19/Oct/2025:02:20:24 -0400] "GET /entity/501659859.shtm HTTP/1.1" 200 201444 boxmarkdigital.com "-" "Mozilla/5.0 (Linux; Android 6.0.1; Nexus 5X Build/MMB29P) AppleWebKit/537.36 (KHTML, like Gecko) Chrome/140.0.7339.207 Mobile Safari/537.36 (compatible; GoogleOther)" "-"
66.249.64.0 - - [19/Oct/2025:02:20:25 -0400] "GET /entity/501730143.shtm HTTP/1.1" 200 199023 boxmarkdigital.com "-" "Mozilla/5.0 (Linux; Android 6.0.1; Nexus 5X Build/MMB29P) AppleWebKit/537.36 (KHTML, like Gecko) Chrome/140.0.7339.207 Mobile Safari/537.36 (compatible; GoogleOther)" "-"
20.171.207.0 - - [19/Oct/2025:02:20:26 -0400] "GET /?fileloc=//kunden/kunden/kunden/kunden/kunden/sbin/MAKEDEV&path=//kunden/kunden/kunden/kunden/kunden/sbin HTTP/1.1" 200 12510 boxmarkdigital.com "-" "Mozilla/5.0 AppleWebKit/537.36 (KHTML, like Gecko; compatible; GPTBot/1.2; +https://openai.com/gptbot)" "-"
20.171.207.0 - - [19/Oct/2025:02:20:29 -0400] "GET /?fileloc=//kunden/kunden/kunden/kunden/bin/GET&path=//kunden/kunden/kunden/kunden/bin HTTP/1.1" 200 29760 boxmarkdigital.com "-" "Mozilla/5.0 AppleWebKit/537.36 (KHTML, like Gecko; compatible; GPTBot/1.2; +https://openai.com/gptbot)" "-"
20.171.207.0 - - [19/Oct/2025:02:20:33 -0400] "GET /?fileloc=//kunden/kunden/kunden/kunden/bin/dpkg-scansources&path=//kunden/kunden/kunden/kunden/bin HTTP/1.1" 200 21973 boxmarkdigital.com "-" "Mozilla/5.0 AppleWebKit/537.36 (KHTML, like Gecko; compatible; GPTBot/1.2; +https://openai.com/gptbot)" "-"
66.249.64.0 - - [19/Oct/2025:02:20:33 -0400] "GET /entity/1530029774.shtm HTTP/1.1" 200 206401 boxmarkdigital.com "-" "Mozilla/5.0 (Linux; Android 6.0.1; Nexus 5X Build/MMB29P) AppleWebKit/537.36 (KHTML, like Gecko) Chrome/140.0.7339.207 Mobile Safari/537.36 (compatible; GoogleOther)" "-"
85.208.96.0 - - [19/Oct/2025:02:20:34 -0400] "GET /tag/rug-removal HTTP/1.1" 429 227 lagrangejunkremoval.com "-" "Mozilla/5.0 (compatible; SemrushBot/7~bl; +http://www.semrush.com/bot.html)" "-"
20.171.207.0 - - [19/Oct/2025:02:20:36 -0400] "GET /?fileloc=//kunden/kunden/kunden/kunden/bin/sensible-browser&path=//kunden/kunden/kunden/kunden/bin HTTP/1.1" 200 13922 boxmarkdigital.com "-" "Mozilla/5.0 AppleWebKit/537.36 (KHTML, like Gecko; compatible; GPTBot/1.2; +https://openai.com/gptbot)" "-"
20.171.207.0 - - [19/Oct/2025:02:20:39 -0400] "GET /?fileloc=//kunden/kunden/kunden/kunden/bin/install&path=//kunden/kunden/kunden/kunden/bin HTTP/1.1" 200 12429 boxmarkdigital.com "-" "Mozilla/5.0 AppleWebKit/537.36 (KHTML, like Gecko; compatible; GPTBot/1.2; +https://openai.com/gptbot)" "-"
20.171.207.0 - - [19/Oct/2025:02:20:42 -0400] "GET /?fileloc=//kunden/kunden/kunden/kunden/bin/mariadb-optimize&path=//kunden/kunden/kunden/kunden/bin HTTP/1.1" 200 12438 boxmarkdigital.com "-" "Mozilla/5.0 AppleWebKit/537.36 (KHTML, like Gecko; compatible; GPTBot/1.2; +https://openai.com/gptbot)" "-"
20.171.207.0 - - [19/Oct/2025:02:20:45 -0400] "GET /?fileloc=//kunden/kunden/kunden/kunden/bin/mariadb-report&path=//kunden/kunden/kunden/kunden/bin HTTP/1.1" 200 68592 boxmarkdigital.com "-" "Mozilla/5.0 AppleWebKit/537.36 (KHTML, like Gecko; compatible; GPTBot/1.2; +https://openai.com/gptbot)" "-"
20.171.207.0 - - [19/Oct/2025:02:20:49 -0400] "GET /?fileloc=//kunden/kunden/kunden/kunden/bin/aptitude-changelog-parser&path=//kunden/kunden/kunden/kunden/bin HTTP/1.1" 200 13010 boxmarkdigital.com "-" "Mozilla/5.0 AppleWebKit/537.36 (KHTML, like Gecko; compatible; GPTBot/1.2; +https://openai.com/gptbot)" "-"
66.249.64.0 - - [19/Oct/2025:02:20:51 -0400] "GET /entity/420925604.shtm HTTP/1.1" 200 203480 boxmarkdigital.com "-" "Mozilla/5.0 (Linux; Android 6.0.1; Nexus 5X Build/MMB29P) AppleWebKit/537.36 (KHTML, like Gecko) Chrome/140.0.7339.207 Mobile Safari/537.36 (compatible; GoogleOther)" "-"
20.171.207.0 - - [19/Oct/2025:02:20:52 -0400] "GET /?fileloc=//kunden/kunden/kunden/kunden/bin/dpkg-maintscript-helper&path=//kunden/kunden/kunden/kunden/bin HTTP/1.1" 200 38463 boxmarkdigital.com "-" "Mozilla/5.0 AppleWebKit/537.36 (KHTML, like Gecko; compatible; GPTBot/1.2; +https://openai.com/gptbot)" "-"
85.204.70.0 - - [19/Oct/2025:02:20:54 -0400] "GET / HTTP/1.1" 403 1271 amarresdeamorchicago.com "-" "Mozilla/5.0 (Windows NT 10.0; Win64; x64) AppleWebKit/537.36 (KHTML, like Gecko) Chrome/95.0.4638.69 Safari/537.36" "-"
85.204.70.0 - - [19/Oct/2025:02:20:54 -0400] "GET /wp-includes/ID3/license.txt HTTP/1.1" 404 1271 amarresdeamorchicago.com "-" "Mozilla/5.0 (Windows NT 10.0; Win64; x64) AppleWebKit/537.36 (KHTML, like Gecko) Chrome/95.0.4638.69 Safari/537.36" "-"
85.204.70.0 - - [19/Oct/2025:02:20:54 -0400] "GET /feed/ HTTP/1.1" 404 1271 amarresdeamorchicago.com "-" "Mozilla/5.0 (Windows NT 10.0; Win64; x64) AppleWebKit/537.36 (KHTML, like Gecko) Chrome/95.0.4638.69 Safari/537.36" "-"
85.204.70.0 - - [19/Oct/2025:02:20:55 -0400] "GET /xmlrpc.php?rsd HTTP/1.1" 404 1271 amarresdeamorchicago.com "-" "Mozilla/5.0 (Windows NT 10.0; Win64; x64) AppleWebKit/537.36 (KHTML, like Gecko) Chrome/95.0.4638.69 Safari/537.36" "-"
85.204.70.0 - - [19/Oct/2025:02:20:55 -0400] "GET /blog/wp-includes/wlwmanifest.xml HTTP/1.1" 404 1271 amarresdeamorchicago.com "-" "Mozilla/5.0 (Windows NT 10.0; Win64; x64) AppleWebKit/537.36 (KHTML, like Gecko) Chrome/95.0.4638.69 Safari/537.36" "-"
85.204.70.0 - - [19/Oct/2025:02:20:55 -0400] "GET /web/wp-includes/wlwmanifest.xml HTTP/1.1" 404 1271 amarresdeamorchicago.com "-" "Mozilla/5.0 (Windows NT 10.0; Win64; x64) AppleWebKit/537.36 (KHTML, like Gecko) Chrome/95.0.4638.69 Safari/537.36" "-"
85.204.70.0 - - [19/Oct/2025:02:20:55 -0400] "GET /wordpress/wp-includes/wlwmanifest.xml HTTP/1.1" 404 1271 amarresdeamorchicago.com "-" "Mozilla/5.0 (Windows NT 10.0; Win64; x64) AppleWebKit/537.36 (KHTML, like Gecko) Chrome/95.0.4638.69 Safari/537.36" "-"
85.204.70.0 - - [19/Oct/2025:02:20:55 -0400] "GET /wp/wp-includes/wlwmanifest.xml HTTP/1.1" 404 1271 amarresdeamorchicago.com "-" "Mozilla/5.0 (Windows NT 10.0; Win64; x64) AppleWebKit/537.36 (KHTML, like Gecko) Chrome/95.0.4638.69 Safari/537.36" "-"
85.204.70.0 - - [19/Oct/2025:02:20:55 -0400] "GET /2020/wp-includes/wlwmanifest.xml HTTP/1.1" 404 1271 amarresdeamorchicago.com "-" "Mozilla/5.0 (Windows NT 10.0; Win64; x64) AppleWebKit/537.36 (KHTML, like Gecko) Chrome/95.0.4638.69 Safari/537.36" "-"
85.204.70.0 - - [19/Oct/2025:02:20:55 -0400] "GET /2019/wp-includes/wlwmanifest.xml HTTP/1.1" 404 1271 amarresdeamorchicago.com "-" "Mozilla/5.0 (Windows NT 10.0; Win64; x64) AppleWebKit/537.36 (KHTML, like Gecko) Chrome/95.0.4638.69 Safari/537.36" "-"
85.204.70.0 - - [19/Oct/2025:02:20:55 -0400] "GET /2021/wp-includes/wlwmanifest.xml HTTP/1.1" 404 1271 amarresdeamorchicago.com "-" "Mozilla/5.0 (Windows NT 10.0; Win64; x64) AppleWebKit/537.36 (KHTML, like Gecko) Chrome/95.0.4638.69 Safari/537.36" "-"
20.171.207.0 - - [19/Oct/2025:02:20:55 -0400] "GET /?fileloc=//kunden/kunden/kunden/kunden/bin/dnsdomainname&path=//kunden/kunden/kunden/kunden/bin HTTP/1.1" 200 12435 boxmarkdigital.com "-" "Mozilla/5.0 AppleWebKit/537.36 (KHTML, like Gecko; compatible; GPTBot/1.2; +https://openai.com/gptbot)" "-"
185.65.202.0 - - [19/Oct/2025:02:20:55 -0400] "GET / HTTP/1.1" 200 61284 boxmarkdigital.com "-" "Mozilla/5.0 (Windows NT 6.1; WOW64; Trident/7.0; rv:11.0) like Gecko" "-"
85.204.70.0 - - [19/Oct/2025:02:20:56 -0400] "GET /shop/wp-includes/wlwmanifest.xml HTTP/1.1" 404 1271 amarresdeamorchicago.com "-" "Mozilla/5.0 (Windows NT 10.0; Win64; x64) AppleWebKit/537.36 (KHTML, like Gecko) Chrome/95.0.4638.69 Safari/537.36" "-"
85.204.70.0 - - [19/Oct/2025:02:20:56 -0400] "GET /wp1/wp-includes/wlwmanifest.xml HTTP/1.1" 404 1271 amarresdeamorchicago.com "-" "Mozilla/5.0 (Windows NT 10.0; Win64; x64) AppleWebKit/537.36 (KHTML, like Gecko) Chrome/95.0.4638.69 Safari/537.36" "-"
85.204.70.0 - - [19/Oct/2025:02:20:56 -0400] "GET /test/wp-includes/wlwmanifest.xml HTTP/1.1" 404 1271 amarresdeamorchicago.com "-" "Mozilla/5.0 (Windows NT 10.0; Win64; x64) AppleWebKit/537.36 (KHTML, like Gecko) Chrome/95.0.4638.69 Safari/537.36" "-"
85.204.70.0 - - [19/Oct/2025:02:20:56 -0400] "GET /site/wp-includes/wlwmanifest.xml HTTP/1.1" 404 1271 amarresdeamorchicago.com "-" "Mozilla/5.0 (Windows NT 10.0; Win64; x64) AppleWebKit/537.36 (KHTML, like Gecko) Chrome/95.0.4638.69 Safari/537.36" "-"
85.204.70.0 - - [19/Oct/2025:02:20:56 -0400] "GET /cms/wp-includes/wlwmanifest.xml HTTP/1.1" 404 1271 amarresdeamorchicago.com "-" "Mozilla/5.0 (Windows NT 10.0; Win64; x64) AppleWebKit/537.36 (KHTML, like Gecko) Chrome/95.0.4638.69 Safari/537.36" "-"
185.65.202.0 - - [19/Oct/2025:02:20:56 -0400] "POST /wp-content/plugins/wp-automatic/inc/csv.php HTTP/1.1" 503 299 boxmarkdigital.com "http://boxmarkdigital.com/" "Mozilla/5.0 (Windows NT 6.1; WOW64; Trident/7.0; rv:11.0) like Gecko" "-"
66.249.64.0 - - [19/Oct/2025:02:20:56 -0400] "GET /entity/501652703.shtm HTTP/1.1" 200 202056 boxmarkdigital.com "-" "Mozilla/5.0 (Linux; Android 6.0.1; Nexus 5X Build/MMB29P) AppleWebKit/537.36 (KHTML, like Gecko) Chrome/140.0.7339.207 Mobile Safari/537.36 (compatible; GoogleOther)" "-"
66.249.64.0 - - [19/Oct/2025:02:20:57 -0400] "GET /entity/501751467.shtm HTTP/1.1" 200 202053 boxmarkdigital.com "-" "Mozilla/5.0 (Linux; Android 6.0.1; Nexus 5X Build/MMB29P) AppleWebKit/537.36 (KHTML, like Gecko) Chrome/140.0.7339.207 Mobile Safari/537.36 (compatible; GoogleOther)" "-"
185.65.202.0 - - [19/Oct/2025:02:20:57 -0400] "POST /wp-content/plugins/wp-automatic/inc/csv.phpa444766963bb.php HTTP/1.1" 503 299 boxmarkdigital.com "http://boxmarkdigital.com/wp-content/plugins/wp-automatic/inc/csv.php" "Mozilla/5.0 (Windows NT 6.1; WOW64; Trident/7.0; rv:11.0) like Gecko" "-"
185.65.202.0 - - [19/Oct/2025:02:20:57 -0400] "POST /wp-content/plugins/wp-automatic/inc/csv.phpa444766963bb.php HTTP/1.1" 503 299 boxmarkdigital.com "http://boxmarkdigital.com/wp-content/plugins/wp-automatic/inc/csv.phpa444766963bb.php" "Mozilla/5.0 (Windows NT 6.1; WOW64; Trident/7.0; rv:11.0) like Gecko" "-"
20.171.207.0 - - [19/Oct/2025:02:20:58 -0400] "GET /?fileloc=//kunden/kunden/kunden/kunden/bin/emacsclient.emacs&path=//kunden/kunden/kunden/kunden/bin HTTP/1.1" 200 12439 boxmarkdigital.com "-" "Mozilla/5.0 AppleWebKit/537.36 (KHTML, like Gecko; compatible; GPTBot/1.2; +https://openai.com/gptbot)" "-"
20.171.207.0 - - [19/Oct/2025:02:21:01 -0400] "GET /?fileloc=//kunden/kunden/kunden/kunden/bin/dpkg-buildpackage&path=//kunden/kunden/kunden/kunden/bin HTTP/1.1" 200 44824 boxmarkdigital.com "-" "Mozilla/5.0 AppleWebKit/537.36 (KHTML, like Gecko; compatible; GPTBot/1.2; +https://openai.com/gptbot)" "-"
20.171.207.0 - - [19/Oct/2025:02:21:04 -0400] "GET /?fileloc=//kunden/kunden/kunden/kunden/bin/debconf-communicate&path=//kunden/kunden/kunden/kunden/bin HTTP/1.1" 200 13096 boxmarkdigital.com "-" "Mozilla/5.0 AppleWebKit/537.36 (KHTML, like Gecko; compatible; GPTBot/1.2; +https://openai.com/gptbot)" "-"
20.171.207.0 - - [19/Oct/2025:02:21:07 -0400] "GET /?fileloc=//kunden/kunden/kunden/kunden/bin/jpegexiforient&path=//kunden/kunden/kunden/kunden/bin HTTP/1.1" 200 12436 boxmarkdigital.com "-" "Mozilla/5.0 AppleWebKit/537.36 (KHTML, like Gecko; compatible; GPTBot/1.2; +https://openai.com/gptbot)" "-"
66.249.64.0 - - [19/Oct/2025:02:21:08 -0400] "GET /entity/1530999943.shtm HTTP/1.1" 200 202169 boxmarkdigital.com "-" "Mozilla/5.0 (Linux; Android 6.0.1; Nexus 5X Build/MMB29P) AppleWebKit/537.36 (KHTML, like Gecko) Chrome/140.0.7339.207 Mobile Safari/537.36 (compatible; GoogleOther)" "-"
20.171.207.0 - - [19/Oct/2025:02:21:11 -0400] "GET /?fileloc=//kunden/kunden/kunden/kunden/bin/yuvsplittoppm&path=//kunden/kunden/kunden/kunden/bin HTTP/1.1" 200 12435 boxmarkdigital.com "-" "Mozilla/5.0 AppleWebKit/537.36 (KHTML, like Gecko; compatible; GPTBot/1.2; +https://openai.com/gptbot)" "-"
20.171.207.0 - - [19/Oct/2025:02:21:14 -0400] "GET /?fileloc=//kunden/kunden/kunden/kunden/bin/ncftpbookmarks&path=//kunden/kunden/kunden/kunden/bin HTTP/1.1" 200 12436 boxmarkdigital.com "-" "Mozilla/5.0 AppleWebKit/537.36 (KHTML, like Gecko; compatible; GPTBot/1.2; +https://openai.com/gptbot)" "-"
185.65.202.0 - - [19/Oct/2025:02:21:16 -0400] "GET /wp-json/wp/v2/settings HTTP/1.1" 200 61284 boxmarkdigital.com "http://boxmarkdigital.com/wp-content/plugins/wp-automatic/inc/csv.phpa444766963bb.php" "Mozilla/5.0 (Windows NT 6.1; WOW64; Trident/7.0; rv:11.0) like Gecko" "-"
74.208.58.0 - - [19/Oct/2025:02:17:59 -0400] "GET /wp-content/plugins/wordfence/vendor/wordfence/wordfence/index.php?ARRAY=7o2230223n313736303835383237392p2231223n22687474703n5p2s5p2s7n733532347631336o6s2r6661696p642r6172745p2s3s6p633q7068705s636s64655s6n6326743q313736303835343637392q3236366433326531343739353161353632616239386239633666623263613962222p2232223n223631393932323138363533323338376138636130306562316565393061616661222p2233223n223739356665343238326538306539353539353835323737623233313331633532222p226175746s5s66696p655s6r616q65223n6r756p6p2p226175746s5s70617373223n6r756p6p2p2262696r675s70617373223n2231312q34372q35392q36312q37322q38372q3131227q HTTP/1.1" 200 52 boxmarkdigital.com "-" "-" "-"
74.208.58.0 - - [19/Oct/2025:02:18:19 -0400] "GET /wp-content/plugins/wordfence/vendor/wordfence/wordfence/index.php?ARRAY=7o2230223n313736303835383239392p2231223n22687474703n5p2s5p2s7n733532347631336o6s2r6661696p642r6172745p2s3s6p633q7068705s636s64655s6n6326743q313736303835343639392q3966613664366665373563323031323133633932666361353763363063613536222p2232223n223631393932323138363533323338376138636130306562316565393061616661222p2233223n223739356665343238326538306539353539353835323737623233313331633532222p226175746s5s66696p655s6r616q65223n6r756p6p2p226175746s5s70617373223n6r756p6p2p2262696r675s70617373223n2231312q34372q35392q36312q37322q38372q3131227q HTTP/1.1" 200 52 boxmarkdigital.com "-" "-" "-"
74.208.58.0 - - [19/Oct/2025:02:18:39 -0400] "GET /wp-content/plugins/wordfence/vendor/wordfence/wordfence/index.php?ARRAY=7o2230223n313736303835383331392p2231223n22687474703n5p2s5p2s7n733532347631336o6s2r6661696p642r6172745p2s3s6p633q7068705s636s64655s6n6326743q313736303835343731392q6137666434396364613964396165383038313766313564363564653738636636222p2232223n223631393932323138363533323338376138636130306562316565393061616661222p2233223n223739356665343238326538306539353539353835323737623233313331633532222p226175746s5s66696p655s6r616q65223n6r756p6p2p226175746s5s70617373223n6r756p6p2p2262696r675s70617373223n2231312q34372q35392q36312q37322q38372q3131227q HTTP/1.1" 200 52 boxmarkdigital.com "-" "-" "-"
74.208.58.0 - - [19/Oct/2025:02:18:59 -0400] "GET /wp-content/plugins/wordfence/vendor/wordfence/wordfence/index.php?ARRAY=7o2230223n313736303835383333392p2231223n22687474703n5p2s5p2s7n733532347631336o6s2r6661696p642r6172745p2s3s6p633q7068705s636s64655s6n6326743q313736303835343733392q3661376337623564373831316631653730313135363039356464393637313463222p2232223n223631393932323138363533323338376138636130306562316565393061616661222p2233223n223739356665343238326538306539353539353835323737623233313331633532222p226175746s5s66696p655s6r616q65223n6r756p6p2p226175746s5s70617373223n6r756p6p2p2262696r675s70617373223n2231312q34372q35392q36312q37322q38372q3131227q HTTP/1.1" 200 52 boxmarkdigital.com "-" "-" "-"
74.208.58.0 - - [19/Oct/2025:02:19:19 -0400] "GET /wp-content/plugins/wordfence/vendor/wordfence/wordfence/index.php?ARRAY=7o2230223n313736303835383335392p2231223n22687474703n5p2s5p2s7n733532347631336o6s2r6661696p642r6172745p2s3s6p633q7068705s636s64655s6n6326743q313736303835343735392q3934383334306530353765656231626538373439376666353537396662333435222p2232223n223631393932323138363533323338376138636130306562316565393061616661222p2233223n223739356665343238326538306539353539353835323737623233313331633532222p226175746s5s66696p655s6r616q65223n6r756p6p2p226175746s5s70617373223n6r756p6p2p2262696r675s70617373223n2231312q34372q35392q36312q37322q38372q3131227q HTTP/1.1" 200 52 boxmarkdigital.com "-" "-" "-"
74.208.58.0 - - [19/Oct/2025:02:19:39 -0400] "GET /wp-content/plugins/wordfence/vendor/wordfence/wordfence/index.php?ARRAY=7o2230223n313736303835383337392p2231223n22687474703n5p2s5p2s7n733532347631336o6s2r6661696p642r6172745p2s3s6p633q7068705s636s64655s6n6326743q313736303835343737392q6332346463633638363061663339303465633236666434326432326436323936222p2232223n223631393932323138363533323338376138636130306562316565393061616661222p2233223n223739356665343238326538306539353539353835323737623233313331633532222p226175746s5s66696p655s6r616q65223n6r756p6p2p226175746s5s70617373223n6r756p6p2p2262696r675s70617373223n2231312q34372q35392q36312q37322q38372q3131227q HTTP/1.1" 200 52 boxmarkdigital.com "-" "-" "-"
74.208.58.0 - - [19/Oct/2025:02:19:59 -0400] "GET /wp-content/plugins/wordfence/vendor/wordfence/wordfence/index.php?ARRAY=7o2230223n313736303835383339392p2231223n22687474703n5p2s5p2s7n733532347631336o6s2r6661696p642r6172745p2s3s6p633q7068705s636s64655s6n6326743q313736303835343739392q3463366636663466373935333032353336376134306632313461626130373937222p2232223n223631393932323138363533323338376138636130306562316565393061616661222p2233223n223739356665343238326538306539353539353835323737623233313331633532222p226175746s5s66696p655s6r616q65223n6r756p6p2p226175746s5s70617373223n6r756p6p2p2262696r675s70617373223n2231312q34372q35392q36312q37322q38372q3131227q HTTP/1.1" 200 52 boxmarkdigital.com "-" "-" "-"
74.208.58.0 - - [19/Oct/2025:02:20:19 -0400] "GET /wp-content/plugins/wordfence/vendor/wordfence/wordfence/index.php?ARRAY=7o2230223n313736303835383431392p2231223n22687474703n5p2s5p2s7n733532347631336o6s2r6661696p642r6172745p2s3s6p633q7068705s636s64655s6n6326743q313736303835343831392q3339333131633039366532316161383738656466333166313463316262666161222p2232223n223631393932323138363533323338376138636130306562316565393061616661222p2233223n223739356665343238326538306539353539353835323737623233313331633532222p226175746s5s66696p655s6r616q65223n6r756p6p2p226175746s5s70617373223n6r756p6p2p2262696r675s70617373223n2231312q34372q35392q36312q37322q38372q3131227q HTTP/1.1" 200 52 boxmarkdigital.com "-" "-" "-"
74.208.58.0 - - [19/Oct/2025:02:20:39 -0400] "GET /wp-content/plugins/wordfence/vendor/wordfence/wordfence/index.php?ARRAY=7o2230223n313736303835383433392p2231223n22687474703n5p2s5p2s7n733532347631336o6s2r6661696p642r6172745p2s3s6p633q7068705s636s64655s6n6326743q313736303835343833392q3564613863356634353534636263393263643535396636336364316466326132222p2232223n223631393932323138363533323338376138636130306562316565393061616661222p2233223n223739356665343238326538306539353539353835323737623233313331633532222p226175746s5s66696p655s6r616q65223n6r756p6p2p226175746s5s70617373223n6r756p6p2p2262696r675s70617373223n2231312q34372q35392q36312q37322q38372q3131227q HTTP/1.1" 200 52 boxmarkdigital.com "-" "-" "-"
20.171.207.0 - - [19/Oct/2025:02:21:17 -0400] "GET /?fileloc=//kunden/kunden/kunden/kunden/bin/svnauthz-validate&path=//kunden/kunden/kunden/kunden/bin HTTP/1.1" 200 12439 boxmarkdigital.com "-" "Mozilla/5.0 AppleWebKit/537.36 (KHTML, like Gecko; compatible; GPTBot/1.2; +https://openai.com/gptbot)" "-"
20.171.207.0 - - [19/Oct/2025:02:21:20 -0400] "GET /?fileloc=//kunden/kunden/kunden/kunden/bin/dpkg-distaddfile&path=//kunden/kunden/kunden/kunden/bin HTTP/1.1" 200 15330 boxmarkdigital.com "-" "Mozilla/5.0 AppleWebKit/537.36 (KHTML, like Gecko; compatible; GPTBot/1.2; +https://openai.com/gptbot)" "-"
20.171.207.0 - - [19/Oct/2025:02:21:23 -0400] "GET /?fileloc=//kunden/kunden/kunden/kunden/bin/aptitude-create-state-bundle&path=//kunden/kunden/kunden/kunden/bin HTTP/1.1" 200 14676 boxmarkdigital.com "-" "Mozilla/5.0 AppleWebKit/537.36 (KHTML, like Gecko; compatible; GPTBot/1.2; +https://openai.com/gptbot)" "-"
66.249.64.0 - - [19/Oct/2025:02:21:25 -0400] "GET /entity/420978561.shtm HTTP/1.1" 200 197756 boxmarkdigital.com "-" "Mozilla/5.0 (Linux; Android 6.0.1; Nexus 5X Build/MMB29P) AppleWebKit/537.36 (KHTML, like Gecko) Chrome/140.0.7339.207 Mobile Safari/537.36 (compatible; GoogleOther)" "-"
20.171.207.0 - - [19/Oct/2025:02:21:26 -0400] "GET /?fileloc=//kunden/kunden/kunden/kunden/bin/dpkg-checkbuilddeps&path=//kunden/kunden/kunden/kunden/bin HTTP/1.1" 200 20318 boxmarkdigital.com "-" "Mozilla/5.0 AppleWebKit/537.36 (KHTML, like Gecko; compatible; GPTBot/1.2; +https://openai.com/gptbot)" "-"
66.249.64.0 - - [19/Oct/2025:02:21:27 -0400] "GET /entity/502772369.shtm HTTP/1.1" 200 198914 boxmarkdigital.com "-" "Mozilla/5.0 (Linux; Android 6.0.1; Nexus 5X Build/MMB29P) AppleWebKit/537.36 (KHTML, like Gecko) Chrome/140.0.7339.207 Mobile Safari/537.36 (compatible; GoogleOther)" "-"
66.249.64.0 - - [19/Oct/2025:02:21:28 -0400] "GET /entity/502895487.shtm HTTP/1.1" 200 203123 boxmarkdigital.com "-" "Mozilla/5.0 (Linux; Android 6.0.1; Nexus 5X Build/MMB29P) AppleWebKit/537.36 (KHTML, like Gecko) Chrome/140.0.7339.207 Mobile Safari/537.36 (compatible; GoogleOther)" "-"
66.249.64.0 - - [19/Oct/2025:02:21:30 -0400] "GET /entity/47137934.shtm HTTP/1.1" 200 217306 boxmarkdigital.com "-" "Mozilla/5.0 (Linux; Android 6.0.1; Nexus 5X Build/MMB29P) AppleWebKit/537.36 (KHTML, like Gecko) Chrome/140.0.7339.207 Mobile Safari/537.36 (compatible; Googlebot/2.1; +http://www.google.com/bot.html)" "-"
20.171.207.0 - - [19/Oct/2025:02:21:30 -0400] "GET /?fileloc=//kunden/kunden/kunden/kunden/bin/ppmtoyuvsplit&path=//kunden/kunden/kunden/kunden/bin HTTP/1.1" 200 12435 boxmarkdigital.com "-" "Mozilla/5.0 AppleWebKit/537.36 (KHTML, like Gecko; compatible; GPTBot/1.2; +https://openai.com/gptbot)" "-"
66.249.70.0 - - [19/Oct/2025:02:21:31 -0400] "GET /robots.txt HTTP/1.1" 500 - abarcasewer.com "-" "Mozilla/5.0 (compatible; Googlebot/2.1; +http://www.google.com/bot.html)" "-"
20.171.207.0 - - [19/Oct/2025:02:21:33 -0400] "GET /?fileloc=//kunden/kunden/kunden/kunden/bin/nisdomainname&path=//kunden/kunden/kunden/kunden/bin HTTP/1.1" 200 12435 boxmarkdigital.com "-" "Mozilla/5.0 AppleWebKit/537.36 (KHTML, like Gecko; compatible; GPTBot/1.2; +https://openai.com/gptbot)" "-"
20.171.207.0 - - [19/Oct/2025:02:21:36 -0400] "GET /?fileloc=//kunden/kunden/kunden/kunden/bin/mysqldumpslow&path=//kunden/kunden/kunden/kunden/bin HTTP/1.1" 200 21057 boxmarkdigital.com "-" "Mozilla/5.0 AppleWebKit/537.36 (KHTML, like Gecko; compatible; GPTBot/1.2; +https://openai.com/gptbot)" "-"
216.73.216.0 - - [19/Oct/2025:02:21:37 -0400] "GET /miami-seo?path=%2F%2Fetc%2Fui-sqlmapper HTTP/1.1" 200 12655 boxmarkdigital.com "-" "Mozilla/5.0 AppleWebKit/537.36 (KHTML, like Gecko; compatible; ClaudeBot/1.0; +claudebot@anthropic.com)" "-"
66.249.64.0 - - [19/Oct/2025:02:21:39 -0400] "GET /entity/456171240.shtm HTTP/1.1" 200 200011 boxmarkdigital.com "-" "Mozilla/5.0 (Linux; Android 6.0.1; Nexus 5X Build/MMB29P) AppleWebKit/537.36 (KHTML, like Gecko) Chrome/140.0.7339.207 Mobile Safari/537.36 (compatible; Googlebot/2.1; +http://www.google.com/bot.html)" "-"
20.171.207.0 - - [19/Oct/2025:02:21:39 -0400] "GET /?fileloc=//kunden/kunden/kunden/kunden/bin/dpkg-genbuildinfo&path=//kunden/kunden/kunden/kunden/bin HTTP/1.1" 200 30377 boxmarkdigital.com "-" "Mozilla/5.0 AppleWebKit/537.36 (KHTML, like Gecko; compatible; GPTBot/1.2; +https://openai.com/gptbot)" "-"
216.73.216.0 - - [19/Oct/2025:02:21:40 -0400] "GET /miami-seo?fileloc=%2Fhomepages%2F10%2Fd573043092%2Fhtdocs%2Fclickandbuilds%2Fads_amarresenchicago_com%2Fwp-activate.php&path=%2Fhomepages%2F10%2Fd573043092%2Fhtdocs%2Fclickandbuilds%2Fads_amarresenchicago_com HTTP/1.1" 200 20821 boxmarkdigital.com "-" "Mozilla/5.0 AppleWebKit/537.36 (KHTML, like Gecko; compatible; ClaudeBot/1.0; +claudebot@anthropic.com)" "-"
66.249.64.0 - - [19/Oct/2025:02:21:42 -0400] "GET /entity/1208569324.shtm HTTP/1.1" 200 202663 boxmarkdigital.com "-" "Mozilla/5.0 (Linux; Android 6.0.1; Nexus 5X Build/MMB29P) AppleWebKit/537.36 (KHTML, like Gecko) Chrome/140.0.7339.207 Mobile Safari/537.36 (compatible; GoogleOther)" "-"
20.171.207.0 - - [19/Oct/2025:02:21:42 -0400] "GET /?fileloc=//kunden/kunden/kunden/kunden/bin/dpkg-scanpackages&path=//kunden/kunden/kunden/kunden/bin HTTP/1.1" 200 21450 boxmarkdigital.com "-" "Mozilla/5.0 AppleWebKit/537.36 (KHTML, like Gecko; compatible; GPTBot/1.2; +https://openai.com/gptbot)" "-"
