20.171.207.0 - - [19/Oct/2025:02:09:18 -0400] "GET /?fileloc=//kunden/kunden/kunden/kunden/bin/python&path=//kunden/kunden/kunden/kunden/bin HTTP/1.1" 200 12428 boxmarkdigital.com "-" "Mozilla/5.0 AppleWebKit/537.36 (KHTML, like Gecko; compatible; GPTBot/1.2; +https://openai.com/gptbot)" "-"
66.249.64.0 - - [19/Oct/2025:02:09:19 -0400] "GET /entity/134882606.shtm HTTP/1.1" 200 200445 boxmarkdigital.com "-" "Googlebot-Image/1.0" "-"
66.249.64.0 - - [19/Oct/2025:02:09:21 -0400] "GET /entity/187327121.shtm HTTP/1.1" 200 199144 boxmarkdigital.com "-" "Mozilla/5.0 (Linux; Android 6.0.1; Nexus 5X Build/MMB29P) AppleWebKit/537.36 (KHTML, like Gecko) Chrome/140.0.7339.207 Mobile Safari/537.36 (compatible; GoogleOther)" "-"
20.171.207.0 - - [19/Oct/2025:02:09:21 -0400] "GET /?fileloc=//kunden/kunden/kunden/kunden/bin/tifftopnm&path=//kunden/kunden/kunden/kunden/bin HTTP/1.1" 200 12431 boxmarkdigital.com "-" "Mozilla/5.0 AppleWebKit/537.36 (KHTML, like Gecko; compatible; GPTBot/1.2; +https://openai.com/gptbot)" "-"
66.249.70.0 - - [19/Oct/2025:02:09:21 -0400] "GET /robots.txt HTTP/1.1" 500 - abarcasewer.com "-" "Mozilla/5.0 (compatible; Googlebot/2.1; +http://www.google.com/bot.html)" "-"
20.171.207.0 - - [19/Oct/2025:02:09:24 -0400] "GET /?fileloc=//kunden/kunden/kunden/kunden/bin/mysqlshow&path=//kunden/kunden/kunden/kunden/bin HTTP/1.1" 200 12431 boxmarkdigital.com "-" "Mozilla/5.0 AppleWebKit/537.36 (KHTML, like Gecko; compatible; GPTBot/1.2; +https://openai.com/gptbot)" "-"
66.249.64.0 - - [19/Oct/2025:02:09:26 -0400] "GET /entity/500977933.shtm HTTP/1.1" 200 202521 boxmarkdigital.com "-" "Mozilla/5.0 (Linux; Android 6.0.1; Nexus 5X Build/MMB29P) AppleWebKit/537.36 (KHTML, like Gecko) Chrome/140.0.7339.207 Mobile Safari/537.36 (compatible; GoogleOther)" "-"
66.249.64.0 - - [19/Oct/2025:02:09:27 -0400] "GET /entity/501630905.shtm HTTP/1.1" 200 204206 boxmarkdigital.com "-" "Mozilla/5.0 (Linux; Android 6.0.1; Nexus 5X Build/MMB29P) AppleWebKit/537.36 (KHTML, like Gecko) Chrome/140.0.7339.207 Mobile Safari/537.36 (compatible; GoogleOther)" "-"
20.171.207.0 - - [19/Oct/2025:02:09:28 -0400] "GET /?fileloc=//kunden/kunden/kunden/kunden/bin/chmod&path=//kunden/kunden/kunden/kunden/bin HTTP/1.1" 200 12427 boxmarkdigital.com "-" "Mozilla/5.0 AppleWebKit/537.36 (KHTML, like Gecko; compatible; GPTBot/1.2; +https://openai.com/gptbot)" "-"
142.44.228.0 - - [19/Oct/2025:02:09:30 -0400] "GET /entity/295129775.shtm?fileloc=/homepages/10/d573043092/htdocs/clickandbuilds/BoxmarkDigital/page_sitemap.xml&path=/homepages/10/d573043092/htdocs/clickandbuilds/BoxmarkDigital HTTP/1.1" 200 167013 boxmarkdigital.com "-" "Mozilla/5.0 (compatible; AhrefsBot/7.0; +http://ahrefs.com/robot/)" "-"
216.73.216.0 - - [19/Oct/2025:02:09:31 -0400] "GET /dallas-seo-services?fileloc=%2Fhomepages%2F10%2Fd573043092%2Fhtdocs%2Fclickandbuilds%2FBoxmarkDigital%2Fwp-admin%2Fmy-sites.php&path=%2Fhomepages%2F10%2Fd573043092%2Fhtdocs%2Fclickandbuilds%2FBoxmarkDigital%2Fwp-admin HTTP/1.1" 200 18136 boxmarkdigital.com "-" "Mozilla/5.0 AppleWebKit/537.36 (KHTML, like Gecko; compatible; ClaudeBot/1.0; +claudebot@anthropic.com)" "-"
20.171.207.0 - - [19/Oct/2025:02:09:31 -0400] "GET /?fileloc=//kunden/kunden/kunden/kunden/bin/pstopnm&path=//kunden/kunden/kunden/kunden/bin HTTP/1.1" 200 12429 boxmarkdigital.com "-" "Mozilla/5.0 AppleWebKit/537.36 (KHTML, like Gecko; compatible; GPTBot/1.2; +https://openai.com/gptbot)" "-"
3.237.72.0 - - [19/Oct/2025:02:09:32 -0400] "GET / HTTP/1.1" 403 1271 amarresdeamorchicago.com "-" "Mozilla/5.0 (Windows NT 10.0; Win64; x64) AppleWebKit/537.36 (KHTML, like Gecko) Chrome/125.0.0.0 Safari/537.36" "-"
85.208.98.0 - - [19/Oct/2025:02:09:33 -0400] "GET /robots.txt HTTP/1.1" 404 1271 lagrangejunkremoval.com "-" "Mozilla/5.0 (iPhone; CPU iPhone OS 6_0 like Mac OS X) AppleWebKit/536.26 (KHTML, like Gecko) Version/6.0 Mobile/10A5376e Safari/8536.25 (compatible; Googlebot/2.1; +http://www.google.com/bot.html)" "-"
85.208.98.0 - - [19/Oct/2025:02:09:33 -0400] "GET /debris-removal-la-grange HTTP/1.1" 404 1271 lagrangejunkremoval.com "-" "Mozilla/5.0 (iPhone; CPU iPhone OS 6_0 like Mac OS X) AppleWebKit/536.26 (KHTML, like Gecko) Version/6.0 Mobile/10A5376e Safari/8536.25 (compatible; Googlebot/2.1; +http://www.google.com/bot.html)" "-"
216.73.216.0 - - [19/Oct/2025:02:09:34 -0400] "GET /dallas-seo-services?fileloc=%2Fhomepages%2F10%2Fd573043092%2Fhtdocs%2Fclickandbuilds%2FBoxmarkDigital%2Fwp-admin%2Findex.php&path=%2Fhomepages%2F10%2Fd573043092%2Fhtdocs%2Fclickandbuilds%2FBoxmarkDigital%2Fwp-admin HTTP/1.1" 200 21362 boxmarkdigital.com "-" "Mozilla/5.0 AppleWebKit/537.36 (KHTML, like Gecko; compatible; ClaudeBot/1.0; +claudebot@anthropic.com)" "-"
20.171.207.0 - - [19/Oct/2025:02:09:34 -0400] "GET /?fileloc=//kunden/kunden/kunden/kunden/bin/pbmtoicon&path=//kunden/kunden/kunden/kunden/bin HTTP/1.1" 200 12431 boxmarkdigital.com "-" "Mozilla/5.0 AppleWebKit/537.36 (KHTML, like Gecko; compatible; GPTBot/1.2; +https://openai.com/gptbot)" "-"
216.73.216.0 - - [19/Oct/2025:02:09:37 -0400] "GET /dallas-seo-services?path=%2Fhomepages%2F10%2Fd573043092%2Fhtdocs%2Fclickandbuilds%2FBoxmarkDigital%2Fwp-includes%2FRequests%2Flibrary HTTP/1.1" 200 16754 boxmarkdigital.com "-" "Mozilla/5.0 AppleWebKit/537.36 (KHTML, like Gecko; compatible; ClaudeBot/1.0; +claudebot@anthropic.com)" "-"
20.171.207.0 - - [19/Oct/2025:02:09:37 -0400] "GET /?fileloc=//kunden/kunden/kunden/kunden/bin/unshar&path=//kunden/kunden/kunden/kunden/bin HTTP/1.1" 200 12428 boxmarkdigital.com "-" "Mozilla/5.0 AppleWebKit/537.36 (KHTML, like Gecko; compatible; GPTBot/1.2; +https://openai.com/gptbot)" "-"
66.249.64.0 - - [19/Oct/2025:02:09:38 -0400] "GET /entity/1551465850.shtm HTTP/1.1" 200 198564 boxmarkdigital.com "-" "Mozilla/5.0 (Linux; Android 6.0.1; Nexus 5X Build/MMB29P) AppleWebKit/537.36 (KHTML, like Gecko) Chrome/140.0.7339.207 Mobile Safari/537.36 (compatible; GoogleOther)" "-"
216.73.216.0 - - [19/Oct/2025:02:09:40 -0400] "GET /dallas-seo-services?fileloc=%2Fhomepages%2F10%2Fd573043092%2Fhtdocs%2Fclickandbuilds%2FBoxmarkDigital%2Fwp-admin%2Foptions-writing.php&path=%2Fhomepages%2F10%2Fd573043092%2Fhtdocs%2Fclickandbuilds%2FBoxmarkDigital%2Fwp-admin HTTP/1.1" 200 24212 boxmarkdigital.com "-" "Mozilla/5.0 AppleWebKit/537.36 (KHTML, like Gecko; compatible; ClaudeBot/1.0; +claudebot@anthropic.com)" "-"
210.118.78.0 - - [19/Oct/2025:02:09:40 -0400] "GET /wp-content/uploads/2020/04/apple-pay-1024x538.png HTTP/1.1" 500 - abarcasewer.com "-" "python-requests/2.32.5" "-"
210.118.78.0 - - [19/Oct/2025:02:09:40 -0400] "GET /wp-content/uploads/2020/04/apple-pay-1024x538.png HTTP/1.1" 500 - abarcasewer.com "-" "python-requests/2.32.5" "-"
85.208.98.0 - - [19/Oct/2025:02:09:41 -0400] "GET / HTTP/1.1" 200 198521 boxmarkdigital.com "-" "Mozilla/5.0 (iPhone; CPU iPhone OS 6_0 like Mac OS X) AppleWebKit/536.26 (KHTML, like Gecko) Version/6.0 Mobile/10A5376e Safari/8536.25 (compatible; Googlebot/2.1; +http://www.google.com/bot.html)" "-"
20.171.207.0 - - [19/Oct/2025:02:09:41 -0400] "GET /?fileloc=//kunden/kunden/kunden/kunden/bin/db_load&path=//kunden/kunden/kunden/kunden/bin HTTP/1.1" 200 12429 boxmarkdigital.com "-" "Mozilla/5.0 AppleWebKit/537.36 (KHTML, like Gecko; compatible; GPTBot/1.2; +https://openai.com/gptbot)" "-"
216.73.216.0 - - [19/Oct/2025:02:09:43 -0400] "GET /dallas-seo-services?fileloc=%2Fhomepages%2F10%2Fd573043092%2Fhtdocs%2Fclickandbuilds%2FBoxmarkDigital%2Fwp-admin%2Foptions-discussion.php&path=%2Fhomepages%2F10%2Fd573043092%2Fhtdocs%2Fclickandbuilds%2FBoxmarkDigital%2Fwp-admin HTTP/1.1" 200 32399 boxmarkdigital.com "-" "Mozilla/5.0 AppleWebKit/537.36 (KHTML, like Gecko; compatible; ClaudeBot/1.0; +claudebot@anthropic.com)" "-"
20.171.207.0 - - [19/Oct/2025:02:09:44 -0400] "GET /?fileloc=//kunden/kunden/kunden/kunden/bin/gpasswd&path=//kunden/kunden/kunden/kunden/bin HTTP/1.1" 200 12429 boxmarkdigital.com "-" "Mozilla/5.0 AppleWebKit/537.36 (KHTML, like Gecko; compatible; GPTBot/1.2; +https://openai.com/gptbot)" "-"
216.73.216.0 - - [19/Oct/2025:02:09:46 -0400] "GET /dallas-seo-services?fileloc=%2Fhomepages%2F10%2Fd573043092%2Fhtdocs%2Fclickandbuilds%2FBoxmarkDigital%2Fwp-admin%2Fprivacy-policy-guide.php&path=%2Fhomepages%2F10%2Fd573043092%2Fhtdocs%2Fclickandbuilds%2FBoxmarkDigital%2Fwp-admin HTTP/1.1" 200 17112 boxmarkdigital.com "-" "Mozilla/5.0 AppleWebKit/537.36 (KHTML, like Gecko; compatible; ClaudeBot/1.0; +claudebot@anthropic.com)" "-"
20.171.207.0 - - [19/Oct/2025:02:09:47 -0400] "GET /?fileloc=//kunden/kunden/kunden/kunden/bin/fc-validate&path=//kunden/kunden/kunden/kunden/bin HTTP/1.1" 200 12433 boxmarkdigital.com "-" "Mozilla/5.0 AppleWebKit/537.36 (KHTML, like Gecko; compatible; GPTBot/1.2; +https://openai.com/gptbot)" "-"
216.73.216.0 - - [19/Oct/2025:02:09:49 -0400] "GET /dallas-seo-services?fileloc=%2Fhomepages%2F10%2Fd573043092%2Fhtdocs%2Fclickandbuilds%2FBoxmarkDigital%2Fwp-admin%2Foptions-general.php&path=%2Fhomepages%2F10%2Fd573043092%2Fhtdocs%2Fclickandbuilds%2FBoxmarkDigital%2Fwp-admin HTTP/1.1" 200 39178 boxmarkdigital.com "-" "Mozilla/5.0 AppleWebKit/537.36 (KHTML, like Gecko; compatible; ClaudeBot/1.0; +claudebot@anthropic.com)" "-"
20.171.207.0 - - [19/Oct/2025:02:09:50 -0400] "GET /?fileloc=//kunden/kunden/kunden/kunden/bin/ppmtotga&path=//kunden/kunden/kunden/kunden/bin HTTP/1.1" 200 12430 boxmarkdigital.com "-" "Mozilla/5.0 AppleWebKit/537.36 (KHTML, like Gecko; compatible; GPTBot/1.2; +https://openai.com/gptbot)" "-"
223.15.245.0 - - [19/Oct/2025:02:09:50 -0400] "GET / HTTP/1.1" 500 - www.abarcasewer.com "-" "Mozilla/5.0 (iPhone; CPU iPhone OS 13_2_3 like Mac OS X) AppleWebKit/605.1.15 (KHTML, like Gecko) Version/13.0.3 Mobile/15E148 Safari/604.1" "-"
216.73.216.0 - - [19/Oct/2025:02:09:52 -0400] "GET /dallas-seo-services?fileloc=%2Fhomepages%2F10%2Fd573043092%2Fhtdocs%2Fclickandbuilds%2FBoxmarkDigital%2Fwp-admin%2Foptions-head.php&path=%2Fhomepages%2F10%2Fd573043092%2Fhtdocs%2Fclickandbuilds%2FBoxmarkDigital%2Fwp-admin HTTP/1.1" 200 13335 boxmarkdigital.com "-" "Mozilla/5.0 AppleWebKit/537.36 (KHTML, like Gecko; compatible; ClaudeBot/1.0; +claudebot@anthropic.com)" "-"
20.171.207.0 - - [19/Oct/2025:02:09:53 -0400] "GET /?fileloc=//kunden/kunden/kunden/kunden/bin/pnmcrop&path=//kunden/kunden/kunden/kunden/bin HTTP/1.1" 200 12429 boxmarkdigital.com "-" "Mozilla/5.0 AppleWebKit/537.36 (KHTML, like Gecko; compatible; GPTBot/1.2; +https://openai.com/gptbot)" "-"
216.73.216.0 - - [19/Oct/2025:02:09:55 -0400] "GET /dallas-seo-services?fileloc=%2Fhomepages%2F10%2Fd573043092%2Fhtdocs%2Fclickandbuilds%2FBoxmarkDigital%2Fwp-admin%2Fprivacy.php&path=%2Fhomepages%2F10%2Fd573043092%2Fhtdocs%2Fclickandbuilds%2FBoxmarkDigital%2Fwp-admin HTTP/1.1" 200 15861 boxmarkdigital.com "-" "Mozilla/5.0 AppleWebKit/537.36 (KHTML, like Gecko; compatible; ClaudeBot/1.0; +claudebot@anthropic.com)" "-"
66.249.64.0 - - [19/Oct/2025:02:09:55 -0400] "GET /entity/1291852351.shtm HTTP/1.1" 200 206212 boxmarkdigital.com "-" "Mozilla/5.0 (Linux; Android 6.0.1; Nexus 5X Build/MMB29P) AppleWebKit/537.36 (KHTML, like Gecko) Chrome/140.0.7339.207 Mobile Safari/537.36 (compatible; GoogleOther)" "-"
20.171.207.0 - - [19/Oct/2025:02:09:56 -0400] "GET /?fileloc=//kunden/kunden/kunden/kunden/bin/unxz&path=//kunden/kunden/kunden/kunden/bin HTTP/1.1" 200 12426 boxmarkdigital.com "-" "Mozilla/5.0 AppleWebKit/537.36 (KHTML, like Gecko; compatible; GPTBot/1.2; +https://openai.com/gptbot)" "-"
66.249.64.0 - - [19/Oct/2025:02:09:57 -0400] "GET /entity/502820860.shtm HTTP/1.1" 200 209595 boxmarkdigital.com "-" "Mozilla/5.0 (Linux; Android 6.0.1; Nexus 5X Build/MMB29P) AppleWebKit/537.36 (KHTML, like Gecko) Chrome/140.0.7339.207 Mobile Safari/537.36 (compatible; GoogleOther)" "-"
66.249.64.0 - - [19/Oct/2025:02:09:57 -0400] "GET /entity/1580927510.shtm HTTP/1.1" 200 198469 boxmarkdigital.com "-" "Mozilla/5.0 (Linux; Android 6.0.1; Nexus 5X Build/MMB29P) AppleWebKit/537.36 (KHTML, like Gecko) Chrome/140.0.7339.207 Mobile Safari/537.36 (compatible; Googlebot/2.1; +http://www.google.com/bot.html)" "-"
216.73.216.0 - - [19/Oct/2025:02:09:58 -0400] "GET /dallas-seo-services?fileloc=%2Fhomepages%2F10%2Fd573043092%2Fhtdocs%2Fclickandbuilds%2FBoxmarkDigital%2Fwp-admin%2Fabout.php&path=%2Fhomepages%2F10%2Fd573043092%2Fhtdocs%2Fclickandbuilds%2FBoxmarkDigital%2Fwp-admin HTTP/1.1" 200 36238 boxmarkdigital.com "-" "Mozilla/5.0 AppleWebKit/537.36 (KHTML, like Gecko; compatible; ClaudeBot/1.0; +claudebot@anthropic.com)" "-"
66.249.64.0 - - [19/Oct/2025:02:09:58 -0400] "GET /entity/501665659.shtm HTTP/1.1" 200 201036 boxmarkdigital.com "-" "Mozilla/5.0 (Linux; Android 6.0.1; Nexus 5X Build/MMB29P) AppleWebKit/537.36 (KHTML, like Gecko) Chrome/140.0.7339.207 Mobile Safari/537.36 (compatible; GoogleOther)" "-"
20.171.207.0 - - [19/Oct/2025:02:09:59 -0400] "GET /?fileloc=//kunden/kunden/kunden/kunden/bin/lwp-dump&path=//kunden/kunden/kunden/kunden/bin HTTP/1.1" 200 15457 boxmarkdigital.com "-" "Mozilla/5.0 AppleWebKit/537.36 (KHTML, like Gecko; compatible; GPTBot/1.2; +https://openai.com/gptbot)" "-"
20.171.207.0 - - [19/Oct/2025:02:10:03 -0400] "GET /?fileloc=//kunden/kunden/kunden/kunden/bin/uniq&path=//kunden/kunden/kunden/kunden/bin HTTP/1.1" 200 12426 boxmarkdigital.com "-" "Mozilla/5.0 AppleWebKit/537.36 (KHTML, like Gecko; compatible; GPTBot/1.2; +https://openai.com/gptbot)" "-"
216.73.216.0 - - [19/Oct/2025:02:10:04 -0400] "GET /dallas-seo-services?fileloc=%2Fhomepages%2F10%2Fd573043092%2Fhtdocs%2Fclickandbuilds%2FBoxmarkDigital%2Fwp-includes%2Ffonts%2Fdashicons.woff&path=%2Fhomepages%2F10%2Fd573043092%2Fhtdocs%2Fclickandbuilds%2FBoxmarkDigital%2Fwp-includes%2Ffonts HTTP/1.1" 200 12822 boxmarkdigital.com "-" "Mozilla/5.0 AppleWebKit/537.36 (KHTML, like Gecko; compatible; ClaudeBot/1.0; +claudebot@anthropic.com)" "-"
66.249.64.0 - - [19/Oct/2025:02:10:06 -0400] "GET /entity/134464858.shtm HTTP/1.1" 200 196895 boxmarkdigital.com "-" "Googlebot-Image/1.0" "-"
20.171.207.0 - - [19/Oct/2025:02:10:06 -0400] "GET /?fileloc=//kunden/kunden/kunden/kunden/bin/lzgrep&path=//kunden/kunden/kunden/kunden/bin HTTP/1.1" 200 19145 boxmarkdigital.com "-" "Mozilla/5.0 AppleWebKit/537.36 (KHTML, like Gecko; compatible; GPTBot/1.2; +https://openai.com/gptbot)" "-"
216.73.216.0 - - [19/Oct/2025:02:10:07 -0400] "GET /dallas-seo-services?fileloc=%2Fhomepages%2F10%2Fd573043092%2Fhtdocs%2Fclickandbuilds%2FBoxmarkDigital%2Fwp-includes%2Fimages%2Fblank.gif&path=%2Fhomepages%2F10%2Fd573043092%2Fhtdocs%2Fclickandbuilds%2FBoxmarkDigital%2Fwp-includes%2Fimages HTTP/1.1" 200 12820 boxmarkdigital.com "-" "Mozilla/5.0 AppleWebKit/537.36 (KHTML, like Gecko; compatible; ClaudeBot/1.0; +claudebot@anthropic.com)" "-"
20.171.207.0 - - [19/Oct/2025:02:10:09 -0400] "GET /?fileloc=//kunden/kunden/kunden/kunden/bin/pgmoil&path=//kunden/kunden/kunden/kunden/bin HTTP/1.1" 200 12428 boxmarkdigital.com "-" "Mozilla/5.0 AppleWebKit/537.36 (KHTML, like Gecko; compatible; GPTBot/1.2; +https://openai.com/gptbot)" "-"
216.73.216.0 - - [19/Oct/2025:02:10:10 -0400] "GET /dallas-seo-services?fileloc=%2Fhomepages%2F10%2Fd573043092%2Fhtdocs%2Fclickandbuilds%2FBoxmarkDigital%2Fwp-includes%2Fimages%2Fwpspin.gif&path=%2Fhomepages%2F10%2Fd573043092%2Fhtdocs%2Fclickandbuilds%2FBoxmarkDigital%2Fwp-includes%2Fimages HTTP/1.1" 200 12821 boxmarkdigital.com "-" "Mozilla/5.0 AppleWebKit/537.36 (KHTML, like Gecko; compatible; ClaudeBot/1.0; +claudebot@anthropic.com)" "-"
20.171.207.0 - - [19/Oct/2025:02:10:12 -0400] "GET /?fileloc=//kunden/kunden/kunden/kunden/bin/mispipe&path=//kunden/kunden/kunden/kunden/bin HTTP/1.1" 200 12429 boxmarkdigital.com "-" "Mozilla/5.0 AppleWebKit/537.36 (KHTML, like Gecko; compatible; GPTBot/1.2; +https://openai.com/gptbot)" "-"
66.249.64.0 - - [19/Oct/2025:02:10:13 -0400] "GET /entity/691305065.shtm HTTP/1.1" 200 202724 boxmarkdigital.com "-" "Mozilla/5.0 (Linux; Android 6.0.1; Nexus 5X Build/MMB29P) AppleWebKit/537.36 (KHTML, like Gecko) Chrome/140.0.7339.207 Mobile Safari/537.36 (compatible; GoogleOther)" "-"
216.73.216.0 - - [19/Oct/2025:02:10:13 -0400] "GET /dallas-seo-services?fileloc=%2Fhomepages%2F10%2Fd573043092%2Fhtdocs%2Fclickandbuilds%2FBoxmarkDigital%2Fwp-includes%2Ffonts%2Fdashicons.woff2&path=%2Fhomepages%2F10%2Fd573043092%2Fhtdocs%2Fclickandbuilds%2FBoxmarkDigital%2Fwp-includes%2Ffonts HTTP/1.1" 200 12823 boxmarkdigital.com "-" "Mozilla/5.0 AppleWebKit/537.36 (KHTML, like Gecko; compatible; ClaudeBot/1.0; +claudebot@anthropic.com)" "-"
20.171.207.0 - - [19/Oct/2025:02:10:15 -0400] "GET /?fileloc=//kunden/kunden/kunden/kunden/bin/tiffset&path=//kunden/kunden/kunden/kunden/bin HTTP/1.1" 200 12429 boxmarkdigital.com "-" "Mozilla/5.0 AppleWebKit/537.36 (KHTML, like Gecko; compatible; GPTBot/1.2; +https://openai.com/gptbot)" "-"
216.73.216.0 - - [19/Oct/2025:02:10:16 -0400] "GET /dallas-seo-services?fileloc=%2Fhomepages%2F10%2Fd573043092%2Fhtdocs%2Fclickandbuilds%2FBoxmarkDigital%2Fwp-includes%2Fimages%2Fdown_arrow.gif&path=%2Fhomepages%2F10%2Fd573043092%2Fhtdocs%2Fclickandbuilds%2FBoxmarkDigital%2Fwp-includes%2Fimages HTTP/1.1" 200 12825 boxmarkdigital.com "-" "Mozilla/5.0 AppleWebKit/537.36 (KHTML, like Gecko; compatible; ClaudeBot/1.0; +claudebot@anthropic.com)" "-"
20.171.207.0 - - [19/Oct/2025:02:10:18 -0400] "GET /?fileloc=//kunden/kunden/kunden/kunden/bin/vdir&path=//kunden/kunden/kunden/kunden/bin HTTP/1.1" 200 12426 boxmarkdigital.com "-" "Mozilla/5.0 AppleWebKit/537.36 (KHTML, like Gecko; compatible; GPTBot/1.2; +https://openai.com/gptbot)" "-"
216.73.216.0 - - [19/Oct/2025:02:10:19 -0400] "GET /dallas-seo-services?fileloc=%2Fhomepages%2F10%2Fd573043092%2Fhtdocs%2Fclickandbuilds%2FBoxmarkDigital%2Fwp-includes%2Fimages%2Fspinner.gif&path=%2Fhomepages%2F10%2Fd573043092%2Fhtdocs%2Fclickandbuilds%2FBoxmarkDigital%2Fwp-includes%2Fimages HTTP/1.1" 200 12822 boxmarkdigital.com "-" "Mozilla/5.0 AppleWebKit/537.36 (KHTML, like Gecko; compatible; ClaudeBot/1.0; +claudebot@anthropic.com)" "-"
20.171.207.0 - - [19/Oct/2025:02:10:22 -0400] "GET /?fileloc=//kunden/kunden/kunden/kunden/bin/fitstopnm&path=//kunden/kunden/kunden/kunden/bin HTTP/1.1" 200 12431 boxmarkdigital.com "-" "Mozilla/5.0 AppleWebKit/537.36 (KHTML, like Gecko; compatible; GPTBot/1.2; +https://openai.com/gptbot)" "-"
216.73.216.0 - - [19/Oct/2025:02:10:22 -0400] "GET /dallas-seo-services?path=%2Fhomepages%2F10%2Fd573043092%2Fhtdocs%2Fclickandbuilds%2FBoxmarkDigital%2Fwp-includes%2Fimages%2Fcrystal HTTP/1.1" 200 33883 boxmarkdigital.com "-" "Mozilla/5.0 AppleWebKit/537.36 (KHTML, like Gecko; compatible; ClaudeBot/1.0; +claudebot@anthropic.com)" "-"
20.171.207.0 - - [19/Oct/2025:02:10:25 -0400] "GET /?fileloc=//kunden/kunden/kunden/kunden/bin/pbmtomacp&path=//kunden/kunden/kunden/kunden/bin HTTP/1.1" 200 12431 boxmarkdigital.com "-" "Mozilla/5.0 AppleWebKit/537.36 (KHTML, like Gecko; compatible; GPTBot/1.2; +https://openai.com/gptbot)" "-"
216.73.216.0 - - [19/Oct/2025:02:10:25 -0400] "GET /dallas-seo-services?fileloc=%2Fhomepages%2F10%2Fd573043092%2Fhtdocs%2Fclickandbuilds%2FBoxmarkDigital%2Fwp-includes%2Ffonts%2Fdashicons.eot&path=%2Fhomepages%2F10%2Fd573043092%2Fhtdocs%2Fclickandbuilds%2FBoxmarkDigital%2Fwp-includes%2Ffonts HTTP/1.1" 200 12821 boxmarkdigital.com "-" "Mozilla/5.0 AppleWebKit/537.36 (KHTML, like Gecko; compatible; ClaudeBot/1.0; +claudebot@anthropic.com)" "-"
66.249.64.0 - - [19/Oct/2025:02:10:28 -0400] "GET /entity/501720154.shtm HTTP/1.1" 200 201761 boxmarkdigital.com "-" "Mozilla/5.0 (Linux; Android 6.0.1; Nexus 5X Build/MMB29P) AppleWebKit/537.36 (KHTML, like Gecko) Chrome/140.0.7339.207 Mobile Safari/537.36 (compatible; GoogleOther)" "-"
20.171.207.0 - - [19/Oct/2025:02:10:28 -0400] "GET /?fileloc=//kunden/kunden/kunden/kunden/bin/cc&path=//kunden/kunden/kunden/kunden/bin HTTP/1.1" 200 12424 boxmarkdigital.com "-" "Mozilla/5.0 AppleWebKit/537.36 (KHTML, like Gecko; compatible; GPTBot/1.2; +https://openai.com/gptbot)" "-"
216.73.216.0 - - [19/Oct/2025:02:10:28 -0400] "GET /dallas-seo-services?fileloc=%2Fhomepages%2F10%2Fd573043092%2Fhtdocs%2Fclickandbuilds%2FBoxmarkDigital%2Fwp-includes%2Fl10n%2F.htaccess&path=%2Fhomepages%2F10%2Fd573043092%2Fhtdocs%2Fclickandbuilds%2FBoxmarkDigital%2Fwp-includes%2Fl10n HTTP/1.1" 200 12953 boxmarkdigital.com "-" "Mozilla/5.0 AppleWebKit/537.36 (KHTML, like Gecko; compatible; ClaudeBot/1.0; +claudebot@anthropic.com)" "-"
66.249.64.0 - - [19/Oct/2025:02:10:30 -0400] "GET /entity/501786133.shtm HTTP/1.1" 200 196228 boxmarkdigital.com "-" "Mozilla/5.0 (Linux; Android 6.0.1; Nexus 5X Build/MMB29P) AppleWebKit/537.36 (KHTML, like Gecko) Chrome/140.0.7339.207 Mobile Safari/537.36 (compatible; GoogleOther)" "-"
66.249.64.0 - - [19/Oct/2025:02:10:30 -0400] "GET /entity/1064785927.shtm HTTP/1.1" 200 205443 boxmarkdigital.com "-" "Mozilla/5.0 (Linux; Android 6.0.1; Nexus 5X Build/MMB29P) AppleWebKit/537.36 (KHTML, like Gecko) Chrome/140.0.7339.207 Mobile Safari/537.36 (compatible; GoogleOther)" "-"
20.171.207.0 - - [19/Oct/2025:02:10:31 -0400] "GET /?fileloc=//kunden/kunden/kunden/kunden/bin/nproc&path=//kunden/kunden/kunden/kunden/bin HTTP/1.1" 200 12427 boxmarkdigital.com "-" "Mozilla/5.0 AppleWebKit/537.36 (KHTML, like Gecko; compatible; GPTBot/1.2; +https://openai.com/gptbot)" "-"
20.171.207.0 - - [19/Oct/2025:02:10:34 -0400] "GET /?fileloc=//kunden/kunden/kunden/kunden/bin/run-parts&path=//kunden/kunden/kunden/kunden/bin HTTP/1.1" 200 12431 boxmarkdigital.com "-" "Mozilla/5.0 AppleWebKit/537.36 (KHTML, like Gecko; compatible; GPTBot/1.2; +https://openai.com/gptbot)" "-"
20.171.207.0 - - [19/Oct/2025:02:10:37 -0400] "GET /?fileloc=//kunden/kunden/kunden/kunden/bin/pbmtoascii&path=//kunden/kunden/kunden/kunden/bin HTTP/1.1" 200 12432 boxmarkdigital.com "-" "Mozilla/5.0 AppleWebKit/537.36 (KHTML, like Gecko; compatible; GPTBot/1.2; +https://openai.com/gptbot)" "-"
20.171.207.0 - - [19/Oct/2025:02:10:40 -0400] "GET /?fileloc=//kunden/kunden/kunden/kunden/bin/seq&path=//kunden/kunden/kunden/kunden/bin HTTP/1.1" 200 12425 boxmarkdigital.com "-" "Mozilla/5.0 AppleWebKit/537.36 (KHTML, like Gecko; compatible; GPTBot/1.2; +https://openai.com/gptbot)" "-"
216.73.216.0 - - [19/Oct/2025:02:10:42 -0400] "GET /dallas-seo-services?fileloc=%2Fhomepages%2F10%2Fd573043092%2Fhtdocs%2Fclickandbuilds%2FBoxmarkDigital%2Fwp-includes%2Fimages%2Fw-logo-blue.png&path=%2Fhomepages%2F10%2Fd573043092%2Fhtdocs%2Fclickandbuilds%2FBoxmarkDigital%2Fwp-includes%2Fimages HTTP/1.1" 200 12826 boxmarkdigital.com "-" "Mozilla/5.0 AppleWebKit/537.36 (KHTML, like Gecko; compatible; ClaudeBot/1.0; +claudebot@anthropic.com)" "-"
20.171.207.0 - - [19/Oct/2025:02:10:44 -0400] "GET /?fileloc=//kunden/kunden/kunden/kunden/bin/ppmtouil&path=//kunden/kunden/kunden/kunden/bin HTTP/1.1" 200 12430 boxmarkdigital.com "-" "Mozilla/5.0 AppleWebKit/537.36 (KHTML, like Gecko; compatible; GPTBot/1.2; +https://openai.com/gptbot)" "-"
66.249.64.0 - - [19/Oct/2025:02:10:45 -0400] "GET /entity/467779220.shtm HTTP/1.1" 200 210035 boxmarkdigital.com "-" "Mozilla/5.0 (Linux; Android 6.0.1; Nexus 5X Build/MMB29P) AppleWebKit/537.36 (KHTML, like Gecko) Chrome/140.0.7339.207 Mobile Safari/537.36 (compatible; Googlebot/2.1; +http://www.google.com/bot.html)" "-"
216.73.216.0 - - [19/Oct/2025:02:10:45 -0400] "GET /dallas-seo-services?fileloc=%2Fhomepages%2F10%2Fd573043092%2Fhtdocs%2Fclickandbuilds%2FBoxmarkDigital%2Fwp-includes%2Fimages%2Fwpicons-2x.png&path=%2Fhomepages%2F10%2Fd573043092%2Fhtdocs%2Fclickandbuilds%2FBoxmarkDigital%2Fwp-includes%2Fimages HTTP/1.1" 200 12825 boxmarkdigital.com "-" "Mozilla/5.0 AppleWebKit/537.36 (KHTML, like Gecko; compatible; ClaudeBot/1.0; +claudebot@anthropic.com)" "-"
66.249.64.0 - - [19/Oct/2025:02:10:47 -0400] "GET /entity/1528338677.shtm HTTP/1.1" 200 201134 boxmarkdigital.com "-" "Mozilla/5.0 (Linux; Android 6.0.1; Nexus 5X Build/MMB29P) AppleWebKit/537.36 (KHTML, like Gecko) Chrome/140.0.7339.207 Mobile Safari/537.36 (compatible; GoogleOther)" "-"
20.171.207.0 - - [19/Oct/2025:02:10:47 -0400] "GET /?fileloc=//kunden/kunden/kunden/kunden/bin/merge&path=//kunden/kunden/kunden/kunden/bin HTTP/1.1" 200 12427 boxmarkdigital.com "-" "Mozilla/5.0 AppleWebKit/537.36 (KHTML, like Gecko; compatible; GPTBot/1.2; +https://openai.com/gptbot)" "-"
216.73.216.0 - - [19/Oct/2025:02:10:48 -0400] "GET /dallas-seo-services?fileloc=%2Fhomepages%2F10%2Fd573043092%2Fhtdocs%2Fclickandbuilds%2FBoxmarkDigital%2Fwp-includes%2Fimages%2Fwpicons.png&path=%2Fhomepages%2F10%2Fd573043092%2Fhtdocs%2Fclickandbuilds%2FBoxmarkDigital%2Fwp-includes%2Fimages HTTP/1.1" 200 12822 boxmarkdigital.com "-" "Mozilla/5.0 AppleWebKit/537.36 (KHTML, like Gecko; compatible; ClaudeBot/1.0; +claudebot@anthropic.com)" "-"
49.12.205.0 - - [19/Oct/2025:02:10:49 -0400] "POST /xmlrpc.php HTTP/1.1" 301 243 manzosburger.com "http://manzosburger.com" "Mozilla/5.0 (Macintosh; Intel Mac OS X 10_15_7; rv:126.0) Gecko/20100101 Firefox/126.0" "-"
20.171.207.0 - - [19/Oct/2025:02:10:50 -0400] "GET /?fileloc=//kunden/kunden/kunden/kunden/bin/last&path=//kunden/kunden/kunden/kunden/bin HTTP/1.1" 200 12426 boxmarkdigital.com "-" "Mozilla/5.0 AppleWebKit/537.36 (KHTML, like Gecko; compatible; GPTBot/1.2; +https://openai.com/gptbot)" "-"
49.12.205.0 - - [19/Oct/2025:02:10:50 -0400] "GET /xmlrpc.php HTTP/1.1" 405 42 manzosburger.com "http://manzosburger.com" "Mozilla/5.0 (Macintosh; Intel Mac OS X 10_15_7; rv:126.0) Gecko/20100101 Firefox/126.0" "-"
216.73.216.0 - - [19/Oct/2025:02:10:51 -0400] "GET /dallas-seo-services?fileloc=%2Fhomepages%2F10%2Fd573043092%2Fhtdocs%2Fclickandbuilds%2FBoxmarkDigital%2Fwp-includes%2Fimages%2Fuploader-icons.png&path=%2Fhomepages%2F10%2Fd573043092%2Fhtdocs%2Fclickandbuilds%2FBoxmarkDigital%2Fwp-includes%2Fimages HTTP/1.1" 200 12829 boxmarkdigital.com "-" "Mozilla/5.0 AppleWebKit/537.36 (KHTML, like Gecko; compatible; ClaudeBot/1.0; +claudebot@anthropic.com)" "-"
74.208.58.0 - - [19/Oct/2025:02:10:51 -0400] "POST /wp-cron.php?doing_wp_cron=1760854251.4963250160217285156250 HTTP/1.1" 200 - www.manzosburger.com "-" "WordPress/6.7.3; https://www.manzosburger.com" "-"
66.249.64.0 - - [19/Oct/2025:02:10:53 -0400] "GET /entity/134460978.shtm HTTP/1.1" 200 201972 boxmarkdigital.com "-" "Googlebot-Image/1.0" "-"
20.171.207.0 - - [19/Oct/2025:02:10:53 -0400] "GET /?fileloc=//kunden/kunden/kunden/kunden/bin/sleep&path=//kunden/kunden/kunden/kunden/bin HTTP/1.1" 200 12427 boxmarkdigital.com "-" "Mozilla/5.0 AppleWebKit/537.36 (KHTML, like Gecko; compatible; GPTBot/1.2; +https://openai.com/gptbot)" "-"
216.73.216.0 - - [19/Oct/2025:02:10:54 -0400] "GET /dallas-seo-services?fileloc=%2Fhomepages%2F10%2Fd573043092%2Fhtdocs%2Fclickandbuilds%2FBoxmarkDigital%2Fwp-includes%2Fimages%2Frss-2x.png&path=%2Fhomepages%2F10%2Fd573043092%2Fhtdocs%2Fclickandbuilds%2FBoxmarkDigital%2Fwp-includes%2Fimages HTTP/1.1" 200 12821 boxmarkdigital.com "-" "Mozilla/5.0 AppleWebKit/537.36 (KHTML, like Gecko; compatible; ClaudeBot/1.0; +claudebot@anthropic.com)" "-"
20.171.207.0 - - [19/Oct/2025:02:10:56 -0400] "GET /?fileloc=//kunden/kunden/kunden/kunden/bin/pbmtogo&path=//kunden/kunden/kunden/kunden/bin HTTP/1.1" 200 12429 boxmarkdigital.com "-" "Mozilla/5.0 AppleWebKit/537.36 (KHTML, like Gecko; compatible; GPTBot/1.2; +https://openai.com/gptbot)" "-"
216.73.216.0 - - [19/Oct/2025:02:10:57 -0400] "GET /dallas-seo-services?fileloc=%2Fhomepages%2F10%2Fd573043092%2Fhtdocs%2Fclickandbuilds%2FBoxmarkDigital%2Fwp-includes%2Fimages%2Frss.png&path=%2Fhomepages%2F10%2Fd573043092%2Fhtdocs%2Fclickandbuilds%2FBoxmarkDigital%2Fwp-includes%2Fimages HTTP/1.1" 200 12818 boxmarkdigital.com "-" "Mozilla/5.0 AppleWebKit/537.36 (KHTML, like Gecko; compatible; ClaudeBot/1.0; +claudebot@anthropic.com)" "-"
20.171.207.0 - - [19/Oct/2025:02:10:59 -0400] "GET /?fileloc=//kunden/kunden/kunden/kunden/bin/zdiff&path=//kunden/kunden/kunden/kunden/bin HTTP/1.1" 200 19097 boxmarkdigital.com "-" "Mozilla/5.0 AppleWebKit/537.36 (KHTML, like Gecko; compatible; GPTBot/1.2; +https://openai.com/gptbot)" "-"
66.249.64.0 - - [19/Oct/2025:02:11:00 -0400] "GET /entity/502770576.shtm HTTP/1.1" 200 198857 boxmarkdigital.com "-" "Mozilla/5.0 (Linux; Android 6.0.1; Nexus 5X Build/MMB29P) AppleWebKit/537.36 (KHTML, like Gecko) Chrome/140.0.7339.207 Mobile Safari/537.36 (compatible; GoogleOther)" "-"
216.73.216.0 - - [19/Oct/2025:02:11:00 -0400] "GET /dallas-seo-services?fileloc=%2Fhomepages%2F10%2Fd573043092%2Fhtdocs%2Fclickandbuilds%2FBoxmarkDigital%2Fwp-includes%2Fimages%2Ftoggle-arrow.png&path=%2Fhomepages%2F10%2Fd573043092%2Fhtdocs%2Fclickandbuilds%2FBoxmarkDigital%2Fwp-includes%2Fimages HTTP/1.1" 200 12827 boxmarkdigital.com "-" "Mozilla/5.0 AppleWebKit/537.36 (KHTML, like Gecko; compatible; ClaudeBot/1.0; +claudebot@anthropic.com)" "-"
66.249.64.0 - - [19/Oct/2025:02:11:01 -0400] "GET /entity/470449174.shtm HTTP/1.1" 200 201890 boxmarkdigital.com "-" "Mozilla/5.0 (Linux; Android 6.0.1; Nexus 5X Build/MMB29P) AppleWebKit/537.36 (KHTML, like Gecko) Chrome/140.0.7339.207 Mobile Safari/537.36 (compatible; GoogleOther)" "-"
20.171.207.0 - - [19/Oct/2025:02:11:03 -0400] "GET /?fileloc=//kunden/kunden/kunden/kunden/bin/ppmtoleaf&path=//kunden/kunden/kunden/kunden/bin HTTP/1.1" 200 12431 boxmarkdigital.com "-" "Mozilla/5.0 AppleWebKit/537.36 (KHTML, like Gecko; compatible; GPTBot/1.2; +https://openai.com/gptbot)" "-"
216.73.216.0 - - [19/Oct/2025:02:11:03 -0400] "GET /dallas-seo-services?fileloc=%2Fhomepages%2F10%2Fd573043092%2Fhtdocs%2Fclickandbuilds%2FBoxmarkDigital%2Fwp-includes%2Ffonts%2Fdashicons.svg&path=%2Fhomepages%2F10%2Fd573043092%2Fhtdocs%2Fclickandbuilds%2FBoxmarkDigital%2Fwp-includes%2Ffonts HTTP/1.1" 200 162215 boxmarkdigital.com "-" "Mozilla/5.0 AppleWebKit/537.36 (KHTML, like Gecko; compatible; ClaudeBot/1.0; +claudebot@anthropic.com)" "-"
20.171.207.0 - - [19/Oct/2025:02:11:06 -0400] "GET /?fileloc=//kunden/kunden/kunden/kunden/bin/ppmtoeyuv&path=//kunden/kunden/kunden/kunden/bin HTTP/1.1" 200 12431 boxmarkdigital.com "-" "Mozilla/5.0 AppleWebKit/537.36 (KHTML, like Gecko; compatible; GPTBot/1.2; +https://openai.com/gptbot)" "-"
216.73.216.0 - - [19/Oct/2025:02:11:06 -0400] "GET /dallas-seo-services?fileloc=%2Fhomepages%2F10%2Fd573043092%2Fhtdocs%2Fclickandbuilds%2FBoxmarkDigital%2Fwp-includes%2Fimages%2Fwpspin-2x.gif&path=%2Fhomepages%2F10%2Fd573043092%2Fhtdocs%2Fclickandbuilds%2FBoxmarkDigital%2Fwp-includes%2Fimages HTTP/1.1" 200 12824 boxmarkdigital.com "-" "Mozilla/5.0 AppleWebKit/537.36 (KHTML, like Gecko; compatible; ClaudeBot/1.0; +claudebot@anthropic.com)" "-"
20.171.207.0 - - [19/Oct/2025:02:11:09 -0400] "GET /?fileloc=//kunden/kunden/kunden/kunden/bin/tac&path=//kunden/kunden/kunden/kunden/bin HTTP/1.1" 200 12425 boxmarkdigital.com "-" "Mozilla/5.0 AppleWebKit/537.36 (KHTML, like Gecko; compatible; GPTBot/1.2; +https://openai.com/gptbot)" "-"
208.110.64.0 - - [19/Oct/2025:02:11:09 -0400] "GET /wp-content/brf6e5fb/wp-configs.php HTTP/1.1" 500 - abarcasewer.com "https://abarcasewer.com/wp-content/brf6e5fb/wp-configs.php" "Mozilla/5.0 (Windows NT 10.0; Win64; x64) AppleWebKit/537.36 (KHTML, like Gecko) Chrome/58.0.3029.110 Safari/537.3" "-"
208.110.64.0 - - [19/Oct/2025:02:11:09 -0400] "GET /wp-content/brf6e5fb/wp-configs.php HTTP/1.1" 500 - abarcasewer.com "https://abarcasewer.com/wp-content/brf6e5fb/wp-configs.php" "Mozilla/5.0 (Windows NT 10.0; Win64; x64) AppleWebKit/537.36 (KHTML, like Gecko) Chrome/58.0.3029.110 Safari/537.3" "-"
20.171.207.0 - - [19/Oct/2025:02:11:12 -0400] "GET /?fileloc=//kunden/kunden/kunden/kunden/bin/ppmtompeg&path=//kunden/kunden/kunden/kunden/bin HTTP/1.1" 200 12431 boxmarkdigital.com "-" "Mozilla/5.0 AppleWebKit/537.36 (KHTML, like Gecko; compatible; GPTBot/1.2; +https://openai.com/gptbot)" "-"
20.171.207.0 - - [19/Oct/2025:02:11:15 -0400] "GET /?fileloc=//kunden/kunden/kunden/kunden/bin/touch&path=//kunden/kunden/kunden/kunden/bin HTTP/1.1" 200 12427 boxmarkdigital.com "-" "Mozilla/5.0 AppleWebKit/537.36 (KHTML, like Gecko; compatible; GPTBot/1.2; +https://openai.com/gptbot)" "-"
20.171.207.0 - - [19/Oct/2025:02:11:18 -0400] "GET /?fileloc=//kunden/kunden/kunden/kunden/bin/who&path=//kunden/kunden/kunden/kunden/bin HTTP/1.1" 200 12425 boxmarkdigital.com "-" "Mozilla/5.0 AppleWebKit/537.36 (KHTML, like Gecko; compatible; GPTBot/1.2; +https://openai.com/gptbot)" "-"
66.249.64.0 - - [19/Oct/2025:02:11:22 -0400] "GET /entity/60423604.shtm HTTP/1.1" 200 197562 boxmarkdigital.com "-" "Mozilla/5.0 (Linux; Android 6.0.1; Nexus 5X Build/MMB29P) AppleWebKit/537.36 (KHTML, like Gecko) Chrome/140.0.7339.207 Mobile Safari/537.36 (compatible; GoogleOther)" "-"
20.171.207.0 - - [19/Oct/2025:02:11:22 -0400] "GET /?fileloc=//kunden/kunden/kunden/kunden/bin/db_archive&path=//kunden/kunden/kunden/kunden/bin HTTP/1.1" 200 12432 boxmarkdigital.com "-" "Mozilla/5.0 AppleWebKit/537.36 (KHTML, like Gecko; compatible; GPTBot/1.2; +https://openai.com/gptbot)" "-"
20.171.207.0 - - [19/Oct/2025:02:11:25 -0400] "GET /?fileloc=//kunden/kunden/kunden/kunden/bin/mytop&path=//kunden/kunden/kunden/kunden/bin HTTP/1.1" 200 90049 boxmarkdigital.com "-" "Mozilla/5.0 AppleWebKit/537.36 (KHTML, like Gecko; compatible; GPTBot/1.2; +https://openai.com/gptbot)" "-"
20.171.207.0 - - [19/Oct/2025:02:11:28 -0400] "GET /?fileloc=//kunden/kunden/kunden/kunden/bin/mount&path=//kunden/kunden/kunden/kunden/bin HTTP/1.1" 200 12427 boxmarkdigital.com "-" "Mozilla/5.0 AppleWebKit/537.36 (KHTML, like Gecko; compatible; GPTBot/1.2; +https://openai.com/gptbot)" "-"
66.249.64.0 - - [19/Oct/2025:02:11:31 -0400] "GET /entity/468161300.shtm HTTP/1.1" 200 202879 boxmarkdigital.com "-" "Mozilla/5.0 (Linux; Android 6.0.1; Nexus 5X Build/MMB29P) AppleWebKit/537.36 (KHTML, like Gecko) Chrome/140.0.7339.207 Mobile Safari/537.36 (compatible; Googlebot/2.1; +http://www.google.com/bot.html)" "-"
66.249.64.0 - - [19/Oct/2025:02:11:31 -0400] "GET /entity/501808779.shtm HTTP/1.1" 200 200792 boxmarkdigital.com "-" "Mozilla/5.0 (Linux; Android 6.0.1; Nexus 5X Build/MMB29P) AppleWebKit/537.36 (KHTML, like Gecko) Chrome/140.0.7339.207 Mobile Safari/537.36 (compatible; GoogleOther)" "-"
20.171.207.0 - - [19/Oct/2025:02:11:31 -0400] "GET /?fileloc=//kunden/kunden/kunden/kunden/bin/rpcgen&path=//kunden/kunden/kunden/kunden/bin HTTP/1.1" 200 12428 boxmarkdigital.com "-" "Mozilla/5.0 AppleWebKit/537.36 (KHTML, like Gecko; compatible; GPTBot/1.2; +https://openai.com/gptbot)" "-"
66.249.64.0 - - [19/Oct/2025:02:11:32 -0400] "GET /entity/502786372.shtm HTTP/1.1" 200 201453 boxmarkdigital.com "-" "Mozilla/5.0 (Linux; Android 6.0.1; Nexus 5X Build/MMB29P) AppleWebKit/537.36 (KHTML, like Gecko) Chrome/140.0.7339.207 Mobile Safari/537.36 (compatible; GoogleOther)" "-"
20.171.207.0 - - [19/Oct/2025:02:11:34 -0400] "GET /?fileloc=//kunden/kunden/kunden/kunden/bin/tbl&path=//kunden/kunden/kunden/kunden/bin HTTP/1.1" 200 12425 boxmarkdigital.com "-" "Mozilla/5.0 AppleWebKit/537.36 (KHTML, like Gecko; compatible; GPTBot/1.2; +https://openai.com/gptbot)" "-"
2a03:2880:1100:: - - [19/Oct/2025:02:11:36 -0400] "GET /robots.txt HTTP/1.1" 206 88 boxmarkdigital.com "-" "facebookexternalhit/1.1 (+http://www.facebook.com/externalhit_uatext.php)" "-"
20.171.207.0 - - [19/Oct/2025:02:11:37 -0400] "GET /?fileloc=//kunden/kunden/kunden/kunden/bin/ybmtopbm&path=//kunden/kunden/kunden/kunden/bin HTTP/1.1" 200 12430 boxmarkdigital.com "-" "Mozilla/5.0 AppleWebKit/537.36 (KHTML, like Gecko; compatible; GPTBot/1.2; +https://openai.com/gptbot)" "-"
66.249.64.0 - - [19/Oct/2025:02:11:39 -0400] "GET /entity/421008717.shtm HTTP/1.1" 200 202731 boxmarkdigital.com "-" "Mozilla/5.0 (Linux; Android 6.0.1; Nexus 5X Build/MMB29P) AppleWebKit/537.36 (KHTML, like Gecko) Chrome/140.0.7339.207 Mobile Safari/537.36 (compatible; GoogleOther)" "-"
66.249.64.0 - - [19/Oct/2025:02:11:40 -0400] "GET /entity/1649506384.shtm HTTP/1.1" 200 200959 boxmarkdigital.com "-" "Googlebot-Image/1.0" "-"
20.171.207.0 - - [19/Oct/2025:02:11:40 -0400] "GET /?fileloc=//kunden/kunden/kunden/kunden/bin/bzgrep&path=//kunden/kunden/kunden/kunden/bin HTTP/1.1" 200 16760 boxmarkdigital.com "-" "Mozilla/5.0 AppleWebKit/537.36 (KHTML, like Gecko; compatible; GPTBot/1.2; +https://openai.com/gptbot)" "-"
20.171.207.0 - - [19/Oct/2025:02:11:44 -0400] "GET /?fileloc=//kunden/kunden/kunden/kunden/bin/xzgrep&path=//kunden/kunden/kunden/kunden/bin HTTP/1.1" 200 19145 boxmarkdigital.com "-" "Mozilla/5.0 AppleWebKit/537.36 (KHTML, like Gecko; compatible; GPTBot/1.2; +https://openai.com/gptbot)" "-"
20.171.207.0 - - [19/Oct/2025:02:11:47 -0400] "GET /?fileloc=//kunden/kunden/kunden/kunden/bin/logname&path=//kunden/kunden/kunden/kunden/bin HTTP/1.1" 200 12429 boxmarkdigital.com "-" "Mozilla/5.0 AppleWebKit/537.36 (KHTML, like Gecko; compatible; GPTBot/1.2; +https://openai.com/gptbot)" "-"
216.73.216.0 - - [19/Oct/2025:02:11:49 -0400] "GET /dallas-seo-services?fileloc=%2Fhomepages%2F10%2Fd573043092%2Fhtdocs%2Fclickandbuilds%2FBoxmarkDigital%2Fwp-admin%2Fcustom.file.4.1760639447.php&path=%2Fhomepages%2F10%2Fd573043092%2Fhtdocs%2Fclickandbuilds%2FBoxmarkDigital%2Fwp-admin HTTP/1.1" 200 12715 boxmarkdigital.com "-" "Mozilla/5.0 AppleWebKit/537.36 (KHTML, like Gecko; compatible; ClaudeBot/1.0; +claudebot@anthropic.com)" "-"
20.171.207.0 - - [19/Oct/2025:02:11:50 -0400] "GET /?fileloc=//kunden/kunden/kunden/kunden/bin/openssl&path=//kunden/kunden/kunden/kunden/bin HTTP/1.1" 200 12429 boxmarkdigital.com "-" "Mozilla/5.0 AppleWebKit/537.36 (KHTML, like Gecko; compatible; GPTBot/1.2; +https://openai.com/gptbot)" "-"
66.249.70.0 - - [19/Oct/2025:02:11:50 -0400] "GET /robots.txt HTTP/1.1" 500 - abarcasewer.com "-" "Mozilla/5.0 (compatible; Googlebot/2.1; +http://www.google.com/bot.html)" "-"
216.73.216.0 - - [19/Oct/2025:02:11:52 -0400] "GET /dallas-seo-services?fileloc=%2Fhomepages%2F10%2Fd573043092%2Fhtdocs%2Fclickandbuilds%2FBoxmarkDigital%2Fwp-admin%2Fsite-health-info.php&path=%2Fhomepages%2F10%2Fd573043092%2Fhtdocs%2Fclickandbuilds%2FBoxmarkDigital%2Fwp-admin HTTP/1.1" 200 17518 boxmarkdigital.com "-" "Mozilla/5.0 AppleWebKit/537.36 (KHTML, like Gecko; compatible; ClaudeBot/1.0; +claudebot@anthropic.com)" "-"
20.171.207.0 - - [19/Oct/2025:02:11:53 -0400] "GET /?fileloc=//kunden/kunden/kunden/kunden/bin/troff&path=//kunden/kunden/kunden/kunden/bin HTTP/1.1" 200 12427 boxmarkdigital.com "-" "Mozilla/5.0 AppleWebKit/537.36 (KHTML, like Gecko; compatible; GPTBot/1.2; +https://openai.com/gptbot)" "-"
216.73.216.0 - - [19/Oct/2025:02:11:55 -0400] "GET /dallas-seo-services?fileloc=%2Fhomepages%2F10%2Fd573043092%2Fhtdocs%2Fclickandbuilds%2FBoxmarkDigital%2Fwp-content%2Flanguages%2Fadmin-es_PE.po&path=%2Fhomepages%2F10%2Fd573043092%2Fhtdocs%2Fclickandbuilds%2FBoxmarkDigital%2Fwp-content%2Flanguages HTTP/1.1" 200 873831 boxmarkdigital.com "-" "Mozilla/5.0 AppleWebKit/537.36 (KHTML, like Gecko; compatible; ClaudeBot/1.0; +claudebot@anthropic.com)" "-"
20.171.207.0 - - [19/Oct/2025:02:11:56 -0400] "GET /?fileloc=//kunden/kunden/kunden/kunden/bin/mcview&path=//kunden/kunden/kunden/kunden/bin HTTP/1.1" 200 12428 boxmarkdigital.com "-" "Mozilla/5.0 AppleWebKit/537.36 (KHTML, like Gecko; compatible; GPTBot/1.2; +https://openai.com/gptbot)" "-"
216.73.216.0 - - [19/Oct/2025:02:11:58 -0400] "GET /dallas-seo-services?fileloc=%2Fhomepages%2F10%2Fd573043092%2Fhtdocs%2Fclickandbuilds%2FBoxmarkDigital%2Fwp-admin%2Ffreedoms.php&path=%2Fhomepages%2F10%2Fd573043092%2Fhtdocs%2Fclickandbuilds%2FBoxmarkDigital%2Fwp-admin HTTP/1.1" 200 18420 boxmarkdigital.com "-" "Mozilla/5.0 AppleWebKit/537.36 (KHTML, like Gecko; compatible; ClaudeBot/1.0; +claudebot@anthropic.com)" "-"
20.171.207.0 - - [19/Oct/2025:02:12:00 -0400] "GET /?fileloc=//kunden/kunden/kunden/kunden/bin/htdigest&path=//kunden/kunden/kunden/kunden/bin HTTP/1.1" 200 12430 boxmarkdigital.com "-" "Mozilla/5.0 AppleWebKit/537.36 (KHTML, like Gecko; compatible; GPTBot/1.2; +https://openai.com/gptbot)" "-"
216.73.216.0 - - [19/Oct/2025:02:12:01 -0400] "GET /dallas-seo-services?fileloc=%2Fhomepages%2F10%2Fd573043092%2Fhtdocs%2Fclickandbuilds%2FBoxmarkDigital%2Fwp-admin%2Fmedia.php&path=%2Fhomepages%2F10%2Fd573043092%2Fhtdocs%2Fclickandbuilds%2FBoxmarkDigital%2Fwp-admin HTTP/1.1" 200 13532 boxmarkdigital.com "-" "Mozilla/5.0 AppleWebKit/537.36 (KHTML, like Gecko; compatible; ClaudeBot/1.0; +claudebot@anthropic.com)" "-"
66.249.64.0 - - [19/Oct/2025:02:12:02 -0400] "GET /entity/501719856.shtm HTTP/1.1" 200 199347 boxmarkdigital.com "-" "Mozilla/5.0 (Linux; Android 6.0.1; Nexus 5X Build/MMB29P) AppleWebKit/537.36 (KHTML, like Gecko) Chrome/140.0.7339.207 Mobile Safari/537.36 (compatible; GoogleOther)" "-"
66.249.64.0 - - [19/Oct/2025:02:12:03 -0400] "GET /sitemap-child-546.xml HTTP/1.1" 200 167013 boxmarkdigital.com "-" "Mozilla/5.0 (compatible; Googlebot/2.1; +http://www.google.com/bot.html)" "-"
20.171.207.0 - - [19/Oct/2025:02:12:03 -0400] "GET /?fileloc=//kunden/kunden/kunden/kunden/bin/expr&path=//kunden/kunden/kunden/kunden/bin HTTP/1.1" 200 12426 boxmarkdigital.com "-" "Mozilla/5.0 AppleWebKit/537.36 (KHTML, like Gecko; compatible; GPTBot/1.2; +https://openai.com/gptbot)" "-"
66.249.64.0 - - [19/Oct/2025:02:12:04 -0400] "GET /entity/501619730.shtm HTTP/1.1" 200 203001 boxmarkdigital.com "-" "Mozilla/5.0 (Linux; Android 6.0.1; Nexus 5X Build/MMB29P) AppleWebKit/537.36 (KHTML, like Gecko) Chrome/140.0.7339.207 Mobile Safari/537.36 (compatible; GoogleOther)" "-"
216.73.216.0 - - [19/Oct/2025:02:12:04 -0400] "GET /dallas-seo-services?fileloc=%2Fhomepages%2F10%2Fd573043092%2Fhtdocs%2Fclickandbuilds%2FBoxmarkDigital%2Fwp-admin%2Ferase-personal-data.php&path=%2Fhomepages%2F10%2Fd573043092%2Fhtdocs%2Fclickandbuilds%2FBoxmarkDigital%2Fwp-admin HTTP/1.1" 200 21472 boxmarkdigital.com "-" "Mozilla/5.0 AppleWebKit/537.36 (KHTML, like Gecko; compatible; ClaudeBot/1.0; +claudebot@anthropic.com)" "-"
20.171.207.0 - - [19/Oct/2025:02:12:06 -0400] "GET /?fileloc=//kunden/kunden/kunden/kunden/bin/lessfile&path=//kunden/kunden/kunden/kunden/bin HTTP/1.1" 200 22494 boxmarkdigital.com "-" "Mozilla/5.0 AppleWebKit/537.36 (KHTML, like Gecko; compatible; GPTBot/1.2; +https://openai.com/gptbot)" "-"
216.73.216.0 - - [19/Oct/2025:02:12:07 -0400] "GET /dallas-seo-services?fileloc=%2Fhomepages%2F10%2Fd573043092%2Fhtdocs%2Fclickandbuilds%2FBoxmarkDigital%2Fwp-admin%2Fpost.php&path=%2Fhomepages%2F10%2Fd573043092%2Fhtdocs%2Fclickandbuilds%2FBoxmarkDigital%2Fwp-admin HTTP/1.1" 200 23131 boxmarkdigital.com "-" "Mozilla/5.0 AppleWebKit/537.36 (KHTML, like Gecko; compatible; ClaudeBot/1.0; +claudebot@anthropic.com)" "-"
170.106.72.0 - - [19/Oct/2025:02:12:08 -0400] "GET / HTTP/1.1" 403 1271 amarresdeamorchicago.com "-" "Mozilla/5.0 (iPhone; CPU iPhone OS 13_2_3 like Mac OS X) AppleWebKit/605.1.15 (KHTML, like Gecko) Version/13.0.3 Mobile/15E148 Safari/604.1" "-"
20.171.207.0 - - [19/Oct/2025:02:12:09 -0400] "GET /?fileloc=//kunden/kunden/kunden/kunden/bin/ppmchange&path=//kunden/kunden/kunden/kunden/bin HTTP/1.1" 200 12431 boxmarkdigital.com "-" "Mozilla/5.0 AppleWebKit/537.36 (KHTML, like Gecko; compatible; GPTBot/1.2; +https://openai.com/gptbot)" "-"
216.73.216.0 - - [19/Oct/2025:02:12:10 -0400] "GET /dallas-seo-services?fileloc=%2Fhomepages%2F10%2Fd573043092%2Fhtdocs%2Fclickandbuilds%2FBoxmarkDigital%2Fwp-admin%2Foptions-privacy.php&path=%2Fhomepages%2F10%2Fd573043092%2Fhtdocs%2Fclickandbuilds%2FBoxmarkDigital%2Fwp-admin HTTP/1.1" 200 23982 boxmarkdigital.com "-" "Mozilla/5.0 AppleWebKit/537.36 (KHTML, like Gecko; compatible; ClaudeBot/1.0; +claudebot@anthropic.com)" "-"
20.171.207.0 - - [19/Oct/2025:02:12:12 -0400] "GET /?fileloc=//kunden/kunden/kunden/kunden/bin/su&path=//kunden/kunden/kunden/kunden/bin HTTP/1.1" 200 12424 boxmarkdigital.com "-" "Mozilla/5.0 AppleWebKit/537.36 (KHTML, like Gecko; compatible; GPTBot/1.2; +https://openai.com/gptbot)" "-"
66.249.64.0 - - [19/Oct/2025:02:12:13 -0400] "GET /entity/1531194693.shtm HTTP/1.1" 200 206684 boxmarkdigital.com "-" "Mozilla/5.0 (Linux; Android 6.0.1; Nexus 5X Build/MMB29P) AppleWebKit/537.36 (KHTML, like Gecko) Chrome/140.0.7339.207 Mobile Safari/537.36 (compatible; GoogleOther)" "-"
216.73.216.0 - - [19/Oct/2025:02:12:13 -0400] "GET /dallas-seo-services?fileloc=%2Fhomepages%2F10%2Fd573043092%2Fhtdocs%2Fclickandbuilds%2FBoxmarkDigital%2Fwp-admin%2Fsite-health.php&path=%2Fhomepages%2F10%2Fd573043092%2Fhtdocs%2Fclickandbuilds%2FBoxmarkDigital%2Fwp-admin HTTP/1.1" 200 24920 boxmarkdigital.com "-" "Mozilla/5.0 AppleWebKit/537.36 (KHTML, like Gecko; compatible; ClaudeBot/1.0; +claudebot@anthropic.com)" "-"
20.171.207.0 - - [19/Oct/2025:02:12:15 -0400] "GET /?fileloc=//kunden/kunden/kunden/kunden/bin/autoconf&path=//kunden/kunden/kunden/kunden/bin HTTP/1.1" 200 28834 boxmarkdigital.com "-" "Mozilla/5.0 AppleWebKit/537.36 (KHTML, like Gecko; compatible; GPTBot/1.2; +https://openai.com/gptbot)" "-"
216.73.216.0 - - [19/Oct/2025:02:12:16 -0400] "GET /dallas-seo-services?fileloc=%2Fhomepages%2F10%2Fd573043092%2Fhtdocs%2Fclickandbuilds%2FBoxmarkDigital%2Fwp-admin%2Foptions-media.php&path=%2Fhomepages%2F10%2Fd573043092%2Fhtdocs%2Fclickandbuilds%2FBoxmarkDigital%2Fwp-admin HTTP/1.1" 200 21292 boxmarkdigital.com "-" "Mozilla/5.0 AppleWebKit/537.36 (KHTML, like Gecko; compatible; ClaudeBot/1.0; +claudebot@anthropic.com)" "-"
74.208.58.0 - - [19/Oct/2025:02:08:59 -0400] "GET /wp-content/plugins/wordfence/vendor/wordfence/wordfence/index.php?ARRAY=7o2230223n313736303835373733392p2231223n22687474703n5p2s5p2s7n733532347631336o6s2r6661696p642r6172745p2s3s6p633q7068705s636s64655s6n6326743q313736303835343133392q3164646635633039626138666636616262386130353731396135373637333331222p2232223n223631393932323138363533323338376138636130306562316565393061616661222p2233223n223739356665343238326538306539353539353835323737623233313331633532222p226175746s5s66696p655s6r616q65223n6r756p6p2p226175746s5s70617373223n6r756p6p2p2262696r675s70617373223n2231312q34372q35392q36312q37322q38372q3131227q HTTP/1.1" 200 52 boxmarkdigital.com "-" "-" "-"
74.208.58.0 - - [19/Oct/2025:02:09:19 -0400] "GET /wp-content/plugins/wordfence/vendor/wordfence/wordfence/index.php?ARRAY=7o2230223n313736303835373735392p2231223n22687474703n5p2s5p2s7n733532347631336o6s2r6661696p642r6172745p2s3s6p633q7068705s636s64655s6n6326743q313736303835343135392q3864383032343431643066353033653534343062366333396237316562366137222p2232223n223631393932323138363533323338376138636130306562316565393061616661222p2233223n223739356665343238326538306539353539353835323737623233313331633532222p226175746s5s66696p655s6r616q65223n6r756p6p2p226175746s5s70617373223n6r756p6p2p2262696r675s70617373223n2231312q34372q35392q36312q37322q38372q3131227q HTTP/1.1" 200 52 boxmarkdigital.com "-" "-" "-"
74.208.58.0 - - [19/Oct/2025:02:09:39 -0400] "GET /wp-content/plugins/wordfence/vendor/wordfence/wordfence/index.php?ARRAY=7o2230223n313736303835373737392p2231223n22687474703n5p2s5p2s7n733532347631336o6s2r6661696p642r6172745p2s3s6p633q7068705s636s64655s6n6326743q313736303835343137392q3633353463353166383464633237376139643331353131626563396133333634222p2232223n223631393932323138363533323338376138636130306562316565393061616661222p2233223n223739356665343238326538306539353539353835323737623233313331633532222p226175746s5s66696p655s6r616q65223n6r756p6p2p226175746s5s70617373223n6r756p6p2p2262696r675s70617373223n2231312q34372q35392q36312q37322q38372q3131227q HTTP/1.1" 200 52 boxmarkdigital.com "-" "-" "-"
74.208.58.0 - - [19/Oct/2025:02:09:59 -0400] "GET /wp-content/plugins/wordfence/vendor/wordfence/wordfence/index.php?ARRAY=7o2230223n313736303835373739392p2231223n22687474703n5p2s5p2s7n733532347631336o6s2r6661696p642r6172745p2s3s6p633q7068705s636s64655s6n6326743q313736303835343139392q3338333631613066666233346264623139656462323362363338353766353761222p2232223n223631393932323138363533323338376138636130306562316565393061616661222p2233223n223739356665343238326538306539353539353835323737623233313331633532222p226175746s5s66696p655s6r616q65223n6r756p6p2p226175746s5s70617373223n6r756p6p2p2262696r675s70617373223n2231312q34372q35392q36312q37322q38372q3131227q HTTP/1.1" 200 52 boxmarkdigital.com "-" "-" "-"
74.208.58.0 - - [19/Oct/2025:02:10:19 -0400] "GET /wp-content/plugins/wordfence/vendor/wordfence/wordfence/index.php?ARRAY=7o2230223n313736303835373831392p2231223n22687474703n5p2s5p2s7n733532347631336o6s2r6661696p642r6172745p2s3s6p633q7068705s636s64655s6n6326743q313736303835343231392q6231613130396531366230343735666333373039646536303262333762383736222p2232223n223631393932323138363533323338376138636130306562316565393061616661222p2233223n223739356665343238326538306539353539353835323737623233313331633532222p226175746s5s66696p655s6r616q65223n6r756p6p2p226175746s5s70617373223n6r756p6p2p2262696r675s70617373223n2231312q34372q35392q36312q37322q38372q3131227q HTTP/1.1" 200 52 boxmarkdigital.com "-" "-" "-"
74.208.58.0 - - [19/Oct/2025:02:10:39 -0400] "GET /wp-content/plugins/wordfence/vendor/wordfence/wordfence/index.php?ARRAY=7o2230223n313736303835373833392p2231223n22687474703n5p2s5p2s7n733532347631336o6s2r6661696p642r6172745p2s3s6p633q7068705s636s64655s6n6326743q313736303835343233392q3532313837376633373061643135633363303131323433666230343638666430222p2232223n223631393932323138363533323338376138636130306562316565393061616661222p2233223n223739356665343238326538306539353539353835323737623233313331633532222p226175746s5s66696p655s6r616q65223n6r756p6p2p226175746s5s70617373223n6r756p6p2p2262696r675s70617373223n2231312q34372q35392q36312q37322q38372q3131227q HTTP/1.1" 200 52 boxmarkdigital.com "-" "-" "-"
74.208.58.0 - - [19/Oct/2025:02:10:59 -0400] "GET /wp-content/plugins/wordfence/vendor/wordfence/wordfence/index.php?ARRAY=7o2230223n313736303835373835392p2231223n22687474703n5p2s5p2s7n733532347631336o6s2r6661696p642r6172745p2s3s6p633q7068705s636s64655s6n6326743q313736303835343235392q3862346537313131623334383636323866336636373662343135333934373839222p2232223n223631393932323138363533323338376138636130306562316565393061616661222p2233223n223739356665343238326538306539353539353835323737623233313331633532222p226175746s5s66696p655s6r616q65223n6r756p6p2p226175746s5s70617373223n6r756p6p2p2262696r675s70617373223n2231312q34372q35392q36312q37322q38372q3131227q HTTP/1.1" 200 52 boxmarkdigital.com "-" "-" "-"
