66.249.64.0 - - [19/Oct/2025:01:21:07 -0400] "GET /entity/274794154.shtm HTTP/1.1" 200 200514 boxmarkdigital.com "-" "Mozilla/5.0 (Linux; Android 6.0.1; Nexus 5X Build/MMB29P) AppleWebKit/537.36 (KHTML, like Gecko) Chrome/140.0.7339.207 Mobile Safari/537.36 (compatible; GoogleOther)" "-"
20.171.207.0 - - [19/Oct/2025:01:21:08 -0400] "GET /?path=//lib/php8.0/data/MDB2 HTTP/1.1" 200 14180 boxmarkdigital.com "-" "Mozilla/5.0 AppleWebKit/537.36 (KHTML, like Gecko; compatible; GPTBot/1.2; +https://openai.com/gptbot)" "-"
20.171.207.0 - - [19/Oct/2025:01:21:11 -0400] "GET /?fileloc=//kunden/bin/base32&path=//kunden/bin HTTP/1.1" 200 12236 boxmarkdigital.com "-" "Mozilla/5.0 AppleWebKit/537.36 (KHTML, like Gecko; compatible; GPTBot/1.2; +https://openai.com/gptbot)" "-"
20.171.207.0 - - [19/Oct/2025:01:21:14 -0400] "GET /?fileloc=//kunden/bin/ps2ps2&path=//kunden/bin HTTP/1.1" 200 13019 boxmarkdigital.com "-" "Mozilla/5.0 AppleWebKit/537.36 (KHTML, like Gecko; compatible; GPTBot/1.2; +https://openai.com/gptbot)" "-"
20.171.207.0 - - [19/Oct/2025:01:21:17 -0400] "GET /?path=//kunden/kunden HTTP/1.1" 200 45646 boxmarkdigital.com "-" "Mozilla/5.0 AppleWebKit/537.36 (KHTML, like Gecko; compatible; GPTBot/1.2; +https://openai.com/gptbot)" "-"
66.249.64.0 - - [19/Oct/2025:01:21:20 -0400] "GET /entity/470351258.shtm HTTP/1.1" 200 200183 boxmarkdigital.com "-" "Mozilla/5.0 (Linux; Android 6.0.1; Nexus 5X Build/MMB29P) AppleWebKit/537.36 (KHTML, like Gecko) Chrome/140.0.7339.207 Mobile Safari/537.36 (compatible; GoogleOther)" "-"
20.171.207.0 - - [19/Oct/2025:01:21:20 -0400] "GET /?fileloc=//kunden/bin/crc32&path=//kunden/bin HTTP/1.1" 200 13389 boxmarkdigital.com "-" "Mozilla/5.0 AppleWebKit/537.36 (KHTML, like Gecko; compatible; GPTBot/1.2; +https://openai.com/gptbot)" "-"
66.249.64.0 - - [19/Oct/2025:01:21:21 -0400] "GET /entity/470360608.shtm HTTP/1.1" 200 200810 boxmarkdigital.com "-" "Mozilla/5.0 (Linux; Android 6.0.1; Nexus 5X Build/MMB29P) AppleWebKit/537.36 (KHTML, like Gecko) Chrome/140.0.7339.207 Mobile Safari/537.36 (compatible; GoogleOther)" "-"
2a09:bac1:b00:: - - [19/Oct/2025:01:21:21 -0400] "GET /pitaya/wp-login.php HTTP/1.1" 404 1271 test.myboxmark.com "-" "Mozilla/5.0 (Macintosh; Intel Mac OS X 10.15; rv:79.0) Gecko/20100101 Firefox/79.0" "-"
2a09:bac1:b00:: - - [19/Oct/2025:01:21:21 -0400] "GET /uruapan/wp-login.php HTTP/1.1" 404 1271 test.myboxmark.com "-" "Mozilla/5.0 (Windows NT 10.0; Win64; x64; rv:66.0) Gecko/20100101 Firefox/66.0" "-"
2a09:bac1:b00:: - - [19/Oct/2025:01:21:21 -0400] "GET /wp-login.php HTTP/1.1" 200 4 myboxmark.com "-" "Mozilla/5.0 (Macintosh; Intel Mac OS X 10_15_6) AppleWebKit/537.36 (KHTML, like Gecko) Chrome/84.0.4147.105 Safari/537.36" "-"
20.171.207.0 - - [19/Oct/2025:01:21:23 -0400] "GET /?fileloc=//kunden/bin/i386&path=//kunden/bin HTTP/1.1" 200 12234 boxmarkdigital.com "-" "Mozilla/5.0 AppleWebKit/537.36 (KHTML, like Gecko; compatible; GPTBot/1.2; +https://openai.com/gptbot)" "-"
66.249.64.0 - - [19/Oct/2025:01:21:24 -0400] "GET /entity/223913240.shtm HTTP/1.1" 200 199543 boxmarkdigital.com "-" "Mozilla/5.0 (Linux; Android 6.0.1; Nexus 5X Build/MMB29P) AppleWebKit/537.36 (KHTML, like Gecko) Chrome/140.0.7339.207 Mobile Safari/537.36 (compatible; GoogleOther)" "-"
20.171.207.0 - - [19/Oct/2025:01:21:27 -0400] "GET /?fileloc=//kunden/sbin/fstab-decode&path=//kunden/sbin HTTP/1.1" 200 12245 boxmarkdigital.com "-" "Mozilla/5.0 AppleWebKit/537.36 (KHTML, like Gecko; compatible; GPTBot/1.2; +https://openai.com/gptbot)" "-"
20.171.207.0 - - [19/Oct/2025:01:21:30 -0400] "GET /?fileloc=//kunden/bin/base64&path=//kunden/bin HTTP/1.1" 200 12236 boxmarkdigital.com "-" "Mozilla/5.0 AppleWebKit/537.36 (KHTML, like Gecko; compatible; GPTBot/1.2; +https://openai.com/gptbot)" "-"
20.171.207.0 - - [19/Oct/2025:01:21:33 -0400] "GET /?path=//kunden/kunden/kunden HTTP/1.1" 200 46228 boxmarkdigital.com "-" "Mozilla/5.0 AppleWebKit/537.36 (KHTML, like Gecko; compatible; GPTBot/1.2; +https://openai.com/gptbot)" "-"
66.249.64.0 - - [19/Oct/2025:01:21:36 -0400] "GET /entity/401112360.shtm HTTP/1.1" 200 200585 boxmarkdigital.com "-" "Mozilla/5.0 (Linux; Android 6.0.1; Nexus 5X Build/MMB29P) AppleWebKit/537.36 (KHTML, like Gecko) Chrome/140.0.7339.207 Mobile Safari/537.36 (compatible; Googlebot/2.1; +http://www.google.com/bot.html)" "-"
20.171.207.0 - - [19/Oct/2025:01:21:36 -0400] "GET /?path=//kunden/kunden/tmp-private HTTP/1.1" 200 12712 boxmarkdigital.com "-" "Mozilla/5.0 AppleWebKit/537.36 (KHTML, like Gecko; compatible; GPTBot/1.2; +https://openai.com/gptbot)" "-"
54.159.98.0 - - [19/Oct/2025:01:21:37 -0400] "GET /miami-seo?path=/homepages HTTP/1.1" 200 81137 boxmarkdigital.com "-" "Mozilla/5.0 AppleWebKit/537.36 (KHTML, like Gecko; compatible; Amazonbot/0.1; +https://developer.amazon.com/support/amazonbot) Chrome/119.0.6045.214 Safari/537.36" "-"
20.171.207.0 - - [19/Oct/2025:01:21:39 -0400] "GET /?fileloc=//kunden/sbin/shadowconfig&path=//kunden/sbin HTTP/1.1" 200 12245 boxmarkdigital.com "-" "Mozilla/5.0 AppleWebKit/537.36 (KHTML, like Gecko; compatible; GPTBot/1.2; +https://openai.com/gptbot)" "-"
66.249.64.0 - - [19/Oct/2025:01:21:42 -0400] "GET /entity/1186126329.shtm HTTP/1.1" 200 197400 boxmarkdigital.com "-" "Mozilla/5.0 (Linux; Android 6.0.1; Nexus 5X Build/MMB29P) AppleWebKit/537.36 (KHTML, like Gecko) Chrome/140.0.7339.207 Mobile Safari/537.36 (compatible; GoogleOther)" "-"
23.21.175.0 - - [19/Oct/2025:01:21:42 -0400] "GET /monthly-seo-tasks-to-improve-your-ranking?path=/ HTTP/1.1" 200 44503 boxmarkdigital.com "-" "Mozilla/5.0 AppleWebKit/537.36 (KHTML, like Gecko; compatible; Amazonbot/0.1; +https://developer.amazon.com/support/amazonbot) Chrome/119.0.6045.214 Safari/537.36" "-"
20.171.207.0 - - [19/Oct/2025:01:21:42 -0400] "GET /?fileloc=//kunden/sbin/mklost+found&path=//kunden/sbin HTTP/1.1" 200 12245 boxmarkdigital.com "-" "Mozilla/5.0 AppleWebKit/537.36 (KHTML, like Gecko; compatible; GPTBot/1.2; +https://openai.com/gptbot)" "-"
54.235.172.0 - - [19/Oct/2025:01:21:45 -0400] "GET /miami-seo?path=/homepages/10/d573043092/htdocs/clickandbuilds/BoxmarkDigital/wp-includes HTTP/1.1" 200 480456 boxmarkdigital.com "-" "Mozilla/5.0 AppleWebKit/537.36 (KHTML, like Gecko; compatible; Amazonbot/0.1; +https://developer.amazon.com/support/amazonbot) Chrome/119.0.6045.214 Safari/537.36" "-"
20.171.207.0 - - [19/Oct/2025:01:21:45 -0400] "GET /?fileloc=//kunden/proc/execdomains&path=//kunden/proc HTTP/1.1" 200 12274 boxmarkdigital.com "-" "Mozilla/5.0 AppleWebKit/537.36 (KHTML, like Gecko; compatible; GPTBot/1.2; +https://openai.com/gptbot)" "-"
68.183.157.0 - - [19/Oct/2025:01:21:45 -0400] "POST /xmlrpc.php HTTP/1.1" 503 299 manzosburger.com "http://manzosburger.com" "Mozilla/5.0 (Macintosh; Intel Mac OS X 13_3) AppleWebKit/537.36 (KHTML, like Gecko) Chrome/126.0.0.0 Safari/537.36" "-"
20.171.207.0 - - [19/Oct/2025:01:21:48 -0400] "GET /?path=//kunden/kunden/kunden/kunden HTTP/1.1" 200 46817 boxmarkdigital.com "-" "Mozilla/5.0 AppleWebKit/537.36 (KHTML, like Gecko; compatible; GPTBot/1.2; +https://openai.com/gptbot)" "-"
23.23.212.0 - - [19/Oct/2025:01:21:49 -0400] "GET /hvac-marketing-company?path=/homepages/10/d573043092/htdocs/clickandbuilds/BoxmarkDigital/wp-content HTTP/1.1" 200 25286 boxmarkdigital.com "-" "Mozilla/5.0 AppleWebKit/537.36 (KHTML, like Gecko; compatible; Amazonbot/0.1; +https://developer.amazon.com/support/amazonbot) Chrome/119.0.6045.214 Safari/537.36" "-"
20.171.207.0 - - [19/Oct/2025:01:21:52 -0400] "GET /?path=//kunden/kunden/kunden/homepages HTTP/1.1" 200 84786 boxmarkdigital.com "-" "Mozilla/5.0 AppleWebKit/537.36 (KHTML, like Gecko; compatible; GPTBot/1.2; +https://openai.com/gptbot)" "-"
54.197.178.0 - - [19/Oct/2025:01:21:52 -0400] "GET /23153-2?path=/homepages/10/d573043092/htdocs/clickandbuilds HTTP/1.1" 200 37559 boxmarkdigital.com "-" "Mozilla/5.0 AppleWebKit/537.36 (KHTML, like Gecko; compatible; Amazonbot/0.1; +https://developer.amazon.com/support/amazonbot) Chrome/119.0.6045.214 Safari/537.36" "-"
23.21.228.0 - - [19/Oct/2025:01:21:55 -0400] "GET /san-francisco-seo?path=/homepages/10/d573043092/htdocs/clickandbuilds/BoxmarkDigital HTTP/1.1" 200 61284 boxmarkdigital.com "-" "Mozilla/5.0 AppleWebKit/537.36 (KHTML, like Gecko; compatible; Amazonbot/0.1; +https://developer.amazon.com/support/amazonbot) Chrome/119.0.6045.214 Safari/537.36" "-"
20.171.207.0 - - [19/Oct/2025:01:21:55 -0400] "GET /?path=//kunden/kunden/kunden/tmp-private HTTP/1.1" 200 12769 boxmarkdigital.com "-" "Mozilla/5.0 AppleWebKit/537.36 (KHTML, like Gecko; compatible; GPTBot/1.2; +https://openai.com/gptbot)" "-"
66.249.64.0 - - [19/Oct/2025:01:21:56 -0400] "GET /entity/467861099.shtm HTTP/1.1" 200 206167 boxmarkdigital.com "-" "Mozilla/5.0 (Linux; Android 6.0.1; Nexus 5X Build/MMB29P) AppleWebKit/537.36 (KHTML, like Gecko) Chrome/140.0.7339.207 Mobile Safari/537.36 (compatible; GoogleOther)" "-"
66.249.64.0 - - [19/Oct/2025:01:21:57 -0400] "GET /entity/470394338.shtm HTTP/1.1" 200 201620 boxmarkdigital.com "-" "Mozilla/5.0 (Linux; Android 6.0.1; Nexus 5X Build/MMB29P) AppleWebKit/537.36 (KHTML, like Gecko) Chrome/140.0.7339.207 Mobile Safari/537.36 (compatible; GoogleOther)" "-"
20.171.207.0 - - [19/Oct/2025:01:21:58 -0400] "GET /?fileloc=//kunden/proc/pagetypeinfo&path=//kunden/proc HTTP/1.1" 200 12245 boxmarkdigital.com "-" "Mozilla/5.0 AppleWebKit/537.36 (KHTML, like Gecko; compatible; GPTBot/1.2; +https://openai.com/gptbot)" "-"
66.249.64.0 - - [19/Oct/2025:01:22:01 -0400] "GET /entity/1209085132.shtm HTTP/1.1" 200 201033 boxmarkdigital.com "-" "Mozilla/5.0 (Linux; Android 6.0.1; Nexus 5X Build/MMB29P) AppleWebKit/537.36 (KHTML, like Gecko) Chrome/140.0.7339.207 Mobile Safari/537.36 (compatible; GoogleOther)" "-"
20.171.207.0 - - [19/Oct/2025:01:22:01 -0400] "GET /?fileloc=//kunden/sbin/split-logfile&path=//kunden/sbin HTTP/1.1" 200 14773 boxmarkdigital.com "-" "Mozilla/5.0 AppleWebKit/537.36 (KHTML, like Gecko; compatible; GPTBot/1.2; +https://openai.com/gptbot)" "-"
50.16.248.0 - - [19/Oct/2025:01:22:02 -0400] "GET /the-ultimate-guide-to-instant-play-casinos?path=/homepages/10/d573043092/htdocs/clickandbuilds/BoxmarkDigital/.tmb HTTP/1.1" 200 13037 boxmarkdigital.com "-" "Mozilla/5.0 AppleWebKit/537.36 (KHTML, like Gecko; compatible; Amazonbot/0.1; +https://developer.amazon.com/support/amazonbot) Chrome/119.0.6045.214 Safari/537.36" "-"
3.229.95.0 - - [19/Oct/2025:01:22:03 -0400] "GET /seo-prices-2?path=/homepages/10/d573043092/htdocs/clickandbuilds/BoxmarkDigital/images HTTP/1.1" 200 19533 boxmarkdigital.com "-" "Mozilla/5.0 AppleWebKit/537.36 (KHTML, like Gecko; compatible; Amazonbot/0.1; +https://developer.amazon.com/support/amazonbot) Chrome/119.0.6045.214 Safari/537.36" "-"
20.171.207.0 - - [19/Oct/2025:01:22:04 -0400] "GET /?fileloc=//kunden/sbin/readprofile&path=//kunden/sbin HTTP/1.1" 200 12244 boxmarkdigital.com "-" "Mozilla/5.0 AppleWebKit/537.36 (KHTML, like Gecko; compatible; GPTBot/1.2; +https://openai.com/gptbot)" "-"
20.171.207.0 - - [19/Oct/2025:01:22:07 -0400] "GET /?path=//kunden/kunden/kunden/kunden/tmp-private HTTP/1.1" 200 12833 boxmarkdigital.com "-" "Mozilla/5.0 AppleWebKit/537.36 (KHTML, like Gecko; compatible; GPTBot/1.2; +https://openai.com/gptbot)" "-"
54.225.98.0 - - [19/Oct/2025:01:22:08 -0400] "GET /author/editor?path=/homepages/10/d573043092/htdocs/clickandbuilds/BoxmarkDigital/images HTTP/1.1" 200 19533 boxmarkdigital.com "-" "Mozilla/5.0 AppleWebKit/537.36 (KHTML, like Gecko; compatible; Amazonbot/0.1; +https://developer.amazon.com/support/amazonbot) Chrome/119.0.6045.214 Safari/537.36" "-"
54.156.124.0 - - [19/Oct/2025:01:22:10 -0400] "GET /san-jose-digital-marketing-agency?path=/homepages/10/d573043092/htdocs/clickandbuilds/BoxmarkDigital HTTP/1.1" 200 61284 boxmarkdigital.com "-" "Mozilla/5.0 AppleWebKit/537.36 (KHTML, like Gecko; compatible; Amazonbot/0.1; +https://developer.amazon.com/support/amazonbot) Chrome/119.0.6045.214 Safari/537.36" "-"
20.171.207.0 - - [19/Oct/2025:01:22:11 -0400] "GET /?path=//kunden/kunden/kunden/kunden/media HTTP/1.1" 200 12821 boxmarkdigital.com "-" "Mozilla/5.0 AppleWebKit/537.36 (KHTML, like Gecko; compatible; GPTBot/1.2; +https://openai.com/gptbot)" "-"
43.173.177.0 - - [19/Oct/2025:01:22:14 -0400] "GET /about/ HTTP/1.1" 404 1271 roswindowtinting.com "-" "Mozilla/5.0 (Windows NT 10.0; Win64; x64) AppleWebKit/537.36 (KHTML, like Gecko) Chrome/107.0.0.0 Safari/537.36" "-"
20.171.207.0 - - [19/Oct/2025:01:22:14 -0400] "GET /?path=//kunden/kunden/kunden/kunden/kunden HTTP/1.1" 200 47413 boxmarkdigital.com "-" "Mozilla/5.0 AppleWebKit/537.36 (KHTML, like Gecko; compatible; GPTBot/1.2; +https://openai.com/gptbot)" "-"
44.209.35.0 - - [19/Oct/2025:01:22:16 -0400] "GET /contact?path=/homepages/10/d573043092/htdocs/clickandbuilds/BoxmarkDigital HTTP/1.1" 200 61284 boxmarkdigital.com "-" "Mozilla/5.0 AppleWebKit/537.36 (KHTML, like Gecko; compatible; Amazonbot/0.1; +https://developer.amazon.com/support/amazonbot) Chrome/119.0.6045.214 Safari/537.36" "-"
20.171.207.0 - - [19/Oct/2025:01:22:17 -0400] "GET /?path=//kunden/kunden/kunden/homepages/oneclick HTTP/1.1" 200 28284 boxmarkdigital.com "-" "Mozilla/5.0 AppleWebKit/537.36 (KHTML, like Gecko; compatible; GPTBot/1.2; +https://openai.com/gptbot)" "-"
3.229.95.0 - - [19/Oct/2025:01:22:18 -0400] "GET /blog?fileloc=/homepages/10/d573043092/htdocs/clickandbuilds/BoxmarkDigital/wp-login.php&path=/homepages/10/d573043092/htdocs/clickandbuilds/BoxmarkDigital HTTP/1.1" 200 69528 boxmarkdigital.com "-" "Mozilla/5.0 AppleWebKit/537.36 (KHTML, like Gecko; compatible; Amazonbot/0.1; +https://developer.amazon.com/support/amazonbot) Chrome/119.0.6045.214 Safari/537.36" "-"
66.249.64.0 - - [19/Oct/2025:01:22:19 -0400] "GET /entity/1037739439.shtm HTTP/1.1" 200 199830 boxmarkdigital.com "-" "Mozilla/5.0 (Linux; Android 6.0.1; Nexus 5X Build/MMB29P) AppleWebKit/537.36 (KHTML, like Gecko) Chrome/140.0.7339.207 Mobile Safari/537.36 (compatible; GoogleOther)" "-"
20.171.207.0 - - [19/Oct/2025:01:22:20 -0400] "GET /?fileloc=//kunden/kunden/kunden/kunden/CBI_ID&path=//kunden/kunden/kunden/kunden HTTP/1.1" 200 12388 boxmarkdigital.com "-" "Mozilla/5.0 AppleWebKit/537.36 (KHTML, like Gecko; compatible; GPTBot/1.2; +https://openai.com/gptbot)" "-"
52.5.242.0 - - [19/Oct/2025:01:22:23 -0400] "GET /electrician-marketing?path=/homepages/10/d573043092/htdocs HTTP/1.1" 200 21410 boxmarkdigital.com "-" "Mozilla/5.0 AppleWebKit/537.36 (KHTML, like Gecko; compatible; Amazonbot/0.1; +https://developer.amazon.com/support/amazonbot) Chrome/119.0.6045.214 Safari/537.36" "-"
20.171.207.0 - - [19/Oct/2025:01:22:23 -0400] "GET /?path=//kunden/kunden/kunden/kunden/mnt HTTP/1.1" 200 15557 boxmarkdigital.com "-" "Mozilla/5.0 AppleWebKit/537.36 (KHTML, like Gecko; compatible; GPTBot/1.2; +https://openai.com/gptbot)" "-"
15.235.27.0 - - [19/Oct/2025:01:22:24 -0400] "GET /entity/295129775.shtm?path=/homepages HTTP/1.1" 200 81137 boxmarkdigital.com "-" "Mozilla/5.0 (compatible; AhrefsBot/7.0; +http://ahrefs.com/robot/)" "-"
66.249.70.0 - - [19/Oct/2025:01:22:26 -0400] "GET /robots.txt HTTP/1.1" 500 - abarcasewer.com "-" "Mozilla/5.0 (compatible; Googlebot/2.1; +http://www.google.com/bot.html)" "-"
20.171.207.0 - - [19/Oct/2025:01:22:27 -0400] "GET /?path=//kunden/kunden/kunden/kunden/bin HTTP/1.1" 200 1919733 boxmarkdigital.com "-" "Mozilla/5.0 AppleWebKit/537.36 (KHTML, like Gecko; compatible; GPTBot/1.2; +https://openai.com/gptbot)" "-"
66.249.64.0 - - [19/Oct/2025:01:22:28 -0400] "GET /entity/302660461.shtm HTTP/1.1" 200 195122 boxmarkdigital.com "-" "Mozilla/5.0 (Linux; Android 6.0.1; Nexus 5X Build/MMB29P) AppleWebKit/537.36 (KHTML, like Gecko) Chrome/140.0.7339.207 Mobile Safari/537.36 (compatible; Googlebot/2.1; +http://www.google.com/bot.html)" "-"
20.171.207.0 - - [19/Oct/2025:01:22:30 -0400] "GET /?path=//kunden/kunden/kunden/kunden/tmp HTTP/1.1" 200 21554 boxmarkdigital.com "-" "Mozilla/5.0 AppleWebKit/537.36 (KHTML, like Gecko; compatible; GPTBot/1.2; +https://openai.com/gptbot)" "-"
3.210.29.0 - - [19/Oct/2025:01:22:31 -0400] "GET /wp-admin/post.php?fileloc=/homepages/10/d573043092/htdocs/clickandbuilds/BoxmarkDigital/wp-admin/options-general.php&path=/homepages/10/d573043092/htdocs/clickandbuilds/BoxmarkDigital/wp-admin HTTP/1.1" 200 39178 boxmarkdigital.com "-" "Mozilla/5.0 AppleWebKit/537.36 (KHTML, like Gecko; compatible; Amazonbot/0.1; +https://developer.amazon.com/support/amazonbot) Chrome/119.0.6045.214 Safari/537.36" "-"
66.249.64.0 - - [19/Oct/2025:01:22:32 -0400] "GET /entity/467933504.shtm HTTP/1.1" 200 202154 boxmarkdigital.com "-" "Mozilla/5.0 (Linux; Android 6.0.1; Nexus 5X Build/MMB29P) AppleWebKit/537.36 (KHTML, like Gecko) Chrome/140.0.7339.207 Mobile Safari/537.36 (compatible; GoogleOther)" "-"
54.147.238.0 - - [19/Oct/2025:01:22:32 -0400] "GET /wp-admin/post.php?fileloc=/homepages/10/d573043092/htdocs/clickandbuilds/BoxmarkDigital/wp-admin/admin-header.php&path=/homepages/10/d573043092/htdocs/clickandbuilds/BoxmarkDigital/wp-admin HTTP/1.1" 200 22451 boxmarkdigital.com "-" "Mozilla/5.0 AppleWebKit/537.36 (KHTML, like Gecko; compatible; Amazonbot/0.1; +https://developer.amazon.com/support/amazonbot) Chrome/119.0.6045.214 Safari/537.36" "-"
66.249.64.0 - - [19/Oct/2025:01:22:33 -0400] "GET /entity/468112905.shtm HTTP/1.1" 200 200827 boxmarkdigital.com "-" "Mozilla/5.0 (Linux; Android 6.0.1; Nexus 5X Build/MMB29P) AppleWebKit/537.36 (KHTML, like Gecko) Chrome/140.0.7339.207 Mobile Safari/537.36 (compatible; GoogleOther)" "-"
20.171.207.0 - - [19/Oct/2025:01:22:33 -0400] "GET /?path=//kunden/kunden/kunden/kunden/kunden/boot HTTP/1.1" 200 12890 boxmarkdigital.com "-" "Mozilla/5.0 AppleWebKit/537.36 (KHTML, like Gecko; compatible; GPTBot/1.2; +https://openai.com/gptbot)" "-"
20.171.207.0 - - [19/Oct/2025:01:22:36 -0400] "GET /?path=//kunden/kunden/kunden/kunden/kunden/root HTTP/1.1" 200 12890 boxmarkdigital.com "-" "Mozilla/5.0 AppleWebKit/537.36 (KHTML, like Gecko; compatible; GPTBot/1.2; +https://openai.com/gptbot)" "-"
18.214.138.0 - - [19/Oct/2025:01:22:36 -0400] "GET /wp-admin/post.php?fileloc=/homepages/10/d573043092/htdocs/clickandbuilds/BoxmarkDigital/wp-admin/media-upload.php&path=/homepages/10/d573043092/htdocs/clickandbuilds/BoxmarkDigital/wp-admin HTTP/1.1" 200 16488 boxmarkdigital.com "-" "Mozilla/5.0 AppleWebKit/537.36 (KHTML, like Gecko; compatible; Amazonbot/0.1; +https://developer.amazon.com/support/amazonbot) Chrome/119.0.6045.214 Safari/537.36" "-"
66.249.64.0 - - [19/Oct/2025:01:22:37 -0400] "GET /entity/188968847.shtm HTTP/1.1" 200 201507 boxmarkdigital.com "-" "Mozilla/5.0 (Linux; Android 6.0.1; Nexus 5X Build/MMB29P) AppleWebKit/537.36 (KHTML, like Gecko) Chrome/140.0.7339.207 Mobile Safari/537.36 (compatible; GoogleOther)" "-"
20.171.207.0 - - [19/Oct/2025:01:22:39 -0400] "GET /?path=//kunden/kunden/kunden/kunden/kunden/sbin HTTP/1.1" 200 302216 boxmarkdigital.com "-" "Mozilla/5.0 AppleWebKit/537.36 (KHTML, like Gecko; compatible; GPTBot/1.2; +https://openai.com/gptbot)" "-"
54.85.7.0 - - [19/Oct/2025:01:22:40 -0400] "GET /contact?fileloc=/homepages/10/d573043092/htdocs/clickandbuilds/BoxmarkDigital/.user.ini&path=/homepages/10/d573043092/htdocs/clickandbuilds/BoxmarkDigital HTTP/1.1" 200 12587 boxmarkdigital.com "-" "Mozilla/5.0 AppleWebKit/537.36 (KHTML, like Gecko; compatible; Amazonbot/0.1; +https://developer.amazon.com/support/amazonbot) Chrome/119.0.6045.214 Safari/537.36" "-"
20.171.207.0 - - [19/Oct/2025:01:22:42 -0400] "GET /?fileloc=//kunden/kunden/kunden/kunden/kunden/CBI_ID&path=//kunden/kunden/kunden/kunden/kunden HTTP/1.1" 200 12459 boxmarkdigital.com "-" "Mozilla/5.0 AppleWebKit/537.36 (KHTML, like Gecko; compatible; GPTBot/1.2; +https://openai.com/gptbot)" "-"
52.205.141.0 - - [19/Oct/2025:01:22:45 -0400] "GET /23153-2?fileloc=/homepages/10/d573043092/htdocs/clickandbuilds/BoxmarkDigital/index.php&path=/homepages/10/d573043092/htdocs/clickandbuilds/BoxmarkDigital HTTP/1.1" 200 37459 boxmarkdigital.com "-" "Mozilla/5.0 AppleWebKit/537.36 (KHTML, like Gecko; compatible; Amazonbot/0.1; +https://developer.amazon.com/support/amazonbot) Chrome/119.0.6045.214 Safari/537.36" "-"
20.171.207.0 - - [19/Oct/2025:01:22:46 -0400] "GET /?fileloc=//kunden/kunden/kunden/kunden/bin/zrun&path=//kunden/kunden/kunden/kunden/bin HTTP/1.1" 200 15167 boxmarkdigital.com "-" "Mozilla/5.0 AppleWebKit/537.36 (KHTML, like Gecko; compatible; GPTBot/1.2; +https://openai.com/gptbot)" "-"
44.223.232.0 - - [19/Oct/2025:01:22:46 -0400] "GET /phoenix-SEO?fileloc=/homepages/10/d573043092/htdocs/clickandbuilds/BoxmarkDigital/wp-activate.php&path=/homepages/10/d573043092/htdocs/clickandbuilds/BoxmarkDigital HTTP/1.1" 200 20967 boxmarkdigital.com "-" "Mozilla/5.0 AppleWebKit/537.36 (KHTML, like Gecko; compatible; Amazonbot/0.1; +https://developer.amazon.com/support/amazonbot) Chrome/119.0.6045.214 Safari/537.36" "-"
20.171.207.0 - - [19/Oct/2025:01:22:49 -0400] "GET /?fileloc=//kunden/kunden/kunden/kunden/bin/tempfile&path=//kunden/kunden/kunden/kunden/bin HTTP/1.1" 200 12430 boxmarkdigital.com "-" "Mozilla/5.0 AppleWebKit/537.36 (KHTML, like Gecko; compatible; GPTBot/1.2; +https://openai.com/gptbot)" "-"
20.171.207.0 - - [19/Oct/2025:01:22:52 -0400] "GET /?fileloc=//kunden/kunden/kunden/kunden/bin/pbmtomgr&path=//kunden/kunden/kunden/kunden/bin HTTP/1.1" 200 12430 boxmarkdigital.com "-" "Mozilla/5.0 AppleWebKit/537.36 (KHTML, like Gecko; compatible; GPTBot/1.2; +https://openai.com/gptbot)" "-"
34.233.219.0 - - [19/Oct/2025:01:22:53 -0400] "GET /los-angeles-seo?fileloc=/homepages/10/d573043092/htdocs/clickandbuilds/BoxmarkDigital/wp-mail.php&path=/homepages/10/d573043092/htdocs/clickandbuilds/BoxmarkDigital HTTP/1.1" 200 21601 boxmarkdigital.com "-" "Mozilla/5.0 AppleWebKit/537.36 (KHTML, like Gecko; compatible; Amazonbot/0.1; +https://developer.amazon.com/support/amazonbot) Chrome/119.0.6045.214 Safari/537.36" "-"
34.225.87.0 - - [19/Oct/2025:01:22:54 -0400] "GET /how-ppc-works?fileloc=/homepages/10/d573043092/htdocs/clickandbuilds/BoxmarkDigital/wp-activate.php&path=/homepages/10/d573043092/htdocs/clickandbuilds/BoxmarkDigital HTTP/1.1" 200 20967 boxmarkdigital.com "-" "Mozilla/5.0 AppleWebKit/537.36 (KHTML, like Gecko; compatible; Amazonbot/0.1; +https://developer.amazon.com/support/amazonbot) Chrome/119.0.6045.214 Safari/537.36" "-"
20.171.207.0 - - [19/Oct/2025:01:22:55 -0400] "GET /?fileloc=//kunden/kunden/kunden/kunden/bin/nc.openbsd&path=//kunden/kunden/kunden/kunden/bin HTTP/1.1" 200 12432 boxmarkdigital.com "-" "Mozilla/5.0 AppleWebKit/537.36 (KHTML, like Gecko; compatible; GPTBot/1.2; +https://openai.com/gptbot)" "-"
66.249.64.0 - - [19/Oct/2025:01:22:55 -0400] "GET /entity/782616127.shtm HTTP/1.1" 200 205783 boxmarkdigital.com "-" "Mozilla/5.0 (Linux; Android 6.0.1; Nexus 5X Build/MMB29P) AppleWebKit/537.36 (KHTML, like Gecko) Chrome/140.0.7339.207 Mobile Safari/537.36 (compatible; GoogleOther)" "-"
20.171.207.0 - - [19/Oct/2025:01:22:58 -0400] "GET /?fileloc=//kunden/kunden/kunden/kunden/bin/chattr&path=//kunden/kunden/kunden/kunden/bin HTTP/1.1" 200 12428 boxmarkdigital.com "-" "Mozilla/5.0 AppleWebKit/537.36 (KHTML, like Gecko; compatible; GPTBot/1.2; +https://openai.com/gptbot)" "-"
20.171.207.0 - - [19/Oct/2025:01:23:01 -0400] "GET /?fileloc=//kunden/kunden/kunden/kunden/bin/sponge&path=//kunden/kunden/kunden/kunden/bin HTTP/1.1" 200 12428 boxmarkdigital.com "-" "Mozilla/5.0 AppleWebKit/537.36 (KHTML, like Gecko; compatible; GPTBot/1.2; +https://openai.com/gptbot)" "-"
213.180.203.0 - - [19/Oct/2025:01:23:01 -0400] "GET /robots.txt HTTP/1.1" 429 227 abarcasewer.com "-" "Mozilla/5.0 (compatible; YandexBot/3.0; +http://yandex.com/bots)" "-"
54.159.18.0 - - [19/Oct/2025:01:23:02 -0400] "GET /phoenix-SEO?fileloc=/homepages/10/d573043092/htdocs/clickandbuilds/BoxmarkDigital/naeya.php&path=/homepages/10/d573043092/htdocs/clickandbuilds/BoxmarkDigital HTTP/1.1" 200 43169 boxmarkdigital.com "-" "Mozilla/5.0 AppleWebKit/537.36 (KHTML, like Gecko; compatible; Amazonbot/0.1; +https://developer.amazon.com/support/amazonbot) Chrome/119.0.6045.214 Safari/537.36" "-"
3.230.69.0 - - [19/Oct/2025:01:23:02 -0400] "GET /does-email-marketing-still-work?path=/homepages/10/d573043092 HTTP/1.1" 200 32774 boxmarkdigital.com "-" "Mozilla/5.0 AppleWebKit/537.36 (KHTML, like Gecko; compatible; Amazonbot/0.1; +https://developer.amazon.com/support/amazonbot) Chrome/119.0.6045.214 Safari/537.36" "-"
20.171.207.0 - - [19/Oct/2025:01:23:04 -0400] "GET /?fileloc=//kunden/kunden/kunden/kunden/bin/svnserve&path=//kunden/kunden/kunden/kunden/bin HTTP/1.1" 200 12430 boxmarkdigital.com "-" "Mozilla/5.0 AppleWebKit/537.36 (KHTML, like Gecko; compatible; GPTBot/1.2; +https://openai.com/gptbot)" "-"
20.171.207.0 - - [19/Oct/2025:01:23:07 -0400] "GET /?fileloc=//kunden/kunden/kunden/kunden/bin/pgmtopbm&path=//kunden/kunden/kunden/kunden/bin HTTP/1.1" 200 12430 boxmarkdigital.com "-" "Mozilla/5.0 AppleWebKit/537.36 (KHTML, like Gecko; compatible; GPTBot/1.2; +https://openai.com/gptbot)" "-"
66.249.64.0 - - [19/Oct/2025:01:23:08 -0400] "GET /entity/498766206.shtm HTTP/1.1" 200 203204 boxmarkdigital.com "-" "Mozilla/5.0 (Linux; Android 6.0.1; Nexus 5X Build/MMB29P) AppleWebKit/537.36 (KHTML, like Gecko) Chrome/140.0.7339.207 Mobile Safari/537.36 (compatible; GoogleOther)" "-"
44.221.105.0 - - [19/Oct/2025:01:23:08 -0400] "GET /how-ppc-works?fileloc=/homepages/10/d573043092/htdocs/clickandbuilds/BoxmarkDigital/wp-blog-header.php&path=/homepages/10/d573043092/htdocs/clickandbuilds/BoxmarkDigital HTTP/1.1" 200 13145 boxmarkdigital.com "-" "Mozilla/5.0 AppleWebKit/537.36 (KHTML, like Gecko; compatible; Amazonbot/0.1; +https://developer.amazon.com/support/amazonbot) Chrome/119.0.6045.214 Safari/537.36" "-"
66.249.64.0 - - [19/Oct/2025:01:23:09 -0400] "GET /entity/498777391.shtm HTTP/1.1" 200 198611 boxmarkdigital.com "-" "Mozilla/5.0 (Linux; Android 6.0.1; Nexus 5X Build/MMB29P) AppleWebKit/537.36 (KHTML, like Gecko) Chrome/140.0.7339.207 Mobile Safari/537.36 (compatible; GoogleOther)" "-"
34.204.150.0 - - [19/Oct/2025:01:23:10 -0400] "GET /san-antonio-seo?fileloc=/homepages/10/d573043092/htdocs/clickandbuilds/BoxmarkDigital/wp-trackback.php&path=/homepages/10/d573043092/htdocs/clickandbuilds/BoxmarkDigital HTTP/1.1" 200 17987 boxmarkdigital.com "-" "Mozilla/5.0 AppleWebKit/537.36 (KHTML, like Gecko; compatible; Amazonbot/0.1; +https://developer.amazon.com/support/amazonbot) Chrome/119.0.6045.214 Safari/537.36" "-"
20.171.207.0 - - [19/Oct/2025:01:23:10 -0400] "GET /?fileloc=//kunden/kunden/kunden/kunden/bin/cp&path=//kunden/kunden/kunden/kunden/bin HTTP/1.1" 200 12424 boxmarkdigital.com "-" "Mozilla/5.0 AppleWebKit/537.36 (KHTML, like Gecko; compatible; GPTBot/1.2; +https://openai.com/gptbot)" "-"
5.188.9.0 - - [19/Oct/2025:01:23:11 -0400] "GET /wp-content/plugins/litespeed-cache/readme.txt HTTP/1.1" 404 1271 toncarautoparts.com "-" "Mozilla/5.0 (Macintosh; Intel Mac OS X 10_15_7) AppleWebKit/537.36 (KHTML, like Gecko) Chrome/136.0.0.0 Safari/537.36" "-"
66.249.64.0 - - [19/Oct/2025:01:23:13 -0400] "GET /entity/946733346.shtm HTTP/1.1" 200 203870 boxmarkdigital.com "-" "Mozilla/5.0 (Linux; Android 6.0.1; Nexus 5X Build/MMB29P) AppleWebKit/537.36 (KHTML, like Gecko) Chrome/140.0.7339.207 Mobile Safari/537.36 (compatible; GoogleOther)" "-"
20.171.207.0 - - [19/Oct/2025:01:23:13 -0400] "GET /?fileloc=//kunden/kunden/kunden/kunden/bin/pngcp&path=//kunden/kunden/kunden/kunden/bin HTTP/1.1" 200 12427 boxmarkdigital.com "-" "Mozilla/5.0 AppleWebKit/537.36 (KHTML, like Gecko; compatible; GPTBot/1.2; +https://openai.com/gptbot)" "-"
3.93.211.0 - - [19/Oct/2025:01:23:15 -0400] "GET /the-ultimate-guide-to-instant-play-casinos?fileloc=/homepages/10/d573043092/htdocs/clickandbuilds/BoxmarkDigital/wp-load.php&path=/homepages/10/d573043092/htdocs/clickandbuilds/BoxmarkDigital HTTP/1.1" 200 16898 boxmarkdigital.com "-" "Mozilla/5.0 AppleWebKit/537.36 (KHTML, like Gecko; compatible; Amazonbot/0.1; +https://developer.amazon.com/support/amazonbot) Chrome/119.0.6045.214 Safari/537.36" "-"
74.208.58.0 - - [19/Oct/2025:01:23:15 -0400] "POST /wp-cron.php?doing_wp_cron=1760851395.7892088890075683593750 HTTP/1.1" 200 - toncarautoparts.com "-" "WordPress/6.6.4; http://toncarautoparts.com" "-"
67.205.59.0 - - [19/Oct/2025:01:23:15 -0400] "POST /xmlrpc.php HTTP/1.1" 503 18950 toncarautoparts.com "http://toncarautoparts.com" "Mozilla/5.0 (Macintosh; Intel Mac OS X 10_15_7; rv:127.0) Gecko/20100101 Firefox/127.0" "-"
20.171.207.0 - - [19/Oct/2025:01:23:17 -0400] "GET /?fileloc=//kunden/kunden/kunden/kunden/bin/taskset&path=//kunden/kunden/kunden/kunden/bin HTTP/1.1" 200 12429 boxmarkdigital.com "-" "Mozilla/5.0 AppleWebKit/537.36 (KHTML, like Gecko; compatible; GPTBot/1.2; +https://openai.com/gptbot)" "-"
34.239.197.0 - - [19/Oct/2025:01:23:18 -0400] "GET /23153-2?fileloc=/homepages/10/d573043092/htdocs/clickandbuilds/BoxmarkDigital/wp-comments-post.php&path=/homepages/10/d573043092/htdocs/clickandbuilds/BoxmarkDigital HTTP/1.1" 200 14992 boxmarkdigital.com "-" "Mozilla/5.0 AppleWebKit/537.36 (KHTML, like Gecko; compatible; Amazonbot/0.1; +https://developer.amazon.com/support/amazonbot) Chrome/119.0.6045.214 Safari/537.36" "-"
20.171.207.0 - - [19/Oct/2025:01:23:20 -0400] "GET /?fileloc=//kunden/kunden/kunden/kunden/bin/ptx&path=//kunden/kunden/kunden/kunden/bin HTTP/1.1" 200 12425 boxmarkdigital.com "-" "Mozilla/5.0 AppleWebKit/537.36 (KHTML, like Gecko; compatible; GPTBot/1.2; +https://openai.com/gptbot)" "-"
20.171.207.0 - - [19/Oct/2025:01:23:23 -0400] "GET /?fileloc=//kunden/kunden/kunden/kunden/bin/objdump&path=//kunden/kunden/kunden/kunden/bin HTTP/1.1" 200 12429 boxmarkdigital.com "-" "Mozilla/5.0 AppleWebKit/537.36 (KHTML, like Gecko; compatible; GPTBot/1.2; +https://openai.com/gptbot)" "-"
34.234.206.0 - - [19/Oct/2025:01:23:24 -0400] "GET /the-ultimate-guide-to-slots-bonus-in-online-casinos?fileloc=/homepages/10/d573043092/htdocs/clickandbuilds/BoxmarkDigital/.htaccess&path=/homepages/10/d573043092/htdocs/clickandbuilds/BoxmarkDigital HTTP/1.1" 200 14668 boxmarkdigital.com "-" "Mozilla/5.0 AppleWebKit/537.36 (KHTML, like Gecko; compatible; Amazonbot/0.1; +https://developer.amazon.com/support/amazonbot) Chrome/119.0.6045.214 Safari/537.36" "-"
20.171.207.0 - - [19/Oct/2025:01:23:26 -0400] "GET /?fileloc=//kunden/kunden/kunden/kunden/bin/man&path=//kunden/kunden/kunden/kunden/bin HTTP/1.1" 200 12425 boxmarkdigital.com "-" "Mozilla/5.0 AppleWebKit/537.36 (KHTML, like Gecko; compatible; GPTBot/1.2; +https://openai.com/gptbot)" "-"
52.4.229.0 - - [19/Oct/2025:01:23:28 -0400] "GET /san-antonio-seo?fileloc=/homepages/10/d573043092/htdocs/clickandbuilds/BoxmarkDigital/license.txt&path=/homepages/10/d573043092/htdocs/clickandbuilds/BoxmarkDigital HTTP/1.1" 200 32596 boxmarkdigital.com "-" "Mozilla/5.0 AppleWebKit/537.36 (KHTML, like Gecko; compatible; Amazonbot/0.1; +https://developer.amazon.com/support/amazonbot) Chrome/119.0.6045.214 Safari/537.36" "-"
20.171.207.0 - - [19/Oct/2025:01:23:29 -0400] "GET /?fileloc=//kunden/kunden/kunden/kunden/bin/xargs&path=//kunden/kunden/kunden/kunden/bin HTTP/1.1" 200 12427 boxmarkdigital.com "-" "Mozilla/5.0 AppleWebKit/537.36 (KHTML, like Gecko; compatible; GPTBot/1.2; +https://openai.com/gptbot)" "-"
52.5.232.0 - - [19/Oct/2025:01:23:31 -0400] "GET /seo-services-chicago?fileloc=/homepages/10/d573043092/htdocs/clickandbuilds/BoxmarkDigital/readme.html&path=/homepages/10/d573043092/htdocs/clickandbuilds/BoxmarkDigital HTTP/1.1" 200 21924 boxmarkdigital.com "-" "Mozilla/5.0 AppleWebKit/537.36 (KHTML, like Gecko; compatible; Amazonbot/0.1; +https://developer.amazon.com/support/amazonbot) Chrome/119.0.6045.214 Safari/537.36" "-"
66.249.64.0 - - [19/Oct/2025:01:23:32 -0400] "GET /entity/402036378.shtm HTTP/1.1" 200 198817 boxmarkdigital.com "-" "Mozilla/5.0 (Linux; Android 6.0.1; Nexus 5X Build/MMB29P) AppleWebKit/537.36 (KHTML, like Gecko) Chrome/140.0.7339.207 Mobile Safari/537.36 (compatible; GoogleOther)" "-"
20.171.207.0 - - [19/Oct/2025:01:23:32 -0400] "GET /?fileloc=//kunden/kunden/kunden/kunden/bin/mcookie&path=//kunden/kunden/kunden/kunden/bin HTTP/1.1" 200 12429 boxmarkdigital.com "-" "Mozilla/5.0 AppleWebKit/537.36 (KHTML, like Gecko; compatible; GPTBot/1.2; +https://openai.com/gptbot)" "-"
20.171.207.0 - - [19/Oct/2025:01:23:35 -0400] "GET /?fileloc=//kunden/kunden/kunden/kunden/kunden/sbin/sysctl&path=//kunden/kunden/kunden/kunden/kunden/sbin HTTP/1.1" 200 12509 boxmarkdigital.com "-" "Mozilla/5.0 AppleWebKit/537.36 (KHTML, like Gecko; compatible; GPTBot/1.2; +https://openai.com/gptbot)" "-"
3.215.59.0 - - [19/Oct/2025:01:23:35 -0400] "GET /san-francisco-digital-marketing-agency-2?fileloc=/homepages/10/d573043092/htdocs/clickandbuilds/BoxmarkDigital/license.txt&path=/homepages/10/d573043092/htdocs/clickandbuilds/BoxmarkDigital HTTP/1.1" 200 32596 boxmarkdigital.com "-" "Mozilla/5.0 AppleWebKit/537.36 (KHTML, like Gecko; compatible; Amazonbot/0.1; +https://developer.amazon.com/support/amazonbot) Chrome/119.0.6045.214 Safari/537.36" "-"
54.145.82.0 - - [19/Oct/2025:01:23:38 -0400] "GET /san-diego-seo?fileloc=/homepages/10/d573043092/htdocs/clickandbuilds/BoxmarkDigital/readme.html&path=/homepages/10/d573043092/htdocs/clickandbuilds/BoxmarkDigital HTTP/1.1" 200 21924 boxmarkdigital.com "-" "Mozilla/5.0 AppleWebKit/537.36 (KHTML, like Gecko; compatible; Amazonbot/0.1; +https://developer.amazon.com/support/amazonbot) Chrome/119.0.6045.214 Safari/537.36" "-"
20.171.207.0 - - [19/Oct/2025:01:23:38 -0400] "GET /?fileloc=//kunden/kunden/kunden/kunden/bin/mysqlimport&path=//kunden/kunden/kunden/kunden/bin HTTP/1.1" 200 12433 boxmarkdigital.com "-" "Mozilla/5.0 AppleWebKit/537.36 (KHTML, like Gecko; compatible; GPTBot/1.2; +https://openai.com/gptbot)" "-"
20.171.207.0 - - [19/Oct/2025:01:23:41 -0400] "GET /?path=//kunden/kunden/kunden/kunden/tmp/shipper-cacfirstintheamericas-org HTTP/1.1" 200 14429 boxmarkdigital.com "-" "Mozilla/5.0 AppleWebKit/537.36 (KHTML, like Gecko; compatible; GPTBot/1.2; +https://openai.com/gptbot)" "-"
52.207.47.0 - - [19/Oct/2025:01:23:42 -0400] "GET /mobile-app-development-chicago?fileloc=/homepages/10/d573043092/htdocs/clickandbuilds/BoxmarkDigital/wp-config.php&path=/homepages/10/d573043092/htdocs/clickandbuilds/BoxmarkDigital HTTP/1.1" 503 299 boxmarkdigital.com "-" "Mozilla/5.0 AppleWebKit/537.36 (KHTML, like Gecko; compatible; Amazonbot/0.1; +https://developer.amazon.com/support/amazonbot) Chrome/119.0.6045.214 Safari/537.36" "-"
66.249.64.0 - - [19/Oct/2025:01:23:43 -0400] "GET /entity/467790128.shtm HTTP/1.1" 200 201513 boxmarkdigital.com "-" "Mozilla/5.0 (Linux; Android 6.0.1; Nexus 5X Build/MMB29P) AppleWebKit/537.36 (KHTML, like Gecko) Chrome/140.0.7339.207 Mobile Safari/537.36 (compatible; GoogleOther)" "-"
20.171.207.0 - - [19/Oct/2025:01:23:44 -0400] "GET /?fileloc=//kunden/kunden/kunden/kunden/kunden/sbin/pwconv&path=//kunden/kunden/kunden/kunden/kunden/sbin HTTP/1.1" 200 12509 boxmarkdigital.com "-" "Mozilla/5.0 AppleWebKit/537.36 (KHTML, like Gecko; compatible; GPTBot/1.2; +https://openai.com/gptbot)" "-"
66.249.64.0 - - [19/Oct/2025:01:23:45 -0400] "GET /entity/467807972.shtm HTTP/1.1" 200 204127 boxmarkdigital.com "-" "Mozilla/5.0 (Linux; Android 6.0.1; Nexus 5X Build/MMB29P) AppleWebKit/537.36 (KHTML, like Gecko) Chrome/140.0.7339.207 Mobile Safari/537.36 (compatible; GoogleOther)" "-"
54.91.122.0 - - [19/Oct/2025:01:23:47 -0400] "GET /san-antonio-digital-marketing-agency-2?fileloc=/homepages/10/d573043092/htdocs/clickandbuilds/BoxmarkDigital/wp-load.php&path=/homepages/10/d573043092/htdocs/clickandbuilds/BoxmarkDigital HTTP/1.1" 200 16898 boxmarkdigital.com "-" "Mozilla/5.0 AppleWebKit/537.36 (KHTML, like Gecko; compatible; Amazonbot/0.1; +https://developer.amazon.com/support/amazonbot) Chrome/119.0.6045.214 Safari/537.36" "-"
20.171.207.0 - - [19/Oct/2025:01:23:48 -0400] "GET /?fileloc=//kunden/kunden/kunden/kunden/bin/git-upload-archive&path=//kunden/kunden/kunden/kunden/bin HTTP/1.1" 200 12440 boxmarkdigital.com "-" "Mozilla/5.0 AppleWebKit/537.36 (KHTML, like Gecko; compatible; GPTBot/1.2; +https://openai.com/gptbot)" "-"
66.249.64.0 - - [19/Oct/2025:01:23:49 -0400] "GET /entity/1580937320.shtm HTTP/1.1" 200 205186 boxmarkdigital.com "-" "Mozilla/5.0 (Linux; Android 6.0.1; Nexus 5X Build/MMB29P) AppleWebKit/537.36 (KHTML, like Gecko) Chrome/140.0.7339.207 Mobile Safari/537.36 (compatible; Googlebot/2.1; +http://www.google.com/bot.html)" "-"
66.249.64.0 - - [19/Oct/2025:01:23:50 -0400] "GET /entity/215170273.shtm HTTP/1.1" 200 200684 boxmarkdigital.com "-" "Mozilla/5.0 (Linux; Android 6.0.1; Nexus 5X Build/MMB29P) AppleWebKit/537.36 (KHTML, like Gecko) Chrome/140.0.7339.207 Mobile Safari/537.36 (compatible; GoogleOther)" "-"
54.144.185.0 - - [19/Oct/2025:01:23:51 -0400] "GET /san-antonio-digital-marketing-agency-2?fileloc=/homepages/10/d573043092/htdocs/clickandbuilds/BoxmarkDigital/wp-config.php&path=/homepages/10/d573043092/htdocs/clickandbuilds/BoxmarkDigital HTTP/1.1" 503 299 boxmarkdigital.com "-" "Mozilla/5.0 AppleWebKit/537.36 (KHTML, like Gecko; compatible; Amazonbot/0.1; +https://developer.amazon.com/support/amazonbot) Chrome/119.0.6045.214 Safari/537.36" "-"
20.171.207.0 - - [19/Oct/2025:01:23:51 -0400] "GET /?fileloc=//kunden/kunden/kunden/kunden/bin/dh_autotools-dev_updateconfig&path=//kunden/kunden/kunden/kunden/bin HTTP/1.1" 200 14470 boxmarkdigital.com "-" "Mozilla/5.0 AppleWebKit/537.36 (KHTML, like Gecko; compatible; GPTBot/1.2; +https://openai.com/gptbot)" "-"
20.171.207.0 - - [19/Oct/2025:01:23:54 -0400] "GET /?fileloc=//kunden/kunden/kunden/kunden/bin/dh_autotools-dev_restoreconfig&path=//kunden/kunden/kunden/kunden/bin HTTP/1.1" 200 14438 boxmarkdigital.com "-" "Mozilla/5.0 AppleWebKit/537.36 (KHTML, like Gecko; compatible; GPTBot/1.2; +https://openai.com/gptbot)" "-"
44.215.231.0 - - [19/Oct/2025:01:23:54 -0400] "GET /san-jose-digital-marketing-agency?fileloc=/homepages/10/d573043092/htdocs/clickandbuilds/BoxmarkDigital/wp-comments-post.php&path=/homepages/10/d573043092/htdocs/clickandbuilds/BoxmarkDigital HTTP/1.1" 200 14992 boxmarkdigital.com "-" "Mozilla/5.0 AppleWebKit/537.36 (KHTML, like Gecko; compatible; Amazonbot/0.1; +https://developer.amazon.com/support/amazonbot) Chrome/119.0.6045.214 Safari/537.36" "-"
20.171.207.0 - - [19/Oct/2025:01:23:57 -0400] "GET /?path=//kunden/kunden/kunden/kunden/tmp/shipper-cacfirstintheamericas-org/storage HTTP/1.1" 200 13043 boxmarkdigital.com "-" "Mozilla/5.0 AppleWebKit/537.36 (KHTML, like Gecko; compatible; GPTBot/1.2; +https://openai.com/gptbot)" "-"
98.82.38.0 - - [19/Oct/2025:01:23:58 -0400] "GET /elo-casino-akciok-a-legjobb-elo-kaszinok-ajanlatai?fileloc=/homepages/10/d573043092/htdocs/clickandbuilds/BoxmarkDigital/wp-links-opml.php&path=/homepages/10/d573043092/htdocs/clickandbuilds/BoxmarkDigital HTTP/1.1" 200 15398 boxmarkdigital.com "-" "Mozilla/5.0 AppleWebKit/537.36 (KHTML, like Gecko; compatible; Amazonbot/0.1; +https://developer.amazon.com/support/amazonbot) Chrome/119.0.6045.214 Safari/537.36" "-"
20.171.207.0 - - [19/Oct/2025:01:24:00 -0400] "GET /?fileloc=//kunden/kunden/kunden/kunden/bin/migrate-pubring-from-classic-gpg&path=//kunden/kunden/kunden/kunden/bin HTTP/1.1" 200 16062 boxmarkdigital.com "-" "Mozilla/5.0 AppleWebKit/537.36 (KHTML, like Gecko; compatible; GPTBot/1.2; +https://openai.com/gptbot)" "-"
18.215.112.0 - - [19/Oct/2025:01:24:02 -0400] "GET /product/seo-premium-for-businesses-who-outrank?fileloc=/homepages/10/d573043092/htdocs/clickandbuilds/BoxmarkDigital/wp-trackback.php&path=/homepages/10/d573043092/htdocs/clickandbuilds/BoxmarkDigital HTTP/1.1" 200 17987 boxmarkdigital.com "-" "Mozilla/5.0 AppleWebKit/537.36 (KHTML, like Gecko; compatible; Amazonbot/0.1; +https://developer.amazon.com/support/amazonbot) Chrome/119.0.6045.214 Safari/537.36" "-"
20.171.207.0 - - [19/Oct/2025:01:24:03 -0400] "GET /?fileloc=//kunden/kunden/kunden/kunden/bin/debconf-show&path=//kunden/kunden/kunden/kunden/bin HTTP/1.1" 200 14480 boxmarkdigital.com "-" "Mozilla/5.0 AppleWebKit/537.36 (KHTML, like Gecko; compatible; GPTBot/1.2; +https://openai.com/gptbot)" "-"
20.171.207.0 - - [19/Oct/2025:01:24:06 -0400] "GET /?fileloc=//kunden/kunden/kunden/kunden/bin/mariadb-show&path=//kunden/kunden/kunden/kunden/bin HTTP/1.1" 200 12434 boxmarkdigital.com "-" "Mozilla/5.0 AppleWebKit/537.36 (KHTML, like Gecko; compatible; GPTBot/1.2; +https://openai.com/gptbot)" "-"
44.223.232.0 - - [19/Oct/2025:01:24:06 -0400] "GET /miami-seo?fileloc=/homepages/10/d573043092/htdocs/clickandbuilds/BoxmarkDigital/google7abb52d38047fcba.html&path=/homepages/10/d573043092/htdocs/clickandbuilds/BoxmarkDigital HTTP/1.1" 200 12658 boxmarkdigital.com "-" "Mozilla/5.0 AppleWebKit/537.36 (KHTML, like Gecko; compatible; Amazonbot/0.1; +https://developer.amazon.com/support/amazonbot) Chrome/119.0.6045.214 Safari/537.36" "-"
66.249.64.0 - - [19/Oct/2025:01:24:08 -0400] "GET /entity/50023856.shtm HTTP/1.1" 200 203419 boxmarkdigital.com "-" "Mozilla/5.0 (Linux; Android 6.0.1; Nexus 5X Build/MMB29P) AppleWebKit/537.36 (KHTML, like Gecko) Chrome/140.0.7339.207 Mobile Safari/537.36 (compatible; GoogleOther)" "-"
20.171.207.0 - - [19/Oct/2025:01:24:09 -0400] "GET /?fileloc=//kunden/kunden/kunden/kunden/kunden/sbin/update-passwd&path=//kunden/kunden/kunden/kunden/kunden/sbin HTTP/1.1" 200 12516 boxmarkdigital.com "-" "Mozilla/5.0 AppleWebKit/537.36 (KHTML, like Gecko; compatible; GPTBot/1.2; +https://openai.com/gptbot)" "-"
44.207.207.0 - - [19/Oct/2025:01:24:10 -0400] "GET /product/seo-premium-for-businesses-who-outrank?fileloc=/homepages/10/d573043092/htdocs/clickandbuilds/BoxmarkDigital/naeya.php&path=/homepages/10/d573043092/htdocs/clickandbuilds/BoxmarkDigital HTTP/1.1" 200 43169 boxmarkdigital.com "-" "Mozilla/5.0 AppleWebKit/537.36 (KHTML, like Gecko; compatible; Amazonbot/0.1; +https://developer.amazon.com/support/amazonbot) Chrome/119.0.6045.214 Safari/537.36" "-"
20.171.207.0 - - [19/Oct/2025:01:24:13 -0400] "GET /?fileloc=//kunden/kunden/kunden/kunden/kunden/sbin/update-ca-certificates&path=//kunden/kunden/kunden/kunden/kunden/sbin HTTP/1.1" 200 19171 boxmarkdigital.com "-" "Mozilla/5.0 AppleWebKit/537.36 (KHTML, like Gecko; compatible; GPTBot/1.2; +https://openai.com/gptbot)" "-"
34.227.156.0 - - [19/Oct/2025:01:24:14 -0400] "GET /phoenix-SEO?fileloc=/homepages/10/d573043092/htdocs/clickandbuilds/BoxmarkDigital/page_sitemap.xml&path=/homepages/10/d573043092/htdocs/clickandbuilds/BoxmarkDigital HTTP/1.1" 200 166112 boxmarkdigital.com "-" "Mozilla/5.0 AppleWebKit/537.36 (KHTML, like Gecko; compatible; Amazonbot/0.1; +https://developer.amazon.com/support/amazonbot) Chrome/119.0.6045.214 Safari/537.36" "-"
20.171.207.0 - - [19/Oct/2025:01:24:16 -0400] "GET /?fileloc=//kunden/kunden/kunden/kunden/kunden/sbin/pam-auth-update&path=//kunden/kunden/kunden/kunden/kunden/sbin HTTP/1.1" 200 33852 boxmarkdigital.com "-" "Mozilla/5.0 AppleWebKit/537.36 (KHTML, like Gecko; compatible; GPTBot/1.2; +https://openai.com/gptbot)" "-"
52.0.63.0 - - [19/Oct/2025:01:24:19 -0400] "GET /essential-aspects-of-a-monthly-seo-report?fileloc=/homepages/10/d573043092/htdocs/clickandbuilds/BoxmarkDigital/bwrdF5JEXJ_OAK7auzRix&path=/homepages/10/d573043092/htdocs/clickandbuilds/BoxmarkDigital HTTP/1.1" 200 12730 boxmarkdigital.com "-" "Mozilla/5.0 AppleWebKit/537.36 (KHTML, like Gecko; compatible; Amazonbot/0.1; +https://developer.amazon.com/support/amazonbot) Chrome/119.0.6045.214 Safari/537.36" "-"
66.249.64.0 - - [19/Oct/2025:01:24:19 -0400] "GET /entity/1414174624.shtm HTTP/1.1" 200 201666 boxmarkdigital.com "-" "Mozilla/5.0 (Linux; Android 6.0.1; Nexus 5X Build/MMB29P) AppleWebKit/537.36 (KHTML, like Gecko) Chrome/140.0.7339.207 Mobile Safari/537.36 (compatible; GoogleOther)" "-"
20.171.207.0 - - [19/Oct/2025:01:24:19 -0400] "GET /?fileloc=//kunden/kunden/kunden/kunden/kunden/sbin/update-dictcommon-hunspell&path=//kunden/kunden/kunden/kunden/kunden/sbin HTTP/1.1" 200 13331 boxmarkdigital.com "-" "Mozilla/5.0 AppleWebKit/537.36 (KHTML, like Gecko; compatible; GPTBot/1.2; +https://openai.com/gptbot)" "-"
66.249.64.0 - - [19/Oct/2025:01:24:21 -0400] "GET /entity/467969364.shtm HTTP/1.1" 200 200182 boxmarkdigital.com "-" "Mozilla/5.0 (Linux; Android 6.0.1; Nexus 5X Build/MMB29P) AppleWebKit/537.36 (KHTML, like Gecko) Chrome/140.0.7339.207 Mobile Safari/537.36 (compatible; GoogleOther)" "-"
66.249.64.0 - - [19/Oct/2025:01:24:21 -0400] "GET /entity/1563294808.shtm HTTP/1.1" 200 197487 boxmarkdigital.com "-" "Mozilla/5.0 (Linux; Android 6.0.1; Nexus 5X Build/MMB29P) AppleWebKit/537.36 (KHTML, like Gecko) Chrome/140.0.7339.207 Mobile Safari/537.36 (compatible; Googlebot/2.1; +http://www.google.com/bot.html)" "-"
20.171.207.0 - - [19/Oct/2025:01:24:22 -0400] "GET /?fileloc=//kunden/kunden/kunden/kunden/kunden/sbin/update-dictcommon-aspell&path=//kunden/kunden/kunden/kunden/kunden/sbin HTTP/1.1" 200 13595 boxmarkdigital.com "-" "Mozilla/5.0 AppleWebKit/537.36 (KHTML, like Gecko; compatible; GPTBot/1.2; +https://openai.com/gptbot)" "-"
66.249.64.0 - - [19/Oct/2025:01:24:25 -0400] "GET /entity/1527498398.shtm HTTP/1.1" 200 203404 boxmarkdigital.com "-" "Googlebot-Image/1.0" "-"
20.171.207.0 - - [19/Oct/2025:01:24:25 -0400] "GET /?fileloc=//kunden/kunden/kunden/kunden/kunden/sbin/fsck.minix&path=//kunden/kunden/kunden/kunden/kunden/sbin HTTP/1.1" 200 12513 boxmarkdigital.com "-" "Mozilla/5.0 AppleWebKit/537.36 (KHTML, like Gecko; compatible; GPTBot/1.2; +https://openai.com/gptbot)" "-"
66.249.64.0 - - [19/Oct/2025:01:24:26 -0400] "GET /entity/1639546433.shtm HTTP/1.1" 200 205520 boxmarkdigital.com "-" "Mozilla/5.0 (Linux; Android 6.0.1; Nexus 5X Build/MMB29P) AppleWebKit/537.36 (KHTML, like Gecko) Chrome/140.0.7339.207 Mobile Safari/537.36 (compatible; GoogleOther)" "-"
20.171.207.0 - - [19/Oct/2025:01:24:28 -0400] "GET /?fileloc=//kunden/kunden/kunden/kunden/bin/dnstap-read&path=//kunden/kunden/kunden/kunden/bin HTTP/1.1" 200 12433 boxmarkdigital.com "-" "Mozilla/5.0 AppleWebKit/537.36 (KHTML, like Gecko; compatible; GPTBot/1.2; +https://openai.com/gptbot)" "-"
20.171.207.0 - - [19/Oct/2025:01:24:32 -0400] "GET /?fileloc=//kunden/kunden/kunden/kunden/kunden/sbin/invoke-rc.d&path=//kunden/kunden/kunden/kunden/kunden/sbin HTTP/1.1" 200 12514 boxmarkdigital.com "-" "Mozilla/5.0 AppleWebKit/537.36 (KHTML, like Gecko; compatible; GPTBot/1.2; +https://openai.com/gptbot)" "-"
20.171.207.0 - - [19/Oct/2025:01:24:35 -0400] "GET /?fileloc=//kunden/kunden/kunden/kunden/kunden/sbin/cron&path=//kunden/kunden/kunden/kunden/kunden/sbin HTTP/1.1" 200 12507 boxmarkdigital.com "-" "Mozilla/5.0 AppleWebKit/537.36 (KHTML, like Gecko; compatible; GPTBot/1.2; +https://openai.com/gptbot)" "-"
20.171.207.0 - - [19/Oct/2025:01:24:38 -0400] "GET /?fileloc=//kunden/kunden/kunden/kunden/kunden/sbin/pivot_root&path=//kunden/kunden/kunden/kunden/kunden/sbin HTTP/1.1" 200 12513 boxmarkdigital.com "-" "Mozilla/5.0 AppleWebKit/537.36 (KHTML, like Gecko; compatible; GPTBot/1.2; +https://openai.com/gptbot)" "-"
20.171.207.0 - - [19/Oct/2025:01:24:41 -0400] "GET /?fileloc=//kunden/kunden/kunden/kunden/kunden/sbin/quota_nld&path=//kunden/kunden/kunden/kunden/kunden/sbin HTTP/1.1" 200 12512 boxmarkdigital.com "-" "Mozilla/5.0 AppleWebKit/537.36 (KHTML, like Gecko; compatible; GPTBot/1.2; +https://openai.com/gptbot)" "-"
20.171.207.0 - - [19/Oct/2025:01:24:44 -0400] "GET /?fileloc=//kunden/kunden/kunden/kunden/kunden/sbin/pam_getenv&path=//kunden/kunden/kunden/kunden/kunden/sbin HTTP/1.1" 200 15656 boxmarkdigital.com "-" "Mozilla/5.0 AppleWebKit/537.36 (KHTML, like Gecko; compatible; GPTBot/1.2; +https://openai.com/gptbot)" "-"
66.249.64.0 - - [19/Oct/2025:01:24:45 -0400] "GET /entity/254994829.shtm HTTP/1.1" 200 197684 boxmarkdigital.com "-" "Mozilla/5.0 (Linux; Android 6.0.1; Nexus 5X Build/MMB29P) AppleWebKit/537.36 (KHTML, like Gecko) Chrome/140.0.7339.207 Mobile Safari/537.36 (compatible; GoogleOther)" "-"
20.171.207.0 - - [19/Oct/2025:01:24:48 -0400] "GET /?fileloc=//kunden/kunden/kunden/kunden/kunden/sbin/cppw&path=//kunden/kunden/kunden/kunden/kunden/sbin HTTP/1.1" 200 12507 boxmarkdigital.com "-" "Mozilla/5.0 AppleWebKit/537.36 (KHTML, like Gecko; compatible; GPTBot/1.2; +https://openai.com/gptbot)" "-"
20.171.207.0 - - [19/Oct/2025:01:24:51 -0400] "GET /?fileloc=//kunden/kunden/kunden/kunden/kunden/sbin/mkfs.minix&path=//kunden/kunden/kunden/kunden/kunden/sbin HTTP/1.1" 200 12513 boxmarkdigital.com "-" "Mozilla/5.0 AppleWebKit/537.36 (KHTML, like Gecko; compatible; GPTBot/1.2; +https://openai.com/gptbot)" "-"
20.171.207.0 - - [19/Oct/2025:01:24:54 -0400] "GET /?fileloc=//kunden/kunden/kunden/kunden/kunden/sbin/getty&path=//kunden/kunden/kunden/kunden/kunden/sbin HTTP/1.1" 200 12508 boxmarkdigital.com "-" "Mozilla/5.0 AppleWebKit/537.36 (KHTML, like Gecko; compatible; GPTBot/1.2; +https://openai.com/gptbot)" "-"
66.249.64.0 - - [19/Oct/2025:01:24:55 -0400] "GET /entity/467813389.shtm HTTP/1.1" 200 205483 boxmarkdigital.com "-" "Mozilla/5.0 (Linux; Android 6.0.1; Nexus 5X Build/MMB29P) AppleWebKit/537.36 (KHTML, like Gecko) Chrome/140.0.7339.207 Mobile Safari/537.36 (compatible; GoogleOther)" "-"
66.249.64.0 - - [19/Oct/2025:01:24:56 -0400] "GET /entity/467889366.shtm HTTP/1.1" 200 202783 boxmarkdigital.com "-" "Mozilla/5.0 (Linux; Android 6.0.1; Nexus 5X Build/MMB29P) AppleWebKit/537.36 (KHTML, like Gecko) Chrome/140.0.7339.207 Mobile Safari/537.36 (compatible; GoogleOther)" "-"
20.171.207.0 - - [19/Oct/2025:01:24:57 -0400] "GET /?fileloc=//kunden/kunden/kunden/kunden/kunden/sbin/halt&path=//kunden/kunden/kunden/kunden/kunden/sbin HTTP/1.1" 200 12507 boxmarkdigital.com "-" "Mozilla/5.0 AppleWebKit/537.36 (KHTML, like Gecko; compatible; GPTBot/1.2; +https://openai.com/gptbot)" "-"
20.171.207.0 - - [19/Oct/2025:01:25:00 -0400] "GET /?fileloc=//kunden/kunden/kunden/kunden/kunden/sbin/rdev&path=//kunden/kunden/kunden/kunden/kunden/sbin HTTP/1.1" 200 12507 boxmarkdigital.com "-" "Mozilla/5.0 AppleWebKit/537.36 (KHTML, like Gecko; compatible; GPTBot/1.2; +https://openai.com/gptbot)" "-"
