66.249.64.0 - - [20/Oct/2025:00:24:35 -0400] "GET /entity/1292069651.shtm HTTP/1.1" 200 200243 boxmarkdigital.com "-" "Mozilla/5.0 (Linux; Android 6.0.1; Nexus 5X Build/MMB29P) AppleWebKit/537.36 (KHTML, like Gecko) Chrome/140.0.7339.207 Mobile Safari/537.36 (compatible; Googlebot/2.1; +http://www.google.com/bot.html)" "-"
216.73.216.0 - - [20/Oct/2025:00:24:35 -0400] "GET /columbus-seo?fileloc=%2F%2Fkunden%2Fetc%2Fwarnquota.conf&path=%2F%2Fkunden%2Fetc HTTP/1.1" 200 12614 boxmarkdigital.com "-" "Mozilla/5.0 AppleWebKit/537.36 (KHTML, like Gecko; compatible; ClaudeBot/1.0; +claudebot@anthropic.com)" "-"
3.81.253.0 - - [20/Oct/2025:00:24:36 -0400] "GET /miami-seo?path=//lib64 HTTP/1.1" 200 14047 boxmarkdigital.com "-" "Mozilla/5.0 AppleWebKit/537.36 (KHTML, like Gecko; compatible; Amazonbot/0.1; +https://developer.amazon.com/support/amazonbot) Chrome/119.0.6045.214 Safari/537.36" "-"
20.171.207.0 - - [20/Oct/2025:00:24:36 -0400] "GET /?path=//kunden/kunden/kunden/kunden/kunden/kunden/kunden/kunden/kunden/kunden/kunden/kunden/kunden/kunden/proc/thread-self/root/kunden/kunden/kunden/kunden/kunden/kunden/kunden/kunden/kunden/kunden/kunden/etc/pam.d HTTP/1.1" 200 54048 boxmarkdigital.com "-" "Mozilla/5.0 AppleWebKit/537.36 (KHTML, like Gecko; compatible; GPTBot/1.2; +https://openai.com/gptbot)" "-"
66.249.64.0 - - [20/Oct/2025:00:24:38 -0400] "GET /entity/1649343968.shtm HTTP/1.1" 200 203396 boxmarkdigital.com "-" "Mozilla/5.0 (Linux; Android 6.0.1; Nexus 5X Build/MMB29P) AppleWebKit/537.36 (KHTML, like Gecko) Chrome/140.0.7339.207 Mobile Safari/537.36 (compatible; GoogleOther)" "-"
216.73.216.0 - - [20/Oct/2025:00:24:38 -0400] "GET /columbus-seo?fileloc=%2F%2Fkunden%2Fetc%2Fdebconf.conf&path=%2F%2Fkunden%2Fetc HTTP/1.1" 200 15211 boxmarkdigital.com "-" "Mozilla/5.0 AppleWebKit/537.36 (KHTML, like Gecko; compatible; ClaudeBot/1.0; +claudebot@anthropic.com)" "-"
66.249.64.0 - - [20/Oct/2025:00:24:39 -0400] "GET /entity/1722014901.shtm HTTP/1.1" 200 195302 boxmarkdigital.com "-" "Mozilla/5.0 (Linux; Android 6.0.1; Nexus 5X Build/MMB29P) AppleWebKit/537.36 (KHTML, like Gecko) Chrome/140.0.7339.207 Mobile Safari/537.36 (compatible; GoogleOther)" "-"
20.171.207.0 - - [20/Oct/2025:00:24:39 -0400] "GET /?fileloc=//kunden/kunden/kunden/kunden/kunden/kunden/kunden/kunden/kunden/kunden/kunden/kunden/kunden/kunden/proc/thread-self/root/kunden/kunden/kunden/kunden/kunden/kunden/kunden/kunden/kunden/kunden/kunden/usr/bin/lastlog&path=//kunden/kunden/kunden/kunden/kunden/kunden/kunden/kunden/kunden/kunden/kunden/kunden/kunden/kunden/proc/thread-self/root/kunden/kunden/kunden/kunden/kunden/kunden/kunden/kunden/kunden/kunden/kunden/usr/bin HTTP/1.1" 200 16484 boxmarkdigital.com "-" "Mozilla/5.0 AppleWebKit/537.36 (KHTML, like Gecko; compatible; GPTBot/1.2; +https://openai.com/gptbot)" "-"
23.20.178.0 - - [20/Oct/2025:00:24:40 -0400] "GET /the-ultimate-guide-to-instant-play-casinos?path=//var HTTP/1.1" 200 28039 boxmarkdigital.com "-" "Mozilla/5.0 AppleWebKit/537.36 (KHTML, like Gecko; compatible; Amazonbot/0.1; +https://developer.amazon.com/support/amazonbot) Chrome/119.0.6045.214 Safari/537.36" "-"
216.73.216.0 - - [20/Oct/2025:00:24:41 -0400] "GET /jacksonville-SEO?path=%2F%2Fkunden%2Frun HTTP/1.1" 200 20819 boxmarkdigital.com "-" "Mozilla/5.0 AppleWebKit/537.36 (KHTML, like Gecko; compatible; ClaudeBot/1.0; +claudebot@anthropic.com)" "-"
54.83.56.0 - - [20/Oct/2025:00:24:42 -0400] "GET /contact?path=/homepages/sclientMF HTTP/1.1" 200 12665 boxmarkdigital.com "-" "Mozilla/5.0 AppleWebKit/537.36 (KHTML, like Gecko; compatible; Amazonbot/0.1; +https://developer.amazon.com/support/amazonbot) Chrome/119.0.6045.214 Safari/537.36" "-"
20.171.207.0 - - [20/Oct/2025:00:24:42 -0400] "GET /?fileloc=//kunden/kunden/kunden/kunden/kunden/kunden/kunden/kunden/kunden/kunden/kunden/kunden/kunden/kunden/proc/thread-self/root/kunden/kunden/kunden/kunden/kunden/kunden/kunden/kunden/kunden/kunden/kunden/usr/bin/mksh-static&path=//kunden/kunden/kunden/kunden/kunden/kunden/kunden/kunden/kunden/kunden/kunden/kunden/kunden/kunden/proc/thread-self/root/kunden/kunden/kunden/kunden/kunden/kunden/kunden/kunden/kunden/kunden/kunden/usr/bin HTTP/1.1" 200 16488 boxmarkdigital.com "-" "Mozilla/5.0 AppleWebKit/537.36 (KHTML, like Gecko; compatible; GPTBot/1.2; +https://openai.com/gptbot)" "-"
66.249.64.0 - - [20/Oct/2025:00:24:43 -0400] "GET /entity/27648264.shtm HTTP/1.1" 200 202237 boxmarkdigital.com "-" "Mozilla/5.0 (Linux; Android 6.0.1; Nexus 5X Build/MMB29P) AppleWebKit/537.36 (KHTML, like Gecko) Chrome/140.0.7339.207 Mobile Safari/537.36 (compatible; GoogleOther)" "-"
216.73.216.0 - - [20/Oct/2025:00:24:44 -0400] "GET /jacksonville-SEO?fileloc=%2F%2Fetc%2Fld.so.cache&path=%2F%2Fetc HTTP/1.1" 200 12191 boxmarkdigital.com "-" "Mozilla/5.0 AppleWebKit/537.36 (KHTML, like Gecko; compatible; ClaudeBot/1.0; +claudebot@anthropic.com)" "-"
20.171.207.0 - - [20/Oct/2025:00:24:45 -0400] "GET /?fileloc=//kunden/kunden/kunden/kunden/kunden/kunden/kunden/kunden/kunden/kunden/kunden/kunden/kunden/kunden/proc/thread-self/root/kunden/kunden/kunden/kunden/kunden/kunden/kunden/kunden/kunden/kunden/kunden/usr/bin/pbmtogem&path=//kunden/kunden/kunden/kunden/kunden/kunden/kunden/kunden/kunden/kunden/kunden/kunden/kunden/kunden/proc/thread-self/root/kunden/kunden/kunden/kunden/kunden/kunden/kunden/kunden/kunden/kunden/kunden/usr/bin HTTP/1.1" 200 16485 boxmarkdigital.com "-" "Mozilla/5.0 AppleWebKit/537.36 (KHTML, like Gecko; compatible; GPTBot/1.2; +https://openai.com/gptbot)" "-"
216.73.216.0 - - [20/Oct/2025:00:24:47 -0400] "GET /jacksonville-SEO?fileloc=%2F%2Fetc%2Fhosts.deny&path=%2F%2Fetc HTTP/1.1" 200 12911 boxmarkdigital.com "-" "Mozilla/5.0 AppleWebKit/537.36 (KHTML, like Gecko; compatible; ClaudeBot/1.0; +claudebot@anthropic.com)" "-"
23.21.250.0 - - [20/Oct/2025:00:24:49 -0400] "GET /austin-digital-marketing-agency?path=//sbin HTTP/1.1" 200 275471 boxmarkdigital.com "-" "Mozilla/5.0 AppleWebKit/537.36 (KHTML, like Gecko; compatible; Amazonbot/0.1; +https://developer.amazon.com/support/amazonbot) Chrome/119.0.6045.214 Safari/537.36" "-"
20.171.207.0 - - [20/Oct/2025:00:24:49 -0400] "GET /?fileloc=//kunden/kunden/kunden/kunden/kunden/kunden/kunden/kunden/kunden/kunden/kunden/kunden/kunden/kunden/proc/thread-self/root/kunden/kunden/kunden/kunden/kunden/kunden/kunden/kunden/kunden/kunden/kunden/usr/bin/rev&path=//kunden/kunden/kunden/kunden/kunden/kunden/kunden/kunden/kunden/kunden/kunden/kunden/kunden/kunden/proc/thread-self/root/kunden/kunden/kunden/kunden/kunden/kunden/kunden/kunden/kunden/kunden/kunden/usr/bin HTTP/1.1" 200 16480 boxmarkdigital.com "-" "Mozilla/5.0 AppleWebKit/537.36 (KHTML, like Gecko; compatible; GPTBot/1.2; +https://openai.com/gptbot)" "-"
216.73.216.0 - - [20/Oct/2025:00:24:50 -0400] "GET /jacksonville-SEO?fileloc=%2F%2Fetc%2Flibaudit.conf&path=%2F%2Fetc HTTP/1.1" 200 12384 boxmarkdigital.com "-" "Mozilla/5.0 AppleWebKit/537.36 (KHTML, like Gecko; compatible; ClaudeBot/1.0; +claudebot@anthropic.com)" "-"
20.171.207.0 - - [20/Oct/2025:00:24:52 -0400] "GET /?fileloc=//kunden/kunden/kunden/kunden/kunden/kunden/kunden/kunden/kunden/kunden/kunden/kunden/kunden/kunden/proc/thread-self/root/kunden/kunden/kunden/kunden/kunden/kunden/kunden/kunden/kunden/kunden/kunden/usr/bin/pinentry-curses&path=//kunden/kunden/kunden/kunden/kunden/kunden/kunden/kunden/kunden/kunden/kunden/kunden/kunden/kunden/proc/thread-self/root/kunden/kunden/kunden/kunden/kunden/kunden/kunden/kunden/kunden/kunden/kunden/usr/bin HTTP/1.1" 200 16492 boxmarkdigital.com "-" "Mozilla/5.0 AppleWebKit/537.36 (KHTML, like Gecko; compatible; GPTBot/1.2; +https://openai.com/gptbot)" "-"
50.19.221.0 - - [20/Oct/2025:00:24:52 -0400] "GET /indianapolis-digital-marketing-agency?path=//lib32 HTTP/1.1" 200 12607 boxmarkdigital.com "-" "Mozilla/5.0 AppleWebKit/537.36 (KHTML, like Gecko; compatible; Amazonbot/0.1; +https://developer.amazon.com/support/amazonbot) Chrome/119.0.6045.214 Safari/537.36" "-"
216.73.216.0 - - [20/Oct/2025:00:24:53 -0400] "GET /columbus-seo?fileloc=%2F%2Fkunden%2Fetc%2Fe2scrub.conf&path=%2F%2Fkunden%2Fetc HTTP/1.1" 200 12937 boxmarkdigital.com "-" "Mozilla/5.0 AppleWebKit/537.36 (KHTML, like Gecko; compatible; ClaudeBot/1.0; +claudebot@anthropic.com)" "-"
20.171.207.0 - - [20/Oct/2025:00:24:55 -0400] "GET /?fileloc=//kunden/kunden/kunden/kunden/kunden/kunden/kunden/kunden/kunden/kunden/kunden/kunden/kunden/kunden/proc/thread-self/root/kunden/kunden/kunden/kunden/kunden/kunden/kunden/kunden/kunden/kunden/kunden/usr/bin/sponge&path=//kunden/kunden/kunden/kunden/kunden/kunden/kunden/kunden/kunden/kunden/kunden/kunden/kunden/kunden/proc/thread-self/root/kunden/kunden/kunden/kunden/kunden/kunden/kunden/kunden/kunden/kunden/kunden/usr/bin HTTP/1.1" 200 16483 boxmarkdigital.com "-" "Mozilla/5.0 AppleWebKit/537.36 (KHTML, like Gecko; compatible; GPTBot/1.2; +https://openai.com/gptbot)" "-"
216.73.216.0 - - [20/Oct/2025:00:24:56 -0400] "GET /columbus-seo?fileloc=%2F%2Fkunden%2Fetc%2Fld.so.conf&path=%2F%2Fkunden%2Fetc HTTP/1.1" 200 12274 boxmarkdigital.com "-" "Mozilla/5.0 AppleWebKit/537.36 (KHTML, like Gecko; compatible; ClaudeBot/1.0; +claudebot@anthropic.com)" "-"
18.214.186.0 - - [20/Oct/2025:00:24:56 -0400] "GET /domain-registration?path=/homepages/3 HTTP/1.1" 200 43216 boxmarkdigital.com "-" "Mozilla/5.0 AppleWebKit/537.36 (KHTML, like Gecko; compatible; Amazonbot/0.1; +https://developer.amazon.com/support/amazonbot) Chrome/119.0.6045.214 Safari/537.36" "-"
66.249.64.0 - - [20/Oct/2025:00:24:57 -0400] "GET /entity/947066438.shtm HTTP/1.1" 200 197813 boxmarkdigital.com "-" "Mozilla/5.0 (Linux; Android 6.0.1; Nexus 5X Build/MMB29P) AppleWebKit/537.36 (KHTML, like Gecko) Chrome/140.0.7339.207 Mobile Safari/537.36 (compatible; GoogleOther)" "-"
20.171.207.0 - - [20/Oct/2025:00:24:58 -0400] "GET /?fileloc=//kunden/kunden/kunden/kunden/kunden/kunden/kunden/kunden/kunden/kunden/kunden/kunden/kunden/kunden/proc/thread-self/root/kunden/kunden/kunden/kunden/kunden/kunden/kunden/kunden/kunden/kunden/kunden/usr/bin/mandb&path=//kunden/kunden/kunden/kunden/kunden/kunden/kunden/kunden/kunden/kunden/kunden/kunden/kunden/kunden/proc/thread-self/root/kunden/kunden/kunden/kunden/kunden/kunden/kunden/kunden/kunden/kunden/kunden/usr/bin HTTP/1.1" 200 16482 boxmarkdigital.com "-" "Mozilla/5.0 AppleWebKit/537.36 (KHTML, like Gecko; compatible; GPTBot/1.2; +https://openai.com/gptbot)" "-"
52.54.249.0 - - [20/Oct/2025:00:24:59 -0400] "GET /wp-admin/post.php?path=/homepages/11 HTTP/1.1" 200 35295 boxmarkdigital.com "-" "Mozilla/5.0 AppleWebKit/537.36 (KHTML, like Gecko; compatible; Amazonbot/0.1; +https://developer.amazon.com/support/amazonbot) Chrome/119.0.6045.214 Safari/537.36" "-"
216.73.216.0 - - [20/Oct/2025:00:24:59 -0400] "GET /columbus-seo?fileloc=%2F%2Fkunden%2Fetc%2Fucf.conf&path=%2F%2Fkunden%2Fetc HTTP/1.1" 200 13498 boxmarkdigital.com "-" "Mozilla/5.0 AppleWebKit/537.36 (KHTML, like Gecko; compatible; ClaudeBot/1.0; +claudebot@anthropic.com)" "-"
20.171.207.0 - - [20/Oct/2025:00:25:01 -0400] "GET /?fileloc=//kunden/kunden/kunden/kunden/kunden/kunden/kunden/kunden/kunden/kunden/kunden/kunden/kunden/kunden/proc/thread-self/root/kunden/kunden/kunden/kunden/kunden/kunden/kunden/kunden/kunden/kunden/kunden/usr/bin/ftp&path=//kunden/kunden/kunden/kunden/kunden/kunden/kunden/kunden/kunden/kunden/kunden/kunden/kunden/kunden/proc/thread-self/root/kunden/kunden/kunden/kunden/kunden/kunden/kunden/kunden/kunden/kunden/kunden/usr/bin HTTP/1.1" 200 16480 boxmarkdigital.com "-" "Mozilla/5.0 AppleWebKit/537.36 (KHTML, like Gecko; compatible; GPTBot/1.2; +https://openai.com/gptbot)" "-"
216.73.216.0 - - [20/Oct/2025:00:25:02 -0400] "GET /jacksonville-SEO?fileloc=%2F%2Fproc%2Fself%2Fmountinfo&path=%2F%2Fproc%2Fself HTTP/1.1" 200 13672 boxmarkdigital.com "-" "Mozilla/5.0 AppleWebKit/537.36 (KHTML, like Gecko; compatible; ClaudeBot/1.0; +claudebot@anthropic.com)" "-"
52.45.29.0 - - [20/Oct/2025:00:25:02 -0400] "GET /the-ultimate-guide-to-slots-bonus-in-online-casinos?path=//sbin HTTP/1.1" 200 275471 boxmarkdigital.com "-" "Mozilla/5.0 AppleWebKit/537.36 (KHTML, like Gecko; compatible; Amazonbot/0.1; +https://developer.amazon.com/support/amazonbot) Chrome/119.0.6045.214 Safari/537.36" "-"
20.171.207.0 - - [20/Oct/2025:00:25:04 -0400] "GET /?fileloc=//kunden/kunden/kunden/kunden/kunden/kunden/kunden/kunden/kunden/kunden/kunden/kunden/kunden/kunden/proc/thread-self/root/kunden/kunden/kunden/kunden/kunden/kunden/kunden/kunden/kunden/kunden/kunden/usr/bin/svnbench&path=//kunden/kunden/kunden/kunden/kunden/kunden/kunden/kunden/kunden/kunden/kunden/kunden/kunden/kunden/proc/thread-self/root/kunden/kunden/kunden/kunden/kunden/kunden/kunden/kunden/kunden/kunden/kunden/usr/bin HTTP/1.1" 200 16485 boxmarkdigital.com "-" "Mozilla/5.0 AppleWebKit/537.36 (KHTML, like Gecko; compatible; GPTBot/1.2; +https://openai.com/gptbot)" "-"
20.171.207.0 - - [20/Oct/2025:00:25:07 -0400] "GET /?path=//kunden/kunden/kunden/kunden/kunden/kunden/kunden/kunden/kunden/kunden/kunden/kunden/kunden/kunden/proc/thread-self/root/kunden/kunden/kunden/kunden/kunden/kunden/kunden/kunden/lib/susshi HTTP/1.1" 200 17839 boxmarkdigital.com "-" "Mozilla/5.0 AppleWebKit/537.36 (KHTML, like Gecko; compatible; GPTBot/1.2; +https://openai.com/gptbot)" "-"
216.73.216.0 - - [20/Oct/2025:00:25:07 -0400] "GET /miami-seo?fileloc=%2Fhomepages%2F10%2Fd573043092%2Fhtdocs%2Fmanzosburger.com%2Fwp-includes%2Fclass-wp-http-ixr-client.php&path=%2Fhomepages%2F10%2Fd573043092%2Fhtdocs%2Fmanzosburger.com%2Fwp-includes HTTP/1.1" 200 16328 boxmarkdigital.com "-" "Mozilla/5.0 AppleWebKit/537.36 (KHTML, like Gecko; compatible; ClaudeBot/1.0; +claudebot@anthropic.com)" "-"
54.152.163.0 - - [20/Oct/2025:00:25:08 -0400] "GET /wp-admin/post.php?path=/homepages/40 HTTP/1.1" 200 35295 boxmarkdigital.com "-" "Mozilla/5.0 AppleWebKit/537.36 (KHTML, like Gecko; compatible; Amazonbot/0.1; +https://developer.amazon.com/support/amazonbot) Chrome/119.0.6045.214 Safari/537.36" "-"
216.73.216.0 - - [20/Oct/2025:00:25:10 -0400] "GET /miami-seo?fileloc=%2Fhomepages%2F10%2Fd573043092%2Fhtdocs%2Fmanzosburger.com%2Fwp-includes%2Fclass-wp-image-editor-imagick.php&path=%2Fhomepages%2F10%2Fd573043092%2Fhtdocs%2Fmanzosburger.com%2Fwp-includes HTTP/1.1" 200 46263 boxmarkdigital.com "-" "Mozilla/5.0 AppleWebKit/537.36 (KHTML, like Gecko; compatible; ClaudeBot/1.0; +claudebot@anthropic.com)" "-"
20.171.207.0 - - [20/Oct/2025:00:25:10 -0400] "GET /?path=//kunden/kunden/kunden/kunden/kunden/kunden/kunden/kunden/kunden/kunden/kunden/kunden/kunden/kunden/proc/thread-self/root/kunden/kunden/kunden/kunden/kunden/kunden/kunden/kunden/lib/ruby HTTP/1.1" 200 21515 boxmarkdigital.com "-" "Mozilla/5.0 AppleWebKit/537.36 (KHTML, like Gecko; compatible; GPTBot/1.2; +https://openai.com/gptbot)" "-"
66.249.64.0 - - [20/Oct/2025:00:25:11 -0400] "GET /entity/1186152395.shtm HTTP/1.1" 200 200227 boxmarkdigital.com "-" "Mozilla/5.0 (Linux; Android 6.0.1; Nexus 5X Build/MMB29P) AppleWebKit/537.36 (KHTML, like Gecko) Chrome/140.0.7339.207 Mobile Safari/537.36 (compatible; GoogleOther)" "-"
52.204.253.0 - - [20/Oct/2025:00:25:12 -0400] "GET /blog?path=/homepages/3 HTTP/1.1" 200 43216 boxmarkdigital.com "-" "Mozilla/5.0 AppleWebKit/537.36 (KHTML, like Gecko; compatible; Amazonbot/0.1; +https://developer.amazon.com/support/amazonbot) Chrome/119.0.6045.214 Safari/537.36" "-"
216.73.216.0 - - [20/Oct/2025:00:25:13 -0400] "GET /miami-seo?fileloc=%2Fhomepages%2F10%2Fd573043092%2Fhtdocs%2Fmanzosburger.com%2Fwp-includes%2Ffunctions.wp-styles.php&path=%2Fhomepages%2F10%2Fd573043092%2Fhtdocs%2Fmanzosburger.com%2Fwp-includes HTTP/1.1" 200 21282 boxmarkdigital.com "-" "Mozilla/5.0 AppleWebKit/537.36 (KHTML, like Gecko; compatible; ClaudeBot/1.0; +claudebot@anthropic.com)" "-"
20.171.207.0 - - [20/Oct/2025:00:25:14 -0400] "GET /?path=//kunden/kunden/kunden/kunden/kunden/kunden/kunden/kunden/kunden/kunden/kunden/kunden/kunden/kunden/proc/thread-self/root/kunden/kunden/kunden/kunden/kunden/kunden/kunden/kunden/sbin HTTP/1.1" 200 411714 boxmarkdigital.com "-" "Mozilla/5.0 AppleWebKit/537.36 (KHTML, like Gecko; compatible; GPTBot/1.2; +https://openai.com/gptbot)" "-"
216.73.216.0 - - [20/Oct/2025:00:25:16 -0400] "GET /miami-seo?fileloc=%2Fhomepages%2F10%2Fd573043092%2Fhtdocs%2Fmanzosburger.com%2Fwp-includes%2Fclass-wp-http-response.php&path=%2Fhomepages%2F10%2Fd573043092%2Fhtdocs%2Fmanzosburger.com%2Fwp-includes HTTP/1.1" 200 15622 boxmarkdigital.com "-" "Mozilla/5.0 AppleWebKit/537.36 (KHTML, like Gecko; compatible; ClaudeBot/1.0; +claudebot@anthropic.com)" "-"
52.202.52.0 - - [20/Oct/2025:00:25:16 -0400] "GET /monthly-seo-tasks-to-improve-your-ranking?fileloc=//CBI_ID&path=/ HTTP/1.1" 200 12174 boxmarkdigital.com "-" "Mozilla/5.0 AppleWebKit/537.36 (KHTML, like Gecko; compatible; Amazonbot/0.1; +https://developer.amazon.com/support/amazonbot) Chrome/119.0.6045.214 Safari/537.36" "-"
20.171.207.0 - - [20/Oct/2025:00:25:17 -0400] "GET /?path=//kunden/kunden/kunden/kunden/kunden/kunden/kunden/kunden/kunden/kunden/kunden/kunden/kunden/kunden/proc/thread-self/root/kunden/kunden/kunden/kunden/kunden/kunden/kunden/boot HTTP/1.1" 200 15580 boxmarkdigital.com "-" "Mozilla/5.0 AppleWebKit/537.36 (KHTML, like Gecko; compatible; GPTBot/1.2; +https://openai.com/gptbot)" "-"
216.73.216.0 - - [20/Oct/2025:00:25:19 -0400] "GET /miami-seo?fileloc=%2Fhomepages%2F10%2Fd573043092%2Fhtdocs%2Fmanzosburger.com%2Fwp-includes%2Fclass-wp-image-editor.php&path=%2Fhomepages%2F10%2Fd573043092%2Fhtdocs%2Fmanzosburger.com%2Fwp-includes HTTP/1.1" 200 29819 boxmarkdigital.com "-" "Mozilla/5.0 AppleWebKit/537.36 (KHTML, like Gecko; compatible; ClaudeBot/1.0; +claudebot@anthropic.com)" "-"
20.171.207.0 - - [20/Oct/2025:00:25:20 -0400] "GET /?path=//kunden/kunden/kunden/kunden/kunden/kunden/kunden/kunden/kunden/kunden/kunden/kunden/kunden/kunden/proc/thread-self/root/kunden/kunden/kunden/kunden/kunden/kunden/kunden/kunden/root HTTP/1.1" 200 15792 boxmarkdigital.com "-" "Mozilla/5.0 AppleWebKit/537.36 (KHTML, like Gecko; compatible; GPTBot/1.2; +https://openai.com/gptbot)" "-"
34.194.165.0 - - [20/Oct/2025:00:25:21 -0400] "GET /domain-registration?path=/homepages/4 HTTP/1.1" 200 32584 boxmarkdigital.com "-" "Mozilla/5.0 AppleWebKit/537.36 (KHTML, like Gecko; compatible; Amazonbot/0.1; +https://developer.amazon.com/support/amazonbot) Chrome/119.0.6045.214 Safari/537.36" "-"
98.82.66.0 - - [20/Oct/2025:00:25:22 -0400] "GET /wp-admin/post.php?path=/homepages/27 HTTP/1.1" 200 35295 boxmarkdigital.com "-" "Mozilla/5.0 AppleWebKit/537.36 (KHTML, like Gecko; compatible; Amazonbot/0.1; +https://developer.amazon.com/support/amazonbot) Chrome/119.0.6045.214 Safari/537.36" "-"
216.73.216.0 - - [20/Oct/2025:00:25:22 -0400] "GET /miami-seo?fileloc=%2Fhomepages%2F10%2Fd573043092%2Fhtdocs%2Fmanzosburger.com%2Fwp-includes%2Fclass-wp-http-requests-response.php&path=%2Fhomepages%2F10%2Fd573043092%2Fhtdocs%2Fmanzosburger.com%2Fwp-includes HTTP/1.1" 200 17171 boxmarkdigital.com "-" "Mozilla/5.0 AppleWebKit/537.36 (KHTML, like Gecko; compatible; ClaudeBot/1.0; +claudebot@anthropic.com)" "-"
20.171.207.0 - - [20/Oct/2025:00:25:23 -0400] "GET /?path=//kunden/kunden/kunden/kunden/kunden/kunden/kunden/kunden/kunden/kunden/kunden/kunden/kunden/kunden/proc/thread-self/root/kunden/kunden/kunden/kunden/kunden/kunden/kunden/kunden/kunden/kunden/etc/skel HTTP/1.1" 200 25117 boxmarkdigital.com "-" "Mozilla/5.0 AppleWebKit/537.36 (KHTML, like Gecko; compatible; GPTBot/1.2; +https://openai.com/gptbot)" "-"
66.249.64.0 - - [20/Oct/2025:00:25:25 -0400] "GET /entity/1193885246.shtm HTTP/1.1" 200 200226 boxmarkdigital.com "-" "Mozilla/5.0 (Linux; Android 6.0.1; Nexus 5X Build/MMB29P) AppleWebKit/537.36 (KHTML, like Gecko) Chrome/140.0.7339.207 Mobile Safari/537.36 (compatible; GoogleOther)" "-"
216.73.216.0 - - [20/Oct/2025:00:25:25 -0400] "GET /miami-seo?fileloc=%2Fhomepages%2F10%2Fd573043092%2Fhtdocs%2Fmanzosburger.com%2Fwp-includes%2Fclass-wp-http-proxy.php&path=%2Fhomepages%2F10%2Fd573043092%2Fhtdocs%2Fmanzosburger.com%2Fwp-includes HTTP/1.1" 200 18688 boxmarkdigital.com "-" "Mozilla/5.0 AppleWebKit/537.36 (KHTML, like Gecko; compatible; ClaudeBot/1.0; +claudebot@anthropic.com)" "-"
20.171.207.0 - - [20/Oct/2025:00:25:26 -0400] "GET /?fileloc=//kunden/kunden/kunden/kunden/kunden/kunden/kunden/kunden/kunden/kunden/kunden/kunden/kunden/kunden/proc/thread-self/root/kunden/kunden/kunden/kunden/kunden/kunden/kunden/kunden/sbin/mii-tool&path=//kunden/kunden/kunden/kunden/kunden/kunden/kunden/kunden/kunden/kunden/kunden/kunden/kunden/kunden/proc/thread-self/root/kunden/kunden/kunden/kunden/kunden/kunden/kunden/kunden/sbin HTTP/1.1" 200 15554 boxmarkdigital.com "-" "Mozilla/5.0 AppleWebKit/537.36 (KHTML, like Gecko; compatible; GPTBot/1.2; +https://openai.com/gptbot)" "-"
3.219.80.0 - - [20/Oct/2025:00:25:26 -0400] "GET /austin-digital-marketing-agency?path=/homepages/3 HTTP/1.1" 200 43216 boxmarkdigital.com "-" "Mozilla/5.0 AppleWebKit/537.36 (KHTML, like Gecko; compatible; Amazonbot/0.1; +https://developer.amazon.com/support/amazonbot) Chrome/119.0.6045.214 Safari/537.36" "-"
216.73.216.0 - - [20/Oct/2025:00:25:28 -0400] "GET /miami-seo?fileloc=%2Fhomepages%2F10%2Fd573043092%2Fhtdocs%2Fmanzosburger.com%2Fwp-includes%2Fclass-wp-http-streams.php&path=%2Fhomepages%2F10%2Fd573043092%2Fhtdocs%2Fmanzosburger.com%2Fwp-includes HTTP/1.1" 200 29882 boxmarkdigital.com "-" "Mozilla/5.0 AppleWebKit/537.36 (KHTML, like Gecko; compatible; ClaudeBot/1.0; +claudebot@anthropic.com)" "-"
20.171.207.0 - - [20/Oct/2025:00:25:29 -0400] "GET /?fileloc=//kunden/kunden/kunden/kunden/kunden/kunden/kunden/kunden/kunden/kunden/kunden/kunden/kunden/kunden/proc/thread-self/root/kunden/kunden/kunden/kunden/kunden/kunden/kunden/kunden/sbin/ldattach&path=//kunden/kunden/kunden/kunden/kunden/kunden/kunden/kunden/kunden/kunden/kunden/kunden/kunden/kunden/proc/thread-self/root/kunden/kunden/kunden/kunden/kunden/kunden/kunden/kunden/sbin HTTP/1.1" 200 15554 boxmarkdigital.com "-" "Mozilla/5.0 AppleWebKit/537.36 (KHTML, like Gecko; compatible; GPTBot/1.2; +https://openai.com/gptbot)" "-"
52.204.89.0 - - [20/Oct/2025:00:25:30 -0400] "GET /the-ultimate-guide-to-slots-bonus-in-online-casinos?path=//libx32 HTTP/1.1" 200 12609 boxmarkdigital.com "-" "Mozilla/5.0 AppleWebKit/537.36 (KHTML, like Gecko; compatible; Amazonbot/0.1; +https://developer.amazon.com/support/amazonbot) Chrome/119.0.6045.214 Safari/537.36" "-"
216.73.216.0 - - [20/Oct/2025:00:25:31 -0400] "GET /miami-seo?fileloc=%2Fhomepages%2F10%2Fd573043092%2Fhtdocs%2Fmanzosburger.com%2Fwp-includes%2Fclass-wp-http-curl.php&path=%2Fhomepages%2F10%2Fd573043092%2Fhtdocs%2Fmanzosburger.com%2Fwp-includes HTTP/1.1" 200 25385 boxmarkdigital.com "-" "Mozilla/5.0 AppleWebKit/537.36 (KHTML, like Gecko; compatible; ClaudeBot/1.0; +claudebot@anthropic.com)" "-"
20.171.207.0 - - [20/Oct/2025:00:25:33 -0400] "GET /?path=//kunden/kunden/kunden/kunden/kunden/kunden/kunden/kunden/kunden/kunden/kunden/kunden/kunden/kunden/proc/thread-self/root/kunden/kunden/kunden/kunden/kunden/kunden/kunden/kunden/var HTTP/1.1" 200 37562 boxmarkdigital.com "-" "Mozilla/5.0 AppleWebKit/537.36 (KHTML, like Gecko; compatible; GPTBot/1.2; +https://openai.com/gptbot)" "-"
52.73.6.0 - - [20/Oct/2025:00:25:34 -0400] "GET /recenzja-kasyna-online-marvel-sloty?path=/homepages HTTP/1.1" 200 81137 boxmarkdigital.com "-" "Mozilla/5.0 AppleWebKit/537.36 (KHTML, like Gecko; compatible; Amazonbot/0.1; +https://developer.amazon.com/support/amazonbot) Chrome/119.0.6045.214 Safari/537.36" "-"
216.73.216.0 - - [20/Oct/2025:00:25:34 -0400] "GET /miami-seo?fileloc=%2Fhomepages%2F10%2Fd573043092%2Fhtdocs%2Fmanzosburger.com%2Fwp-includes%2Fclass.wp-scripts.php&path=%2Fhomepages%2F10%2Fd573043092%2Fhtdocs%2Fmanzosburger.com%2Fwp-includes HTTP/1.1" 200 12943 boxmarkdigital.com "-" "Mozilla/5.0 AppleWebKit/537.36 (KHTML, like Gecko; compatible; ClaudeBot/1.0; +claudebot@anthropic.com)" "-"
74.208.58.0 - - [20/Oct/2025:00:25:34 -0400] "POST /wp-cron.php?doing_wp_cron=1760934334.7703559398651123046875 HTTP/1.1" 200 - www.manzosburger.com "-" "WordPress/6.7.3; https://www.manzosburger.com" "-"
185.40.4.0 - - [20/Oct/2025:00:25:34 -0400] "POST /xmlrpc.php HTTP/1.1" 200 403 manzosburger.com "-" "Mozilla/5.0 (Windows NT 10.0; Win64; x64; rv:124.0) Gecko/20100101 Firefox/124.0" "-"
66.249.64.0 - - [20/Oct/2025:00:25:36 -0400] "GET /entity/1186152395.shtm HTTP/1.1" 200 200227 boxmarkdigital.com "-" "Mozilla/5.0 (Linux; Android 6.0.1; Nexus 5X Build/MMB29P) AppleWebKit/537.36 (KHTML, like Gecko) Chrome/140.0.7339.207 Mobile Safari/537.36 (compatible; GoogleOther)" "-"
20.171.207.0 - - [20/Oct/2025:00:25:36 -0400] "GET /?path=//kunden/kunden/kunden/kunden/kunden/kunden/kunden/kunden/kunden/kunden/kunden/kunden/kunden/kunden/proc/thread-self/root/kunden/kunden/kunden/kunden/kunden/kunden/kunden/kunden/mnt HTTP/1.1" 200 19418 boxmarkdigital.com "-" "Mozilla/5.0 AppleWebKit/537.36 (KHTML, like Gecko; compatible; GPTBot/1.2; +https://openai.com/gptbot)" "-"
74.208.58.0 - - [20/Oct/2025:00:25:36 -0400] "POST /wp-cron.php?doing_wp_cron=1760934336.8555479049682617187500 HTTP/1.1" 200 - www.manzosburger.com "-" "WordPress/6.7.3; https://www.manzosburger.com" "-"
185.40.4.0 - - [20/Oct/2025:00:25:36 -0400] "POST /xmlrpc.php HTTP/1.1" 200 403 manzosburger.com "-" "Mozilla/5.0 (Windows NT 10.0; Win64; x64; rv:124.0) Gecko/20100101 Firefox/124.0" "-"
66.249.64.0 - - [20/Oct/2025:00:25:37 -0400] "GET /entity/1722072213.shtm HTTP/1.1" 200 206811 boxmarkdigital.com "-" "Mozilla/5.0 (Linux; Android 6.0.1; Nexus 5X Build/MMB29P) AppleWebKit/537.36 (KHTML, like Gecko) Chrome/140.0.7339.207 Mobile Safari/537.36 (compatible; GoogleOther)" "-"
216.73.216.0 - - [20/Oct/2025:00:25:37 -0400] "GET /miami-seo?fileloc=%2Fhomepages%2F10%2Fd573043092%2Fhtdocs%2Fmanzosburger.com%2Fwp-includes%2Fclass-wp-block-parser.php&path=%2Fhomepages%2F10%2Fd573043092%2Fhtdocs%2Fmanzosburger.com%2Fwp-includes HTTP/1.1" 200 24504 boxmarkdigital.com "-" "Mozilla/5.0 AppleWebKit/537.36 (KHTML, like Gecko; compatible; ClaudeBot/1.0; +claudebot@anthropic.com)" "-"
66.249.64.0 - - [20/Oct/2025:00:25:39 -0400] "GET /entity/219882134.shtm HTTP/1.1" 200 200973 boxmarkdigital.com "-" "Mozilla/5.0 (Linux; Android 6.0.1; Nexus 5X Build/MMB29P) AppleWebKit/537.36 (KHTML, like Gecko) Chrome/140.0.7339.207 Mobile Safari/537.36 (compatible; GoogleOther)" "-"
20.171.207.0 - - [20/Oct/2025:00:25:39 -0400] "GET /?path=//kunden/kunden/kunden/kunden/kunden/kunden/kunden/kunden/kunden/kunden/kunden/kunden/kunden/kunden/proc/thread-self/root/kunden/kunden/kunden/kunden/kunden/kunden/kunden/kunden/lib/locale/eo HTTP/1.1" 200 41582 boxmarkdigital.com "-" "Mozilla/5.0 AppleWebKit/537.36 (KHTML, like Gecko; compatible; GPTBot/1.2; +https://openai.com/gptbot)" "-"
52.7.13.0 - - [20/Oct/2025:00:25:40 -0400] "GET /construction-seo-company?path=/homepages/backup HTTP/1.1" 200 12659 boxmarkdigital.com "-" "Mozilla/5.0 AppleWebKit/537.36 (KHTML, like Gecko; compatible; Amazonbot/0.1; +https://developer.amazon.com/support/amazonbot) Chrome/119.0.6045.214 Safari/537.36" "-"
216.73.216.0 - - [20/Oct/2025:00:25:40 -0400] "GET /miami-seo?fileloc=%2Fhomepages%2F10%2Fd573043092%2Fhtdocs%2Fmanzosburger.com%2Fwp-includes%2Fclass-wp-http-requests-hooks.php&path=%2Fhomepages%2F10%2Fd573043092%2Fhtdocs%2Fmanzosburger.com%2Fwp-includes HTTP/1.1" 200 14666 boxmarkdigital.com "-" "Mozilla/5.0 AppleWebKit/537.36 (KHTML, like Gecko; compatible; ClaudeBot/1.0; +claudebot@anthropic.com)" "-"
54.39.136.0 - - [20/Oct/2025:00:25:40 -0400] "GET /tes1/?single_prod_id=55 HTTP/1.1" 200 184799 www.manzosburger.com "-" "Mozilla/5.0 (compatible; AhrefsBot/7.0; +http://ahrefs.com/robot/)" "-"
20.171.207.0 - - [20/Oct/2025:00:25:42 -0400] "GET /?fileloc=//kunden/kunden/kunden/kunden/kunden/kunden/kunden/kunden/kunden/kunden/kunden/kunden/kunden/kunden/proc/thread-self/root/kunden/kunden/kunden/kunden/kunden/kunden/kunden/kunden/kunden/kunden/kunden/usr/bin/ssh-keygen&path=//kunden/kunden/kunden/kunden/kunden/kunden/kunden/kunden/kunden/kunden/kunden/kunden/kunden/kunden/proc/thread-self/root/kunden/kunden/kunden/kunden/kunden/kunden/kunden/kunden/kunden/kunden/kunden/usr/bin HTTP/1.1" 200 16487 boxmarkdigital.com "-" "Mozilla/5.0 AppleWebKit/537.36 (KHTML, like Gecko; compatible; GPTBot/1.2; +https://openai.com/gptbot)" "-"
216.73.216.0 - - [20/Oct/2025:00:25:43 -0400] "GET /miami-seo?fileloc=%2Fhomepages%2F10%2Fd573043092%2Fhtdocs%2Fmanzosburger.com%2Fwp-includes%2Fclass-wp-block-patterns-registry.php&path=%2Fhomepages%2F10%2Fd573043092%2Fhtdocs%2Fmanzosburger.com%2Fwp-includes HTTP/1.1" 200 23499 boxmarkdigital.com "-" "Mozilla/5.0 AppleWebKit/537.36 (KHTML, like Gecko; compatible; ClaudeBot/1.0; +claudebot@anthropic.com)" "-"
3.90.73.0 - - [20/Oct/2025:00:25:44 -0400] "GET /how-ppc-works?path=/homepages/29 HTTP/1.1" 200 28635 boxmarkdigital.com "-" "Mozilla/5.0 AppleWebKit/537.36 (KHTML, like Gecko; compatible; Amazonbot/0.1; +https://developer.amazon.com/support/amazonbot) Chrome/119.0.6045.214 Safari/537.36" "-"
20.171.207.0 - - [20/Oct/2025:00:25:45 -0400] "GET /?path=//kunden/kunden/kunden/kunden/kunden/kunden/kunden/kunden/kunden/kunden/kunden/kunden/kunden/kunden/proc/thread-self/root/kunden/kunden/kunden/kunden/kunden/kunden/kunden/kunden/kunden/kunden/etc/gss HTTP/1.1" 200 18333 boxmarkdigital.com "-" "Mozilla/5.0 AppleWebKit/537.36 (KHTML, like Gecko; compatible; GPTBot/1.2; +https://openai.com/gptbot)" "-"
184.72.84.0 - - [20/Oct/2025:00:25:46 -0400] "GET /contact?path=/homepages/25 HTTP/1.1" 200 24639 boxmarkdigital.com "-" "Mozilla/5.0 AppleWebKit/537.36 (KHTML, like Gecko; compatible; Amazonbot/0.1; +https://developer.amazon.com/support/amazonbot) Chrome/119.0.6045.214 Safari/537.36" "-"
216.73.216.0 - - [20/Oct/2025:00:25:46 -0400] "GET /miami-seo?fileloc=%2Fhomepages%2F10%2Fd573043092%2Fhtdocs%2Fmanzosburger.com%2Fwp-includes%2Fclass-wp-script-modules.php&path=%2Fhomepages%2F10%2Fd573043092%2Fhtdocs%2Fmanzosburger.com%2Fwp-includes HTTP/1.1" 200 32490 boxmarkdigital.com "-" "Mozilla/5.0 AppleWebKit/537.36 (KHTML, like Gecko; compatible; ClaudeBot/1.0; +claudebot@anthropic.com)" "-"
20.171.207.0 - - [20/Oct/2025:00:25:48 -0400] "GET /?path=//kunden/kunden/kunden/kunden/kunden/kunden/kunden/kunden/kunden/kunden/kunden/kunden/kunden/kunden/proc/thread-self/root/kunden/kunden/kunden/kunden/kunden/kunden/kunden/kunden/var/lib HTTP/1.1" 200 52740 boxmarkdigital.com "-" "Mozilla/5.0 AppleWebKit/537.36 (KHTML, like Gecko; compatible; GPTBot/1.2; +https://openai.com/gptbot)" "-"
66.249.64.0 - - [20/Oct/2025:00:25:49 -0400] "GET /entity/46730047.shtm HTTP/1.1" 200 198507 boxmarkdigital.com "-" "Mozilla/5.0 (Linux; Android 6.0.1; Nexus 5X Build/MMB29P) AppleWebKit/537.36 (KHTML, like Gecko) Chrome/140.0.7339.207 Mobile Safari/537.36 (compatible; Googlebot/2.1; +http://www.google.com/bot.html)" "-"
216.73.216.0 - - [20/Oct/2025:00:25:49 -0400] "GET /miami-seo?fileloc=%2Fhomepages%2F10%2Fd573043092%2Fhtdocs%2Fmanzosburger.com%2Fwp-includes%2Fclass-wp-fatal-error-handler.php&path=%2Fhomepages%2F10%2Fd573043092%2Fhtdocs%2Fmanzosburger.com%2Fwp-includes HTTP/1.1" 200 20908 boxmarkdigital.com "-" "Mozilla/5.0 AppleWebKit/537.36 (KHTML, like Gecko; compatible; ClaudeBot/1.0; +claudebot@anthropic.com)" "-"
66.249.64.0 - - [20/Oct/2025:00:25:50 -0400] "GET /entity/1574853762.shtm HTTP/1.1" 200 200567 boxmarkdigital.com "-" "Mozilla/5.0 (Linux; Android 6.0.1; Nexus 5X Build/MMB29P) AppleWebKit/537.36 (KHTML, like Gecko) Chrome/140.0.7339.207 Mobile Safari/537.36 (compatible; Googlebot/2.1; +http://www.google.com/bot.html)" "-"
66.249.64.0 - - [20/Oct/2025:00:25:51 -0400] "GET /entity/1413108390.shtm HTTP/1.1" 200 216148 boxmarkdigital.com "-" "Mozilla/5.0 (Linux; Android 6.0.1; Nexus 5X Build/MMB29P) AppleWebKit/537.36 (KHTML, like Gecko) Chrome/140.0.7339.207 Mobile Safari/537.36 (compatible; Googlebot/2.1; +http://www.google.com/bot.html)" "-"
44.193.115.0 - - [20/Oct/2025:00:25:51 -0400] "GET /legal-web-design-services-chicago-2?path=/homepages/lnk HTTP/1.1" 200 12653 boxmarkdigital.com "-" "Mozilla/5.0 AppleWebKit/537.36 (KHTML, like Gecko; compatible; Amazonbot/0.1; +https://developer.amazon.com/support/amazonbot) Chrome/119.0.6045.214 Safari/537.36" "-"
20.171.207.0 - - [20/Oct/2025:00:25:51 -0400] "GET /?fileloc=//kunden/kunden/kunden/kunden/kunden/kunden/kunden/kunden/kunden/kunden/kunden/kunden/kunden/kunden/proc/thread-self/root/kunden/kunden/kunden/kunden/kunden/kunden/kunden/kunden/lib/locale/eo/LC_NAME&path=//kunden/kunden/kunden/kunden/kunden/kunden/kunden/kunden/kunden/kunden/kunden/kunden/kunden/kunden/proc/thread-self/root/kunden/kunden/kunden/kunden/kunden/kunden/kunden/kunden/lib/locale/eo HTTP/1.1" 200 16067 boxmarkdigital.com "-" "Mozilla/5.0 AppleWebKit/537.36 (KHTML, like Gecko; compatible; GPTBot/1.2; +https://openai.com/gptbot)" "-"
66.249.64.0 - - [20/Oct/2025:00:25:52 -0400] "GET /entity/1413121219.shtm HTTP/1.1" 200 202225 boxmarkdigital.com "-" "Mozilla/5.0 (Linux; Android 6.0.1; Nexus 5X Build/MMB29P) AppleWebKit/537.36 (KHTML, like Gecko) Chrome/140.0.7339.207 Mobile Safari/537.36 (compatible; Googlebot/2.1; +http://www.google.com/bot.html)" "-"
66.249.64.0 - - [20/Oct/2025:00:25:52 -0400] "GET /entity/451679883.shtm HTTP/1.1" 200 200575 boxmarkdigital.com "-" "Mozilla/5.0 (Linux; Android 6.0.1; Nexus 5X Build/MMB29P) AppleWebKit/537.36 (KHTML, like Gecko) Chrome/140.0.7339.207 Mobile Safari/537.36 (compatible; GoogleOther)" "-"
216.73.216.0 - - [20/Oct/2025:00:25:52 -0400] "GET /miami-seo?fileloc=%2Fhomepages%2F10%2Fd573043092%2Fhtdocs%2Fmanzosburger.com%2Fwp-includes%2Fclass-wp-block-editor-context.php&path=%2Fhomepages%2F10%2Fd573043092%2Fhtdocs%2Fmanzosburger.com%2Fwp-includes HTTP/1.1" 200 13969 boxmarkdigital.com "-" "Mozilla/5.0 AppleWebKit/537.36 (KHTML, like Gecko; compatible; ClaudeBot/1.0; +claudebot@anthropic.com)" "-"
66.249.64.0 - - [20/Oct/2025:00:25:54 -0400] "GET /entity/1413221387.shtm HTTP/1.1" 200 200633 boxmarkdigital.com "-" "Mozilla/5.0 (Linux; Android 6.0.1; Nexus 5X Build/MMB29P) AppleWebKit/537.36 (KHTML, like Gecko) Chrome/140.0.7339.207 Mobile Safari/537.36 (compatible; Googlebot/2.1; +http://www.google.com/bot.html)" "-"
52.73.6.0 - - [20/Oct/2025:00:25:54 -0400] "GET /san-jose-digital-marketing-agency?path=/homepages/3 HTTP/1.1" 200 43216 boxmarkdigital.com "-" "Mozilla/5.0 AppleWebKit/537.36 (KHTML, like Gecko; compatible; Amazonbot/0.1; +https://developer.amazon.com/support/amazonbot) Chrome/119.0.6045.214 Safari/537.36" "-"
66.249.64.0 - - [20/Oct/2025:00:25:55 -0400] "GET /entity/764387459.shtm HTTP/1.1" 200 199594 boxmarkdigital.com "-" "Mozilla/5.0 (Linux; Android 6.0.1; Nexus 5X Build/MMB29P) AppleWebKit/537.36 (KHTML, like Gecko) Chrome/140.0.7339.207 Mobile Safari/537.36 (compatible; Googlebot/2.1; +http://www.google.com/bot.html)" "-"
20.171.207.0 - - [20/Oct/2025:00:25:55 -0400] "GET /?path=//kunden/kunden/kunden/kunden/kunden/kunden/kunden/kunden/kunden/kunden/kunden/kunden/kunden/kunden/proc/thread-self/root/kunden/kunden/kunden/kunden/kunden/kunden/kunden/kunden/kunden/kunden/kunden/usr/lib HTTP/1.1" 200 133086 boxmarkdigital.com "-" "Mozilla/5.0 AppleWebKit/537.36 (KHTML, like Gecko; compatible; GPTBot/1.2; +https://openai.com/gptbot)" "-"
216.73.216.0 - - [20/Oct/2025:00:25:55 -0400] "GET /miami-seo?fileloc=%2Fhomepages%2F10%2Fd573043092%2Fhtdocs%2Fmanzosburger.com%2Fwp-includes%2Fclass-wp-text-diff-renderer-table.php&path=%2Fhomepages%2F10%2Fd573043092%2Fhtdocs%2Fmanzosburger.com%2Fwp-includes HTTP/1.1" 200 32165 boxmarkdigital.com "-" "Mozilla/5.0 AppleWebKit/537.36 (KHTML, like Gecko; compatible; ClaudeBot/1.0; +claudebot@anthropic.com)" "-"
66.249.64.0 - - [20/Oct/2025:00:25:56 -0400] "GET /entity/1412080484.shtm HTTP/1.1" 200 202525 boxmarkdigital.com "-" "Mozilla/5.0 (Linux; Android 6.0.1; Nexus 5X Build/MMB29P) AppleWebKit/537.36 (KHTML, like Gecko) Chrome/140.0.7339.207 Mobile Safari/537.36 (compatible; Googlebot/2.1; +http://www.google.com/bot.html)" "-"
66.249.64.0 - - [20/Oct/2025:00:25:57 -0400] "GET /entity/1528719395.shtm HTTP/1.1" 200 200547 boxmarkdigital.com "-" "Mozilla/5.0 (Linux; Android 6.0.1; Nexus 5X Build/MMB29P) AppleWebKit/537.36 (KHTML, like Gecko) Chrome/140.0.7339.207 Mobile Safari/537.36 (compatible; Googlebot/2.1; +http://www.google.com/bot.html)" "-"
20.171.207.0 - - [20/Oct/2025:00:25:58 -0400] "GET /?path=//kunden/kunden/kunden/kunden/kunden/kunden/kunden/kunden/kunden/kunden/kunden/kunden/kunden/kunden/proc/thread-self/root/kunden/kunden/kunden/kunden/kunden/kunden/kunden/kunden/var/log HTTP/1.1" 200 17848 boxmarkdigital.com "-" "Mozilla/5.0 AppleWebKit/537.36 (KHTML, like Gecko; compatible; GPTBot/1.2; +https://openai.com/gptbot)" "-"
54.163.169.0 - - [20/Oct/2025:00:25:58 -0400] "GET /adwords-management-company-chicago?path=/homepages/19 HTTP/1.1" 200 51279 boxmarkdigital.com "-" "Mozilla/5.0 AppleWebKit/537.36 (KHTML, like Gecko; compatible; Amazonbot/0.1; +https://developer.amazon.com/support/amazonbot) Chrome/119.0.6045.214 Safari/537.36" "-"
216.73.216.0 - - [20/Oct/2025:00:25:58 -0400] "GET /miami-seo?fileloc=%2Fhomepages%2F10%2Fd573043092%2Fhtdocs%2Fmanzosburger.com%2Fwp-includes%2Fclass-wp-block-bindings-source.php&path=%2Fhomepages%2F10%2Fd573043092%2Fhtdocs%2Fmanzosburger.com%2Fwp-includes HTTP/1.1" 200 15661 boxmarkdigital.com "-" "Mozilla/5.0 AppleWebKit/537.36 (KHTML, like Gecko; compatible; ClaudeBot/1.0; +claudebot@anthropic.com)" "-"
66.249.64.0 - - [20/Oct/2025:00:25:59 -0400] "GET /entity/1528722506.shtm HTTP/1.1" 200 200500 boxmarkdigital.com "-" "Mozilla/5.0 (Linux; Android 6.0.1; Nexus 5X Build/MMB29P) AppleWebKit/537.36 (KHTML, like Gecko) Chrome/140.0.7339.207 Mobile Safari/537.36 (compatible; Googlebot/2.1; +http://www.google.com/bot.html)" "-"
66.249.64.0 - - [20/Oct/2025:00:26:00 -0400] "GET /entity/1617430446.shtm HTTP/1.1" 200 199152 boxmarkdigital.com "-" "Mozilla/5.0 (Linux; Android 6.0.1; Nexus 5X Build/MMB29P) AppleWebKit/537.36 (KHTML, like Gecko) Chrome/140.0.7339.207 Mobile Safari/537.36 (compatible; Googlebot/2.1; +http://www.google.com/bot.html)" "-"
66.249.64.0 - - [20/Oct/2025:00:26:01 -0400] "GET /entity/1617513625.shtm HTTP/1.1" 200 194833 boxmarkdigital.com "-" "Mozilla/5.0 (Linux; Android 6.0.1; Nexus 5X Build/MMB29P) AppleWebKit/537.36 (KHTML, like Gecko) Chrome/140.0.7339.207 Mobile Safari/537.36 (compatible; Googlebot/2.1; +http://www.google.com/bot.html)" "-"
20.171.207.0 - - [20/Oct/2025:00:26:01 -0400] "GET /?path=//kunden/kunden/kunden/kunden/kunden/kunden/kunden/kunden/kunden/kunden/kunden/kunden/kunden/kunden/proc/thread-self/root/kunden/kunden/kunden/kunden/kunden/kunden/kunden/kunden/var/lock HTTP/1.1" 200 16002 boxmarkdigital.com "-" "Mozilla/5.0 AppleWebKit/537.36 (KHTML, like Gecko; compatible; GPTBot/1.2; +https://openai.com/gptbot)" "-"
216.73.216.0 - - [20/Oct/2025:00:26:01 -0400] "GET /miami-seo?fileloc=%2Fhomepages%2F10%2Fd573043092%2Fhtdocs%2Fmanzosburger.com%2Fwp-includes%2Fclass-wp-block-parser-frame.php&path=%2Fhomepages%2F10%2Fd573043092%2Fhtdocs%2Fmanzosburger.com%2Fwp-includes HTTP/1.1" 200 14643 boxmarkdigital.com "-" "Mozilla/5.0 AppleWebKit/537.36 (KHTML, like Gecko; compatible; ClaudeBot/1.0; +claudebot@anthropic.com)" "-"
66.249.64.0 - - [20/Oct/2025:00:26:02 -0400] "GET /entity/1617428979.shtm HTTP/1.1" 200 199703 boxmarkdigital.com "-" "Mozilla/5.0 (Linux; Android 6.0.1; Nexus 5X Build/MMB29P) AppleWebKit/537.36 (KHTML, like Gecko) Chrome/140.0.7339.207 Mobile Safari/537.36 (compatible; Googlebot/2.1; +http://www.google.com/bot.html)" "-"
52.203.237.0 - - [20/Oct/2025:00:26:03 -0400] "GET /san-francisco-seo?path=/homepages/42 HTTP/1.1" 200 43287 boxmarkdigital.com "-" "Mozilla/5.0 AppleWebKit/537.36 (KHTML, like Gecko; compatible; Amazonbot/0.1; +https://developer.amazon.com/support/amazonbot) Chrome/119.0.6045.214 Safari/537.36" "-"
66.249.64.0 - - [20/Oct/2025:00:26:04 -0400] "GET /entity/1617449678.shtm HTTP/1.1" 200 201702 boxmarkdigital.com "-" "Mozilla/5.0 (Linux; Android 6.0.1; Nexus 5X Build/MMB29P) AppleWebKit/537.36 (KHTML, like Gecko) Chrome/140.0.7339.207 Mobile Safari/537.36 (compatible; Googlebot/2.1; +http://www.google.com/bot.html)" "-"
20.171.207.0 - - [20/Oct/2025:00:26:04 -0400] "GET /?path=//kunden/kunden/kunden/kunden/kunden/kunden/kunden/kunden/kunden/kunden/kunden/kunden/kunden/kunden/proc/thread-self/root/kunden/kunden/kunden/kunden/kunden/kunden/kunden/kunden/mnt/strato HTTP/1.1" 200 17835 boxmarkdigital.com "-" "Mozilla/5.0 AppleWebKit/537.36 (KHTML, like Gecko; compatible; GPTBot/1.2; +https://openai.com/gptbot)" "-"
216.73.216.0 - - [20/Oct/2025:00:26:04 -0400] "GET /miami-seo?fileloc=%2Fhomepages%2F10%2Fd573043092%2Fhtdocs%2Fmanzosburger.com%2Fwp-includes%2Fclass-wp-text-diff-renderer-inline.php&path=%2Fhomepages%2F10%2Fd573043092%2Fhtdocs%2Fmanzosburger.com%2Fwp-includes HTTP/1.1" 200 13627 boxmarkdigital.com "-" "Mozilla/5.0 AppleWebKit/537.36 (KHTML, like Gecko; compatible; ClaudeBot/1.0; +claudebot@anthropic.com)" "-"
66.249.64.0 - - [20/Oct/2025:00:26:05 -0400] "GET /entity/1617404897.shtm HTTP/1.1" 200 198560 boxmarkdigital.com "-" "Mozilla/5.0 (Linux; Android 6.0.1; Nexus 5X Build/MMB29P) AppleWebKit/537.36 (KHTML, like Gecko) Chrome/140.0.7339.207 Mobile Safari/537.36 (compatible; Googlebot/2.1; +http://www.google.com/bot.html)" "-"
66.249.64.0 - - [20/Oct/2025:00:26:06 -0400] "GET /entity/214897945.shtm HTTP/1.1" 200 201173 boxmarkdigital.com "-" "Mozilla/5.0 (Linux; Android 6.0.1; Nexus 5X Build/MMB29P) AppleWebKit/537.36 (KHTML, like Gecko) Chrome/140.0.7339.207 Mobile Safari/537.36 (compatible; GoogleOther)" "-"
100.29.63.0 - - [20/Oct/2025:00:26:06 -0400] "GET /domain-registration?path=/homepages/32 HTTP/1.1" 200 29963 boxmarkdigital.com "-" "Mozilla/5.0 AppleWebKit/537.36 (KHTML, like Gecko; compatible; Amazonbot/0.1; +https://developer.amazon.com/support/amazonbot) Chrome/119.0.6045.214 Safari/537.36" "-"
216.73.216.0 - - [20/Oct/2025:00:26:07 -0400] "GET /miami-seo?fileloc=%2Fhomepages%2F10%2Fd573043092%2Fhtdocs%2Fmanzosburger.com%2Fwp-includes%2Fclass-wp-http-encoding.php&path=%2Fhomepages%2F10%2Fd573043092%2Fhtdocs%2Fmanzosburger.com%2Fwp-includes HTTP/1.1" 200 19362 boxmarkdigital.com "-" "Mozilla/5.0 AppleWebKit/537.36 (KHTML, like Gecko; compatible; ClaudeBot/1.0; +claudebot@anthropic.com)" "-"
20.171.207.0 - - [20/Oct/2025:00:26:07 -0400] "GET /?path=//kunden/kunden/kunden/kunden/kunden/kunden/kunden/kunden/kunden/kunden/kunden/kunden/kunden/kunden/proc/thread-self/root/kunden/kunden/kunden/kunden/kunden/kunden/kunden/kunden/mnt/rid HTTP/1.1" 200 16000 boxmarkdigital.com "-" "Mozilla/5.0 AppleWebKit/537.36 (KHTML, like Gecko; compatible; GPTBot/1.2; +https://openai.com/gptbot)" "-"
66.249.64.0 - - [20/Oct/2025:00:26:08 -0400] "GET /entity/1650343783.shtm HTTP/1.1" 200 204895 boxmarkdigital.com "-" "Mozilla/5.0 (Linux; Android 6.0.1; Nexus 5X Build/MMB29P) AppleWebKit/537.36 (KHTML, like Gecko) Chrome/140.0.7339.207 Mobile Safari/537.36 (compatible; Googlebot/2.1; +http://www.google.com/bot.html)" "-"
66.249.64.0 - - [20/Oct/2025:00:26:09 -0400] "GET /entity/1650369654.shtm HTTP/1.1" 200 198738 boxmarkdigital.com "-" "Mozilla/5.0 (Linux; Android 6.0.1; Nexus 5X Build/MMB29P) AppleWebKit/537.36 (KHTML, like Gecko) Chrome/140.0.7339.207 Mobile Safari/537.36 (compatible; Googlebot/2.1; +http://www.google.com/bot.html)" "-"
66.249.64.0 - - [20/Oct/2025:00:26:10 -0400] "GET /entity/1650368923.shtm HTTP/1.1" 200 205021 boxmarkdigital.com "-" "Mozilla/5.0 (Linux; Android 6.0.1; Nexus 5X Build/MMB29P) AppleWebKit/537.36 (KHTML, like Gecko) Chrome/140.0.7339.207 Mobile Safari/537.36 (compatible; Googlebot/2.1; +http://www.google.com/bot.html)" "-"
20.171.207.0 - - [20/Oct/2025:00:26:10 -0400] "GET /?path=//kunden/kunden/kunden/kunden/kunden/kunden/kunden/kunden/kunden/kunden/kunden/kunden/kunden/kunden/proc/thread-self/root/kunden/kunden/kunden/kunden/kunden/kunden/kunden/kunden/kunden/kunden/kunden/usr/lib/ccron HTTP/1.1" 200 19180 boxmarkdigital.com "-" "Mozilla/5.0 AppleWebKit/537.36 (KHTML, like Gecko; compatible; GPTBot/1.2; +https://openai.com/gptbot)" "-"
216.73.216.0 - - [20/Oct/2025:00:26:10 -0400] "GET /miami-seo?fileloc=%2Fhomepages%2F10%2Fd573043092%2Fhtdocs%2Fmanzosburger.com%2Fwp-includes%2Fclass-wp-block-parser-block.php&path=%2Fhomepages%2F10%2Fd573043092%2Fhtdocs%2Fmanzosburger.com%2Fwp-includes HTTP/1.1" 200 15232 boxmarkdigital.com "-" "Mozilla/5.0 AppleWebKit/537.36 (KHTML, like Gecko; compatible; ClaudeBot/1.0; +claudebot@anthropic.com)" "-"
66.249.64.0 - - [20/Oct/2025:00:26:11 -0400] "GET /entity/729586502.shtm HTTP/1.1" 200 202982 boxmarkdigital.com "-" "Mozilla/5.0 (Linux; Android 6.0.1; Nexus 5X Build/MMB29P) AppleWebKit/537.36 (KHTML, like Gecko) Chrome/140.0.7339.207 Mobile Safari/537.36 (compatible; Googlebot/2.1; +http://www.google.com/bot.html)" "-"
66.249.70.0 - - [20/Oct/2025:00:26:11 -0400] "GET /robots.txt HTTP/1.1" 500 - abarcasewer.com "-" "Mozilla/5.0 (compatible; Googlebot/2.1; +http://www.google.com/bot.html)" "-"
18.207.79.0 - - [20/Oct/2025:00:26:12 -0400] "GET /contact?path=/homepages/6 HTTP/1.1" 200 37900 boxmarkdigital.com "-" "Mozilla/5.0 AppleWebKit/537.36 (KHTML, like Gecko; compatible; Amazonbot/0.1; +https://developer.amazon.com/support/amazonbot) Chrome/119.0.6045.214 Safari/537.36" "-"
66.249.64.0 - - [20/Oct/2025:00:26:12 -0400] "GET /entity/135872262.shtm HTTP/1.1" 200 196866 boxmarkdigital.com "-" "Mozilla/5.0 (Linux; Android 6.0.1; Nexus 5X Build/MMB29P) AppleWebKit/537.36 (KHTML, like Gecko) Chrome/140.0.7339.207 Mobile Safari/537.36 (compatible; Googlebot/2.1; +http://www.google.com/bot.html)" "-"
216.73.216.0 - - [20/Oct/2025:00:26:13 -0400] "GET /miami-seo?fileloc=%2Fhomepages%2F10%2Fd573043092%2Fhtdocs%2Fmanzosburger.com%2Fwp-includes%2Ffunctions.wp-scripts.php&path=%2Fhomepages%2F10%2Fd573043092%2Fhtdocs%2Fmanzosburger.com%2Fwp-includes HTTP/1.1" 200 27380 boxmarkdigital.com "-" "Mozilla/5.0 AppleWebKit/537.36 (KHTML, like Gecko; compatible; ClaudeBot/1.0; +claudebot@anthropic.com)" "-"
66.249.64.0 - - [20/Oct/2025:00:26:14 -0400] "GET /entity/729573264.shtm HTTP/1.1" 200 198004 boxmarkdigital.com "-" "Mozilla/5.0 (Linux; Android 6.0.1; Nexus 5X Build/MMB29P) AppleWebKit/537.36 (KHTML, like Gecko) Chrome/140.0.7339.207 Mobile Safari/537.36 (compatible; Googlebot/2.1; +http://www.google.com/bot.html)" "-"
20.171.207.0 - - [20/Oct/2025:00:26:14 -0400] "GET /?path=//kunden/kunden/kunden/kunden/kunden/kunden/kunden/kunden/kunden/kunden/kunden/kunden/kunden/kunden/proc/thread-self/root/kunden/kunden/kunden/kunden/kunden/kunden/kunden/kunden/var/log/oneclick HTTP/1.1" 200 16224 boxmarkdigital.com "-" "Mozilla/5.0 AppleWebKit/537.36 (KHTML, like Gecko; compatible; GPTBot/1.2; +https://openai.com/gptbot)" "-"
66.249.64.0 - - [20/Oct/2025:00:26:15 -0400] "GET /entity/135857934.shtm HTTP/1.1" 200 201314 boxmarkdigital.com "-" "Mozilla/5.0 (Linux; Android 6.0.1; Nexus 5X Build/MMB29P) AppleWebKit/537.36 (KHTML, like Gecko) Chrome/140.0.7339.207 Mobile Safari/537.36 (compatible; Googlebot/2.1; +http://www.google.com/bot.html)" "-"
66.249.64.0 - - [20/Oct/2025:00:26:15 -0400] "GET /entity/969729776.shtm HTTP/1.1" 200 205489 boxmarkdigital.com "-" "Mozilla/5.0 (Linux; Android 6.0.1; Nexus 5X Build/MMB29P) AppleWebKit/537.36 (KHTML, like Gecko) Chrome/140.0.7339.207 Mobile Safari/537.36 (compatible; Googlebot/2.1; +http://www.google.com/bot.html)" "-"
66.249.64.0 - - [20/Oct/2025:00:26:15 -0400] "GET /entity/135853320.shtm HTTP/1.1" 200 195100 boxmarkdigital.com "-" "Mozilla/5.0 (Linux; Android 6.0.1; Nexus 5X Build/MMB29P) AppleWebKit/537.36 (KHTML, like Gecko) Chrome/140.0.7339.207 Mobile Safari/537.36 (compatible; Googlebot/2.1; +http://www.google.com/bot.html)" "-"
66.249.64.0 - - [20/Oct/2025:00:26:16 -0400] "GET /entity/135843638.shtm HTTP/1.1" 200 199410 boxmarkdigital.com "-" "Mozilla/5.0 (Linux; Android 6.0.1; Nexus 5X Build/MMB29P) AppleWebKit/537.36 (KHTML, like Gecko) Chrome/140.0.7339.207 Mobile Safari/537.36 (compatible; Googlebot/2.1; +http://www.google.com/bot.html)" "-"
44.223.115.0 - - [20/Oct/2025:00:26:16 -0400] "GET /san-francisco-digital-marketing-agency-2?path=/homepages/5 HTTP/1.1" 200 28597 boxmarkdigital.com "-" "Mozilla/5.0 AppleWebKit/537.36 (KHTML, like Gecko; compatible; Amazonbot/0.1; +https://developer.amazon.com/support/amazonbot) Chrome/119.0.6045.214 Safari/537.36" "-"
66.249.64.0 - - [20/Oct/2025:00:26:16 -0400] "GET /entity/1410844598.shtm HTTP/1.1" 200 196391 boxmarkdigital.com "-" "Mozilla/5.0 (Linux; Android 6.0.1; Nexus 5X Build/MMB29P) AppleWebKit/537.36 (KHTML, like Gecko) Chrome/140.0.7339.207 Mobile Safari/537.36 (compatible; Googlebot/2.1; +http://www.google.com/bot.html)" "-"
216.73.216.0 - - [20/Oct/2025:00:26:16 -0400] "GET /miami-seo?fileloc=%2Fhomepages%2F10%2Fd573043092%2Fhtdocs%2Fmanzosburger.com%2Fwp-includes%2Fclass-wp-user-request.php&path=%2Fhomepages%2F10%2Fd573043092%2Fhtdocs%2Fmanzosburger.com%2Fwp-includes HTTP/1.1" 200 14893 boxmarkdigital.com "-" "Mozilla/5.0 AppleWebKit/537.36 (KHTML, like Gecko; compatible; ClaudeBot/1.0; +claudebot@anthropic.com)" "-"
66.249.64.0 - - [20/Oct/2025:00:26:17 -0400] "GET /entity/187799620.shtm HTTP/1.1" 200 199852 boxmarkdigital.com "-" "Mozilla/5.0 (Linux; Android 6.0.1; Nexus 5X Build/MMB29P) AppleWebKit/537.36 (KHTML, like Gecko) Chrome/140.0.7339.207 Mobile Safari/537.36 (compatible; Googlebot/2.1; +http://www.google.com/bot.html)" "-"
66.249.64.0 - - [20/Oct/2025:00:26:17 -0400] "GET /entity/1622718109.shtm HTTP/1.1" 200 199755 boxmarkdigital.com "-" "Mozilla/5.0 (Linux; Android 6.0.1; Nexus 5X Build/MMB29P) AppleWebKit/537.36 (KHTML, like Gecko) Chrome/140.0.7339.207 Mobile Safari/537.36 (compatible; Googlebot/2.1; +http://www.google.com/bot.html)" "-"
