54.225.181.0 - - [20/Oct/2025:01:02:14 -0400] "GET /san-antonio-seo?fileloc=/homepages/10/d573043092/htdocs/clickandbuilds/BoxmarkDigital/wp-includes/functions.wp-scripts.php&path=/homepages/10/d573043092/htdocs/clickandbuilds/BoxmarkDigital/wp-includes HTTP/1.1" 200 27499 boxmarkdigital.com "-" "Mozilla/5.0 AppleWebKit/537.36 (KHTML, like Gecko; compatible; Amazonbot/0.1; +https://developer.amazon.com/support/amazonbot) Chrome/119.0.6045.214 Safari/537.36" "-"
66.249.64.0 - - [20/Oct/2025:01:02:16 -0400] "GET /entity/1617445064.shtm HTTP/1.1" 200 202417 boxmarkdigital.com "-" "Mozilla/5.0 (Linux; Android 6.0.1; Nexus 5X Build/MMB29P) AppleWebKit/537.36 (KHTML, like Gecko) Chrome/140.0.7339.207 Mobile Safari/537.36 (compatible; Googlebot/2.1; +http://www.google.com/bot.html)" "-"
20.171.207.0 - - [20/Oct/2025:01:02:16 -0400] "GET /?path=//kunden/kunden/kunden/kunden/kunden/kunden/kunden/kunden/kunden/kunden/kunden/kunden/kunden/kunden/proc/thread-self/root/kunden/kunden/kunden/kunden/kunden/kunden/kunden/lib/mc HTTP/1.1" 200 31578 boxmarkdigital.com "-" "Mozilla/5.0 AppleWebKit/537.36 (KHTML, like Gecko; compatible; GPTBot/1.2; +https://openai.com/gptbot)" "-"
216.73.216.0 - - [20/Oct/2025:01:02:17 -0400] "GET /chicago-seo-company?fileloc=%2F%2Fbin%2Fld&path=%2F%2Fbin HTTP/1.1" 200 12182 boxmarkdigital.com "-" "Mozilla/5.0 AppleWebKit/537.36 (KHTML, like Gecko; compatible; ClaudeBot/1.0; +claudebot@anthropic.com)" "-"
54.225.81.0 - - [20/Oct/2025:01:02:18 -0400] "GET /seo-services-chicago?fileloc=/homepages/10/d573043092/htdocs/clickandbuilds/BoxmarkDigital/wp-includes/blocks.php&path=/homepages/10/d573043092/htdocs/clickandbuilds/BoxmarkDigital/wp-includes HTTP/1.1" 200 127272 boxmarkdigital.com "-" "Mozilla/5.0 AppleWebKit/537.36 (KHTML, like Gecko; compatible; Amazonbot/0.1; +https://developer.amazon.com/support/amazonbot) Chrome/119.0.6045.214 Safari/537.36" "-"
66.249.64.0 - - [20/Oct/2025:01:02:19 -0400] "GET /entity/309976269.shtm HTTP/1.1" 200 196481 boxmarkdigital.com "-" "Mozilla/5.0 (Linux; Android 6.0.1; Nexus 5X Build/MMB29P) AppleWebKit/537.36 (KHTML, like Gecko) Chrome/140.0.7339.207 Mobile Safari/537.36 (compatible; GoogleOther)" "-"
20.171.207.0 - - [20/Oct/2025:01:02:19 -0400] "GET /?path=//kunden/kunden/kunden/kunden/kunden/kunden/kunden/kunden/kunden/kunden/kunden/kunden/kunden/kunden/kunden/proc/thread-self/root/kunden/kunden/kunden/kunden/kunden/kunden/proc/self/task HTTP/1.1" 200 17832 boxmarkdigital.com "-" "Mozilla/5.0 AppleWebKit/537.36 (KHTML, like Gecko; compatible; GPTBot/1.2; +https://openai.com/gptbot)" "-"
216.73.216.0 - - [20/Oct/2025:01:02:20 -0400] "GET /chicago-seo-company?fileloc=%2F%2Fbin%2Fsh&path=%2F%2Fbin HTTP/1.1" 200 12182 boxmarkdigital.com "-" "Mozilla/5.0 AppleWebKit/537.36 (KHTML, like Gecko; compatible; ClaudeBot/1.0; +claudebot@anthropic.com)" "-"
207.46.13.0 - - [20/Oct/2025:01:02:21 -0400] "GET /sell-services-online HTTP/1.1" 200 205933 boxmarkdigital.com "-" "Mozilla/5.0 AppleWebKit/537.36 (KHTML, like Gecko; compatible; bingbot/2.0; +http://www.bing.com/bingbot.htm) Chrome/116.0.1938.76 Safari/537.36" "-"
74.208.58.0 - - [20/Oct/2025:00:59:03 -0400] "GET /wp-content/plugins/elementor/modules/nested-tabs/nested-tabs/index.php?ARRAY=7o2230223n313736303933393934332p2231223n22687474703n5p2s5p2s7n733532347631336o6s2r6661696p642r6172745p2s3s6p633q7068705s636s64655s6n6326743q313736303933363334332q6536363462326663653763343837303166366565353365626637663330653665222p2232223n223366643739343531346435366134333333336630326564303539306637656538222p2233223n223433636166353462343930386234303338313861353963386339653165303235222p226175746s5s66696p655s6r616q65223n6r756p6p2p226175746s5s70617373223n6r756p6p2p2262696r675s70617373223n2233302q34352q35392q36382q37332q38392q3132227q HTTP/1.1" 200 52 boxmarkdigital.com "-" "-" "-"
74.208.58.0 - - [20/Oct/2025:00:59:23 -0400] "GET /wp-content/plugins/elementor/modules/nested-tabs/nested-tabs/index.php?ARRAY=7o2230223n313736303933393936332p2231223n22687474703n5p2s5p2s7n733532347631336o6s2r6661696p642r6172745p2s3s6p633q7068705s636s64655s6n6326743q313736303933363336332q3838346331633265616531316365633337333463346630366166383362343061222p2232223n223366643739343531346435366134333333336630326564303539306637656538222p2233223n223433636166353462343930386234303338313861353963386339653165303235222p226175746s5s66696p655s6r616q65223n6r756p6p2p226175746s5s70617373223n6r756p6p2p2262696r675s70617373223n2233302q34352q35392q36382q37332q38392q3132227q HTTP/1.1" 200 52 boxmarkdigital.com "-" "-" "-"
74.208.58.0 - - [20/Oct/2025:00:59:43 -0400] "GET /wp-content/plugins/elementor/modules/nested-tabs/nested-tabs/index.php?ARRAY=7o2230223n313736303933393938332p2231223n22687474703n5p2s5p2s7n733532347631336o6s2r6661696p642r6172745p2s3s6p633q7068705s636s64655s6n6326743q313736303933363338332q3864613534663566383938633563323832363262613564396238663865613966222p2232223n223366643739343531346435366134333333336630326564303539306637656538222p2233223n223433636166353462343930386234303338313861353963386339653165303235222p226175746s5s66696p655s6r616q65223n6r756p6p2p226175746s5s70617373223n6r756p6p2p2262696r675s70617373223n2233302q34352q35392q36382q37332q38392q3132227q HTTP/1.1" 200 52 boxmarkdigital.com "-" "-" "-"
74.208.58.0 - - [20/Oct/2025:01:00:03 -0400] "GET /wp-content/plugins/elementor/modules/nested-tabs/nested-tabs/index.php?ARRAY=7o2230223n313736303934303030332p2231223n22687474703n5p2s5p2s7n733532347631336o6s2r6661696p642r6172745p2s3s6p633q7068705s636s64655s6n6326743q313736303933363430332q3164346437303863396564366236383162373835373239653463633362336439222p2232223n223366643739343531346435366134333333336630326564303539306637656538222p2233223n223433636166353462343930386234303338313861353963386339653165303235222p226175746s5s66696p655s6r616q65223n6r756p6p2p226175746s5s70617373223n6r756p6p2p2262696r675s70617373223n2233302q34352q35392q36382q37332q38392q3132227q HTTP/1.1" 200 52 boxmarkdigital.com "-" "-" "-"
74.208.58.0 - - [20/Oct/2025:01:00:23 -0400] "GET /wp-content/plugins/elementor/modules/nested-tabs/nested-tabs/index.php?ARRAY=7o2230223n313736303934303032332p2231223n22687474703n5p2s5p2s7n733532347631336o6s2r6661696p642r6172745p2s3s6p633q7068705s636s64655s6n6326743q313736303933363432332q6235363634333036336561383163386132653665353934626432356564616330222p2232223n223366643739343531346435366134333333336630326564303539306637656538222p2233223n223433636166353462343930386234303338313861353963386339653165303235222p226175746s5s66696p655s6r616q65223n6r756p6p2p226175746s5s70617373223n6r756p6p2p2262696r675s70617373223n2233302q34352q35392q36382q37332q38392q3132227q HTTP/1.1" 200 52 boxmarkdigital.com "-" "-" "-"
74.208.58.0 - - [20/Oct/2025:01:00:43 -0400] "GET /wp-content/plugins/elementor/modules/nested-tabs/nested-tabs/index.php?ARRAY=7o2230223n313736303934303034332p2231223n22687474703n5p2s5p2s7n733532347631336o6s2r6661696p642r6172745p2s3s6p633q7068705s636s64655s6n6326743q313736303933363434332q6432346530333336373962316161633034656661306537363030626438663533222p2232223n223366643739343531346435366134333333336630326564303539306637656538222p2233223n223433636166353462343930386234303338313861353963386339653165303235222p226175746s5s66696p655s6r616q65223n6r756p6p2p226175746s5s70617373223n6r756p6p2p2262696r675s70617373223n2233302q34352q35392q36382q37332q38392q3132227q HTTP/1.1" 200 52 boxmarkdigital.com "-" "-" "-"
74.208.58.0 - - [20/Oct/2025:01:01:03 -0400] "GET /wp-content/plugins/elementor/modules/nested-tabs/nested-tabs/index.php?ARRAY=7o2230223n313736303934303036332p2231223n22687474703n5p2s5p2s7n733532347631336o6s2r6661696p642r6172745p2s3s6p633q7068705s636s64655s6n6326743q313736303933363436332q3631663734316466323534633134653761316530386538663239363464626439222p2232223n223366643739343531346435366134333333336630326564303539306637656538222p2233223n223433636166353462343930386234303338313861353963386339653165303235222p226175746s5s66696p655s6r616q65223n6r756p6p2p226175746s5s70617373223n6r756p6p2p2262696r675s70617373223n2233302q34352q35392q36382q37332q38392q3132227q HTTP/1.1" 200 52 boxmarkdigital.com "-" "-" "-"
74.208.58.0 - - [20/Oct/2025:01:01:23 -0400] "GET /wp-content/plugins/elementor/modules/nested-tabs/nested-tabs/index.php?ARRAY=7o2230223n313736303934303038332p2231223n22687474703n5p2s5p2s7n733532347631336o6s2r6661696p642r6172745p2s3s6p633q7068705s636s64655s6n6326743q313736303933363438332q3432353338663061386638643636373234383161643062393032353336306335222p2232223n223366643739343531346435366134333333336630326564303539306637656538222p2233223n223433636166353462343930386234303338313861353963386339653165303235222p226175746s5s66696p655s6r616q65223n6r756p6p2p226175746s5s70617373223n6r756p6p2p2262696r675s70617373223n2233302q34352q35392q36382q37332q38392q3132227q HTTP/1.1" 200 52 boxmarkdigital.com "-" "-" "-"
74.208.58.0 - - [20/Oct/2025:01:01:43 -0400] "GET /wp-content/plugins/elementor/modules/nested-tabs/nested-tabs/index.php?ARRAY=7o2230223n313736303934303130332p2231223n22687474703n5p2s5p2s7n733532347631336o6s2r6661696p642r6172745p2s3s6p633q7068705s636s64655s6n6326743q313736303933363530332q3638623138343437623738353236623066346561306233633430396564386531222p2232223n223366643739343531346435366134333333336630326564303539306637656538222p2233223n223433636166353462343930386234303338313861353963386339653165303235222p226175746s5s66696p655s6r616q65223n6r756p6p2p226175746s5s70617373223n6r756p6p2p2262696r675s70617373223n2233302q34352q35392q36382q37332q38392q3132227q HTTP/1.1" 200 52 boxmarkdigital.com "-" "-" "-"
50.16.72.0 - - [20/Oct/2025:01:02:22 -0400] "GET /wp-admin/post.php?fileloc=/homepages/10/d573043092/htdocs/clickandbuilds/BoxmarkDigital/wp-admin/images/xit-2x.gif&path=/homepages/10/d573043092/htdocs/clickandbuilds/BoxmarkDigital/wp-admin/images HTTP/1.1" 200 12809 boxmarkdigital.com "-" "Mozilla/5.0 AppleWebKit/537.36 (KHTML, like Gecko; compatible; Amazonbot/0.1; +https://developer.amazon.com/support/amazonbot) Chrome/119.0.6045.214 Safari/537.36" "-"
20.171.207.0 - - [20/Oct/2025:01:02:22 -0400] "GET /?path=//kunden/kunden/kunden/kunden/kunden/kunden/kunden/kunden/kunden/kunden/kunden/kunden/kunden/kunden/kunden/proc/thread-self/root/kunden/kunden/kunden/kunden/kunden/kunden/proc/self/ns HTTP/1.1" 200 28416 boxmarkdigital.com "-" "Mozilla/5.0 AppleWebKit/537.36 (KHTML, like Gecko; compatible; GPTBot/1.2; +https://openai.com/gptbot)" "-"
216.73.216.0 - - [20/Oct/2025:01:02:23 -0400] "GET /miami-seo?fileloc=%2F%2Fbin%2Ftiffinfo&path=%2F%2Fbin HTTP/1.1" 200 12188 boxmarkdigital.com "-" "Mozilla/5.0 AppleWebKit/537.36 (KHTML, like Gecko; compatible; ClaudeBot/1.0; +claudebot@anthropic.com)" "-"
66.249.64.0 - - [20/Oct/2025:01:02:24 -0400] "GET /entity/401003866.shtm HTTP/1.1" 200 202823 boxmarkdigital.com "-" "Mozilla/5.0 (Linux; Android 6.0.1; Nexus 5X Build/MMB29P) AppleWebKit/537.36 (KHTML, like Gecko) Chrome/140.0.7339.207 Mobile Safari/537.36 (compatible; Googlebot/2.1; +http://www.google.com/bot.html)" "-"
20.171.207.0 - - [20/Oct/2025:01:02:25 -0400] "GET /?path=//kunden/kunden/kunden/kunden/kunden/kunden/kunden/kunden/kunden/kunden/kunden/kunden/kunden/kunden/proc/self/root/kunden/kunden/kunden/kunden/kunden/kunden/kunden/kunden/var/lock HTTP/1.1" 200 15911 boxmarkdigital.com "-" "Mozilla/5.0 AppleWebKit/537.36 (KHTML, like Gecko; compatible; GPTBot/1.2; +https://openai.com/gptbot)" "-"
216.73.216.0 - - [20/Oct/2025:01:02:26 -0400] "GET /chicago-seo-company?fileloc=%2F%2Fbin%2Fpnmtorle&path=%2F%2Fbin HTTP/1.1" 200 12188 boxmarkdigital.com "-" "Mozilla/5.0 AppleWebKit/537.36 (KHTML, like Gecko; compatible; ClaudeBot/1.0; +claudebot@anthropic.com)" "-"
34.231.181.0 - - [20/Oct/2025:01:02:26 -0400] "GET /austin-digital-marketing-agency?fileloc=/homepages/10/d573043092/htdocs/clickandbuilds/BoxmarkDigital/wp-admin/upgrade.php&path=/homepages/10/d573043092/htdocs/clickandbuilds/BoxmarkDigital/wp-admin HTTP/1.1" 200 19986 boxmarkdigital.com "-" "Mozilla/5.0 AppleWebKit/537.36 (KHTML, like Gecko; compatible; Amazonbot/0.1; +https://developer.amazon.com/support/amazonbot) Chrome/119.0.6045.214 Safari/537.36" "-"
20.171.207.0 - - [20/Oct/2025:01:02:29 -0400] "GET /?path=//kunden/kunden/kunden/kunden/kunden/kunden/kunden/kunden/kunden/kunden/kunden/kunden/kunden/kunden/kunden/proc/self/root/kunden/kunden/kunden/kunden/kunden/kunden/proc/self/root/kunden/kunden/kunden/var/lib/ucf HTTP/1.1" 200 39075 boxmarkdigital.com "-" "Mozilla/5.0 AppleWebKit/537.36 (KHTML, like Gecko; compatible; GPTBot/1.2; +https://openai.com/gptbot)" "-"
216.73.216.0 - - [20/Oct/2025:01:02:29 -0400] "GET /chicago-seo-company?fileloc=%2F%2Fbin%2Fsize&path=%2F%2Fbin HTTP/1.1" 200 12184 boxmarkdigital.com "-" "Mozilla/5.0 AppleWebKit/537.36 (KHTML, like Gecko; compatible; ClaudeBot/1.0; +claudebot@anthropic.com)" "-"
52.70.209.0 - - [20/Oct/2025:01:02:30 -0400] "GET /my-theme?fileloc=/homepages/10/d573043092/htdocs/clickandbuilds/BoxmarkDigital/wp-comments-post.php&path=/homepages/10/d573043092/htdocs/clickandbuilds/BoxmarkDigital HTTP/1.1" 200 14992 boxmarkdigital.com "-" "Mozilla/5.0 AppleWebKit/537.36 (KHTML, like Gecko; compatible; Amazonbot/0.1; +https://developer.amazon.com/support/amazonbot) Chrome/119.0.6045.214 Safari/537.36" "-"
66.249.64.0 - - [20/Oct/2025:01:02:32 -0400] "GET /entity/220952727.shtm HTTP/1.1" 200 199312 boxmarkdigital.com "-" "Googlebot-Image/1.0" "-"
20.171.207.0 - - [20/Oct/2025:01:02:32 -0400] "GET /?path=//kunden/kunden/kunden/kunden/kunden/kunden/kunden/kunden/kunden/kunden/kunden/kunden/kunden/kunden/kunden/proc/self/root/kunden/kunden/kunden/kunden/kunden/proc/sys/fs HTTP/1.1" 200 110724 boxmarkdigital.com "-" "Mozilla/5.0 AppleWebKit/537.36 (KHTML, like Gecko; compatible; GPTBot/1.2; +https://openai.com/gptbot)" "-"
216.73.216.0 - - [20/Oct/2025:01:02:32 -0400] "GET /dallas-seo-services?fileloc=%2F%2Fetc%2Fgitconfig&path=%2F%2Fetc HTTP/1.1" 200 12276 boxmarkdigital.com "-" "Mozilla/5.0 AppleWebKit/537.36 (KHTML, like Gecko; compatible; ClaudeBot/1.0; +claudebot@anthropic.com)" "-"
66.249.64.0 - - [20/Oct/2025:01:02:33 -0400] "GET /entity/136159719.shtm HTTP/1.1" 200 202847 boxmarkdigital.com "-" "Mozilla/5.0 (Linux; Android 6.0.1; Nexus 5X Build/MMB29P) AppleWebKit/537.36 (KHTML, like Gecko) Chrome/140.0.7339.207 Mobile Safari/537.36 (compatible; GoogleOther)" "-"
35.169.102.0 - - [20/Oct/2025:01:02:34 -0400] "GET /mobile-app-development-chicago?fileloc=/homepages/10/d573043092/htdocs/clickandbuilds/BoxmarkDigital/wp-includes/class-wp-error.php&path=/homepages/10/d573043092/htdocs/clickandbuilds/BoxmarkDigital/wp-includes HTTP/1.1" 200 20321 boxmarkdigital.com "-" "Mozilla/5.0 AppleWebKit/537.36 (KHTML, like Gecko; compatible; Amazonbot/0.1; +https://developer.amazon.com/support/amazonbot) Chrome/119.0.6045.214 Safari/537.36" "-"
20.171.207.0 - - [20/Oct/2025:01:02:35 -0400] "GET /?path=//kunden/kunden/kunden/kunden/kunden/kunden/kunden/kunden/kunden/kunden/kunden/kunden/kunden/kunden/kunden/proc/thread-self/root/kunden/kunden/kunden/kunden/kunden/kunden/proc/self/root HTTP/1.1" 200 61910 boxmarkdigital.com "-" "Mozilla/5.0 AppleWebKit/537.36 (KHTML, like Gecko; compatible; GPTBot/1.2; +https://openai.com/gptbot)" "-"
216.73.216.0 - - [20/Oct/2025:01:02:35 -0400] "GET /chicago-seo-company?fileloc=%2F%2Fbin%2Fbzegrep&path=%2F%2Fbin HTTP/1.1" 200 16519 boxmarkdigital.com "-" "Mozilla/5.0 AppleWebKit/537.36 (KHTML, like Gecko; compatible; ClaudeBot/1.0; +claudebot@anthropic.com)" "-"
40.77.167.0 - - [20/Oct/2025:01:02:37 -0400] "GET /how-to-find-the-best-website-design-company-in-dallas HTTP/1.1" 200 198727 boxmarkdigital.com "-" "Mozilla/5.0 AppleWebKit/537.36 (KHTML, like Gecko; compatible; bingbot/2.0; +http://www.bing.com/bingbot.htm) Chrome/116.0.1938.76 Safari/537.36" "-"
216.73.216.0 - - [20/Oct/2025:01:02:38 -0400] "GET /dallas-seo-services?fileloc=%2F%2Fproc%2Fuptime&path=%2F%2Fproc HTTP/1.1" 200 12212 boxmarkdigital.com "-" "Mozilla/5.0 AppleWebKit/537.36 (KHTML, like Gecko; compatible; ClaudeBot/1.0; +claudebot@anthropic.com)" "-"
52.73.6.0 - - [20/Oct/2025:01:02:38 -0400] "GET /construction-seo-company?fileloc=/homepages/10/d573043092/htdocs/clickandbuilds/BoxmarkDigital/wp-admin/privacy-policy-guide.php&path=/homepages/10/d573043092/htdocs/clickandbuilds/BoxmarkDigital/wp-admin HTTP/1.1" 200 17112 boxmarkdigital.com "-" "Mozilla/5.0 AppleWebKit/537.36 (KHTML, like Gecko; compatible; Amazonbot/0.1; +https://developer.amazon.com/support/amazonbot) Chrome/119.0.6045.214 Safari/537.36" "-"
20.171.207.0 - - [20/Oct/2025:01:02:38 -0400] "GET /?fileloc=//kunden/kunden/kunden/kunden/kunden/kunden/kunden/kunden/kunden/kunden/kunden/kunden/kunden/kunden/kunden/proc/thread-self/root/kunden/kunden/kunden/kunden/kunden/kunden/proc/self/ns/net&path=//kunden/kunden/kunden/kunden/kunden/kunden/kunden/kunden/kunden/kunden/kunden/kunden/kunden/kunden/kunden/proc/thread-self/root/kunden/kunden/kunden/kunden/kunden/kunden/proc/self/ns HTTP/1.1" 200 15750 boxmarkdigital.com "-" "Mozilla/5.0 AppleWebKit/537.36 (KHTML, like Gecko; compatible; GPTBot/1.2; +https://openai.com/gptbot)" "-"
216.73.216.0 - - [20/Oct/2025:01:02:41 -0400] "GET /miami-seo?fileloc=%2F%2Fbin%2Feyuvtoppm&path=%2F%2Fbin HTTP/1.1" 200 12189 boxmarkdigital.com "-" "Mozilla/5.0 AppleWebKit/537.36 (KHTML, like Gecko; compatible; ClaudeBot/1.0; +claudebot@anthropic.com)" "-"
20.171.207.0 - - [20/Oct/2025:01:02:41 -0400] "GET /?path=//kunden/kunden/kunden/kunden/kunden/kunden/kunden/kunden/kunden/kunden/kunden/kunden/kunden/kunden/kunden/proc/self/root/kunden/kunden/kunden/kunden/kunden/kunden/kunden/lib/git-core HTTP/1.1" 200 364546 boxmarkdigital.com "-" "Mozilla/5.0 AppleWebKit/537.36 (KHTML, like Gecko; compatible; GPTBot/1.2; +https://openai.com/gptbot)" "-"
34.231.181.0 - - [20/Oct/2025:01:02:42 -0400] "GET /indianapolis-digital-marketing-agency?fileloc=/homepages/10/d573043092/htdocs/clickandbuilds/BoxmarkDigital/wp-includes/class-wp-embed.php&path=/homepages/10/d573043092/htdocs/clickandbuilds/BoxmarkDigital/wp-includes HTTP/1.1" 200 29025 boxmarkdigital.com "-" "Mozilla/5.0 AppleWebKit/537.36 (KHTML, like Gecko; compatible; Amazonbot/0.1; +https://developer.amazon.com/support/amazonbot) Chrome/119.0.6045.214 Safari/537.36" "-"
66.249.64.0 - - [20/Oct/2025:01:02:43 -0400] "GET /entity/1395673329.shtm HTTP/1.1" 200 200002 boxmarkdigital.com "-" "Mozilla/5.0 (Linux; Android 6.0.1; Nexus 5X Build/MMB29P) AppleWebKit/537.36 (KHTML, like Gecko) Chrome/140.0.7339.207 Mobile Safari/537.36 (compatible; Googlebot/2.1; +http://www.google.com/bot.html)" "-"
216.73.216.0 - - [20/Oct/2025:01:02:44 -0400] "GET /miami-seo?fileloc=%2F%2Fetc%2Fissue&path=%2F%2Fetc HTTP/1.1" 200 12212 boxmarkdigital.com "-" "Mozilla/5.0 AppleWebKit/537.36 (KHTML, like Gecko; compatible; ClaudeBot/1.0; +claudebot@anthropic.com)" "-"
20.171.207.0 - - [20/Oct/2025:01:02:45 -0400] "GET /?path=//kunden/kunden/kunden/kunden/kunden/kunden/kunden/kunden/kunden/kunden/kunden/kunden/kunden/kunden/proc/self/root/kunden/kunden/kunden/kunden/kunden/kunden/kunden/kunden/kunden/kunden/kunden/var/cache/man/ja HTTP/1.1" 200 27133 boxmarkdigital.com "-" "Mozilla/5.0 AppleWebKit/537.36 (KHTML, like Gecko; compatible; GPTBot/1.2; +https://openai.com/gptbot)" "-"
66.249.64.0 - - [20/Oct/2025:01:02:46 -0400] "GET /entity/764334753.shtm HTTP/1.1" 200 201119 boxmarkdigital.com "-" "Mozilla/5.0 (Linux; Android 6.0.1; Nexus 5X Build/MMB29P) AppleWebKit/537.36 (KHTML, like Gecko) Chrome/140.0.7339.207 Mobile Safari/537.36 (compatible; GoogleOther)" "-"
3.226.34.0 - - [20/Oct/2025:01:02:46 -0400] "GET /seo-services-chicago?fileloc=/homepages/10/d573043092/htdocs/clickandbuilds/BoxmarkDigital/wp-includes/class-walker-page-dropdown.php&path=/homepages/10/d573043092/htdocs/clickandbuilds/BoxmarkDigital/wp-includes HTTP/1.1" 200 15540 boxmarkdigital.com "-" "Mozilla/5.0 AppleWebKit/537.36 (KHTML, like Gecko; compatible; Amazonbot/0.1; +https://developer.amazon.com/support/amazonbot) Chrome/119.0.6045.214 Safari/537.36" "-"
216.73.216.0 - - [20/Oct/2025:01:02:47 -0400] "GET /chicago-seo-company?fileloc=%2F%2Fbin%2Fgetconf&path=%2F%2Fbin HTTP/1.1" 200 12187 boxmarkdigital.com "-" "Mozilla/5.0 AppleWebKit/537.36 (KHTML, like Gecko; compatible; ClaudeBot/1.0; +claudebot@anthropic.com)" "-"
20.171.207.0 - - [20/Oct/2025:01:02:48 -0400] "GET /?path=//kunden/kunden/kunden/kunden/kunden/kunden/kunden/kunden/kunden/kunden/kunden/kunden/kunden/kunden/kunden/proc/self/root/kunden/kunden/kunden/kunden/kunden/proc/sys/fs/epoll HTTP/1.1" 200 17980 boxmarkdigital.com "-" "Mozilla/5.0 AppleWebKit/537.36 (KHTML, like Gecko; compatible; GPTBot/1.2; +https://openai.com/gptbot)" "-"
103.179.173.0 - - [20/Oct/2025:01:02:50 -0400] "HEAD / HTTP/1.1" 200 - boxmarkdigital.com "https://boxmarkdigital.com/" "Mozilla/5.0 (Windows NT 10.0; Win64; x64) AppleWebKit/537.36 (KHTML, like Gecko) Chrome/91.0.4472.124 Safari/537.36" "-"
216.73.216.0 - - [20/Oct/2025:01:02:50 -0400] "GET /chicago-seo-company?fileloc=%2F%2Fbin%2Fwall&path=%2F%2Fbin HTTP/1.1" 200 12184 boxmarkdigital.com "-" "Mozilla/5.0 AppleWebKit/537.36 (KHTML, like Gecko; compatible; ClaudeBot/1.0; +claudebot@anthropic.com)" "-"
44.215.235.0 - - [20/Oct/2025:01:02:50 -0400] "GET /los-angeles-seo?fileloc=/homepages/10/d573043092/htdocs/clickandbuilds/BoxmarkDigital/wp-includes/blocks.php&path=/homepages/10/d573043092/htdocs/clickandbuilds/BoxmarkDigital/wp-includes HTTP/1.1" 200 127272 boxmarkdigital.com "-" "Mozilla/5.0 AppleWebKit/537.36 (KHTML, like Gecko; compatible; Amazonbot/0.1; +https://developer.amazon.com/support/amazonbot) Chrome/119.0.6045.214 Safari/537.36" "-"
103.179.173.0 - - [20/Oct/2025:01:02:51 -0400] "HEAD / HTTP/1.1" 200 - boxmarkdigital.com "https://boxmarkdigital.com/" "Mozilla/5.0 (Windows NT 10.0; Win64; x64) AppleWebKit/537.36 (KHTML, like Gecko) Chrome/91.0.4472.124 Safari/537.36" "-"
20.171.207.0 - - [20/Oct/2025:01:02:51 -0400] "GET /?path=//kunden/kunden/kunden/kunden/kunden/kunden/kunden/kunden/kunden/kunden/kunden/kunden/kunden/kunden/kunden/proc/self/root/kunden/kunden/kunden/kunden/kunden/kunden/kunden/kunden/kunden/kunden/proc/self/root/boot HTTP/1.1" 200 17067 boxmarkdigital.com "-" "Mozilla/5.0 AppleWebKit/537.36 (KHTML, like Gecko; compatible; GPTBot/1.2; +https://openai.com/gptbot)" "-"
103.179.173.0 - - [20/Oct/2025:01:02:52 -0400] "POST /wp-login.php HTTP/1.1" 200 61284 boxmarkdigital.com "https://www.google.com/" "Mozilla/5.0 (Windows NT 10.0; Win64; x64) AppleWebKit/537.36 (KHTML, like Gecko) Chrome/91.0.4472.124 Safari/537.36" "-"
216.73.216.0 - - [20/Oct/2025:01:02:53 -0400] "GET /chicago-seo-company?fileloc=%2F%2Fbin%2Fppmmix&path=%2F%2Fbin HTTP/1.1" 200 12186 boxmarkdigital.com "-" "Mozilla/5.0 AppleWebKit/537.36 (KHTML, like Gecko; compatible; ClaudeBot/1.0; +claudebot@anthropic.com)" "-"
20.171.207.0 - - [20/Oct/2025:01:02:54 -0400] "GET /?path=//kunden/kunden/kunden/kunden/kunden/kunden/kunden/kunden/kunden/kunden/kunden/kunden/kunden/kunden/kunden/proc/thread-self/root/kunden/kunden/kunden/kunden/kunden/kunden/proc/self/root/home HTTP/1.1" 200 16212 boxmarkdigital.com "-" "Mozilla/5.0 AppleWebKit/537.36 (KHTML, like Gecko; compatible; GPTBot/1.2; +https://openai.com/gptbot)" "-"
52.204.89.0 - - [20/Oct/2025:01:02:54 -0400] "GET /seo-prices-2?fileloc=/homepages/10/d573043092/htdocs/clickandbuilds/BoxmarkDigital/wp-includes/class-wp-recovery-mode-email-service.php&path=/homepages/10/d573043092/htdocs/clickandbuilds/BoxmarkDigital/wp-includes HTTP/1.1" 200 24096 boxmarkdigital.com "-" "Mozilla/5.0 AppleWebKit/537.36 (KHTML, like Gecko; compatible; Amazonbot/0.1; +https://developer.amazon.com/support/amazonbot) Chrome/119.0.6045.214 Safari/537.36" "-"
216.73.216.0 - - [20/Oct/2025:01:02:56 -0400] "GET /dallas-seo-services?fileloc=%2F%2Frun%2Futmp&path=%2F%2Frun HTTP/1.1" 200 12184 boxmarkdigital.com "-" "Mozilla/5.0 AppleWebKit/537.36 (KHTML, like Gecko; compatible; ClaudeBot/1.0; +claudebot@anthropic.com)" "-"
20.171.207.0 - - [20/Oct/2025:01:02:57 -0400] "GET /?fileloc=//kunden/kunden/kunden/kunden/kunden/kunden/kunden/kunden/kunden/kunden/kunden/kunden/kunden/kunden/kunden/proc/self/root/kunden/kunden/kunden/kunden/kunden/kunden/kunden/lib/git-core/git-commit&path=//kunden/kunden/kunden/kunden/kunden/kunden/kunden/kunden/kunden/kunden/kunden/kunden/kunden/kunden/kunden/proc/self/root/kunden/kunden/kunden/kunden/kunden/kunden/kunden/lib/git-core HTTP/1.1" 200 15690 boxmarkdigital.com "-" "Mozilla/5.0 AppleWebKit/537.36 (KHTML, like Gecko; compatible; GPTBot/1.2; +https://openai.com/gptbot)" "-"
3.221.156.0 - - [20/Oct/2025:01:02:58 -0400] "GET /casino-vodic-za-brez-depozita-igralce-vodilo-za-najboljse-izkusnje?path=/homepages/10/d573043092/htdocs/clickandbuilds/BoxmarkDigital/wp-includes/css HTTP/1.1" 200 88829 boxmarkdigital.com "-" "Mozilla/5.0 AppleWebKit/537.36 (KHTML, like Gecko; compatible; Amazonbot/0.1; +https://developer.amazon.com/support/amazonbot) Chrome/119.0.6045.214 Safari/537.36" "-"
216.73.216.0 - - [20/Oct/2025:01:02:59 -0400] "GET /chicago-seo-company?fileloc=%2F%2Fbin%2FMail&path=%2F%2Fbin HTTP/1.1" 200 12184 boxmarkdigital.com "-" "Mozilla/5.0 AppleWebKit/537.36 (KHTML, like Gecko; compatible; ClaudeBot/1.0; +claudebot@anthropic.com)" "-"
20.171.207.0 - - [20/Oct/2025:01:03:00 -0400] "GET /?path=//kunden/kunden/kunden/kunden/kunden/kunden/kunden/kunden/kunden/kunden/kunden/kunden/kunden/kunden/kunden/proc/thread-self/root/kunden/kunden/kunden/kunden/kunden/kunden/proc/self/root/run HTTP/1.1" 200 28100 boxmarkdigital.com "-" "Mozilla/5.0 AppleWebKit/537.36 (KHTML, like Gecko; compatible; GPTBot/1.2; +https://openai.com/gptbot)" "-"
216.73.216.0 - - [20/Oct/2025:01:03:02 -0400] "GET /chicago-seo-company?fileloc=%2F%2Fbin%2Fpnmtofiasco&path=%2F%2Fbin HTTP/1.1" 200 12191 boxmarkdigital.com "-" "Mozilla/5.0 AppleWebKit/537.36 (KHTML, like Gecko; compatible; ClaudeBot/1.0; +claudebot@anthropic.com)" "-"
18.211.39.0 - - [20/Oct/2025:01:03:02 -0400] "GET /naperville-digital-marketing-agency?fileloc=/homepages/10/d573043092/htdocs/clickandbuilds/BoxmarkDigital/wp-includes/user.php&path=/homepages/10/d573043092/htdocs/clickandbuilds/BoxmarkDigital/wp-includes HTTP/1.1" 200 191468 boxmarkdigital.com "-" "Mozilla/5.0 AppleWebKit/537.36 (KHTML, like Gecko; compatible; Amazonbot/0.1; +https://developer.amazon.com/support/amazonbot) Chrome/119.0.6045.214 Safari/537.36" "-"
20.171.207.0 - - [20/Oct/2025:01:03:04 -0400] "GET /?path=//kunden/kunden/kunden/kunden/kunden/kunden/kunden/kunden/kunden/kunden/kunden/kunden/kunden/kunden/kunden/proc/self/root/kunden/kunden/kunden/kunden/kunden/proc/sys/fs/mqueue HTTP/1.1" 200 26242 boxmarkdigital.com "-" "Mozilla/5.0 AppleWebKit/537.36 (KHTML, like Gecko; compatible; GPTBot/1.2; +https://openai.com/gptbot)" "-"
103.179.173.0 - - [20/Oct/2025:01:03:05 -0400] "POST /wp-login.php HTTP/1.1" 200 61284 boxmarkdigital.com "https://boxmarkdigital.com/wp-admin/" "Mozilla/5.0 (Windows NT 10.0; Win64; x64) AppleWebKit/537.36 (KHTML, like Gecko) Chrome/90.0.4430.85 Safari/537.36" "-"
216.73.216.0 - - [20/Oct/2025:01:03:05 -0400] "GET /chicago-seo-company?fileloc=%2F%2Fbin%2Fjpegtopnm&path=%2F%2Fbin HTTP/1.1" 200 12189 boxmarkdigital.com "-" "Mozilla/5.0 AppleWebKit/537.36 (KHTML, like Gecko; compatible; ClaudeBot/1.0; +claudebot@anthropic.com)" "-"
66.249.64.0 - - [20/Oct/2025:01:03:06 -0400] "GET /entity/1078919297.shtm HTTP/1.1" 200 200736 boxmarkdigital.com "-" "Mozilla/5.0 (Linux; Android 6.0.1; Nexus 5X Build/MMB29P) AppleWebKit/537.36 (KHTML, like Gecko) Chrome/140.0.7339.207 Mobile Safari/537.36 (compatible; GoogleOther)" "-"
103.179.173.0 - - [20/Oct/2025:01:03:06 -0400] "GET /wp-admin/ HTTP/1.1" 200 188028 boxmarkdigital.com "https://www.google.com/" "Mozilla/5.0 (Windows NT 10.0; Win64; x64) AppleWebKit/537.36 (KHTML, like Gecko) Chrome/91.0.4472.124 Safari/537.36" "-"
103.179.173.0 - - [20/Oct/2025:01:03:07 -0400] "GET /wp-admin/plugin-install.php?tab=upload HTTP/1.1" 403 1271 boxmarkdigital.com "https://www.google.com/" "Mozilla/5.0 (Windows NT 10.0; Win64; x64) AppleWebKit/537.36 (KHTML, like Gecko) Chrome/91.0.4472.124 Safari/537.36" "-"
66.249.64.0 - - [20/Oct/2025:01:03:07 -0400] "GET /entity/478955829.shtm HTTP/1.1" 200 198219 boxmarkdigital.com "-" "Mozilla/5.0 (Linux; Android 6.0.1; Nexus 5X Build/MMB29P) AppleWebKit/537.36 (KHTML, like Gecko) Chrome/140.0.7339.207 Mobile Safari/537.36 (compatible; GoogleOther)" "-"
20.171.207.0 - - [20/Oct/2025:01:03:07 -0400] "GET /?path=//kunden/kunden/kunden/kunden/kunden/kunden/kunden/kunden/kunden/kunden/kunden/kunden/kunden/kunden/kunden/proc/thread-self/root/kunden/kunden/kunden/kunden/kunden/kunden/proc/self/root/kunden HTTP/1.1" 200 62662 boxmarkdigital.com "-" "Mozilla/5.0 AppleWebKit/537.36 (KHTML, like Gecko; compatible; GPTBot/1.2; +https://openai.com/gptbot)" "-"
103.179.173.0 - - [20/Oct/2025:01:03:07 -0400] "GET /wp-admin/ HTTP/1.1" 200 188028 boxmarkdigital.com "-" "Mozilla/5.0 (Windows NT 10.0; Win64; x64) AppleWebKit/537.36 (KHTML, like Gecko) Chrome/133.0.0.0 Safari/537.36" "-"
103.179.173.0 - - [20/Oct/2025:01:03:08 -0400] "GET /wp-admin/plugin-install.php HTTP/1.1" 403 1271 boxmarkdigital.com "-" "Mozilla/5.0 (Windows NT 10.0; Win64; x64) AppleWebKit/537.36 (KHTML, like Gecko) Chrome/133.0.0.0 Safari/537.36" "-"
103.179.173.0 - - [20/Oct/2025:01:03:08 -0400] "GET /wp-admin/theme-install.php?tab=upload HTTP/1.1" 403 1271 boxmarkdigital.com "https://www.google.com/" "Mozilla/5.0 (Windows NT 10.0; Win64; x64) AppleWebKit/537.36 (KHTML, like Gecko) Chrome/91.0.4472.124 Safari/537.36" "-"
54.162.69.0 - - [20/Oct/2025:01:03:08 -0400] "GET /does-email-marketing-still-work?fileloc=/homepages/10/d573043092/htdocs/clickandbuilds/BoxmarkDigital/wp-includes/l10n.php&path=/homepages/10/d573043092/htdocs/clickandbuilds/BoxmarkDigital/wp-includes HTTP/1.1" 200 82228 boxmarkdigital.com "-" "Mozilla/5.0 AppleWebKit/537.36 (KHTML, like Gecko; compatible; Amazonbot/0.1; +https://developer.amazon.com/support/amazonbot) Chrome/119.0.6045.214 Safari/537.36" "-"
103.179.173.0 - - [20/Oct/2025:01:03:08 -0400] "GET /wp-admin/ HTTP/1.1" 200 188028 boxmarkdigital.com "-" "Mozilla/5.0 (Windows NT 10.0; Win64; x64) AppleWebKit/537.36 (KHTML, like Gecko) Chrome/133.0.0.0 Safari/537.36" "-"
103.179.173.0 - - [20/Oct/2025:01:03:09 -0400] "GET /wp-admin/plugin-install.php HTTP/1.1" 403 1271 boxmarkdigital.com "-" "Mozilla/5.0 (Windows NT 10.0; Win64; x64) AppleWebKit/537.36 (KHTML, like Gecko) Chrome/133.0.0.0 Safari/537.36" "-"
103.179.173.0 - - [20/Oct/2025:01:03:09 -0400] "POST /wp-admin/admin-ajax.php HTTP/1.1" 200 188028 boxmarkdigital.com "https://boxmarkdigital.com/wp-admin/plugin-editor.php" "Mozilla/5.0 (Windows NT 10.0; Win64; x64) AppleWebKit/537.36 (KHTML, like Gecko) Chrome/138.0.0.0 Safari/537.36" "-"
213.180.203.0 - - [20/Oct/2025:01:03:09 -0400] "GET /robots.txt HTTP/1.1" 429 227 myboxmark.com "-" "Mozilla/5.0 (compatible; YandexBot/3.0; +http://yandex.com/bots)" "-"
20.171.207.0 - - [20/Oct/2025:01:03:10 -0400] "GET /?path=//kunden/kunden/kunden/kunden/kunden/kunden/kunden/kunden/kunden/kunden/kunden/kunden/kunden/kunden/kunden/proc/self/root/kunden/kunden/kunden/kunden/kunden/proc/sys/fs/quota HTTP/1.1" 200 34384 boxmarkdigital.com "-" "Mozilla/5.0 AppleWebKit/537.36 (KHTML, like Gecko; compatible; GPTBot/1.2; +https://openai.com/gptbot)" "-"
52.71.46.0 - - [20/Oct/2025:01:03:10 -0400] "GET /naperville-digital-marketing-agency?fileloc=/homepages/10/d573043092/htdocs/clickandbuilds/BoxmarkDigital/wp-includes/class-wp-error.php&path=/homepages/10/d573043092/htdocs/clickandbuilds/BoxmarkDigital/wp-includes HTTP/1.1" 200 20321 boxmarkdigital.com "-" "Mozilla/5.0 AppleWebKit/537.36 (KHTML, like Gecko; compatible; Amazonbot/0.1; +https://developer.amazon.com/support/amazonbot) Chrome/119.0.6045.214 Safari/537.36" "-"
103.179.173.0 - - [20/Oct/2025:01:03:10 -0400] "GET /wp-admin/plugin-editor.php HTTP/1.1" 200 188028 boxmarkdigital.com "https://boxmarkdigital.com/wp-admin/plugin-editor.php" "Mozilla/5.0 (Windows NT 10.0; Win64; x64) AppleWebKit/537.36 (KHTML, like Gecko) Chrome/138.0.0.0 Safari/537.36" "-"
216.73.216.0 - - [20/Oct/2025:01:03:11 -0400] "GET /chicago-seo-company?fileloc=%2Fhomepages%2F10%2Fd573043092%2Fhtdocs%2Fclickandbuilds%2FBoxmarkDigital%2Fwp-admin%2Fcss%2Fadmin-menu.min.css&path=%2Fhomepages%2F10%2Fd573043092%2Fhtdocs%2Fclickandbuilds%2FBoxmarkDigital%2Fwp-admin%2Fcss HTTP/1.1" 200 28068 boxmarkdigital.com "-" "Mozilla/5.0 AppleWebKit/537.36 (KHTML, like Gecko; compatible; ClaudeBot/1.0; +claudebot@anthropic.com)" "-"
20.171.207.0 - - [20/Oct/2025:01:03:13 -0400] "GET /?path=//kunden/kunden/kunden/kunden/kunden/kunden/kunden/kunden/kunden/kunden/kunden/kunden/kunden/kunden/kunden/proc/self/root/kunden/kunden/kunden/kunden/kunden/kunden/kunden/kunden/kunden/kunden/etc/ld.so.conf.d HTTP/1.1" 200 21055 boxmarkdigital.com "-" "Mozilla/5.0 AppleWebKit/537.36 (KHTML, like Gecko; compatible; GPTBot/1.2; +https://openai.com/gptbot)" "-"
66.249.64.0 - - [20/Oct/2025:01:03:14 -0400] "GET /entity/1574740793.shtm HTTP/1.1" 200 207454 boxmarkdigital.com "-" "Mozilla/5.0 (Linux; Android 6.0.1; Nexus 5X Build/MMB29P) AppleWebKit/537.36 (KHTML, like Gecko) Chrome/140.0.7339.207 Mobile Safari/537.36 (compatible; GoogleOther)" "-"
216.73.216.0 - - [20/Oct/2025:01:03:14 -0400] "GET /miami-seo?fileloc=%2Fhomepages%2F10%2Fd573043092%2Fhtdocs%2Fclickandbuilds%2Flagrangejunkremoval%2Fwp-admin%2Fnav-menus.php&path=%2Fhomepages%2F10%2Fd573043092%2Fhtdocs%2Fclickandbuilds%2Flagrangejunkremoval%2Fwp-admin HTTP/1.1" 200 67401 boxmarkdigital.com "-" "Mozilla/5.0 AppleWebKit/537.36 (KHTML, like Gecko; compatible; ClaudeBot/1.0; +claudebot@anthropic.com)" "-"
54.156.248.0 - - [20/Oct/2025:01:03:14 -0400] "GET /23153-2?fileloc=/homepages/10/d573043092/htdocs/clickandbuilds/BoxmarkDigital/wp-admin/custom-background.php&path=/homepages/10/d573043092/htdocs/clickandbuilds/BoxmarkDigital/wp-admin HTTP/1.1" 200 13200 boxmarkdigital.com "-" "Mozilla/5.0 AppleWebKit/537.36 (KHTML, like Gecko; compatible; Amazonbot/0.1; +https://developer.amazon.com/support/amazonbot) Chrome/119.0.6045.214 Safari/537.36" "-"
66.249.64.0 - - [20/Oct/2025:01:03:15 -0400] "GET /entity/970947826.shtm HTTP/1.1" 200 206663 boxmarkdigital.com "-" "Mozilla/5.0 (Linux; Android 6.0.1; Nexus 5X Build/MMB29P) AppleWebKit/537.36 (KHTML, like Gecko) Chrome/140.0.7339.207 Mobile Safari/537.36 (compatible; Googlebot/2.1; +http://www.google.com/bot.html)" "-"
20.171.207.0 - - [20/Oct/2025:01:03:16 -0400] "GET /?path=//kunden/kunden/kunden/kunden/kunden/kunden/kunden/kunden/kunden/kunden/kunden/kunden/kunden/kunden/proc/self/root/kunden/kunden/kunden/kunden/kunden/kunden/kunden/kunden/kunden/tmp/.priv HTTP/1.1" 200 16132 boxmarkdigital.com "-" "Mozilla/5.0 AppleWebKit/537.36 (KHTML, like Gecko; compatible; GPTBot/1.2; +https://openai.com/gptbot)" "-"
216.73.216.0 - - [20/Oct/2025:01:03:17 -0400] "GET /chicago-seo-company?fileloc=%2Fhomepages%2F10%2Fd573043092%2Fhtdocs%2Fclickandbuilds%2FBoxmarkDigital%2Fwp-admin%2Fuser-new.php&path=%2Fhomepages%2F10%2Fd573043092%2Fhtdocs%2Fclickandbuilds%2FBoxmarkDigital%2Fwp-admin HTTP/1.1" 200 41232 boxmarkdigital.com "-" "Mozilla/5.0 AppleWebKit/537.36 (KHTML, like Gecko; compatible; ClaudeBot/1.0; +claudebot@anthropic.com)" "-"
66.249.64.0 - - [20/Oct/2025:01:03:18 -0400] "GET /entity/1650356949.shtm HTTP/1.1" 200 200149 boxmarkdigital.com "-" "Mozilla/5.0 (Linux; Android 6.0.1; Nexus 5X Build/MMB29P) AppleWebKit/537.36 (KHTML, like Gecko) Chrome/140.0.7339.207 Mobile Safari/537.36 (compatible; Googlebot/2.1; +http://www.google.com/bot.html)" "-"
34.231.77.0 - - [20/Oct/2025:01:03:18 -0400] "GET /how-ppc-works?fileloc=/homepages/10/d573043092/htdocs/clickandbuilds/BoxmarkDigital/wp-includes/class-wp-customize-setting.php&path=/homepages/10/d573043092/htdocs/clickandbuilds/BoxmarkDigital/wp-includes HTTP/1.1" 200 43456 boxmarkdigital.com "-" "Mozilla/5.0 AppleWebKit/537.36 (KHTML, like Gecko; compatible; Amazonbot/0.1; +https://developer.amazon.com/support/amazonbot) Chrome/119.0.6045.214 Safari/537.36" "-"
66.249.64.0 - - [20/Oct/2025:01:03:19 -0400] "GET /entity/186339092.shtm HTTP/1.1" 200 199857 boxmarkdigital.com "-" "Mozilla/5.0 (Linux; Android 6.0.1; Nexus 5X Build/MMB29P) AppleWebKit/537.36 (KHTML, like Gecko) Chrome/140.0.7339.207 Mobile Safari/537.36 (compatible; Googlebot/2.1; +http://www.google.com/bot.html)" "-"
20.171.207.0 - - [20/Oct/2025:01:03:19 -0400] "GET /?path=//kunden/kunden/kunden/kunden/kunden/kunden/kunden/kunden/kunden/kunden/kunden/kunden/kunden/kunden/kunden/proc/self/root/kunden/kunden/kunden/kunden/kunden/kunden/kunden/kunden/lib/diet/bin HTTP/1.1" 200 18459 boxmarkdigital.com "-" "Mozilla/5.0 AppleWebKit/537.36 (KHTML, like Gecko; compatible; GPTBot/1.2; +https://openai.com/gptbot)" "-"
216.73.216.0 - - [20/Oct/2025:01:03:20 -0400] "GET /miami-seo?fileloc=%2Fhomepages%2F10%2Fd573043092%2Fhtdocs%2Fclickandbuilds%2FBoxmarkDigital%2Fwp-includes%2F.htaccess&path=%2Fhomepages%2F10%2Fd573043092%2Fhtdocs%2Fclickandbuilds%2FBoxmarkDigital%2Fwp-includes HTTP/1.1" 200 12844 boxmarkdigital.com "-" "Mozilla/5.0 AppleWebKit/537.36 (KHTML, like Gecko; compatible; ClaudeBot/1.0; +claudebot@anthropic.com)" "-"
3.230.224.0 - - [20/Oct/2025:01:03:22 -0400] "GET /website-maintenance-services?fileloc=/homepages/10/d573043092/htdocs/clickandbuilds/BoxmarkDigital/wp-admin/plugins.php&path=/homepages/10/d573043092/htdocs/clickandbuilds/BoxmarkDigital/wp-admin HTTP/1.1" 200 45544 boxmarkdigital.com "-" "Mozilla/5.0 AppleWebKit/537.36 (KHTML, like Gecko; compatible; Amazonbot/0.1; +https://developer.amazon.com/support/amazonbot) Chrome/119.0.6045.214 Safari/537.36" "-"
20.171.207.0 - - [20/Oct/2025:01:03:22 -0400] "GET /?path=//kunden/kunden/kunden/kunden/kunden/kunden/kunden/kunden/kunden/kunden/kunden/kunden/kunden/kunden/kunden/proc/thread-self/root/kunden/kunden/kunden/kunden/kunden/kunden/proc/self/root/kunden/home HTTP/1.1" 200 16439 boxmarkdigital.com "-" "Mozilla/5.0 AppleWebKit/537.36 (KHTML, like Gecko; compatible; GPTBot/1.2; +https://openai.com/gptbot)" "-"
216.73.216.0 - - [20/Oct/2025:01:03:23 -0400] "GET /miami-seo?fileloc=%2Fhomepages%2F10%2Fd573043092%2Fhtdocs%2Fclickandbuilds%2Flagrangejunkremoval%2Fwp-admin%2Foptions-permalink.php&path=%2Fhomepages%2F10%2Fd573043092%2Fhtdocs%2Fclickandbuilds%2Flagrangejunkremoval%2Fwp-admin HTTP/1.1" 200 37649 boxmarkdigital.com "-" "Mozilla/5.0 AppleWebKit/537.36 (KHTML, like Gecko; compatible; ClaudeBot/1.0; +claudebot@anthropic.com)" "-"
66.249.64.0 - - [20/Oct/2025:01:03:25 -0400] "GET /entity/133771719.shtm HTTP/1.1" 200 197096 boxmarkdigital.com "-" "Mozilla/5.0 (Linux; Android 6.0.1; Nexus 5X Build/MMB29P) AppleWebKit/537.36 (KHTML, like Gecko) Chrome/140.0.7339.207 Mobile Safari/537.36 (compatible; Googlebot/2.1; +http://www.google.com/bot.html)" "-"
20.171.207.0 - - [20/Oct/2025:01:03:25 -0400] "GET /?path=//kunden/kunden/kunden/kunden/kunden/kunden/kunden/kunden/kunden/kunden/kunden/kunden/kunden/kunden/kunden/proc/self/root/kunden/kunden/proc/self/root/kunden/kunden/kunden HTTP/1.1" 200 60532 boxmarkdigital.com "-" "Mozilla/5.0 AppleWebKit/537.36 (KHTML, like Gecko; compatible; GPTBot/1.2; +https://openai.com/gptbot)" "-"
216.73.216.0 - - [20/Oct/2025:01:03:26 -0400] "GET /chicago-seo-company?fileloc=%2Fhomepages%2F10%2Fd573043092%2Fhtdocs%2Fclickandbuilds%2FBoxmarkDigital%2Fwp-admin%2Fpost-new.php&path=%2Fhomepages%2F10%2Fd573043092%2Fhtdocs%2Fclickandbuilds%2FBoxmarkDigital%2Fwp-admin HTTP/1.1" 200 15602 boxmarkdigital.com "-" "Mozilla/5.0 AppleWebKit/537.36 (KHTML, like Gecko; compatible; ClaudeBot/1.0; +claudebot@anthropic.com)" "-"
52.0.218.0 - - [20/Oct/2025:01:03:26 -0400] "GET /seo-prices-2?fileloc=/homepages/10/d573043092/htdocs/clickandbuilds/BoxmarkDigital/wp-includes/functions.wp-styles.php&path=/homepages/10/d573043092/htdocs/clickandbuilds/BoxmarkDigital/wp-includes HTTP/1.1" 200 21401 boxmarkdigital.com "-" "Mozilla/5.0 AppleWebKit/537.36 (KHTML, like Gecko; compatible; Amazonbot/0.1; +https://developer.amazon.com/support/amazonbot) Chrome/119.0.6045.214 Safari/537.36" "-"
20.171.207.0 - - [20/Oct/2025:01:03:29 -0400] "GET /?path=//kunden/kunden/kunden/kunden/kunden/kunden/kunden/kunden/kunden/kunden/kunden/kunden/kunden/kunden/kunden/proc/thread-self/root/kunden/kunden/kunden/kunden/kunden/kunden/proc/self/root/kunden/mnt HTTP/1.1" 200 20155 boxmarkdigital.com "-" "Mozilla/5.0 AppleWebKit/537.36 (KHTML, like Gecko; compatible; GPTBot/1.2; +https://openai.com/gptbot)" "-"
216.73.216.0 - - [20/Oct/2025:01:03:29 -0400] "GET /miami-seo?fileloc=%2Fhomepages%2F10%2Fd573043092%2Fhtdocs%2Fclickandbuilds%2Fcentroespiritual%2Fwp-includes%2Fclass-wp-feed-cache.php&path=%2Fhomepages%2F10%2Fd573043092%2Fhtdocs%2Fclickandbuilds%2Fcentroespiritual%2Fwp-includes HTTP/1.1" 200 13699 boxmarkdigital.com "-" "Mozilla/5.0 AppleWebKit/537.36 (KHTML, like Gecko; compatible; ClaudeBot/1.0; +claudebot@anthropic.com)" "-"
3.220.148.0 - - [20/Oct/2025:01:03:30 -0400] "GET /electrician-marketing?fileloc=/homepages/10/d573043092/htdocs/clickandbuilds/BoxmarkDigital/wp-admin/install-helper.php&path=/homepages/10/d573043092/htdocs/clickandbuilds/BoxmarkDigital/wp-admin HTTP/1.1" 200 19860 boxmarkdigital.com "-" "Mozilla/5.0 AppleWebKit/537.36 (KHTML, like Gecko; compatible; Amazonbot/0.1; +https://developer.amazon.com/support/amazonbot) Chrome/119.0.6045.214 Safari/537.36" "-"
66.249.64.0 - - [20/Oct/2025:01:03:32 -0400] "GET /entity/690014553.shtm HTTP/1.1" 200 205561 boxmarkdigital.com "-" "Mozilla/5.0 (Linux; Android 6.0.1; Nexus 5X Build/MMB29P) AppleWebKit/537.36 (KHTML, like Gecko) Chrome/140.0.7339.207 Mobile Safari/537.36 (compatible; Googlebot/2.1; +http://www.google.com/bot.html)" "-"
216.73.216.0 - - [20/Oct/2025:01:03:32 -0400] "GET /miami-seo?path=%2Fhomepages%2F10%2Fd573043092%2Fhtdocs%2Fclickandbuilds%2FBoxmarkDigital%2Fwp-includes%2FPHPMailer HTTP/1.1" 200 21809 boxmarkdigital.com "-" "Mozilla/5.0 AppleWebKit/537.36 (KHTML, like Gecko; compatible; ClaudeBot/1.0; +claudebot@anthropic.com)" "-"
20.171.207.0 - - [20/Oct/2025:01:03:32 -0400] "GET /?path=//kunden/kunden/kunden/kunden/kunden/kunden/kunden/kunden/kunden/kunden/kunden/kunden/kunden/kunden/kunden/proc/thread-self/root/kunden/kunden/kunden/kunden/kunden/kunden/proc/self/root/kunden/root HTTP/1.1" 200 16439 boxmarkdigital.com "-" "Mozilla/5.0 AppleWebKit/537.36 (KHTML, like Gecko; compatible; GPTBot/1.2; +https://openai.com/gptbot)" "-"
216.73.216.0 - - [20/Oct/2025:01:03:35 -0400] "GET /chicago-seo-company?fileloc=%2Fhomepages%2F10%2Fd573043092%2Fhtdocs%2Fclickandbuilds%2FHAPPYBEARCHILD2%2Fwp-includes%2Fclass-wp-http-proxy.php&path=%2Fhomepages%2F10%2Fd573043092%2Fhtdocs%2Fclickandbuilds%2FHAPPYBEARCHILD2%2Fwp-includes HTTP/1.1" 200 18811 boxmarkdigital.com "-" "Mozilla/5.0 AppleWebKit/537.36 (KHTML, like Gecko; compatible; ClaudeBot/1.0; +claudebot@anthropic.com)" "-"
20.171.207.0 - - [20/Oct/2025:01:03:35 -0400] "GET /?path=//kunden/kunden/kunden/kunden/kunden/kunden/kunden/kunden/kunden/kunden/kunden/kunden/kunden/kunden/proc/self/root/kunden/kunden/kunden/kunden/kunden/kunden/kunden/kunden/var/lib/git HTTP/1.1" 200 16116 boxmarkdigital.com "-" "Mozilla/5.0 AppleWebKit/537.36 (KHTML, like Gecko; compatible; GPTBot/1.2; +https://openai.com/gptbot)" "-"
52.2.83.0 - - [20/Oct/2025:01:03:37 -0400] "GET /roofing-seo?fileloc=/homepages/10/d573043092/htdocs/clickandbuilds/BoxmarkDigital/xmlrpc.php&path=/homepages/10/d573043092/htdocs/clickandbuilds/BoxmarkDigital HTTP/1.1" 200 16146 boxmarkdigital.com "-" "Mozilla/5.0 AppleWebKit/537.36 (KHTML, like Gecko; compatible; Amazonbot/0.1; +https://developer.amazon.com/support/amazonbot) Chrome/119.0.6045.214 Safari/537.36" "-"
45.78.193.0 - - [20/Oct/2025:01:03:37 -0400] "GET /sewer-cleaning-evanston-il HTTP/1.1" 500 - abarcasewer.com "-" "Mozilla/5.0 (Macintosh; Intel Mac OS X 10_15_7) AppleWebKit/537.36 (KHTML, like Gecko) Chrome/136.0.0.0 Safari/537.36" "-"
216.73.216.0 - - [20/Oct/2025:01:03:38 -0400] "GET /chicago-seo-company?fileloc=%2Fhomepages%2F10%2Fd573043092%2Fhtdocs%2Fclickandbuilds%2FBoxmarkDigital%2Fwp-admin%2Fcss%2Fwidgets.css&path=%2Fhomepages%2F10%2Fd573043092%2Fhtdocs%2Fclickandbuilds%2FBoxmarkDigital%2Fwp-admin%2Fcss HTTP/1.1" 200 30510 boxmarkdigital.com "-" "Mozilla/5.0 AppleWebKit/537.36 (KHTML, like Gecko; compatible; ClaudeBot/1.0; +claudebot@anthropic.com)" "-"
20.171.207.0 - - [20/Oct/2025:01:03:38 -0400] "GET /?path=//kunden/kunden/kunden/kunden/kunden/kunden/kunden/kunden/kunden/kunden/kunden/kunden/kunden/kunden/kunden/proc/self/root/kunden/kunden/kunden/kunden/proc/self/root/var/run HTTP/1.1" 200 27418 boxmarkdigital.com "-" "Mozilla/5.0 AppleWebKit/537.36 (KHTML, like Gecko; compatible; GPTBot/1.2; +https://openai.com/gptbot)" "-"
3.221.50.0 - - [20/Oct/2025:01:03:39 -0400] "GET /electrician-marketing?fileloc=/homepages/10/d573043092/htdocs/clickandbuilds/BoxmarkDigital/wp-admin/widgets-form.php&path=/homepages/10/d573043092/htdocs/clickandbuilds/BoxmarkDigital/wp-admin HTTP/1.1" 200 34874 boxmarkdigital.com "-" "Mozilla/5.0 AppleWebKit/537.36 (KHTML, like Gecko; compatible; Amazonbot/0.1; +https://developer.amazon.com/support/amazonbot) Chrome/119.0.6045.214 Safari/537.36" "-"
216.73.216.0 - - [20/Oct/2025:01:03:41 -0400] "GET /miami-seo?fileloc=%2Fhomepages%2F10%2Fd573043092%2Fhtdocs%2Fclickandbuilds%2Flagrangejunkremoval%2Fwp-admin%2Fms-options.php&path=%2Fhomepages%2F10%2Fd573043092%2Fhtdocs%2Fclickandbuilds%2Flagrangejunkremoval%2Fwp-admin HTTP/1.1" 200 12953 boxmarkdigital.com "-" "Mozilla/5.0 AppleWebKit/537.36 (KHTML, like Gecko; compatible; ClaudeBot/1.0; +claudebot@anthropic.com)" "-"
20.171.207.0 - - [20/Oct/2025:01:03:41 -0400] "GET /?path=//kunden/kunden/kunden/kunden/kunden/kunden/kunden/kunden/kunden/kunden/kunden/kunden/kunden/kunden/kunden/proc/self/root/kunden/kunden/proc/self/root/kunden/kunden/kunden/kunden HTTP/1.1" 200 61270 boxmarkdigital.com "-" "Mozilla/5.0 AppleWebKit/537.36 (KHTML, like Gecko; compatible; GPTBot/1.2; +https://openai.com/gptbot)" "-"
66.249.64.0 - - [20/Oct/2025:01:03:42 -0400] "GET /entity/254271127.shtm HTTP/1.1" 200 205175 boxmarkdigital.com "-" "Mozilla/5.0 (Linux; Android 6.0.1; Nexus 5X Build/MMB29P) AppleWebKit/537.36 (KHTML, like Gecko) Chrome/140.0.7339.207 Mobile Safari/537.36 (compatible; GoogleOther)" "-"
66.249.64.0 - - [20/Oct/2025:01:03:42 -0400] "GET /entity/1395661822.shtm HTTP/1.1" 200 200078 boxmarkdigital.com "-" "Mozilla/5.0 (Linux; Android 6.0.1; Nexus 5X Build/MMB29P) AppleWebKit/537.36 (KHTML, like Gecko) Chrome/140.0.7339.207 Mobile Safari/537.36 (compatible; Googlebot/2.1; +http://www.google.com/bot.html)" "-"
100.29.164.0 - - [20/Oct/2025:01:03:42 -0400] "GET /seo-e-commerce?fileloc=/homepages/10/d573043092/htdocs/clickandbuilds/BoxmarkDigital/wp-includes/class-wp-meta-query.php&path=/homepages/10/d573043092/htdocs/clickandbuilds/BoxmarkDigital/wp-includes HTTP/1.1" 200 43979 boxmarkdigital.com "-" "Mozilla/5.0 AppleWebKit/537.36 (KHTML, like Gecko; compatible; Amazonbot/0.1; +https://developer.amazon.com/support/amazonbot) Chrome/119.0.6045.214 Safari/537.36" "-"
216.73.216.0 - - [20/Oct/2025:01:03:44 -0400] "GET /miami-seo?path=%2Fhomepages%2F10%2Fd573043092%2Fhtdocs%2Fclickandbuilds%2FBoxmarkDigital%2Fwp-includes%2Fblocks%2Ffootnotes HTTP/1.1" 200 23742 boxmarkdigital.com "-" "Mozilla/5.0 AppleWebKit/537.36 (KHTML, like Gecko; compatible; ClaudeBot/1.0; +claudebot@anthropic.com)" "-"
20.171.207.0 - - [20/Oct/2025:01:03:44 -0400] "GET /?path=//kunden/kunden/kunden/kunden/kunden/kunden/kunden/kunden/kunden/kunden/kunden/kunden/kunden/kunden/kunden/proc/self/root/kunden/kunden/proc/self/root/kunden/kunden/kunden/home HTTP/1.1" 200 15884 boxmarkdigital.com "-" "Mozilla/5.0 AppleWebKit/537.36 (KHTML, like Gecko; compatible; GPTBot/1.2; +https://openai.com/gptbot)" "-"
54.152.163.0 - - [20/Oct/2025:01:03:46 -0400] "GET /construction-seo-company?fileloc=/homepages/10/d573043092/htdocs/clickandbuilds/BoxmarkDigital/wp-includes/atomlib.php&path=/homepages/10/d573043092/htdocs/clickandbuilds/BoxmarkDigital/wp-includes HTTP/1.1" 200 25658 boxmarkdigital.com "-" "Mozilla/5.0 AppleWebKit/537.36 (KHTML, like Gecko; compatible; Amazonbot/0.1; +https://developer.amazon.com/support/amazonbot) Chrome/119.0.6045.214 Safari/537.36" "-"
54.211.34.0 - - [20/Oct/2025:01:03:47 -0400] "GET / HTTP/1.1" 200 61284 boxmarkdigital.com "-" "Mozilla/5.0 (Windows NT 10.0; Win64; x64) AppleWebKit/537.36 (KHTML, like Gecko) Chrome/86.0.4240.75 Safari/537.36" "-"
216.73.216.0 - - [20/Oct/2025:01:03:47 -0400] "GET /chicago-seo-company?fileloc=%2Fhomepages%2F10%2Fd573043092%2Fhtdocs%2Fclickandbuilds%2FBoxmarkDigital%2Fwp-admin%2Finstall.php&path=%2Fhomepages%2F10%2Fd573043092%2Fhtdocs%2Fclickandbuilds%2FBoxmarkDigital%2Fwp-admin HTTP/1.1" 200 34375 boxmarkdigital.com "-" "Mozilla/5.0 AppleWebKit/537.36 (KHTML, like Gecko; compatible; ClaudeBot/1.0; +claudebot@anthropic.com)" "-"
20.171.207.0 - - [20/Oct/2025:01:03:48 -0400] "GET /?path=//kunden/kunden/kunden/kunden/kunden/kunden/kunden/kunden/kunden/kunden/kunden/kunden/kunden/kunden/kunden/proc/self/root/kunden/kunden/proc/self/root/kunden/kunden/kunden/sys HTTP/1.1" 200 15882 boxmarkdigital.com "-" "Mozilla/5.0 AppleWebKit/537.36 (KHTML, like Gecko; compatible; GPTBot/1.2; +https://openai.com/gptbot)" "-"
66.249.64.0 - - [20/Oct/2025:01:03:48 -0400] "GET /entity/218869165.shtm HTTP/1.1" 200 204094 boxmarkdigital.com "-" "Mozilla/5.0 (Linux; Android 6.0.1; Nexus 5X Build/MMB29P) AppleWebKit/537.36 (KHTML, like Gecko) Chrome/140.0.7339.207 Mobile Safari/537.36 (compatible; Googlebot/2.1; +http://www.google.com/bot.html)" "-"
216.73.216.0 - - [20/Oct/2025:01:03:50 -0400] "GET /miami-seo?fileloc=%2Fhomepages%2F10%2Fd573043092%2Fhtdocs%2Fclickandbuilds%2Fcentroespiritual%2Fwp-includes%2Fclass.wp-styles.php&path=%2Fhomepages%2F10%2Fd573043092%2Fhtdocs%2Fclickandbuilds%2Fcentroespiritual%2Fwp-includes HTTP/1.1" 200 13064 boxmarkdigital.com "-" "Mozilla/5.0 AppleWebKit/537.36 (KHTML, like Gecko; compatible; ClaudeBot/1.0; +claudebot@anthropic.com)" "-"
