34.231.77.0 - - [20/Oct/2025:00:32:26 -0400] "GET /blog?fileloc=/homepages/10/d573043092/htdocs/clickandbuilds/BoxmarkDigital/wp-includes/theme-previews.php&path=/homepages/10/d573043092/htdocs/clickandbuilds/BoxmarkDigital/wp-includes HTTP/1.1" 200 15592 boxmarkdigital.com "-" "Mozilla/5.0 AppleWebKit/537.36 (KHTML, like Gecko; compatible; Amazonbot/0.1; +https://developer.amazon.com/support/amazonbot) Chrome/119.0.6045.214 Safari/537.36" "-"
66.249.64.0 - - [20/Oct/2025:00:32:27 -0400] "GET /entity/318002754.shtm HTTP/1.1" 200 199516 boxmarkdigital.com "-" "Mozilla/5.0 (Linux; Android 6.0.1; Nexus 5X Build/MMB29P) AppleWebKit/537.36 (KHTML, like Gecko) Chrome/140.0.7339.207 Mobile Safari/537.36 (compatible; Googlebot/2.1; +http://www.google.com/bot.html)" "-"
193.37.32.0 - - [20/Oct/2025:00:32:27 -0400] "GET /wp-admin/ HTTP/1.1" 200 188028 boxmarkdigital.com "www.google.com" "Mozilla/5.0 (Windows NT 10.0; Win64; x64) AppleWebKit/537.36 (KHTML, like Gecko) Chrome/90.0.4430.85 Safari/537.36" "-"
20.171.207.0 - - [20/Oct/2025:00:32:28 -0400] "GET /?path=//kunden/kunden/kunden/kunden/kunden/kunden/kunden/kunden/kunden/kunden/kunden/kunden/kunden/kunden/proc/thread-self/root/kunden/kunden/kunden/kunden/kunden/kunden/kunden/kunden/kunden/kunden/usr/lib/diet HTTP/1.1" 200 18566 boxmarkdigital.com "-" "Mozilla/5.0 AppleWebKit/537.36 (KHTML, like Gecko; compatible; GPTBot/1.2; +https://openai.com/gptbot)" "-"
52.207.47.0 - - [20/Oct/2025:00:32:30 -0400] "GET /does-email-marketing-still-work?path=/homepages/10/d573043092/htdocs/clickandbuilds/BoxmarkDigital/wp-includes/interactivity-api HTTP/1.1" 200 20426 boxmarkdigital.com "-" "Mozilla/5.0 AppleWebKit/537.36 (KHTML, like Gecko; compatible; Amazonbot/0.1; +https://developer.amazon.com/support/amazonbot) Chrome/119.0.6045.214 Safari/537.36" "-"
20.171.207.0 - - [20/Oct/2025:00:32:31 -0400] "GET /?fileloc=//kunden/kunden/kunden/kunden/kunden/kunden/kunden/kunden/kunden/kunden/kunden/kunden/kunden/kunden/proc/thread-self/root/kunden/kunden/kunden/kunden/kunden/kunden/kunden/kunden/kunden/lib/cgi-bin/redirect&path=//kunden/kunden/kunden/kunden/kunden/kunden/kunden/kunden/kunden/kunden/kunden/kunden/kunden/kunden/proc/thread-self/root/kunden/kunden/kunden/kunden/kunden/kunden/kunden/kunden/kunden/lib/cgi-bin HTTP/1.1" 200 16010 boxmarkdigital.com "-" "Mozilla/5.0 AppleWebKit/537.36 (KHTML, like Gecko; compatible; GPTBot/1.2; +https://openai.com/gptbot)" "-"
66.249.64.0 - - [20/Oct/2025:00:32:34 -0400] "GET /entity/221471476.shtm HTTP/1.1" 200 194782 boxmarkdigital.com "-" "Mozilla/5.0 (Linux; Android 6.0.1; Nexus 5X Build/MMB29P) AppleWebKit/537.36 (KHTML, like Gecko) Chrome/140.0.7339.207 Mobile Safari/537.36 (compatible; GoogleOther)" "-"
54.166.104.0 - - [20/Oct/2025:00:32:34 -0400] "GET /wp-login.php?fileloc=/homepages/10/d573043092/htdocs/clickandbuilds/BoxmarkDigital/wp-links-opml.php&path=/homepages/10/d573043092/htdocs/clickandbuilds/BoxmarkDigital HTTP/1.1" 200 15398 boxmarkdigital.com "-" "Mozilla/5.0 AppleWebKit/537.36 (KHTML, like Gecko; compatible; Amazonbot/0.1; +https://developer.amazon.com/support/amazonbot) Chrome/119.0.6045.214 Safari/537.36" "-"
20.171.207.0 - - [20/Oct/2025:00:32:34 -0400] "GET /?path=//kunden/kunden/kunden/kunden/kunden/kunden/kunden/kunden/kunden/kunden/kunden/kunden/kunden/kunden/proc/thread-self/root/kunden/kunden/kunden/kunden/kunden/kunden/kunden/kunden/kunden/kunden/etc/ssl/private HTTP/1.1" 200 16695 boxmarkdigital.com "-" "Mozilla/5.0 AppleWebKit/537.36 (KHTML, like Gecko; compatible; GPTBot/1.2; +https://openai.com/gptbot)" "-"
20.171.207.0 - - [20/Oct/2025:00:32:37 -0400] "GET /?fileloc=//kunden/kunden/kunden/kunden/kunden/kunden/kunden/kunden/kunden/kunden/kunden/kunden/kunden/kunden/proc/thread-self/root/kunden/kunden/kunden/kunden/kunden/kunden/kunden/kunden/kunden/lib/cgi-bin/redirect.cgi&path=//kunden/kunden/kunden/kunden/kunden/kunden/kunden/kunden/kunden/kunden/kunden/kunden/kunden/kunden/proc/thread-self/root/kunden/kunden/kunden/kunden/kunden/kunden/kunden/kunden/kunden/lib/cgi-bin HTTP/1.1" 200 16014 boxmarkdigital.com "-" "Mozilla/5.0 AppleWebKit/537.36 (KHTML, like Gecko; compatible; GPTBot/1.2; +https://openai.com/gptbot)" "-"
3.214.176.0 - - [20/Oct/2025:00:32:38 -0400] "GET /casino-vodic-za-brez-depozita-igralce-vodilo-za-najboljse-izkusnje?path=/homepages/5 HTTP/1.1" 200 28597 boxmarkdigital.com "-" "Mozilla/5.0 AppleWebKit/537.36 (KHTML, like Gecko; compatible; Amazonbot/0.1; +https://developer.amazon.com/support/amazonbot) Chrome/119.0.6045.214 Safari/537.36" "-"
20.171.207.0 - - [20/Oct/2025:00:32:40 -0400] "GET /?path=//kunden/kunden/kunden/kunden/kunden/kunden/kunden/kunden/kunden/kunden/kunden/kunden/kunden/kunden/proc/thread-self/root/kunden/kunden/kunden/kunden/kunden/kunden/kunden/kunden/kunden/kunden/etc/ssl/certs HTTP/1.1" 200 688269 boxmarkdigital.com "-" "Mozilla/5.0 AppleWebKit/537.36 (KHTML, like Gecko; compatible; GPTBot/1.2; +https://openai.com/gptbot)" "-"
52.204.71.0 - - [20/Oct/2025:00:32:42 -0400] "GET /the-ultimate-guide-to-slots-bonus-in-online-casinos?path=/homepages/10/d573043092/managed HTTP/1.1" 200 12768 boxmarkdigital.com "-" "Mozilla/5.0 AppleWebKit/537.36 (KHTML, like Gecko; compatible; Amazonbot/0.1; +https://developer.amazon.com/support/amazonbot) Chrome/119.0.6045.214 Safari/537.36" "-"
20.171.207.0 - - [20/Oct/2025:00:32:43 -0400] "GET /?path=//kunden/kunden/kunden/kunden/kunden/kunden/kunden/kunden/kunden/kunden/kunden/kunden/kunden/kunden/proc/thread-self/root/kunden/kunden/kunden/kunden/kunden/kunden/kunden/kunden/kunden/kunden/usr/lib/cgi-bin HTTP/1.1" 200 40755 boxmarkdigital.com "-" "Mozilla/5.0 AppleWebKit/537.36 (KHTML, like Gecko; compatible; GPTBot/1.2; +https://openai.com/gptbot)" "-"
44.193.102.0 - - [20/Oct/2025:00:32:46 -0400] "GET /wp-admin/post.php?fileloc=/homepages/10/d573043092/htdocs/clickandbuilds/BoxmarkDigital/wp-admin/css/customize-widgets-rtl.css&path=/homepages/10/d573043092/htdocs/clickandbuilds/BoxmarkDigital/wp-admin/css HTTP/1.1" 200 26472 boxmarkdigital.com "-" "Mozilla/5.0 AppleWebKit/537.36 (KHTML, like Gecko; compatible; Amazonbot/0.1; +https://developer.amazon.com/support/amazonbot) Chrome/119.0.6045.214 Safari/537.36" "-"
20.171.207.0 - - [20/Oct/2025:00:32:46 -0400] "GET /?path=//kunden/kunden/kunden/kunden/kunden/kunden/kunden/kunden/kunden/kunden/kunden/kunden/kunden/kunden/proc/thread-self/root/kunden/kunden/kunden/kunden/kunden/kunden/kunden/kunden/kunden/kunden/usr/lib/gcc HTTP/1.1" 200 18613 boxmarkdigital.com "-" "Mozilla/5.0 AppleWebKit/537.36 (KHTML, like Gecko; compatible; GPTBot/1.2; +https://openai.com/gptbot)" "-"
66.249.64.0 - - [20/Oct/2025:00:32:48 -0400] "GET /entity/1036588840.shtm HTTP/1.1" 200 202021 boxmarkdigital.com "-" "Mozilla/5.0 (Linux; Android 6.0.1; Nexus 5X Build/MMB29P) AppleWebKit/537.36 (KHTML, like Gecko) Chrome/140.0.7339.207 Mobile Safari/537.36 (compatible; GoogleOther)" "-"
20.171.207.0 - - [20/Oct/2025:00:32:50 -0400] "GET /?path=//kunden/kunden/kunden/kunden/kunden/kunden/kunden/kunden/kunden/kunden/kunden/kunden/kunden/kunden/proc/thread-self/root/kunden/kunden/kunden/kunden/kunden/kunden/kunden/kunden/kunden/kunden/usr/lib/diet/bin HTTP/1.1" 200 19102 boxmarkdigital.com "-" "Mozilla/5.0 AppleWebKit/537.36 (KHTML, like Gecko; compatible; GPTBot/1.2; +https://openai.com/gptbot)" "-"
34.231.118.0 - - [20/Oct/2025:00:32:50 -0400] "GET /seo-pricing?fileloc=/homepages/10/d573043092/htdocs/clickandbuilds/BoxmarkDigital/wp-includes/class-wp-query.php&path=/homepages/10/d573043092/htdocs/clickandbuilds/BoxmarkDigital/wp-includes HTTP/1.1" 200 175918 boxmarkdigital.com "-" "Mozilla/5.0 AppleWebKit/537.36 (KHTML, like Gecko; compatible; Amazonbot/0.1; +https://developer.amazon.com/support/amazonbot) Chrome/119.0.6045.214 Safari/537.36" "-"
66.249.64.0 - - [20/Oct/2025:00:32:53 -0400] "GET /entity/763107491.shtm HTTP/1.1" 200 201854 boxmarkdigital.com "-" "Mozilla/5.0 (Linux; Android 6.0.1; Nexus 5X Build/MMB29P) AppleWebKit/537.36 (KHTML, like Gecko) Chrome/140.0.7339.207 Mobile Safari/537.36 (compatible; Googlebot/2.1; +http://www.google.com/bot.html)" "-"
20.171.207.0 - - [20/Oct/2025:00:32:53 -0400] "GET /?path=//kunden/kunden/kunden/kunden/kunden/kunden/kunden/kunden/kunden/kunden/kunden/kunden/kunden/kunden/proc/thread-self/root/kunden/kunden/kunden/kunden/kunden/kunden/kunden/kunden/kunden/kunden/usr/lib/klibc HTTP/1.1" 200 18571 boxmarkdigital.com "-" "Mozilla/5.0 AppleWebKit/537.36 (KHTML, like Gecko; compatible; GPTBot/1.2; +https://openai.com/gptbot)" "-"
23.21.179.0 - - [20/Oct/2025:00:32:54 -0400] "GET /seo-pricing?fileloc=/homepages/10/d573043092/htdocs/clickandbuilds/BoxmarkDigital/wp-includes/class-wp-navigation-fallback.php&path=/homepages/10/d573043092/htdocs/clickandbuilds/BoxmarkDigital/wp-includes HTTP/1.1" 200 22045 boxmarkdigital.com "-" "Mozilla/5.0 AppleWebKit/537.36 (KHTML, like Gecko; compatible; Amazonbot/0.1; +https://developer.amazon.com/support/amazonbot) Chrome/119.0.6045.214 Safari/537.36" "-"
20.171.207.0 - - [20/Oct/2025:00:32:56 -0400] "GET /?path=//kunden/kunden/kunden/kunden/kunden/kunden/kunden/kunden/kunden/kunden/kunden/kunden/kunden/kunden/proc/thread-self/root/kunden/kunden/kunden/kunden/kunden/kunden/kunden/kunden/kunden/kunden/usr/lib/man-db HTTP/1.1" 200 36420 boxmarkdigital.com "-" "Mozilla/5.0 AppleWebKit/537.36 (KHTML, like Gecko; compatible; GPTBot/1.2; +https://openai.com/gptbot)" "-"
44.216.172.0 - - [20/Oct/2025:00:32:58 -0400] "GET /contact?fileloc=/homepages/10/d573043092/htdocs/clickandbuilds/BoxmarkDigital/wp-includes/class-walker-category.php&path=/homepages/10/d573043092/htdocs/clickandbuilds/BoxmarkDigital/wp-includes HTTP/1.1" 200 21559 boxmarkdigital.com "-" "Mozilla/5.0 AppleWebKit/537.36 (KHTML, like Gecko; compatible; Amazonbot/0.1; +https://developer.amazon.com/support/amazonbot) Chrome/119.0.6045.214 Safari/537.36" "-"
20.171.207.0 - - [20/Oct/2025:00:32:59 -0400] "GET /?fileloc=//kunden/kunden/kunden/kunden/kunden/kunden/kunden/kunden/kunden/kunden/kunden/kunden/kunden/kunden/proc/thread-self/root/kunden/kunden/kunden/kunden/kunden/kunden/kunden/kunden/kunden/kunden/usr/lib/cgi-bin/redirect&path=//kunden/kunden/kunden/kunden/kunden/kunden/kunden/kunden/kunden/kunden/kunden/kunden/kunden/kunden/proc/thread-self/root/kunden/kunden/kunden/kunden/kunden/kunden/kunden/kunden/kunden/kunden/usr/lib/cgi-bin HTTP/1.1" 200 16482 boxmarkdigital.com "-" "Mozilla/5.0 AppleWebKit/537.36 (KHTML, like Gecko; compatible; GPTBot/1.2; +https://openai.com/gptbot)" "-"
66.249.64.0 - - [20/Oct/2025:00:33:01 -0400] "GET /entity/729573264.shtm HTTP/1.1" 200 198004 boxmarkdigital.com "-" "Mozilla/5.0 (Linux; Android 6.0.1; Nexus 5X Build/MMB29P) AppleWebKit/537.36 (KHTML, like Gecko) Chrome/140.0.7339.207 Mobile Safari/537.36 (compatible; GoogleOther)" "-"
44.212.131.0 - - [20/Oct/2025:00:33:02 -0400] "GET /phoenix-SEO?path=/homepages/10/d573043092/htdocs/logs HTTP/1.1" 200 52430 boxmarkdigital.com "-" "Mozilla/5.0 AppleWebKit/537.36 (KHTML, like Gecko; compatible; Amazonbot/0.1; +https://developer.amazon.com/support/amazonbot) Chrome/119.0.6045.214 Safari/537.36" "-"
20.171.207.0 - - [20/Oct/2025:00:33:02 -0400] "GET /?fileloc=//kunden/kunden/kunden/kunden/kunden/kunden/kunden/kunden/kunden/kunden/kunden/kunden/kunden/kunden/proc/thread-self/root/kunden/kunden/kunden/kunden/kunden/kunden/kunden/kunden/kunden/kunden/usr/lib/cgi-bin/redirect.cgi&path=//kunden/kunden/kunden/kunden/kunden/kunden/kunden/kunden/kunden/kunden/kunden/kunden/kunden/kunden/proc/thread-self/root/kunden/kunden/kunden/kunden/kunden/kunden/kunden/kunden/kunden/kunden/usr/lib/cgi-bin HTTP/1.1" 200 16486 boxmarkdigital.com "-" "Mozilla/5.0 AppleWebKit/537.36 (KHTML, like Gecko; compatible; GPTBot/1.2; +https://openai.com/gptbot)" "-"
20.171.207.0 - - [20/Oct/2025:00:33:05 -0400] "GET /?path=//kunden/kunden/kunden/kunden/kunden/kunden/kunden/kunden/kunden/kunden/kunden/kunden/kunden/kunden/proc/thread-self/root/kunden/kunden/kunden/kunden/kunden/kunden/kunden/kunden/kunden/kunden/usr/lib/apt HTTP/1.1" 200 26755 boxmarkdigital.com "-" "Mozilla/5.0 AppleWebKit/537.36 (KHTML, like Gecko; compatible; GPTBot/1.2; +https://openai.com/gptbot)" "-"
34.236.135.0 - - [20/Oct/2025:00:33:06 -0400] "GET /monthly-seo-optimization-checklist?fileloc=/homepages/10/d573043092/htdocs/clickandbuilds/BoxmarkDigital/wp-includes/class-wp-image-editor-gd.php&path=/homepages/10/d573043092/htdocs/clickandbuilds/BoxmarkDigital/wp-includes HTTP/1.1" 200 33334 boxmarkdigital.com "-" "Mozilla/5.0 AppleWebKit/537.36 (KHTML, like Gecko; compatible; Amazonbot/0.1; +https://developer.amazon.com/support/amazonbot) Chrome/119.0.6045.214 Safari/537.36" "-"
20.171.207.0 - - [20/Oct/2025:00:33:09 -0400] "GET /?fileloc=//kunden/kunden/kunden/kunden/kunden/kunden/kunden/kunden/kunden/kunden/kunden/kunden/kunden/kunden/proc/thread-self/root/kunden/kunden/kunden/kunden/kunden/kunden/kunden/kunden/kunden/kunden/etc/ssl/certs/FIRMAPROFESIONAL_CA_ROOT-A_WEB.pem&path=//kunden/kunden/kunden/kunden/kunden/kunden/kunden/kunden/kunden/kunden/kunden/kunden/kunden/kunden/proc/thread-self/root/kunden/kunden/kunden/kunden/kunden/kunden/kunden/kunden/kunden/kunden/etc/ssl/certs HTTP/1.1" 200 17422 boxmarkdigital.com "-" "Mozilla/5.0 AppleWebKit/537.36 (KHTML, like Gecko; compatible; GPTBot/1.2; +https://openai.com/gptbot)" "-"
18.232.12.0 - - [20/Oct/2025:00:33:10 -0400] "GET /seo-prices-2?fileloc=/homepages/10/d573043092/htdocs/clickandbuilds/BoxmarkDigital/wp-includes/class-wp-oembed-controller.php&path=/homepages/10/d573043092/htdocs/clickandbuilds/BoxmarkDigital/wp-includes HTTP/1.1" 200 19802 boxmarkdigital.com "-" "Mozilla/5.0 AppleWebKit/537.36 (KHTML, like Gecko; compatible; Amazonbot/0.1; +https://developer.amazon.com/support/amazonbot) Chrome/119.0.6045.214 Safari/537.36" "-"
66.249.64.0 - - [20/Oct/2025:00:33:11 -0400] "GET /entity/1291008451.shtm HTTP/1.1" 200 202272 boxmarkdigital.com "-" "Mozilla/5.0 (Linux; Android 6.0.1; Nexus 5X Build/MMB29P) AppleWebKit/537.36 (KHTML, like Gecko) Chrome/140.0.7339.207 Mobile Safari/537.36 (compatible; Googlebot/2.1; +http://www.google.com/bot.html)" "-"
20.171.207.0 - - [20/Oct/2025:00:33:12 -0400] "GET /?path=//kunden/kunden/kunden/kunden/kunden/kunden/kunden/kunden/kunden/kunden/kunden/kunden/kunden/kunden/proc/thread-self/root/kunden/kunden/kunden/kunden/kunden/kunden/kunden/kunden/var/run/sshd HTTP/1.1" 200 16216 boxmarkdigital.com "-" "Mozilla/5.0 AppleWebKit/537.36 (KHTML, like Gecko; compatible; GPTBot/1.2; +https://openai.com/gptbot)" "-"
66.249.64.0 - - [20/Oct/2025:00:33:15 -0400] "GET /entity/729586502.shtm HTTP/1.1" 200 202982 boxmarkdigital.com "-" "Mozilla/5.0 (Linux; Android 6.0.1; Nexus 5X Build/MMB29P) AppleWebKit/537.36 (KHTML, like Gecko) Chrome/140.0.7339.207 Mobile Safari/537.36 (compatible; GoogleOther)" "-"
20.171.207.0 - - [20/Oct/2025:00:33:15 -0400] "GET /?path=//kunden/kunden/kunden/kunden/kunden/kunden/kunden/kunden/kunden/kunden/kunden/kunden/kunden/kunden/proc/thread-self/root/kunden/kunden/kunden/kunden/kunden/kunden/kunden/kunden/proc HTTP/1.1" 200 149058 boxmarkdigital.com "-" "Mozilla/5.0 AppleWebKit/537.36 (KHTML, like Gecko; compatible; GPTBot/1.2; +https://openai.com/gptbot)" "-"
66.249.64.0 - - [20/Oct/2025:00:33:17 -0400] "GET /entity/44250247.shtm HTTP/1.1" 200 203912 boxmarkdigital.com "-" "Mozilla/5.0 (Linux; Android 6.0.1; Nexus 5X Build/MMB29P) AppleWebKit/537.36 (KHTML, like Gecko) Chrome/140.0.7339.207 Mobile Safari/537.36 (compatible; GoogleOther)" "-"
44.217.255.0 - - [20/Oct/2025:00:33:17 -0400] "GET /slots-com-bonus-uma-revisao-especializada?fileloc=/homepages/10/d573043092/htdocs/clickandbuilds/BoxmarkDigital/wp-includes/class-wp-widget.php&path=/homepages/10/d573043092/htdocs/clickandbuilds/BoxmarkDigital/wp-includes HTTP/1.1" 200 31475 boxmarkdigital.com "-" "Mozilla/5.0 AppleWebKit/537.36 (KHTML, like Gecko; compatible; Amazonbot/0.1; +https://developer.amazon.com/support/amazonbot) Chrome/119.0.6045.214 Safari/537.36" "-"
3.214.176.0 - - [20/Oct/2025:00:33:18 -0400] "GET /blog?fileloc=/homepages/10/d573043092/htdocs/clickandbuilds/BoxmarkDigital/wp-includes/registration-functions.php&path=/homepages/10/d573043092/htdocs/clickandbuilds/BoxmarkDigital/wp-includes HTTP/1.1" 200 12925 boxmarkdigital.com "-" "Mozilla/5.0 AppleWebKit/537.36 (KHTML, like Gecko; compatible; Amazonbot/0.1; +https://developer.amazon.com/support/amazonbot) Chrome/119.0.6045.214 Safari/537.36" "-"
66.249.64.0 - - [20/Oct/2025:00:33:18 -0400] "GET /entity/309795847.shtm HTTP/1.1" 200 203252 boxmarkdigital.com "-" "Mozilla/5.0 (Linux; Android 6.0.1; Nexus 5X Build/MMB29P) AppleWebKit/537.36 (KHTML, like Gecko) Chrome/140.0.7339.207 Mobile Safari/537.36 (compatible; GoogleOther)" "-"
20.171.207.0 - - [20/Oct/2025:00:33:18 -0400] "GET /?path=//kunden/kunden/kunden/kunden/kunden/kunden/kunden/kunden/kunden/kunden/kunden/kunden/kunden/kunden/proc/thread-self/root/kunden/kunden/kunden/kunden/kunden/kunden/kunden/kunden/kunden/kunden/usr/lib/klibc/bin HTTP/1.1" 200 19109 boxmarkdigital.com "-" "Mozilla/5.0 AppleWebKit/537.36 (KHTML, like Gecko; compatible; GPTBot/1.2; +https://openai.com/gptbot)" "-"
20.171.207.0 - - [20/Oct/2025:00:33:21 -0400] "GET /?path=//kunden/kunden/kunden/kunden/kunden/kunden/kunden/kunden/kunden/kunden/kunden/kunden/kunden/kunden/proc/thread-self/root/kunden/kunden/kunden/kunden/kunden/kunden/kunden/etc/vim HTTP/1.1" 200 17843 boxmarkdigital.com "-" "Mozilla/5.0 AppleWebKit/537.36 (KHTML, like Gecko; compatible; GPTBot/1.2; +https://openai.com/gptbot)" "-"
3.225.45.0 - - [20/Oct/2025:00:33:22 -0400] "GET /construction-seo-company?fileloc=/homepages/10/d573043092/htdocs/clickandbuilds/BoxmarkDigital/wp-admin/widgets-form.php&path=/homepages/10/d573043092/htdocs/clickandbuilds/BoxmarkDigital/wp-admin HTTP/1.1" 200 34874 boxmarkdigital.com "-" "Mozilla/5.0 AppleWebKit/537.36 (KHTML, like Gecko; compatible; Amazonbot/0.1; +https://developer.amazon.com/support/amazonbot) Chrome/119.0.6045.214 Safari/537.36" "-"
20.171.207.0 - - [20/Oct/2025:00:33:24 -0400] "GET /?path=//kunden/kunden/kunden/kunden/kunden/kunden/kunden/kunden/kunden/kunden/kunden/kunden/kunden/kunden/proc/thread-self/root/kunden/kunden/kunden/kunden/kunden/kunden/kunden/usr/include/rdma HTTP/1.1" 200 71171 boxmarkdigital.com "-" "Mozilla/5.0 AppleWebKit/537.36 (KHTML, like Gecko; compatible; GPTBot/1.2; +https://openai.com/gptbot)" "-"
66.249.64.0 - - [20/Oct/2025:00:33:26 -0400] "GET /entity/187269809.shtm HTTP/1.1" 200 207293 boxmarkdigital.com "-" "Googlebot-Image/1.0" "-"
44.194.134.0 - - [20/Oct/2025:00:33:26 -0400] "GET /blog?fileloc=/homepages/10/d573043092/htdocs/clickandbuilds/BoxmarkDigital/wp-includes/class-wp-block-bindings-source.php&path=/homepages/10/d573043092/htdocs/clickandbuilds/BoxmarkDigital/wp-includes HTTP/1.1" 200 15780 boxmarkdigital.com "-" "Mozilla/5.0 AppleWebKit/537.36 (KHTML, like Gecko; compatible; Amazonbot/0.1; +https://developer.amazon.com/support/amazonbot) Chrome/119.0.6045.214 Safari/537.36" "-"
20.171.207.0 - - [20/Oct/2025:00:33:27 -0400] "GET /?path=//kunden/kunden/kunden/kunden/kunden/kunden/kunden/kunden/kunden/kunden/kunden/kunden/kunden/kunden/proc/thread-self/root/kunden/kunden/kunden/kunden/kunden/kunden/kunden/kunden/kunden/kunden/kunden/usr/lib/groff HTTP/1.1" 200 20768 boxmarkdigital.com "-" "Mozilla/5.0 AppleWebKit/537.36 (KHTML, like Gecko; compatible; GPTBot/1.2; +https://openai.com/gptbot)" "-"
66.249.64.0 - - [20/Oct/2025:00:33:29 -0400] "GET /entity/275696359.shtm HTTP/1.1" 200 205396 boxmarkdigital.com "-" "Mozilla/5.0 (Linux; Android 6.0.1; Nexus 5X Build/MMB29P) AppleWebKit/537.36 (KHTML, like Gecko) Chrome/140.0.7339.207 Mobile Safari/537.36 (compatible; GoogleOther)" "-"
34.26.191.0 - - [20/Oct/2025:00:33:29 -0400] "GET /comments/feed/ HTTP/1.1" 200 759 www.manzosburger.com "-" "ZoominfoBot (zoominfobot at zoominfo dot com)" "-"
44.223.116.0 - - [20/Oct/2025:00:33:30 -0400] "GET /electrician-marketing?fileloc=/homepages/10/d573043092/htdocs/clickandbuilds/BoxmarkDigital/wp-includes/class-walker-category-dropdown.php&path=/homepages/10/d573043092/htdocs/clickandbuilds/BoxmarkDigital/wp-includes HTTP/1.1" 200 15309 boxmarkdigital.com "-" "Mozilla/5.0 AppleWebKit/537.36 (KHTML, like Gecko; compatible; Amazonbot/0.1; +https://developer.amazon.com/support/amazonbot) Chrome/119.0.6045.214 Safari/537.36" "-"
74.208.58.0 - - [20/Oct/2025:00:33:30 -0400] "POST /wp-cron.php?doing_wp_cron=1760934810.0945570468902587890625 HTTP/1.1" 200 - www.manzosburger.com "-" "WordPress/6.7.3; https://www.manzosburger.com" "-"
74.208.58.0 - - [20/Oct/2025:00:33:30 -0400] "POST /wp-cron.php?doing_wp_cron=1760934810.7851860523223876953125 HTTP/1.1" 200 - www.manzosburger.com "-" "WordPress/6.7.3; https://www.manzosburger.com" "-"
20.171.207.0 - - [20/Oct/2025:00:33:31 -0400] "GET /?path=//kunden/kunden/kunden/kunden/kunden/kunden/kunden/kunden/kunden/kunden/kunden/kunden/kunden/kunden/proc/thread-self/root/kunden/kunden/kunden/kunden/kunden/kunden/kunden/kunden/kunden/kunden/usr/lib/apt/solvers HTTP/1.1" 200 19118 boxmarkdigital.com "-" "Mozilla/5.0 AppleWebKit/537.36 (KHTML, like Gecko; compatible; GPTBot/1.2; +https://openai.com/gptbot)" "-"
52.45.15.0 - - [20/Oct/2025:00:33:34 -0400] "GET /blog?fileloc=/homepages/10/d573043092/htdocs/clickandbuilds/BoxmarkDigital/wp-includes/ms-default-filters.php&path=/homepages/10/d573043092/htdocs/clickandbuilds/BoxmarkDigital/wp-includes HTTP/1.1" 200 19357 boxmarkdigital.com "-" "Mozilla/5.0 AppleWebKit/537.36 (KHTML, like Gecko; compatible; Amazonbot/0.1; +https://developer.amazon.com/support/amazonbot) Chrome/119.0.6045.214 Safari/537.36" "-"
20.171.207.0 - - [20/Oct/2025:00:33:34 -0400] "GET /?fileloc=//kunden/kunden/kunden/kunden/kunden/kunden/kunden/kunden/kunden/kunden/kunden/kunden/kunden/kunden/proc/thread-self/root/kunden/kunden/kunden/kunden/kunden/kunden/kunden/kunden/proc/cmdline&path=//kunden/kunden/kunden/kunden/kunden/kunden/kunden/kunden/kunden/kunden/kunden/kunden/kunden/kunden/proc/thread-self/root/kunden/kunden/kunden/kunden/kunden/kunden/kunden/kunden/proc HTTP/1.1" 200 15553 boxmarkdigital.com "-" "Mozilla/5.0 AppleWebKit/537.36 (KHTML, like Gecko; compatible; GPTBot/1.2; +https://openai.com/gptbot)" "-"
66.249.64.0 - - [20/Oct/2025:00:33:36 -0400] "GET /entity/1650376778.shtm HTTP/1.1" 200 202562 boxmarkdigital.com "-" "Mozilla/5.0 (Linux; Android 6.0.1; Nexus 5X Build/MMB29P) AppleWebKit/537.36 (KHTML, like Gecko) Chrome/140.0.7339.207 Mobile Safari/537.36 (compatible; Googlebot/2.1; +http://www.google.com/bot.html)" "-"
20.171.207.0 - - [20/Oct/2025:00:33:37 -0400] "GET /?path=//kunden/kunden/kunden/kunden/kunden/kunden/kunden/kunden/kunden/kunden/kunden/kunden/kunden/kunden/proc/thread-self/root/kunden/kunden/kunden/kunden/kunden/kunden/kunden/kunden/proc/irq HTTP/1.1" 200 243821 boxmarkdigital.com "-" "Mozilla/5.0 AppleWebKit/537.36 (KHTML, like Gecko; compatible; GPTBot/1.2; +https://openai.com/gptbot)" "-"
34.225.243.0 - - [20/Oct/2025:00:33:38 -0400] "GET /seo-services-chicago?fileloc=/homepages/10/d573043092/htdocs/clickandbuilds/BoxmarkDigital/wp-includes/class-wp-token-map.php&path=/homepages/10/d573043092/htdocs/clickandbuilds/BoxmarkDigital/wp-includes HTTP/1.1" 200 42715 boxmarkdigital.com "-" "Mozilla/5.0 AppleWebKit/537.36 (KHTML, like Gecko; compatible; Amazonbot/0.1; +https://developer.amazon.com/support/amazonbot) Chrome/119.0.6045.214 Safari/537.36" "-"
20.171.207.0 - - [20/Oct/2025:00:33:40 -0400] "GET /?path=//kunden/kunden/kunden/kunden/kunden/kunden/kunden/kunden/kunden/kunden/kunden/kunden/kunden/kunden/proc/thread-self/root/kunden/kunden/kunden/kunden/kunden/kunden/kunden/kunden/proc/ide HTTP/1.1" 200 18101 boxmarkdigital.com "-" "Mozilla/5.0 AppleWebKit/537.36 (KHTML, like Gecko; compatible; GPTBot/1.2; +https://openai.com/gptbot)" "-"
3.213.213.0 - - [20/Oct/2025:00:33:42 -0400] "GET /contact?fileloc=/homepages/10/d573043092/htdocs/clickandbuilds/BoxmarkDigital/wp-includes/class-wp-recovery-mode-cookie-service.php&path=/homepages/10/d573043092/htdocs/clickandbuilds/BoxmarkDigital/wp-includes HTTP/1.1" 200 19657 boxmarkdigital.com "-" "Mozilla/5.0 AppleWebKit/537.36 (KHTML, like Gecko; compatible; Amazonbot/0.1; +https://developer.amazon.com/support/amazonbot) Chrome/119.0.6045.214 Safari/537.36" "-"
66.249.64.0 - - [20/Oct/2025:00:33:43 -0400] "GET /entity/1770225135.shtm HTTP/1.1" 200 201518 boxmarkdigital.com "-" "Mozilla/5.0 (Linux; Android 6.0.1; Nexus 5X Build/MMB29P) AppleWebKit/537.36 (KHTML, like Gecko) Chrome/140.0.7339.207 Mobile Safari/537.36 (compatible; GoogleOther)" "-"
20.171.207.0 - - [20/Oct/2025:00:33:43 -0400] "GET /?path=//kunden/kunden/kunden/kunden/kunden/kunden/kunden/kunden/kunden/kunden/kunden/kunden/kunden/kunden/proc/thread-self/root/kunden/kunden/kunden/kunden/kunden/kunden/kunden/kunden/proc/tty HTTP/1.1" 200 23869 boxmarkdigital.com "-" "Mozilla/5.0 AppleWebKit/537.36 (KHTML, like Gecko; compatible; GPTBot/1.2; +https://openai.com/gptbot)" "-"
216.73.216.0 - - [20/Oct/2025:00:33:44 -0400] "GET /free-seo-audit?path=%2F%2Flib%2Flocale%2Fom_KE HTTP/1.1" 200 29920 boxmarkdigital.com "-" "Mozilla/5.0 AppleWebKit/537.36 (KHTML, like Gecko; compatible; ClaudeBot/1.0; +claudebot@anthropic.com)" "-"
100.29.160.0 - - [20/Oct/2025:00:33:46 -0400] "GET /miami-seo?fileloc=/homepages/10/d573043092/htdocs/clickandbuilds/BoxmarkDigital/wp-includes/ms-default-filters.php&path=/homepages/10/d573043092/htdocs/clickandbuilds/BoxmarkDigital/wp-includes HTTP/1.1" 200 19357 boxmarkdigital.com "-" "Mozilla/5.0 AppleWebKit/537.36 (KHTML, like Gecko; compatible; Amazonbot/0.1; +https://developer.amazon.com/support/amazonbot) Chrome/119.0.6045.214 Safari/537.36" "-"
20.171.207.0 - - [20/Oct/2025:00:33:46 -0400] "GET /?path=//kunden/kunden/kunden/kunden/kunden/kunden/kunden/kunden/kunden/kunden/kunden/kunden/kunden/kunden/proc/thread-self/root/kunden/kunden/kunden/kunden/kunden/kunden/kunden/kunden/proc/fs HTTP/1.1" 200 23293 boxmarkdigital.com "-" "Mozilla/5.0 AppleWebKit/537.36 (KHTML, like Gecko; compatible; GPTBot/1.2; +https://openai.com/gptbot)" "-"
216.73.216.0 - - [20/Oct/2025:00:33:47 -0400] "GET /miami-seo?fileloc=%2Fhomepages%2F13%2Fd716644545%2FDASTOOLSTART&path=%2Fhomepages%2F13%2Fd716644545 HTTP/1.1" 200 12315 boxmarkdigital.com "-" "Mozilla/5.0 AppleWebKit/537.36 (KHTML, like Gecko; compatible; ClaudeBot/1.0; +claudebot@anthropic.com)" "-"
66.249.70.0 - - [20/Oct/2025:00:33:48 -0400] "GET /robots.txt HTTP/1.1" 500 - abarcasewer.com "-" "Mozilla/5.0 (compatible; Googlebot/2.1; +http://www.google.com/bot.html)" "-"
20.171.207.0 - - [20/Oct/2025:00:33:50 -0400] "GET /?path=//kunden/kunden/kunden/kunden/kunden/kunden/kunden/kunden/kunden/kunden/kunden/kunden/kunden/kunden/proc/thread-self/root/kunden/kunden/kunden/kunden/kunden/kunden/kunden/kunden/proc/ipmi HTTP/1.1" 200 17823 boxmarkdigital.com "-" "Mozilla/5.0 AppleWebKit/537.36 (KHTML, like Gecko; compatible; GPTBot/1.2; +https://openai.com/gptbot)" "-"
54.85.109.0 - - [20/Oct/2025:00:33:50 -0400] "GET /blog?fileloc=/homepages/10/d573043092/htdocs/clickandbuilds/BoxmarkDigital/wp-includes/feed-atom.php&path=/homepages/10/d573043092/htdocs/clickandbuilds/BoxmarkDigital/wp-includes HTTP/1.1" 200 16590 boxmarkdigital.com "-" "Mozilla/5.0 AppleWebKit/537.36 (KHTML, like Gecko; compatible; Amazonbot/0.1; +https://developer.amazon.com/support/amazonbot) Chrome/119.0.6045.214 Safari/537.36" "-"
216.73.216.0 - - [20/Oct/2025:00:33:50 -0400] "GET /chicago-seo-company?fileloc=%2Fhomepages%2F10%2Fd573043092%2Fhtdocs%2Fclickandbuilds%2FBoxmarkDigital%2Fwp-includes%2Fimages%2Fspinner.gif&path=%2Fhomepages%2F10%2Fd573043092%2Fhtdocs%2Fclickandbuilds%2FBoxmarkDigital%2Fwp-includes%2Fimages HTTP/1.1" 200 12822 boxmarkdigital.com "-" "Mozilla/5.0 AppleWebKit/537.36 (KHTML, like Gecko; compatible; ClaudeBot/1.0; +claudebot@anthropic.com)" "-"
20.171.207.0 - - [20/Oct/2025:00:33:53 -0400] "GET /?path=//kunden/kunden/kunden/kunden/kunden/kunden/kunden/kunden/kunden/kunden/kunden/kunden/kunden/kunden/proc/thread-self/root/kunden/kunden/kunden/kunden/kunden/kunden/kunden/kunden/proc/irq/1 HTTP/1.1" 200 26820 boxmarkdigital.com "-" "Mozilla/5.0 AppleWebKit/537.36 (KHTML, like Gecko; compatible; GPTBot/1.2; +https://openai.com/gptbot)" "-"
216.73.216.0 - - [20/Oct/2025:00:33:53 -0400] "GET /miami-seo?fileloc=%2Fhomepages%2F10%2Fd573043092%2Fhtdocs%2Fclickandbuilds%2Famarreschicago%2Fwp-admin%2Foptions-discussion.php&path=%2Fhomepages%2F10%2Fd573043092%2Fhtdocs%2Fclickandbuilds%2Famarreschicago%2Fwp-admin HTTP/1.1" 200 32345 boxmarkdigital.com "-" "Mozilla/5.0 AppleWebKit/537.36 (KHTML, like Gecko; compatible; ClaudeBot/1.0; +claudebot@anthropic.com)" "-"
23.21.148.0 - - [20/Oct/2025:00:33:54 -0400] "GET /monthly-seo-tasks-to-improve-your-ranking?path=/homepages/10/d717743261 HTTP/1.1" 200 25501 boxmarkdigital.com "-" "Mozilla/5.0 AppleWebKit/537.36 (KHTML, like Gecko; compatible; Amazonbot/0.1; +https://developer.amazon.com/support/amazonbot) Chrome/119.0.6045.214 Safari/537.36" "-"
20.171.207.0 - - [20/Oct/2025:00:33:56 -0400] "GET /?path=//kunden/kunden/kunden/kunden/kunden/kunden/kunden/kunden/kunden/kunden/kunden/kunden/kunden/kunden/proc/thread-self/root/kunden/kunden/kunden/kunden/kunden/kunden/kunden/kunden/proc/mpt HTTP/1.1" 200 20199 boxmarkdigital.com "-" "Mozilla/5.0 AppleWebKit/537.36 (KHTML, like Gecko; compatible; GPTBot/1.2; +https://openai.com/gptbot)" "-"
216.73.216.0 - - [20/Oct/2025:00:33:56 -0400] "GET /chicago-seo-company?path=%2Fhomepages%2F10%2Fd573043092%2Fhtdocs%2Fclickandbuilds%2FHAPPYBEARCHILD2%2Fwp-includes%2Fsodium_compat HTTP/1.1" 200 26488 boxmarkdigital.com "-" "Mozilla/5.0 AppleWebKit/537.36 (KHTML, like Gecko; compatible; ClaudeBot/1.0; +claudebot@anthropic.com)" "-"
66.249.64.0 - - [20/Oct/2025:00:33:57 -0400] "GET /entity/1617513625.shtm HTTP/1.1" 200 194833 boxmarkdigital.com "-" "Mozilla/5.0 (Linux; Android 6.0.1; Nexus 5X Build/MMB29P) AppleWebKit/537.36 (KHTML, like Gecko) Chrome/140.0.7339.207 Mobile Safari/537.36 (compatible; GoogleOther)" "-"
52.71.218.0 - - [20/Oct/2025:00:33:58 -0400] "GET /blog?fileloc=/homepages/10/d573043092/htdocs/clickandbuilds/BoxmarkDigital/wp-includes/block-patterns.php&path=/homepages/10/d573043092/htdocs/clickandbuilds/BoxmarkDigital/wp-includes HTTP/1.1" 200 26161 boxmarkdigital.com "-" "Mozilla/5.0 AppleWebKit/537.36 (KHTML, like Gecko; compatible; Amazonbot/0.1; +https://developer.amazon.com/support/amazonbot) Chrome/119.0.6045.214 Safari/537.36" "-"
216.73.216.0 - - [20/Oct/2025:00:33:59 -0400] "GET /free-seo-audit?path=%2F%2Flib%2Flocale%2Fde_BE HTTP/1.1" 200 29920 boxmarkdigital.com "-" "Mozilla/5.0 AppleWebKit/537.36 (KHTML, like Gecko; compatible; ClaudeBot/1.0; +claudebot@anthropic.com)" "-"
20.171.207.0 - - [20/Oct/2025:00:33:59 -0400] "GET /?path=//kunden/kunden/kunden/kunden/kunden/kunden/kunden/kunden/kunden/kunden/kunden/kunden/kunden/kunden/proc/thread-self/root/kunden/kunden/kunden/kunden/kunden/kunden/kunden/kunden/proc/irq/40 HTTP/1.1" 200 28722 boxmarkdigital.com "-" "Mozilla/5.0 AppleWebKit/537.36 (KHTML, like Gecko; compatible; GPTBot/1.2; +https://openai.com/gptbot)" "-"
100.29.160.0 - - [20/Oct/2025:00:34:02 -0400] "GET /naperville-seo?fileloc=/homepages/10/d573043092/htdocs/clickandbuilds/BoxmarkDigital/wp-login.php&path=/homepages/10/d573043092/htdocs/clickandbuilds/BoxmarkDigital HTTP/1.1" 200 69528 boxmarkdigital.com "-" "Mozilla/5.0 AppleWebKit/537.36 (KHTML, like Gecko; compatible; Amazonbot/0.1; +https://developer.amazon.com/support/amazonbot) Chrome/119.0.6045.214 Safari/537.36" "-"
216.73.216.0 - - [20/Oct/2025:00:34:02 -0400] "GET /dallas-seo-services?fileloc=%2Fhomepages%2F10%2Fd573043092%2Fhtdocs%2Fclickandbuilds%2Ffb_AmarresenChicago%2Fwp-admin%2Fcss%2Fl10n-rtl.css&path=%2Fhomepages%2F10%2Fd573043092%2Fhtdocs%2Fclickandbuilds%2Ffb_AmarresenChicago%2Fwp-admin%2Fcss HTTP/1.1" 200 16560 boxmarkdigital.com "-" "Mozilla/5.0 AppleWebKit/537.36 (KHTML, like Gecko; compatible; ClaudeBot/1.0; +claudebot@anthropic.com)" "-"
20.171.207.0 - - [20/Oct/2025:00:34:02 -0400] "GET /?path=//kunden/kunden/kunden/kunden/kunden/kunden/kunden/kunden/kunden/kunden/kunden/kunden/kunden/kunden/proc/thread-self/root/kunden/kunden/kunden/kunden/kunden/kunden/kunden/kunden/proc/irq/85 HTTP/1.1" 200 28730 boxmarkdigital.com "-" "Mozilla/5.0 AppleWebKit/537.36 (KHTML, like Gecko; compatible; GPTBot/1.2; +https://openai.com/gptbot)" "-"
216.73.216.0 - - [20/Oct/2025:00:34:05 -0400] "GET /chicago-seo-company?fileloc=%2Fhomepages%2F10%2Fd573043092%2Fhtdocs%2Fclickandbuilds%2Ffb_AmarresenChicago%2Fwp-admin%2Fnetwork.php&path=%2Fhomepages%2F10%2Fd573043092%2Fhtdocs%2Fclickandbuilds%2Ffb_AmarresenChicago%2Fwp-admin HTTP/1.1" 200 18674 boxmarkdigital.com "-" "Mozilla/5.0 AppleWebKit/537.36 (KHTML, like Gecko; compatible; ClaudeBot/1.0; +claudebot@anthropic.com)" "-"
20.171.207.0 - - [20/Oct/2025:00:34:06 -0400] "GET /?path=//kunden/kunden/kunden/kunden/kunden/kunden/kunden/kunden/kunden/kunden/kunden/kunden/kunden/kunden/proc/thread-self/root/kunden/kunden/kunden/kunden/kunden/kunden/kunden/kunden/proc/acpi HTTP/1.1" 200 16005 boxmarkdigital.com "-" "Mozilla/5.0 AppleWebKit/537.36 (KHTML, like Gecko; compatible; GPTBot/1.2; +https://openai.com/gptbot)" "-"
3.93.98.0 - - [20/Oct/2025:00:34:06 -0400] "GET /san-francisco-seo?fileloc=/homepages/10/d573043092/htdocs/clickandbuilds/BoxmarkDigital/wp-includes/rewrite.php&path=/homepages/10/d573043092/htdocs/clickandbuilds/BoxmarkDigital/wp-includes HTTP/1.1" 200 32645 boxmarkdigital.com "-" "Mozilla/5.0 AppleWebKit/537.36 (KHTML, like Gecko; compatible; Amazonbot/0.1; +https://developer.amazon.com/support/amazonbot) Chrome/119.0.6045.214 Safari/537.36" "-"
216.73.216.0 - - [20/Oct/2025:00:34:08 -0400] "GET /free-seo-audit?path=%2F%2Flib%2Flocale%2Fnr_ZA HTTP/1.1" 200 29917 boxmarkdigital.com "-" "Mozilla/5.0 AppleWebKit/537.36 (KHTML, like Gecko; compatible; ClaudeBot/1.0; +claudebot@anthropic.com)" "-"
20.171.207.0 - - [20/Oct/2025:00:34:09 -0400] "GET /?path=//kunden/kunden/kunden/kunden/kunden/kunden/kunden/kunden/kunden/kunden/kunden/kunden/kunden/kunden/proc/thread-self/root/kunden/kunden/kunden/kunden/kunden/kunden/kunden/kunden/proc/tty/driver HTTP/1.1" 200 16224 boxmarkdigital.com "-" "Mozilla/5.0 AppleWebKit/537.36 (KHTML, like Gecko; compatible; GPTBot/1.2; +https://openai.com/gptbot)" "-"
44.193.102.0 - - [20/Oct/2025:00:34:10 -0400] "GET /seo-pricing?fileloc=/homepages/10/d573043092/htdocs/clickandbuilds/BoxmarkDigital/wp-includes/class-wp-http-cookie.php&path=/homepages/10/d573043092/htdocs/clickandbuilds/BoxmarkDigital/wp-includes HTTP/1.1" 200 20257 boxmarkdigital.com "-" "Mozilla/5.0 AppleWebKit/537.36 (KHTML, like Gecko; compatible; Amazonbot/0.1; +https://developer.amazon.com/support/amazonbot) Chrome/119.0.6045.214 Safari/537.36" "-"
66.249.64.0 - - [20/Oct/2025:00:34:11 -0400] "GET /entity/1652927665.shtm HTTP/1.1" 200 199057 boxmarkdigital.com "-" "Mozilla/5.0 (Linux; Android 6.0.1; Nexus 5X Build/MMB29P) AppleWebKit/537.36 (KHTML, like Gecko) Chrome/140.0.7339.207 Mobile Safari/537.36 (compatible; GoogleOther)" "-"
216.73.216.0 - - [20/Oct/2025:00:34:11 -0400] "GET /miami-seo?fileloc=%2Fhomepages%2F10%2Fd573043092%2Fhtdocs%2Fclickandbuilds%2Famarreschicago%2Fwp-admin%2Fprivacy.php&path=%2Fhomepages%2F10%2Fd573043092%2Fhtdocs%2Fclickandbuilds%2Famarreschicago%2Fwp-admin HTTP/1.1" 200 15833 boxmarkdigital.com "-" "Mozilla/5.0 AppleWebKit/537.36 (KHTML, like Gecko; compatible; ClaudeBot/1.0; +claudebot@anthropic.com)" "-"
20.171.207.0 - - [20/Oct/2025:00:34:12 -0400] "GET /?path=//kunden/kunden/kunden/kunden/kunden/kunden/kunden/kunden/kunden/kunden/kunden/kunden/kunden/kunden/proc/thread-self/root/kunden/kunden/kunden/kunden/kunden/kunden/kunden/proc/ipmi HTTP/1.1" 200 17583 boxmarkdigital.com "-" "Mozilla/5.0 AppleWebKit/537.36 (KHTML, like Gecko; compatible; GPTBot/1.2; +https://openai.com/gptbot)" "-"
216.73.216.0 - - [20/Oct/2025:00:34:14 -0400] "GET /free-seo-audit?path=%2F%2Flib%2Flocale%2Fpt_PT%40euro HTTP/1.1" 200 30165 boxmarkdigital.com "-" "Mozilla/5.0 AppleWebKit/537.36 (KHTML, like Gecko; compatible; ClaudeBot/1.0; +claudebot@anthropic.com)" "-"
100.28.44.0 - - [20/Oct/2025:00:34:14 -0400] "GET /seo-pricing?fileloc=/homepages/10/d573043092/htdocs/clickandbuilds/BoxmarkDigital/wp-includes/class-wp-user-request.php&path=/homepages/10/d573043092/htdocs/clickandbuilds/BoxmarkDigital/wp-includes HTTP/1.1" 200 15095 boxmarkdigital.com "-" "Mozilla/5.0 AppleWebKit/537.36 (KHTML, like Gecko; compatible; Amazonbot/0.1; +https://developer.amazon.com/support/amazonbot) Chrome/119.0.6045.214 Safari/537.36" "-"
66.249.64.0 - - [20/Oct/2025:00:34:15 -0400] "GET /entity/1551653705.shtm HTTP/1.1" 200 208320 boxmarkdigital.com "-" "Mozilla/5.0 (Linux; Android 6.0.1; Nexus 5X Build/MMB29P) AppleWebKit/537.36 (KHTML, like Gecko) Chrome/140.0.7339.207 Mobile Safari/537.36 (compatible; GoogleOther)" "-"
20.171.207.0 - - [20/Oct/2025:00:34:15 -0400] "GET /?fileloc=//kunden/kunden/kunden/kunden/kunden/kunden/kunden/kunden/kunden/kunden/kunden/kunden/kunden/kunden/proc/thread-self/root/kunden/kunden/kunden/kunden/kunden/kunden/kunden/kunden/proc/irq/40/spurious&path=//kunden/kunden/kunden/kunden/kunden/kunden/kunden/kunden/kunden/kunden/kunden/kunden/kunden/kunden/proc/thread-self/root/kunden/kunden/kunden/kunden/kunden/kunden/kunden/kunden/proc/irq/40 HTTP/1.1" 200 16038 boxmarkdigital.com "-" "Mozilla/5.0 AppleWebKit/537.36 (KHTML, like Gecko; compatible; GPTBot/1.2; +https://openai.com/gptbot)" "-"
66.249.64.0 - - [20/Oct/2025:00:34:16 -0400] "GET /entity/497095470.shtm HTTP/1.1" 200 199139 boxmarkdigital.com "-" "Mozilla/5.0 (Linux; Android 6.0.1; Nexus 5X Build/MMB29P) AppleWebKit/537.36 (KHTML, like Gecko) Chrome/140.0.7339.207 Mobile Safari/537.36 (compatible; Googlebot/2.1; +http://www.google.com/bot.html)" "-"
66.249.64.0 - - [20/Oct/2025:00:34:16 -0400] "GET /entity/841018337.shtm HTTP/1.1" 200 205742 boxmarkdigital.com "-" "Mozilla/5.0 (Linux; Android 6.0.1; Nexus 5X Build/MMB29P) AppleWebKit/537.36 (KHTML, like Gecko) Chrome/140.0.7339.207 Mobile Safari/537.36 (compatible; GoogleOther)" "-"
216.73.216.0 - - [20/Oct/2025:00:34:17 -0400] "GET /free-seo-audit?fileloc=%2Fhomepages%2F10%2Fd573043092%2Fhtdocs%2Fclickandbuilds%2FToncarAutoparts%2Fwp-load.php&path=%2Fhomepages%2F10%2Fd573043092%2Fhtdocs%2Fclickandbuilds%2FToncarAutoparts HTTP/1.1" 200 16702 boxmarkdigital.com "-" "Mozilla/5.0 AppleWebKit/537.36 (KHTML, like Gecko; compatible; ClaudeBot/1.0; +claudebot@anthropic.com)" "-"
52.203.152.0 - - [20/Oct/2025:00:34:18 -0400] "GET /blog?fileloc=/homepages/10/d573043092/htdocs/clickandbuilds/BoxmarkDigital/wp-includes/class-wpdb.php&path=/homepages/10/d573043092/htdocs/clickandbuilds/BoxmarkDigital/wp-includes HTTP/1.1" 200 134241 boxmarkdigital.com "-" "Mozilla/5.0 AppleWebKit/537.36 (KHTML, like Gecko; compatible; Amazonbot/0.1; +https://developer.amazon.com/support/amazonbot) Chrome/119.0.6045.214 Safari/537.36" "-"
20.171.207.0 - - [20/Oct/2025:00:34:18 -0400] "GET /?path=//kunden/kunden/kunden/kunden/kunden/kunden/kunden/kunden/kunden/kunden/kunden/kunden/kunden/kunden/kunden/proc/self/root/kunden/kunden/kunden/kunden/kunden/kunden/usr/lib/git-core HTTP/1.1" 200 362557 boxmarkdigital.com "-" "Mozilla/5.0 AppleWebKit/537.36 (KHTML, like Gecko; compatible; GPTBot/1.2; +https://openai.com/gptbot)" "-"
66.249.64.0 - - [20/Oct/2025:00:34:20 -0400] "GET /entity/1520767788.shtm HTTP/1.1" 200 195768 boxmarkdigital.com "-" "Mozilla/5.0 (Linux; Android 6.0.1; Nexus 5X Build/MMB29P) AppleWebKit/537.36 (KHTML, like Gecko) Chrome/140.0.7339.207 Mobile Safari/537.36 (compatible; Googlebot/2.1; +http://www.google.com/bot.html)" "-"
216.73.216.0 - - [20/Oct/2025:00:34:20 -0400] "GET /miami-seo?fileloc=%2Fhomepages%2F10%2Fd573043092%2Fhtdocs%2Fclickandbuilds%2Fcentroespiritual%2Fwp-settings.php&path=%2Fhomepages%2F10%2Fd573043092%2Fhtdocs%2Fclickandbuilds%2Fcentroespiritual HTTP/1.1" 200 42754 boxmarkdigital.com "-" "Mozilla/5.0 AppleWebKit/537.36 (KHTML, like Gecko; compatible; ClaudeBot/1.0; +claudebot@anthropic.com)" "-"
20.171.207.0 - - [20/Oct/2025:00:34:21 -0400] "GET /?path=//kunden/kunden/kunden/kunden/kunden/kunden/kunden/kunden/kunden/kunden/kunden/kunden/kunden/kunden/kunden/proc/self/root/kunden/kunden/kunden/kunden/kunden/kunden/etc/vim HTTP/1.1" 200 17737 boxmarkdigital.com "-" "Mozilla/5.0 AppleWebKit/537.36 (KHTML, like Gecko; compatible; GPTBot/1.2; +https://openai.com/gptbot)" "-"
66.249.64.0 - - [20/Oct/2025:00:34:21 -0400] "GET /loggertrait.php?reaakt1870861 HTTP/1.1" 301 262 manzosburger.com "-" "Mozilla/5.0 (Linux; Android 6.0.1; Nexus 5X Build/MMB29P) AppleWebKit/537.36 (KHTML, like Gecko) Chrome/140.0.7339.207 Mobile Safari/537.36 (compatible; Googlebot/2.1; +http://www.google.com/bot.html)" "-"
66.249.64.0 - - [20/Oct/2025:00:34:21 -0400] "GET /loggertrait.php?reaakt1870861 HTTP/1.1" 301 - manzosburger.com "-" "Mozilla/5.0 (Linux; Android 6.0.1; Nexus 5X Build/MMB29P) AppleWebKit/537.36 (KHTML, like Gecko) Chrome/140.0.7339.207 Mobile Safari/537.36 (compatible; Googlebot/2.1; +http://www.google.com/bot.html)" "-"
54.83.240.0 - - [20/Oct/2025:00:34:22 -0400] "GET /website-hosting-services?path=/homepages/10/d573043092/htdocs/logs HTTP/1.1" 200 52430 boxmarkdigital.com "-" "Mozilla/5.0 AppleWebKit/537.36 (KHTML, like Gecko; compatible; Amazonbot/0.1; +https://developer.amazon.com/support/amazonbot) Chrome/119.0.6045.214 Safari/537.36" "-"
66.249.70.0 - - [20/Oct/2025:00:34:22 -0400] "GET /loggertrait.php?reaakt1870861 HTTP/1.1" 404 109414 www.manzosburger.com "-" "Mozilla/5.0 (Linux; Android 6.0.1; Nexus 5X Build/MMB29P) AppleWebKit/537.36 (KHTML, like Gecko) Chrome/140.0.7339.207 Mobile Safari/537.36 (compatible; Googlebot/2.1; +http://www.google.com/bot.html)" "-"
216.73.216.0 - - [20/Oct/2025:00:34:23 -0400] "GET /chicago-seo-company?fileloc=%2Fhomepages%2F10%2Fd573043092%2Fhtdocs%2Fclickandbuilds%2FHAPPYBEARCHILD2%2Fwp-includes%2Fdate.php&path=%2Fhomepages%2F10%2Fd573043092%2Fhtdocs%2Fclickandbuilds%2FHAPPYBEARCHILD2%2Fwp-includes HTTP/1.1" 200 13111 boxmarkdigital.com "-" "Mozilla/5.0 AppleWebKit/537.36 (KHTML, like Gecko; compatible; ClaudeBot/1.0; +claudebot@anthropic.com)" "-"
66.249.64.0 - - [20/Oct/2025:00:34:24 -0400] "GET /entity/1616630065.shtm HTTP/1.1" 200 215766 boxmarkdigital.com "-" "Mozilla/5.0 (Linux; Android 6.0.1; Nexus 5X Build/MMB29P) AppleWebKit/537.36 (KHTML, like Gecko) Chrome/140.0.7339.207 Mobile Safari/537.36 (compatible; GoogleOther)" "-"
20.171.207.0 - - [20/Oct/2025:00:34:25 -0400] "GET /?path=//kunden/kunden/kunden/kunden/kunden/kunden/kunden/kunden/kunden/kunden/kunden/kunden/kunden/kunden/proc/self/root/kunden/kunden/kunden/kunden/kunden/kunden/kunden/kunden/kunden/var/cache/man/fi HTTP/1.1" 200 24557 boxmarkdigital.com "-" "Mozilla/5.0 AppleWebKit/537.36 (KHTML, like Gecko; compatible; GPTBot/1.2; +https://openai.com/gptbot)" "-"
50.17.193.0 - - [20/Oct/2025:00:34:26 -0400] "GET /los-angeles-seo?fileloc=/homepages/10/d573043092/htdocs/clickandbuilds/BoxmarkDigital/wp-includes/nav-menu-template.php&path=/homepages/10/d573043092/htdocs/clickandbuilds/BoxmarkDigital/wp-includes HTTP/1.1" 200 39723 boxmarkdigital.com "-" "Mozilla/5.0 AppleWebKit/537.36 (KHTML, like Gecko; compatible; Amazonbot/0.1; +https://developer.amazon.com/support/amazonbot) Chrome/119.0.6045.214 Safari/537.36" "-"
216.73.216.0 - - [20/Oct/2025:00:34:26 -0400] "GET /miami-seo?path=%2F%2Fhomepages%2F3%2Fd719027999%2Fhtdocs HTTP/1.1" 200 12766 boxmarkdigital.com "-" "Mozilla/5.0 AppleWebKit/537.36 (KHTML, like Gecko; compatible; ClaudeBot/1.0; +claudebot@anthropic.com)" "-"
20.171.207.0 - - [20/Oct/2025:00:34:28 -0400] "GET /?path=//kunden/kunden/kunden/kunden/kunden/kunden/kunden/kunden/kunden/kunden/kunden/kunden/kunden/kunden/kunden/proc/thread-self/root/kunden/kunden/kunden/kunden/usr/include/netrose HTTP/1.1" 200 17634 boxmarkdigital.com "-" "Mozilla/5.0 AppleWebKit/537.36 (KHTML, like Gecko; compatible; GPTBot/1.2; +https://openai.com/gptbot)" "-"
45.227.253.0 - - [20/Oct/2025:00:34:30 -0400] "GET /wp-login.php HTTP/1.1" 200 61284 boxmarkdigital.com "-" "Mozilla/5.0 (Macintosh; Intel Mac OS X 13_5) AppleWebKit/605.1.15 (KHTML, like Gecko) Version/17.5 Safari/605.1.15" "-"
44.223.232.0 - - [20/Oct/2025:00:34:30 -0400] "GET /author/editor?fileloc=/homepages/10/d573043092/htdocs/clickandbuilds/BoxmarkDigital/wp-includes/class-wp-theme-json.php&path=/homepages/10/d573043092/htdocs/clickandbuilds/BoxmarkDigital/wp-includes HTTP/1.1" 200 179566 boxmarkdigital.com "-" "Mozilla/5.0 AppleWebKit/537.36 (KHTML, like Gecko; compatible; Amazonbot/0.1; +https://developer.amazon.com/support/amazonbot) Chrome/119.0.6045.214 Safari/537.36" "-"
20.171.207.0 - - [20/Oct/2025:00:34:31 -0400] "GET /?fileloc=//kunden/kunden/kunden/kunden/kunden/kunden/kunden/kunden/kunden/kunden/kunden/kunden/kunden/kunden/kunden/proc/self/root/kunden/kunden/kunden/kunden/kunden/kunden/usr/lib/git-core/git-show&path=//kunden/kunden/kunden/kunden/kunden/kunden/kunden/kunden/kunden/kunden/kunden/kunden/kunden/kunden/kunden/proc/self/root/kunden/kunden/kunden/kunden/kunden/kunden/usr/lib/git-core HTTP/1.1" 200 15673 boxmarkdigital.com "-" "Mozilla/5.0 AppleWebKit/537.36 (KHTML, like Gecko; compatible; GPTBot/1.2; +https://openai.com/gptbot)" "-"
45.227.253.0 - - [20/Oct/2025:00:34:32 -0400] "GET /wp-login.php?wp_lang=en_US HTTP/1.1" 200 61284 boxmarkdigital.com "-" "Mozilla/5.0 (Windows NT 10.0; Win64; x64) AppleWebKit/537.36 (KHTML, like Gecko) Chrome/124.0.6367.207 Safari/537.36" "-"
66.249.64.0 - - [20/Oct/2025:00:34:33 -0400] "GET /entity/187268314.shtm HTTP/1.1" 200 198927 boxmarkdigital.com "-" "Googlebot-Image/1.0" "-"
216.73.216.0 - - [20/Oct/2025:00:34:33 -0400] "GET /jacksonville-SEO?fileloc=%2F%2Flib%2Flocale%2Fde_AT.utf8%2FLC_COLLATE&path=%2F%2Flib%2Flocale%2Fde_AT.utf8 HTTP/1.1" 200 12303 boxmarkdigital.com "-" "Mozilla/5.0 AppleWebKit/537.36 (KHTML, like Gecko; compatible; ClaudeBot/1.0; +claudebot@anthropic.com)" "-"
34.227.156.0 - - [20/Oct/2025:00:34:34 -0400] "GET /austin-seo?fileloc=/homepages/10/d573043092/htdocs/clickandbuilds/BoxmarkDigital/wp-login.php&path=/homepages/10/d573043092/htdocs/clickandbuilds/BoxmarkDigital HTTP/1.1" 200 69528 boxmarkdigital.com "-" "Mozilla/5.0 AppleWebKit/537.36 (KHTML, like Gecko; compatible; Amazonbot/0.1; +https://developer.amazon.com/support/amazonbot) Chrome/119.0.6045.214 Safari/537.36" "-"
20.171.207.0 - - [20/Oct/2025:00:34:34 -0400] "GET /?path=//kunden/kunden/kunden/kunden/kunden/kunden/kunden/kunden/kunden/kunden/kunden/kunden/kunden/kunden/kunden/proc/self/root/kunden/kunden/kunden/kunden/kunden/usr/lib/ccron HTTP/1.1" 200 17769 boxmarkdigital.com "-" "Mozilla/5.0 AppleWebKit/537.36 (KHTML, like Gecko; compatible; GPTBot/1.2; +https://openai.com/gptbot)" "-"
185.65.202.0 - - [20/Oct/2025:00:34:36 -0400] "GET / HTTP/1.1" 200 61284 boxmarkdigital.com "-" "Mozilla/5.0 (Macintosh; Intel Mac OS X 10.11; rv:50.0) Gecko/20100101 Firefox/50.0" "-"
185.65.202.0 - - [20/Oct/2025:00:34:36 -0400] "POST /wp-content/plugins/wp-automatic/inc/csv.php HTTP/1.1" 503 299 boxmarkdigital.com "http://boxmarkdigital.com/" "Mozilla/5.0 (Macintosh; Intel Mac OS X 10.11; rv:50.0) Gecko/20100101 Firefox/50.0" "-"
216.73.216.0 - - [20/Oct/2025:00:34:36 -0400] "GET /free-seo-audit?fileloc=%2F%2Flib%2Faspell%2Fen_GB-variant_1.rws&path=%2F%2Flib%2Faspell HTTP/1.1" 200 12246 boxmarkdigital.com "-" "Mozilla/5.0 AppleWebKit/537.36 (KHTML, like Gecko; compatible; ClaudeBot/1.0; +claudebot@anthropic.com)" "-"
185.65.202.0 - - [20/Oct/2025:00:34:37 -0400] "POST /wp-content/plugins/wp-automatic/inc/csv.php HTTP/1.1" 503 299 boxmarkdigital.com "http://boxmarkdigital.com/wp-content/plugins/wp-automatic/inc/csv.php" "Mozilla/5.0 (Macintosh; Intel Mac OS X 10.11; rv:50.0) Gecko/20100101 Firefox/50.0" "-"
185.65.202.0 - - [20/Oct/2025:00:34:37 -0400] "POST /wp-content/plugins/wp-automatic/inc/csv.php HTTP/1.1" 503 299 boxmarkdigital.com "http://boxmarkdigital.com/wp-content/plugins/wp-automatic/inc/csv.php" "Mozilla/5.0 (Macintosh; Intel Mac OS X 10.11; rv:50.0) Gecko/20100101 Firefox/50.0" "-"
185.65.202.0 - - [20/Oct/2025:00:34:37 -0400] "POST /wp-content/plugins/wp-automatic/inc/csv.php HTTP/1.1" 503 299 boxmarkdigital.com "http://boxmarkdigital.com/wp-content/plugins/wp-automatic/inc/csv.php" "Mozilla/5.0 (Macintosh; Intel Mac OS X 10.11; rv:50.0) Gecko/20100101 Firefox/50.0" "-"
185.65.202.0 - - [20/Oct/2025:00:34:37 -0400] "POST /wp-content/plugins/wp-automatic/inc/csv.phpa444766963bb.php HTTP/1.1" 503 299 boxmarkdigital.com "http://boxmarkdigital.com/wp-content/plugins/wp-automatic/inc/csv.php" "Mozilla/5.0 (Macintosh; Intel Mac OS X 10.11; rv:50.0) Gecko/20100101 Firefox/50.0" "-"
20.171.207.0 - - [20/Oct/2025:00:34:37 -0400] "GET /?path=//kunden/kunden/kunden/kunden/kunden/kunden/kunden/kunden/kunden/kunden/kunden/kunden/kunden/kunden/kunden/proc/thread-self/root/kunden/kunden/kunden/kunden/kunden/kunden/kunden/etc/dpkg HTTP/1.1" 200 26061 boxmarkdigital.com "-" "Mozilla/5.0 AppleWebKit/537.36 (KHTML, like Gecko; compatible; GPTBot/1.2; +https://openai.com/gptbot)" "-"
185.65.202.0 - - [20/Oct/2025:00:34:38 -0400] "POST /wp-content/plugins/wp-automatic/inc/csv.phpa444766963bb.php HTTP/1.1" 503 299 boxmarkdigital.com "http://boxmarkdigital.com/wp-content/plugins/wp-automatic/inc/csv.phpa444766963bb.php" "Mozilla/5.0 (Macintosh; Intel Mac OS X 10.11; rv:50.0) Gecko/20100101 Firefox/50.0" "-"
185.65.202.0 - - [20/Oct/2025:00:34:38 -0400] "POST /wp-content/plugins/wp-automatic/inc/csv.phpa444766963bb.php HTTP/1.1" 503 299 boxmarkdigital.com "http://boxmarkdigital.com/wp-content/plugins/wp-automatic/inc/csv.phpa444766963bb.php" "Mozilla/5.0 (Macintosh; Intel Mac OS X 10.11; rv:50.0) Gecko/20100101 Firefox/50.0" "-"
