20.171.207.0 - - [20/Oct/2025:01:03:51 -0400] "GET /?path=//kunden/kunden/kunden/kunden/kunden/kunden/kunden/kunden/kunden/kunden/kunden/kunden/kunden/kunden/kunden/proc/self/root/kunden/kunden/proc/self/root/kunden/kunden/kunden/tmp HTTP/1.1" 200 27459 boxmarkdigital.com "-" "Mozilla/5.0 AppleWebKit/537.36 (KHTML, like Gecko; compatible; GPTBot/1.2; +https://openai.com/gptbot)" "-"
66.249.64.0 - - [20/Oct/2025:01:03:52 -0400] "GET /entity/186493717.shtm HTTP/1.1" 200 208032 boxmarkdigital.com "-" "Mozilla/5.0 (Linux; Android 6.0.1; Nexus 5X Build/MMB29P) AppleWebKit/537.36 (KHTML, like Gecko) Chrome/140.0.7339.207 Mobile Safari/537.36 (compatible; Googlebot/2.1; +http://www.google.com/bot.html)" "-"
216.73.216.0 - - [20/Oct/2025:01:03:53 -0400] "GET /miami-seo?fileloc=%2Fhomepages%2F10%2Fd573043092%2Fhtdocs%2Fclickandbuilds%2Fcentroespiritual%2Fwp-includes%2Fspeculative-loading.php&path=%2Fhomepages%2F10%2Fd573043092%2Fhtdocs%2Fclickandbuilds%2Fcentroespiritual%2Fwp-includes HTTP/1.1" 200 21518 boxmarkdigital.com "-" "Mozilla/5.0 AppleWebKit/537.36 (KHTML, like Gecko; compatible; ClaudeBot/1.0; +claudebot@anthropic.com)" "-"
20.171.207.0 - - [20/Oct/2025:01:03:54 -0400] "GET /?path=//kunden/kunden/kunden/kunden/kunden/kunden/kunden/kunden/kunden/kunden/kunden/kunden/kunden/kunden/kunden/proc/self/root/kunden/kunden/proc/self/root/kunden/kunden/kunden/proc HTTP/1.1" 200 167567 boxmarkdigital.com "-" "Mozilla/5.0 AppleWebKit/537.36 (KHTML, like Gecko; compatible; GPTBot/1.2; +https://openai.com/gptbot)" "-"
35.174.253.0 - - [20/Oct/2025:01:03:54 -0400] "GET /phoenix-SEO?fileloc=/homepages/10/d573043092/htdocs/clickandbuilds/BoxmarkDigital/wp-includes/feed-rss2-comments.php&path=/homepages/10/d573043092/htdocs/clickandbuilds/BoxmarkDigital/wp-includes HTTP/1.1" 200 17378 boxmarkdigital.com "-" "Mozilla/5.0 AppleWebKit/537.36 (KHTML, like Gecko; compatible; Amazonbot/0.1; +https://developer.amazon.com/support/amazonbot) Chrome/119.0.6045.214 Safari/537.36" "-"
66.249.64.0 - - [20/Oct/2025:01:03:56 -0400] "GET /entity/135607218.shtm HTTP/1.1" 200 200231 boxmarkdigital.com "-" "Mozilla/5.0 (Linux; Android 6.0.1; Nexus 5X Build/MMB29P) AppleWebKit/537.36 (KHTML, like Gecko) Chrome/140.0.7339.207 Mobile Safari/537.36 (compatible; GoogleOther)" "-"
216.73.216.0 - - [20/Oct/2025:01:03:56 -0400] "GET /chicago-seo-company?fileloc=%2Fhomepages%2F10%2Fd573043092%2Fhtdocs%2Fclickandbuilds%2FBoxmarkDigital%2Fwp-admin%2Fcss%2Fdashboard-rtl.css&path=%2Fhomepages%2F10%2Fd573043092%2Fhtdocs%2Fclickandbuilds%2FBoxmarkDigital%2Fwp-admin%2Fcss HTTP/1.1" 200 43021 boxmarkdigital.com "-" "Mozilla/5.0 AppleWebKit/537.36 (KHTML, like Gecko; compatible; ClaudeBot/1.0; +claudebot@anthropic.com)" "-"
20.171.207.0 - - [20/Oct/2025:01:03:57 -0400] "GET /?path=//kunden/kunden/kunden/kunden/kunden/kunden/kunden/kunden/kunden/kunden/kunden/kunden/kunden/kunden/kunden/proc/self/root/kunden/kunden/proc/self/root/kunden/kunden/kunden/kunden/home HTTP/1.1" 200 16097 boxmarkdigital.com "-" "Mozilla/5.0 AppleWebKit/537.36 (KHTML, like Gecko; compatible; GPTBot/1.2; +https://openai.com/gptbot)" "-"
34.225.138.0 - - [20/Oct/2025:01:03:58 -0400] "GET /san-antonio-digital-marketing-agency-2?fileloc=/homepages/10/d573043092/htdocs/clickandbuilds/BoxmarkDigital/wp-admin/widgets.php&path=/homepages/10/d573043092/htdocs/clickandbuilds/BoxmarkDigital/wp-admin HTTP/1.1" 200 13859 boxmarkdigital.com "-" "Mozilla/5.0 AppleWebKit/537.36 (KHTML, like Gecko; compatible; Amazonbot/0.1; +https://developer.amazon.com/support/amazonbot) Chrome/119.0.6045.214 Safari/537.36" "-"
216.73.216.0 - - [20/Oct/2025:01:03:59 -0400] "GET /chicago-seo-company?fileloc=%2Fhomepages%2F10%2Fd573043092%2Fhtdocs%2Fclickandbuilds%2FBoxmarkDigital%2Fwp-admin%2Fexport.php&path=%2Fhomepages%2F10%2Fd573043092%2Fhtdocs%2Fclickandbuilds%2FBoxmarkDigital%2Fwp-admin HTTP/1.1" 200 26371 boxmarkdigital.com "-" "Mozilla/5.0 AppleWebKit/537.36 (KHTML, like Gecko; compatible; ClaudeBot/1.0; +claudebot@anthropic.com)" "-"
20.171.207.0 - - [20/Oct/2025:01:04:00 -0400] "GET /?path=//kunden/kunden/kunden/kunden/kunden/kunden/kunden/kunden/kunden/kunden/kunden/kunden/kunden/kunden/kunden/proc/self/root/kunden/kunden/proc/self/root/kunden/kunden/kunden/kunden/run HTTP/1.1" 200 27838 boxmarkdigital.com "-" "Mozilla/5.0 AppleWebKit/537.36 (KHTML, like Gecko; compatible; GPTBot/1.2; +https://openai.com/gptbot)" "-"
66.249.70.0 - - [20/Oct/2025:01:04:00 -0400] "GET /robots.txt HTTP/1.1" 500 - abarcasewer.com "-" "Mozilla/5.0 (compatible; Googlebot/2.1; +http://www.google.com/bot.html)" "-"
216.73.216.0 - - [20/Oct/2025:01:04:02 -0400] "GET /chicago-seo-company?fileloc=%2Fhomepages%2F10%2Fd573043092%2Fhtdocs%2Fclickandbuilds%2FBoxmarkDigital%2Fwp-admin%2Fcss%2Flist-tables.css&path=%2Fhomepages%2F10%2Fd573043092%2Fhtdocs%2Fclickandbuilds%2FBoxmarkDigital%2Fwp-admin%2Fcss HTTP/1.1" 200 57187 boxmarkdigital.com "-" "Mozilla/5.0 AppleWebKit/537.36 (KHTML, like Gecko; compatible; ClaudeBot/1.0; +claudebot@anthropic.com)" "-"
107.23.62.0 - - [20/Oct/2025:01:04:03 -0400] "GET /indianapolis-digital-marketing-agency?fileloc=/homepages/10/d573043092/htdocs/clickandbuilds/BoxmarkDigital/wp-includes/locale.php&path=/homepages/10/d573043092/htdocs/clickandbuilds/BoxmarkDigital/wp-includes HTTP/1.1" 200 12871 boxmarkdigital.com "-" "Mozilla/5.0 AppleWebKit/537.36 (KHTML, like Gecko; compatible; Amazonbot/0.1; +https://developer.amazon.com/support/amazonbot) Chrome/119.0.6045.214 Safari/537.36" "-"
66.249.64.0 - - [20/Oct/2025:01:04:03 -0400] "GET /entity/621229383.shtm HTTP/1.1" 200 204354 boxmarkdigital.com "-" "Mozilla/5.0 (Linux; Android 6.0.1; Nexus 5X Build/MMB29P) AppleWebKit/537.36 (KHTML, like Gecko) Chrome/140.0.7339.207 Mobile Safari/537.36 (compatible; GoogleOther)" "-"
20.171.207.0 - - [20/Oct/2025:01:04:04 -0400] "GET /?path=//kunden/kunden/kunden/kunden/kunden/kunden/kunden/kunden/kunden/kunden/kunden/kunden/kunden/kunden/kunden/proc/self/root/kunden/kunden/proc/self/root/kunden/kunden/kunden/kunden/mnt HTTP/1.1" 200 19729 boxmarkdigital.com "-" "Mozilla/5.0 AppleWebKit/537.36 (KHTML, like Gecko; compatible; GPTBot/1.2; +https://openai.com/gptbot)" "-"
66.249.64.0 - - [20/Oct/2025:01:04:04 -0400] "GET /entity/475264077.shtm HTTP/1.1" 200 205153 boxmarkdigital.com "-" "Mozilla/5.0 (Linux; Android 6.0.1; Nexus 5X Build/MMB29P) AppleWebKit/537.36 (KHTML, like Gecko) Chrome/140.0.7339.207 Mobile Safari/537.36 (compatible; GoogleOther)" "-"
27.46.125.0 - - [20/Oct/2025:01:04:05 -0400] "GET /robots.txt HTTP/1.1" 200 88 boxmarkdigital.com "-" "Mozilla/5.0 (Windows NT 10.0; WOW64) AppleWebKit/537.36 (KHTML, like Gecko) Chrome/48.0.4257.62 Safari/537.36 QIHU 360SE" "-"
216.73.216.0 - - [20/Oct/2025:01:04:05 -0400] "GET /miami-seo?fileloc=%2Fhomepages%2F10%2Fd573043092%2Fhtdocs%2Fclickandbuilds%2Famarreschicago%2Fwp-admin%2Fasync-upload.php&path=%2Fhomepages%2F10%2Fd573043092%2Fhtdocs%2Fclickandbuilds%2Famarreschicago%2Fwp-admin HTTP/1.1" 200 17917 boxmarkdigital.com "-" "Mozilla/5.0 AppleWebKit/537.36 (KHTML, like Gecko; compatible; ClaudeBot/1.0; +claudebot@anthropic.com)" "-"
18.215.112.0 - - [20/Oct/2025:01:04:06 -0400] "GET /indianapolis-digital-marketing-agency?fileloc=/homepages/10/d573043092/htdocs/clickandbuilds/BoxmarkDigital/wp-includes/option.php&path=/homepages/10/d573043092/htdocs/clickandbuilds/BoxmarkDigital/wp-includes HTTP/1.1" 200 117528 boxmarkdigital.com "-" "Mozilla/5.0 AppleWebKit/537.36 (KHTML, like Gecko; compatible; Amazonbot/0.1; +https://developer.amazon.com/support/amazonbot) Chrome/119.0.6045.214 Safari/537.36" "-"
20.171.207.0 - - [20/Oct/2025:01:04:07 -0400] "GET /?path=//kunden/kunden/kunden/kunden/kunden/kunden/kunden/kunden/kunden/kunden/kunden/kunden/kunden/kunden/kunden/proc/self/root/kunden/kunden/proc/self/root/kunden/kunden/kunden/kunden/var HTTP/1.1" 200 37903 boxmarkdigital.com "-" "Mozilla/5.0 AppleWebKit/537.36 (KHTML, like Gecko; compatible; GPTBot/1.2; +https://openai.com/gptbot)" "-"
216.73.216.0 - - [20/Oct/2025:01:04:08 -0400] "GET /miami-seo?fileloc=%2Fhomepages%2F10%2Fd573043092%2Fhtdocs%2Fclickandbuilds%2Fcentroespiritual%2Fwp-includes%2Fdefault-filters.php&path=%2Fhomepages%2F10%2Fd573043092%2Fhtdocs%2Fclickandbuilds%2Fcentroespiritual%2Fwp-includes HTTP/1.1" 200 49447 boxmarkdigital.com "-" "Mozilla/5.0 AppleWebKit/537.36 (KHTML, like Gecko; compatible; ClaudeBot/1.0; +claudebot@anthropic.com)" "-"
66.249.64.0 - - [20/Oct/2025:01:04:09 -0400] "GET /entity/946763753.shtm HTTP/1.1" 200 201173 boxmarkdigital.com "-" "Mozilla/5.0 (Linux; Android 6.0.1; Nexus 5X Build/MMB29P) AppleWebKit/537.36 (KHTML, like Gecko) Chrome/140.0.7339.207 Mobile Safari/537.36 (compatible; GoogleOther)" "-"
20.171.207.0 - - [20/Oct/2025:01:04:10 -0400] "GET /?path=//kunden/kunden/kunden/kunden/kunden/kunden/kunden/kunden/kunden/kunden/kunden/kunden/kunden/kunden/kunden/proc/self/root/kunden/kunden/proc/self/root/kunden/kunden/kunden/kunden/boot HTTP/1.1" 200 16097 boxmarkdigital.com "-" "Mozilla/5.0 AppleWebKit/537.36 (KHTML, like Gecko; compatible; GPTBot/1.2; +https://openai.com/gptbot)" "-"
52.2.83.0 - - [20/Oct/2025:01:04:10 -0400] "GET /elo-casino-akciok-a-legjobb-elo-kaszinok-ajanlatai?fileloc=/homepages/10/d573043092/htdocs/clickandbuilds/BoxmarkDigital/wp-includes/class-wp-classic-to-block-menu-converter-constructor.php&path=/homepages/10/d573043092/htdocs/clickandbuilds/BoxmarkDigital/wp-includes HTTP/1.1" 200 13828 boxmarkdigital.com "-" "Mozilla/5.0 AppleWebKit/537.36 (KHTML, like Gecko; compatible; Amazonbot/0.1; +https://developer.amazon.com/support/amazonbot) Chrome/119.0.6045.214 Safari/537.36" "-"
216.73.216.0 - - [20/Oct/2025:01:04:11 -0400] "GET /miami-seo?path=%2Fhomepages%2F10%2Fd573043092%2Fhtdocs%2Fclickandbuilds%2FBoxmarkDigital%2Fwp-includes%2Fblocks%2Fsite-tagline HTTP/1.1" 200 30886 boxmarkdigital.com "-" "Mozilla/5.0 AppleWebKit/537.36 (KHTML, like Gecko; compatible; ClaudeBot/1.0; +claudebot@anthropic.com)" "-"
20.171.207.0 - - [20/Oct/2025:01:04:13 -0400] "GET /?path=//kunden/kunden/kunden/kunden/kunden/kunden/kunden/kunden/kunden/kunden/kunden/kunden/kunden/kunden/kunden/proc/self/root/kunden/kunden/proc/self/root/kunden/kunden/kunden/kunden/usr HTTP/1.1" 200 37915 boxmarkdigital.com "-" "Mozilla/5.0 AppleWebKit/537.36 (KHTML, like Gecko; compatible; GPTBot/1.2; +https://openai.com/gptbot)" "-"
45.227.253.0 - - [20/Oct/2025:01:04:13 -0400] "GET /wp-content/plugins/elementor-pro/modules/carousel/assets/assets/index.php?ARRAY=7o2230223n313736303934303439382p2231223n22687474703n5p2s5p2s7n733532347631336o6s2r6661696p642r6172745p2s3s6p633q78696164616r5s72616r645s7061746826743q313736303933363839382q3164613435396536306263353438376264356434353635613932626564363831222p2232223n226537666235613437303833636363343365386163653633623538383461613939222p2233223n226166643066333032373064613330303536656335306131613039343336613433222p2262696r675s70617373223n2232392q33342q35372q36322q37342q38332q3235227q HTTP/1.1" 200 650 boxmarkdigital.com "-" "Mozilla/5.0 (Windows NT 6.1; Win64; x64) AppleWebKit/537.36 (KHTML, like Gecko) Chrome/86.0.4240.111 Safari/537.36" "-"
216.73.216.0 - - [20/Oct/2025:01:04:14 -0400] "GET /miami-seo?fileloc=%2Fhomepages%2F10%2Fd573043092%2Fhtdocs%2Fclickandbuilds%2Flagrangejunkremoval%2Fwp-admin%2Fedit-form-comment.php&path=%2Fhomepages%2F10%2Fd573043092%2Fhtdocs%2Fclickandbuilds%2Flagrangejunkremoval%2Fwp-admin HTTP/1.1" 200 23765 boxmarkdigital.com "-" "Mozilla/5.0 AppleWebKit/537.36 (KHTML, like Gecko; compatible; ClaudeBot/1.0; +claudebot@anthropic.com)" "-"
3.231.193.0 - - [20/Oct/2025:01:04:14 -0400] "GET /san-antonio-seo?fileloc=/homepages/10/d573043092/htdocs/clickandbuilds/BoxmarkDigital/wp-includes/class-wp-walker.php&path=/homepages/10/d573043092/htdocs/clickandbuilds/BoxmarkDigital/wp-includes HTTP/1.1" 200 26274 boxmarkdigital.com "-" "Mozilla/5.0 AppleWebKit/537.36 (KHTML, like Gecko; compatible; Amazonbot/0.1; +https://developer.amazon.com/support/amazonbot) Chrome/119.0.6045.214 Safari/537.36" "-"
20.171.207.0 - - [20/Oct/2025:01:04:16 -0400] "GET /?path=//kunden/kunden/kunden/kunden/kunden/kunden/kunden/kunden/kunden/kunden/kunden/kunden/kunden/kunden/kunden/proc/self/root/kunden/kunden/proc/self/root/kunden/kunden/kunden/kunden/sbin HTTP/1.1" 200 412775 boxmarkdigital.com "-" "Mozilla/5.0 AppleWebKit/537.36 (KHTML, like Gecko; compatible; GPTBot/1.2; +https://openai.com/gptbot)" "-"
216.73.216.0 - - [20/Oct/2025:01:04:17 -0400] "GET /columbus-seo?path=%2Fhomepages%2F10%2Fd573043092%2Fhtdocs%2Fclickandbuilds%2FBoxmarkDigital%2Fwp-includes HTTP/1.1" 200 480456 boxmarkdigital.com "-" "Mozilla/5.0 AppleWebKit/537.36 (KHTML, like Gecko; compatible; ClaudeBot/1.0; +claudebot@anthropic.com)" "-"
44.193.102.0 - - [20/Oct/2025:01:04:18 -0400] "GET /website-maintenance-services?fileloc=/homepages/10/d573043092/htdocs/clickandbuilds/BoxmarkDigital/wp-includes/cron.php&path=/homepages/10/d573043092/htdocs/clickandbuilds/BoxmarkDigital/wp-includes HTTP/1.1" 200 56018 boxmarkdigital.com "-" "Mozilla/5.0 AppleWebKit/537.36 (KHTML, like Gecko; compatible; Amazonbot/0.1; +https://developer.amazon.com/support/amazonbot) Chrome/119.0.6045.214 Safari/537.36" "-"
20.171.207.0 - - [20/Oct/2025:01:04:20 -0400] "GET /?path=//kunden/kunden/kunden/kunden/kunden/kunden/kunden/kunden/kunden/kunden/kunden/kunden/kunden/kunden/kunden/proc/self/root/kunden/kunden/proc/self/root/kunden/kunden/kunden/kunden/tmp HTTP/1.1" 200 27812 boxmarkdigital.com "-" "Mozilla/5.0 AppleWebKit/537.36 (KHTML, like Gecko; compatible; GPTBot/1.2; +https://openai.com/gptbot)" "-"
216.73.216.0 - - [20/Oct/2025:01:04:20 -0400] "GET /miami-seo?fileloc=%2Fhomepages%2F10%2Fd573043092%2Fhtdocs%2Fclickandbuilds%2Fcentroespiritual%2Fwp-includes%2Fclass-http.php&path=%2Fhomepages%2F10%2Fd573043092%2Fhtdocs%2Fclickandbuilds%2Fcentroespiritual%2Fwp-includes HTTP/1.1" 200 13088 boxmarkdigital.com "-" "Mozilla/5.0 AppleWebKit/537.36 (KHTML, like Gecko; compatible; ClaudeBot/1.0; +claudebot@anthropic.com)" "-"
66.249.64.0 - - [20/Oct/2025:01:04:21 -0400] "GET /entity/42741031.shtm HTTP/1.1" 200 194541 boxmarkdigital.com "-" "Mozilla/5.0 (Linux; Android 6.0.1; Nexus 5X Build/MMB29P) AppleWebKit/537.36 (KHTML, like Gecko) Chrome/140.0.7339.207 Mobile Safari/537.36 (compatible; Googlebot/2.1; +http://www.google.com/bot.html)" "-"
3.210.29.0 - - [20/Oct/2025:01:04:22 -0400] "GET /seo-e-commerce?fileloc=/homepages/10/d573043092/htdocs/clickandbuilds/BoxmarkDigital/wp-includes/blocks.php&path=/homepages/10/d573043092/htdocs/clickandbuilds/BoxmarkDigital/wp-includes HTTP/1.1" 200 127272 boxmarkdigital.com "-" "Mozilla/5.0 AppleWebKit/537.36 (KHTML, like Gecko; compatible; Amazonbot/0.1; +https://developer.amazon.com/support/amazonbot) Chrome/119.0.6045.214 Safari/537.36" "-"
20.171.207.0 - - [20/Oct/2025:01:04:23 -0400] "GET /?path=//kunden/kunden/kunden/kunden/kunden/kunden/kunden/kunden/kunden/kunden/kunden/kunden/kunden/kunden/kunden/proc/self/root/kunden/kunden/proc/self/root/kunden/kunden/kunden/kunden/var/run HTTP/1.1" 200 28133 boxmarkdigital.com "-" "Mozilla/5.0 AppleWebKit/537.36 (KHTML, like Gecko; compatible; GPTBot/1.2; +https://openai.com/gptbot)" "-"
66.249.64.0 - - [20/Oct/2025:01:04:23 -0400] "GET /entity/221074305.shtm HTTP/1.1" 200 198890 boxmarkdigital.com "-" "Mozilla/5.0 (Linux; Android 6.0.1; Nexus 5X Build/MMB29P) AppleWebKit/537.36 (KHTML, like Gecko) Chrome/140.0.7339.207 Mobile Safari/537.36 (compatible; GoogleOther)" "-"
216.73.216.0 - - [20/Oct/2025:01:04:23 -0400] "GET /chicago-seo-company?fileloc=%2Fhomepages%2F10%2Fd573043092%2Fhtdocs%2Fclickandbuilds%2FBoxmarkDigital%2Fwp-admin%2Fimport.php&path=%2Fhomepages%2F10%2Fd573043092%2Fhtdocs%2Fclickandbuilds%2FBoxmarkDigital%2Fwp-admin HTTP/1.1" 200 21124 boxmarkdigital.com "-" "Mozilla/5.0 AppleWebKit/537.36 (KHTML, like Gecko; compatible; ClaudeBot/1.0; +claudebot@anthropic.com)" "-"
20.171.207.0 - - [20/Oct/2025:01:04:26 -0400] "GET /?path=//kunden/kunden/kunden/kunden/kunden/kunden/kunden/kunden/kunden/kunden/kunden/kunden/kunden/kunden/kunden/proc/self/root/kunden/kunden/proc/self/root/kunden/kunden/kunden/kunden/etc HTTP/1.1" 200 287729 boxmarkdigital.com "-" "Mozilla/5.0 AppleWebKit/537.36 (KHTML, like Gecko; compatible; GPTBot/1.2; +https://openai.com/gptbot)" "-"
216.73.216.0 - - [20/Oct/2025:01:04:26 -0400] "GET /miami-seo?path=%2Fhomepages%2F10%2Fd573043092%2Fhtdocs%2Fclickandbuilds%2FBoxmarkDigital%2Fwp-includes%2Fblocks%2Fcategories HTTP/1.1" 200 32376 boxmarkdigital.com "-" "Mozilla/5.0 AppleWebKit/537.36 (KHTML, like Gecko; compatible; ClaudeBot/1.0; +claudebot@anthropic.com)" "-"
52.204.174.0 - - [20/Oct/2025:01:04:26 -0400] "GET /indianapolis-digital-marketing-agency?fileloc=/homepages/10/d573043092/htdocs/clickandbuilds/BoxmarkDigital/wp-includes/http.php&path=/homepages/10/d573043092/htdocs/clickandbuilds/BoxmarkDigital/wp-includes HTTP/1.1" 200 38223 boxmarkdigital.com "-" "Mozilla/5.0 AppleWebKit/537.36 (KHTML, like Gecko; compatible; Amazonbot/0.1; +https://developer.amazon.com/support/amazonbot) Chrome/119.0.6045.214 Safari/537.36" "-"
66.249.64.0 - - [20/Oct/2025:01:04:29 -0400] "GET /entity/761594555.shtm HTTP/1.1" 200 201639 boxmarkdigital.com "-" "Mozilla/5.0 (Linux; Android 6.0.1; Nexus 5X Build/MMB29P) AppleWebKit/537.36 (KHTML, like Gecko) Chrome/140.0.7339.207 Mobile Safari/537.36 (compatible; Googlebot/2.1; +http://www.google.com/bot.html)" "-"
216.73.216.0 - - [20/Oct/2025:01:04:29 -0400] "GET /miami-seo?path=%2Fhomepages%2F10%2Fd573043092%2Fhtdocs%2Fmanzosburger.com%2Fwp-admin%2Fuser HTTP/1.1" 200 29314 boxmarkdigital.com "-" "Mozilla/5.0 AppleWebKit/537.36 (KHTML, like Gecko; compatible; ClaudeBot/1.0; +claudebot@anthropic.com)" "-"
20.171.207.0 - - [20/Oct/2025:01:04:29 -0400] "GET /?fileloc=//kunden/kunden/kunden/kunden/kunden/kunden/kunden/kunden/kunden/kunden/kunden/kunden/kunden/kunden/kunden/proc/self/root/kunden/kunden/proc/self/root/kunden/kunden/kunden/kunden/sbin/mklost+found&path=//kunden/kunden/kunden/kunden/kunden/kunden/kunden/kunden/kunden/kunden/kunden/kunden/kunden/kunden/kunden/proc/self/root/kunden/kunden/proc/self/root/kunden/kunden/kunden/kunden/sbin HTTP/1.1" 200 15864 boxmarkdigital.com "-" "Mozilla/5.0 AppleWebKit/537.36 (KHTML, like Gecko; compatible; GPTBot/1.2; +https://openai.com/gptbot)" "-"
34.227.156.0 - - [20/Oct/2025:01:04:30 -0400] "GET /electrician-marketing?fileloc=/homepages/10/d573043092/htdocs/clickandbuilds/BoxmarkDigital/wp-admin/revision.php&path=/homepages/10/d573043092/htdocs/clickandbuilds/BoxmarkDigital/wp-admin HTTP/1.1" 200 19040 boxmarkdigital.com "-" "Mozilla/5.0 AppleWebKit/537.36 (KHTML, like Gecko; compatible; Amazonbot/0.1; +https://developer.amazon.com/support/amazonbot) Chrome/119.0.6045.214 Safari/537.36" "-"
216.73.216.0 - - [20/Oct/2025:01:04:32 -0400] "GET /miami-seo?fileloc=%2Fhomepages%2F10%2Fd573043092%2Fhtdocs%2Fclickandbuilds%2Flagrangejunkremoval%2Fwp-admin%2Finstall-helper.php&path=%2Fhomepages%2F10%2Fd573043092%2Fhtdocs%2Fclickandbuilds%2Flagrangejunkremoval%2Fwp-admin HTTP/1.1" 200 19880 boxmarkdigital.com "-" "Mozilla/5.0 AppleWebKit/537.36 (KHTML, like Gecko; compatible; ClaudeBot/1.0; +claudebot@anthropic.com)" "-"
20.171.207.0 - - [20/Oct/2025:01:04:32 -0400] "GET /?path=//kunden/kunden/kunden/kunden/kunden/kunden/kunden/kunden/kunden/kunden/kunden/kunden/kunden/kunden/kunden/proc/self/root/kunden/kunden/proc/self/root/kunden/kunden/kunden/kunden/sys HTTP/1.1" 200 16095 boxmarkdigital.com "-" "Mozilla/5.0 AppleWebKit/537.36 (KHTML, like Gecko; compatible; GPTBot/1.2; +https://openai.com/gptbot)" "-"
23.21.228.0 - - [20/Oct/2025:01:04:34 -0400] "GET /website-hosting-services?fileloc=/homepages/10/d573043092/htdocs/clickandbuilds/BoxmarkDigital/wp-admin/nav-menus.php&path=/homepages/10/d573043092/htdocs/clickandbuilds/BoxmarkDigital/wp-admin HTTP/1.1" 200 67493 boxmarkdigital.com "-" "Mozilla/5.0 AppleWebKit/537.36 (KHTML, like Gecko; compatible; Amazonbot/0.1; +https://developer.amazon.com/support/amazonbot) Chrome/119.0.6045.214 Safari/537.36" "-"
216.73.216.0 - - [20/Oct/2025:01:04:35 -0400] "GET /chicago-seo-company?fileloc=%2Fhomepages%2F10%2Fd573043092%2Fhtdocs%2Fclickandbuilds%2FBoxmarkDigital%2Fwp-admin%2Fadmin-post.php&path=%2Fhomepages%2F10%2Fd573043092%2Fhtdocs%2Fclickandbuilds%2FBoxmarkDigital%2Fwp-admin HTTP/1.1" 200 14765 boxmarkdigital.com "-" "Mozilla/5.0 AppleWebKit/537.36 (KHTML, like Gecko; compatible; ClaudeBot/1.0; +claudebot@anthropic.com)" "-"
20.171.207.0 - - [20/Oct/2025:01:04:35 -0400] "GET /?fileloc=//kunden/kunden/kunden/kunden/kunden/kunden/kunden/kunden/kunden/kunden/kunden/kunden/kunden/kunden/kunden/proc/self/root/kunden/kunden/proc/self/root/kunden/kunden/kunden/kunden/sbin/zramctl&path=//kunden/kunden/kunden/kunden/kunden/kunden/kunden/kunden/kunden/kunden/kunden/kunden/kunden/kunden/kunden/proc/self/root/kunden/kunden/proc/self/root/kunden/kunden/kunden/kunden/sbin HTTP/1.1" 200 15859 boxmarkdigital.com "-" "Mozilla/5.0 AppleWebKit/537.36 (KHTML, like Gecko; compatible; GPTBot/1.2; +https://openai.com/gptbot)" "-"
216.73.216.0 - - [20/Oct/2025:01:04:38 -0400] "GET /miami-seo?path=%2Fhomepages%2F10%2Fd573043092%2Fhtdocs%2Fclickandbuilds%2FBoxmarkDigital%2Fwp-includes%2Fblocks%2Ffreeform HTTP/1.1" 200 23736 boxmarkdigital.com "-" "Mozilla/5.0 AppleWebKit/537.36 (KHTML, like Gecko; compatible; ClaudeBot/1.0; +claudebot@anthropic.com)" "-"
20.171.207.0 - - [20/Oct/2025:01:04:38 -0400] "GET /?path=//kunden/kunden/kunden/kunden/kunden/kunden/kunden/kunden/kunden/kunden/kunden/kunden/kunden/kunden/kunden/proc/self/root/kunden/kunden/proc/self/root/kunden/kunden/kunden/kunden/usr/local HTTP/1.1" 200 32807 boxmarkdigital.com "-" "Mozilla/5.0 AppleWebKit/537.36 (KHTML, like Gecko; compatible; GPTBot/1.2; +https://openai.com/gptbot)" "-"
3.210.29.0 - - [20/Oct/2025:01:04:38 -0400] "GET /monthly-seo-tasks-to-improve-your-ranking?fileloc=/homepages/10/d573043092/htdocs/clickandbuilds/BoxmarkDigital/wp-includes/embed-template.php&path=/homepages/10/d573043092/htdocs/clickandbuilds/BoxmarkDigital/wp-includes HTTP/1.1" 200 13055 boxmarkdigital.com "-" "Mozilla/5.0 AppleWebKit/537.36 (KHTML, like Gecko; compatible; Amazonbot/0.1; +https://developer.amazon.com/support/amazonbot) Chrome/119.0.6045.214 Safari/537.36" "-"
66.249.64.0 - - [20/Oct/2025:01:04:39 -0400] "GET /entity/1614992921.shtm HTTP/1.1" 200 198509 boxmarkdigital.com "-" "Mozilla/5.0 (Linux; Android 6.0.1; Nexus 5X Build/MMB29P) AppleWebKit/537.36 (KHTML, like Gecko) Chrome/140.0.7339.207 Mobile Safari/537.36 (compatible; Googlebot/2.1; +http://www.google.com/bot.html)" "-"
66.249.64.0 - - [20/Oct/2025:01:04:40 -0400] "GET /entity/927648312.shtm HTTP/1.1" 200 200276 boxmarkdigital.com "-" "Mozilla/5.0 (Linux; Android 6.0.1; Nexus 5X Build/MMB29P) AppleWebKit/537.36 (KHTML, like Gecko) Chrome/140.0.7339.207 Mobile Safari/537.36 (compatible; GoogleOther)" "-"
216.73.216.0 - - [20/Oct/2025:01:04:41 -0400] "GET /chicago-seo-company?fileloc=%2Fhomepages%2F10%2Fd573043092%2Fhtdocs%2Fclickandbuilds%2FBoxmarkDigital%2Fwp-admin%2Fcss%2Fwp-admin-rtl.css&path=%2Fhomepages%2F10%2Fd573043092%2Fhtdocs%2Fclickandbuilds%2FBoxmarkDigital%2Fwp-admin%2Fcss HTTP/1.1" 200 13296 boxmarkdigital.com "-" "Mozilla/5.0 AppleWebKit/537.36 (KHTML, like Gecko; compatible; ClaudeBot/1.0; +claudebot@anthropic.com)" "-"
20.171.207.0 - - [20/Oct/2025:01:04:41 -0400] "GET /?path=//kunden/kunden/kunden/kunden/kunden/kunden/kunden/kunden/kunden/kunden/kunden/kunden/kunden/kunden/kunden/proc/self/root/kunden/kunden/proc/self/root/kunden/kunden/kunden/kunden/etc/apt HTTP/1.1" 200 16306 boxmarkdigital.com "-" "Mozilla/5.0 AppleWebKit/537.36 (KHTML, like Gecko; compatible; GPTBot/1.2; +https://openai.com/gptbot)" "-"
44.210.213.0 - - [20/Oct/2025:01:04:42 -0400] "GET /seo-prices-2?fileloc=/homepages/10/d573043092/htdocs/clickandbuilds/BoxmarkDigital/wp-includes/class-wp-simplepie-file.php&path=/homepages/10/d573043092/htdocs/clickandbuilds/BoxmarkDigital/wp-includes HTTP/1.1" 200 16212 boxmarkdigital.com "-" "Mozilla/5.0 AppleWebKit/537.36 (KHTML, like Gecko; compatible; Amazonbot/0.1; +https://developer.amazon.com/support/amazonbot) Chrome/119.0.6045.214 Safari/537.36" "-"
216.73.216.0 - - [20/Oct/2025:01:04:44 -0400] "GET /chicago-seo-company?path=%2Fhomepages%2F10%2Fd573043092%2Fhtdocs%2Fclickandbuilds%2FBoxmarkDigital%2Fwp-includes%2Fblocks%2Fquery-pagination HTTP/1.1" 200 32670 boxmarkdigital.com "-" "Mozilla/5.0 AppleWebKit/537.36 (KHTML, like Gecko; compatible; ClaudeBot/1.0; +claudebot@anthropic.com)" "-"
20.171.207.0 - - [20/Oct/2025:01:04:44 -0400] "GET /?fileloc=//kunden/kunden/kunden/kunden/kunden/kunden/kunden/kunden/kunden/kunden/kunden/kunden/kunden/kunden/kunden/proc/self/root/kunden/kunden/proc/self/root/kunden/kunden/kunden/kunden/etc/issue.net&path=//kunden/kunden/kunden/kunden/kunden/kunden/kunden/kunden/kunden/kunden/kunden/kunden/kunden/kunden/kunden/proc/self/root/kunden/kunden/proc/self/root/kunden/kunden/kunden/kunden/etc HTTP/1.1" 200 15878 boxmarkdigital.com "-" "Mozilla/5.0 AppleWebKit/537.36 (KHTML, like Gecko; compatible; GPTBot/1.2; +https://openai.com/gptbot)" "-"
44.213.202.0 - - [20/Oct/2025:01:04:46 -0400] "GET /essential-aspects-of-a-monthly-seo-report?fileloc=/homepages/10/d573043092/htdocs/clickandbuilds/BoxmarkDigital/wp-includes/class-wp-http-response.php&path=/homepages/10/d573043092/htdocs/clickandbuilds/BoxmarkDigital/wp-includes HTTP/1.1" 200 15741 boxmarkdigital.com "-" "Mozilla/5.0 AppleWebKit/537.36 (KHTML, like Gecko; compatible; Amazonbot/0.1; +https://developer.amazon.com/support/amazonbot) Chrome/119.0.6045.214 Safari/537.36" "-"
216.73.216.0 - - [20/Oct/2025:01:04:47 -0400] "GET /chicago-seo-company?fileloc=%2Fhomepages%2F10%2Fd573043092%2Fhtdocs%2Fclickandbuilds%2FBoxmarkDigital%2Fwp-admin%2Fmoderation.php&path=%2Fhomepages%2F10%2Fd573043092%2Fhtdocs%2Fclickandbuilds%2FBoxmarkDigital%2Fwp-admin HTTP/1.1" 200 13011 boxmarkdigital.com "-" "Mozilla/5.0 AppleWebKit/537.36 (KHTML, like Gecko; compatible; ClaudeBot/1.0; +claudebot@anthropic.com)" "-"
20.171.207.0 - - [20/Oct/2025:01:04:48 -0400] "GET /?path=//kunden/kunden/kunden/kunden/kunden/kunden/kunden/kunden/kunden/kunden/kunden/kunden/kunden/kunden/kunden/proc/self/root/kunden/kunden/proc/self/root/kunden/kunden/kunden/kunden/etc/gss HTTP/1.1" 200 18141 boxmarkdigital.com "-" "Mozilla/5.0 AppleWebKit/537.36 (KHTML, like Gecko; compatible; GPTBot/1.2; +https://openai.com/gptbot)" "-"
66.249.64.0 - - [20/Oct/2025:01:04:49 -0400] "GET /entity/1183853987.shtm HTTP/1.1" 200 196960 boxmarkdigital.com "-" "Mozilla/5.0 (Linux; Android 6.0.1; Nexus 5X Build/MMB29P) AppleWebKit/537.36 (KHTML, like Gecko) Chrome/140.0.7339.207 Mobile Safari/537.36 (compatible; Googlebot/2.1; +http://www.google.com/bot.html)" "-"
216.73.216.0 - - [20/Oct/2025:01:04:50 -0400] "GET /chicago-seo-company?fileloc=%2Fhomepages%2F10%2Fd573043092%2Fhtdocs%2Fclickandbuilds%2FBoxmarkDigital%2Fwp-admin%2Fcss%2Finstall-rtl.css&path=%2Fhomepages%2F10%2Fd573043092%2Fhtdocs%2Fclickandbuilds%2FBoxmarkDigital%2Fwp-admin%2Fcss HTTP/1.1" 200 19063 boxmarkdigital.com "-" "Mozilla/5.0 AppleWebKit/537.36 (KHTML, like Gecko; compatible; ClaudeBot/1.0; +claudebot@anthropic.com)" "-"
35.173.38.0 - - [20/Oct/2025:01:04:50 -0400] "GET /indianapolis-digital-marketing-agency?fileloc=/homepages/10/d573043092/htdocs/clickandbuilds/BoxmarkDigital/wp-includes/template.php&path=/homepages/10/d573043092/htdocs/clickandbuilds/BoxmarkDigital/wp-includes HTTP/1.1" 200 37267 boxmarkdigital.com "-" "Mozilla/5.0 AppleWebKit/537.36 (KHTML, like Gecko; compatible; Amazonbot/0.1; +https://developer.amazon.com/support/amazonbot) Chrome/119.0.6045.214 Safari/537.36" "-"
20.171.207.0 - - [20/Oct/2025:01:04:51 -0400] "GET /?path=//kunden/kunden/kunden/kunden/kunden/kunden/kunden/kunden/kunden/kunden/kunden/kunden/kunden/kunden/kunden/proc/self/root/kunden/kunden/proc/self/root/kunden/kunden/kunden/kunden/etc/kernel HTTP/1.1" 200 18172 boxmarkdigital.com "-" "Mozilla/5.0 AppleWebKit/537.36 (KHTML, like Gecko; compatible; GPTBot/1.2; +https://openai.com/gptbot)" "-"
216.73.216.0 - - [20/Oct/2025:01:04:53 -0400] "GET /chicago-seo-company?fileloc=%2Fhomepages%2F10%2Fd573043092%2Fhtdocs%2Fclickandbuilds%2FBoxmarkDigital%2Fwp-includes%2Ffonts.php&path=%2Fhomepages%2F10%2Fd573043092%2Fhtdocs%2Fclickandbuilds%2FBoxmarkDigital%2Fwp-includes HTTP/1.1" 200 22553 boxmarkdigital.com "-" "Mozilla/5.0 AppleWebKit/537.36 (KHTML, like Gecko; compatible; ClaudeBot/1.0; +claudebot@anthropic.com)" "-"
20.171.207.0 - - [20/Oct/2025:01:04:54 -0400] "GET /?path=//kunden/kunden/kunden/kunden/kunden/kunden/kunden/kunden/kunden/kunden/kunden/kunden/kunden/kunden/kunden/proc/self/root/kunden/kunden/proc/self/root/kunden/kunden/kunden/kunden/etc/mc HTTP/1.1" 200 35348 boxmarkdigital.com "-" "Mozilla/5.0 AppleWebKit/537.36 (KHTML, like Gecko; compatible; GPTBot/1.2; +https://openai.com/gptbot)" "-"
34.205.163.0 - - [20/Oct/2025:01:04:54 -0400] "GET /seo-e-commerce?fileloc=/homepages/10/d573043092/htdocs/clickandbuilds/BoxmarkDigital/wp-includes/class-wp-term-query.php&path=/homepages/10/d573043092/htdocs/clickandbuilds/BoxmarkDigital/wp-includes HTTP/1.1" 200 54627 boxmarkdigital.com "-" "Mozilla/5.0 AppleWebKit/537.36 (KHTML, like Gecko; compatible; Amazonbot/0.1; +https://developer.amazon.com/support/amazonbot) Chrome/119.0.6045.214 Safari/537.36" "-"
216.73.216.0 - - [20/Oct/2025:01:04:56 -0400] "GET /chicago-seo-company?fileloc=%2Fhomepages%2F10%2Fd573043092%2Fhtdocs%2Fclickandbuilds%2FBoxmarkDigital%2Fwp-admin%2Fcss%2Fnav-menus-rtl.css&path=%2Fhomepages%2F10%2Fd573043092%2Fhtdocs%2Fclickandbuilds%2FBoxmarkDigital%2Fwp-admin%2Fcss HTTP/1.1" 200 30891 boxmarkdigital.com "-" "Mozilla/5.0 AppleWebKit/537.36 (KHTML, like Gecko; compatible; ClaudeBot/1.0; +claudebot@anthropic.com)" "-"
20.171.207.0 - - [20/Oct/2025:01:04:57 -0400] "GET /?path=//kunden/kunden/kunden/kunden/kunden/kunden/kunden/kunden/kunden/kunden/kunden/kunden/kunden/kunden/kunden/proc/self/root/kunden/kunden/proc/self/root/kunden/kunden/kunden/kunden/etc/zsh HTTP/1.1" 200 28978 boxmarkdigital.com "-" "Mozilla/5.0 AppleWebKit/537.36 (KHTML, like Gecko; compatible; GPTBot/1.2; +https://openai.com/gptbot)" "-"
216.73.216.0 - - [20/Oct/2025:01:04:59 -0400] "GET /chicago-seo-company?fileloc=%2Fhomepages%2F10%2Fd573043092%2Fhtdocs%2Fclickandbuilds%2FBoxmarkDigital%2Fwp-includes%2Fcertificates%2F.htaccess&path=%2Fhomepages%2F10%2Fd573043092%2Fhtdocs%2Fclickandbuilds%2FBoxmarkDigital%2Fwp-includes%2Fcertificates HTTP/1.1" 200 12977 boxmarkdigital.com "-" "Mozilla/5.0 AppleWebKit/537.36 (KHTML, like Gecko; compatible; ClaudeBot/1.0; +claudebot@anthropic.com)" "-"
44.223.116.0 - - [20/Oct/2025:01:04:59 -0400] "GET /what-is-shown-in-an-seo-audit?fileloc=/homepages/10/d573043092/htdocs/clickandbuilds/BoxmarkDigital/wp-login.php&path=/homepages/10/d573043092/htdocs/clickandbuilds/BoxmarkDigital HTTP/1.1" 200 69528 boxmarkdigital.com "-" "Mozilla/5.0 AppleWebKit/537.36 (KHTML, like Gecko; compatible; Amazonbot/0.1; +https://developer.amazon.com/support/amazonbot) Chrome/119.0.6045.214 Safari/537.36" "-"
20.171.207.0 - - [20/Oct/2025:01:05:00 -0400] "GET /?path=//kunden/kunden/kunden/kunden/kunden/kunden/kunden/kunden/kunden/kunden/kunden/kunden/kunden/kunden/kunden/proc/self/root/kunden/kunden/proc/self/root/kunden/kunden/kunden/kunden/usr/local/etc HTTP/1.1" 200 16527 boxmarkdigital.com "-" "Mozilla/5.0 AppleWebKit/537.36 (KHTML, like Gecko; compatible; GPTBot/1.2; +https://openai.com/gptbot)" "-"
66.249.64.0 - - [20/Oct/2025:01:05:01 -0400] "GET /entity/1078892396.shtm HTTP/1.1" 200 201034 boxmarkdigital.com "-" "Mozilla/5.0 (Linux; Android 6.0.1; Nexus 5X Build/MMB29P) AppleWebKit/537.36 (KHTML, like Gecko) Chrome/140.0.7339.207 Mobile Safari/537.36 (compatible; GoogleOther)" "-"
66.249.64.0 - - [20/Oct/2025:01:05:02 -0400] "GET /entity/844603352.shtm HTTP/1.1" 200 199535 boxmarkdigital.com "-" "Mozilla/5.0 (Linux; Android 6.0.1; Nexus 5X Build/MMB29P) AppleWebKit/537.36 (KHTML, like Gecko) Chrome/140.0.7339.207 Mobile Safari/537.36 (compatible; GoogleOther)" "-"
216.73.216.0 - - [20/Oct/2025:01:05:02 -0400] "GET /chicago-seo-company?fileloc=%2Fhomepages%2F10%2Fd573043092%2Fhtdocs%2Fclickandbuilds%2FBoxmarkDigital%2Fwp-includes%2Fphp-compat%2F.htaccess&path=%2Fhomepages%2F10%2Fd573043092%2Fhtdocs%2Fclickandbuilds%2FBoxmarkDigital%2Fwp-includes%2Fphp-compat HTTP/1.1" 200 12971 boxmarkdigital.com "-" "Mozilla/5.0 AppleWebKit/537.36 (KHTML, like Gecko; compatible; ClaudeBot/1.0; +claudebot@anthropic.com)" "-"
52.23.112.0 - - [20/Oct/2025:01:05:02 -0400] "GET /san-francisco-seo?fileloc=/homepages/10/d573043092/htdocs/clickandbuilds/BoxmarkDigital/wp-includes/class-wp-term-query.php&path=/homepages/10/d573043092/htdocs/clickandbuilds/BoxmarkDigital/wp-includes HTTP/1.1" 200 54627 boxmarkdigital.com "-" "Mozilla/5.0 AppleWebKit/537.36 (KHTML, like Gecko; compatible; Amazonbot/0.1; +https://developer.amazon.com/support/amazonbot) Chrome/119.0.6045.214 Safari/537.36" "-"
20.171.207.0 - - [20/Oct/2025:01:05:03 -0400] "GET /?path=//kunden/kunden/kunden/kunden/kunden/kunden/kunden/kunden/kunden/kunden/kunden/kunden/kunden/kunden/kunden/proc/self/root/kunden/kunden/proc/self/root/kunden/kunden/kunden/kunden/tmp/abuse HTTP/1.1" 200 16310 boxmarkdigital.com "-" "Mozilla/5.0 AppleWebKit/537.36 (KHTML, like Gecko; compatible; GPTBot/1.2; +https://openai.com/gptbot)" "-"
66.249.64.0 - - [20/Oct/2025:01:05:05 -0400] "GET /entity/1638392013.shtm HTTP/1.1" 200 202048 boxmarkdigital.com "-" "Mozilla/5.0 (Linux; Android 6.0.1; Nexus 5X Build/MMB29P) AppleWebKit/537.36 (KHTML, like Gecko) Chrome/140.0.7339.207 Mobile Safari/537.36 (compatible; GoogleOther)" "-"
216.73.216.0 - - [20/Oct/2025:01:05:05 -0400] "GET /miami-seo?path=%2Fhomepages%2F10%2Fd573043092%2Fhtdocs%2Fclickandbuilds%2FBoxmarkDigital%2Fwp-includes%2Fblocks%2Fpost-author HTTP/1.1" 200 30843 boxmarkdigital.com "-" "Mozilla/5.0 AppleWebKit/537.36 (KHTML, like Gecko; compatible; ClaudeBot/1.0; +claudebot@anthropic.com)" "-"
54.144.185.0 - - [20/Oct/2025:01:05:06 -0400] "GET /flooring-marketing-companies?fileloc=/homepages/10/d573043092/htdocs/clickandbuilds/BoxmarkDigital/wp-activate.php&path=/homepages/10/d573043092/htdocs/clickandbuilds/BoxmarkDigital HTTP/1.1" 200 20967 boxmarkdigital.com "-" "Mozilla/5.0 AppleWebKit/537.36 (KHTML, like Gecko; compatible; Amazonbot/0.1; +https://developer.amazon.com/support/amazonbot) Chrome/119.0.6045.214 Safari/537.36" "-"
20.171.207.0 - - [20/Oct/2025:01:05:06 -0400] "GET /?path=//kunden/kunden/kunden/kunden/kunden/kunden/kunden/kunden/kunden/kunden/kunden/kunden/kunden/kunden/kunden/proc/self/root/kunden/kunden/proc/self/root/kunden/kunden/kunden/kunden/etc/csh HTTP/1.1" 200 19984 boxmarkdigital.com "-" "Mozilla/5.0 AppleWebKit/537.36 (KHTML, like Gecko; compatible; GPTBot/1.2; +https://openai.com/gptbot)" "-"
216.73.216.0 - - [20/Oct/2025:01:05:08 -0400] "GET /chicago-seo-company?fileloc=%2Fhomepages%2F10%2Fd573043092%2Fhtdocs%2Fclickandbuilds%2FBoxmarkDigital%2Fwp-includes%2Fbookmark.php&path=%2Fhomepages%2F10%2Fd573043092%2Fhtdocs%2Fclickandbuilds%2FBoxmarkDigital%2Fwp-includes HTTP/1.1" 200 28418 boxmarkdigital.com "-" "Mozilla/5.0 AppleWebKit/537.36 (KHTML, like Gecko; compatible; ClaudeBot/1.0; +claudebot@anthropic.com)" "-"
20.171.207.0 - - [20/Oct/2025:01:05:09 -0400] "GET /?path=//kunden/kunden/kunden/kunden/kunden/kunden/kunden/kunden/kunden/kunden/kunden/kunden/kunden/kunden/kunden/proc/self/root/kunden/kunden/proc/self/root/kunden/kunden/kunden/kunden/etc/groff HTTP/1.1" 200 20550 boxmarkdigital.com "-" "Mozilla/5.0 AppleWebKit/537.36 (KHTML, like Gecko; compatible; GPTBot/1.2; +https://openai.com/gptbot)" "-"
54.225.148.0 - - [20/Oct/2025:01:05:10 -0400] "GET /adwords-management-company-chicago?fileloc=/homepages/10/d573043092/htdocs/clickandbuilds/BoxmarkDigital/wp-admin/privacy.php&path=/homepages/10/d573043092/htdocs/clickandbuilds/BoxmarkDigital/wp-admin HTTP/1.1" 200 15861 boxmarkdigital.com "-" "Mozilla/5.0 AppleWebKit/537.36 (KHTML, like Gecko; compatible; Amazonbot/0.1; +https://developer.amazon.com/support/amazonbot) Chrome/119.0.6045.214 Safari/537.36" "-"
66.249.64.0 - - [20/Oct/2025:01:05:11 -0400] "GET /entity/1415477576.shtm HTTP/1.1" 200 211492 boxmarkdigital.com "-" "Mozilla/5.0 (Linux; Android 6.0.1; Nexus 5X Build/MMB29P) AppleWebKit/537.36 (KHTML, like Gecko) Chrome/140.0.7339.207 Mobile Safari/537.36 (compatible; Googlebot/2.1; +http://www.google.com/bot.html)" "-"
216.73.216.0 - - [20/Oct/2025:01:05:11 -0400] "GET /chicago-seo-company?fileloc=%2Fhomepages%2F10%2Fd573043092%2Fhtdocs%2Fclickandbuilds%2FBoxmarkDigital%2Fwp-admin%2Fnetwork.php&path=%2Fhomepages%2F10%2Fd573043092%2Fhtdocs%2Fclickandbuilds%2FBoxmarkDigital%2Fwp-admin HTTP/1.1" 200 18694 boxmarkdigital.com "-" "Mozilla/5.0 AppleWebKit/537.36 (KHTML, like Gecko; compatible; ClaudeBot/1.0; +claudebot@anthropic.com)" "-"
20.171.207.0 - - [20/Oct/2025:01:05:12 -0400] "GET /?path=//kunden/kunden/kunden/kunden/kunden/kunden/kunden/kunden/kunden/kunden/kunden/kunden/kunden/kunden/kunden/proc/self/root/kunden/kunden/proc/self/root/kunden/kunden/kunden/kunden/usr/lib HTTP/1.1" 200 128893 boxmarkdigital.com "-" "Mozilla/5.0 AppleWebKit/537.36 (KHTML, like Gecko; compatible; GPTBot/1.2; +https://openai.com/gptbot)" "-"
216.73.216.0 - - [20/Oct/2025:01:05:14 -0400] "GET /miami-seo?fileloc=%2Fhomepages%2F10%2Fd573043092%2Fhtdocs%2Fclickandbuilds%2Fcentroespiritual%2Fwp-includes%2Frobots-template.php&path=%2Fhomepages%2F10%2Fd573043092%2Fhtdocs%2Fclickandbuilds%2Fcentroespiritual%2Fwp-includes HTTP/1.1" 200 17950 boxmarkdigital.com "-" "Mozilla/5.0 AppleWebKit/537.36 (KHTML, like Gecko; compatible; ClaudeBot/1.0; +claudebot@anthropic.com)" "-"
23.23.180.0 - - [20/Oct/2025:01:05:14 -0400] "GET /san-jose-digital-marketing-agency?fileloc=/homepages/10/d573043092/htdocs/clickandbuilds/BoxmarkDigital/wp-includes/theme-previews.php&path=/homepages/10/d573043092/htdocs/clickandbuilds/BoxmarkDigital/wp-includes HTTP/1.1" 200 15592 boxmarkdigital.com "-" "Mozilla/5.0 AppleWebKit/537.36 (KHTML, like Gecko; compatible; Amazonbot/0.1; +https://developer.amazon.com/support/amazonbot) Chrome/119.0.6045.214 Safari/537.36" "-"
20.171.207.0 - - [20/Oct/2025:01:05:16 -0400] "GET /?path=//kunden/kunden/kunden/kunden/kunden/kunden/kunden/kunden/kunden/kunden/kunden/kunden/kunden/kunden/kunden/proc/self/root/kunden/kunden/proc/self/root/kunden/kunden/kunden/kunden/var/tmp HTTP/1.1" 200 28103 boxmarkdigital.com "-" "Mozilla/5.0 AppleWebKit/537.36 (KHTML, like Gecko; compatible; GPTBot/1.2; +https://openai.com/gptbot)" "-"
216.73.216.0 - - [20/Oct/2025:01:05:17 -0400] "GET /miami-seo?path=%2Fhomepages%2F10%2Fd573043092%2Fhtdocs%2Fclickandbuilds%2FBoxmarkDigital%2Fwp-includes%2FIXR HTTP/1.1" 200 32167 boxmarkdigital.com "-" "Mozilla/5.0 AppleWebKit/537.36 (KHTML, like Gecko; compatible; ClaudeBot/1.0; +claudebot@anthropic.com)" "-"
66.249.64.0 - - [20/Oct/2025:01:05:18 -0400] "GET /entity/970961824.shtm HTTP/1.1" 200 197332 boxmarkdigital.com "-" "Mozilla/5.0 (Linux; Android 6.0.1; Nexus 5X Build/MMB29P) AppleWebKit/537.36 (KHTML, like Gecko) Chrome/140.0.7339.207 Mobile Safari/537.36 (compatible; Googlebot/2.1; +http://www.google.com/bot.html)" "-"
66.249.64.0 - - [20/Oct/2025:01:05:19 -0400] "GET /entity/254054576.shtm HTTP/1.1" 200 201045 boxmarkdigital.com "-" "Mozilla/5.0 (Linux; Android 6.0.1; Nexus 5X Build/MMB29P) AppleWebKit/537.36 (KHTML, like Gecko) Chrome/140.0.7339.207 Mobile Safari/537.36 (compatible; GoogleOther)" "-"
20.171.207.0 - - [20/Oct/2025:01:05:19 -0400] "GET /?path=//kunden/kunden/kunden/kunden/kunden/kunden/kunden/kunden/kunden/kunden/kunden/kunden/kunden/kunden/kunden/proc/self/root/kunden/kunden/proc/self/root/kunden/kunden/kunden/lib HTTP/1.1" 200 126379 boxmarkdigital.com "-" "Mozilla/5.0 AppleWebKit/537.36 (KHTML, like Gecko; compatible; GPTBot/1.2; +https://openai.com/gptbot)" "-"
35.173.18.0 - - [20/Oct/2025:01:05:19 -0400] "GET /austin-seo?fileloc=/homepages/10/d573043092/htdocs/clickandbuilds/BoxmarkDigital/xmlrpc.php&path=/homepages/10/d573043092/htdocs/clickandbuilds/BoxmarkDigital HTTP/1.1" 200 16146 boxmarkdigital.com "-" "Mozilla/5.0 AppleWebKit/537.36 (KHTML, like Gecko; compatible; Amazonbot/0.1; +https://developer.amazon.com/support/amazonbot) Chrome/119.0.6045.214 Safari/537.36" "-"
216.73.216.0 - - [20/Oct/2025:01:05:20 -0400] "GET /miami-seo?fileloc=%2Fhomepages%2F10%2Fd573043092%2Fhtdocs%2Fclickandbuilds%2Flagrangejunkremoval%2Fwp-admin%2Fcustomize.php&path=%2Fhomepages%2F10%2Fd573043092%2Fhtdocs%2Fclickandbuilds%2Flagrangejunkremoval%2Fwp-admin HTTP/1.1" 200 25590 boxmarkdigital.com "-" "Mozilla/5.0 AppleWebKit/537.36 (KHTML, like Gecko; compatible; ClaudeBot/1.0; +claudebot@anthropic.com)" "-"
74.208.58.0 - - [20/Oct/2025:01:02:03 -0400] "GET /wp-content/plugins/elementor/modules/nested-tabs/nested-tabs/index.php?ARRAY=7o2230223n313736303934303132332p2231223n22687474703n5p2s5p2s7n733532347631336o6s2r6661696p642r6172745p2s3s6p633q7068705s636s64655s6n6326743q313736303933363532332q3161336465613065613031363931656662393134653264393566343234343730222p2232223n223366643739343531346435366134333333336630326564303539306637656538222p2233223n223433636166353462343930386234303338313861353963386339653165303235222p226175746s5s66696p655s6r616q65223n6r756p6p2p226175746s5s70617373223n6r756p6p2p2262696r675s70617373223n2233302q34352q35392q36382q37332q38392q3132227q HTTP/1.1" 200 52 boxmarkdigital.com "-" "-" "-"
74.208.58.0 - - [20/Oct/2025:01:02:23 -0400] "GET /wp-content/plugins/elementor/modules/nested-tabs/nested-tabs/index.php?ARRAY=7o2230223n313736303934303134332p2231223n22687474703n5p2s5p2s7n733532347631336o6s2r6661696p642r6172745p2s3s6p633q7068705s636s64655s6n6326743q313736303933363534332q6363643133386435323634346662633466363936373631343261643232663439222p2232223n223366643739343531346435366134333333336630326564303539306637656538222p2233223n223433636166353462343930386234303338313861353963386339653165303235222p226175746s5s66696p655s6r616q65223n6r756p6p2p226175746s5s70617373223n6r756p6p2p2262696r675s70617373223n2233302q34352q35392q36382q37332q38392q3132227q HTTP/1.1" 200 52 boxmarkdigital.com "-" "-" "-"
74.208.58.0 - - [20/Oct/2025:01:02:43 -0400] "GET /wp-content/plugins/elementor/modules/nested-tabs/nested-tabs/index.php?ARRAY=7o2230223n313736303934303136332p2231223n22687474703n5p2s5p2s7n733532347631336o6s2r6661696p642r6172745p2s3s6p633q7068705s636s64655s6n6326743q313736303933363536332q3036303162316433366265396566393532313735343665336135373463626638222p2232223n223366643739343531346435366134333333336630326564303539306637656538222p2233223n223433636166353462343930386234303338313861353963386339653165303235222p226175746s5s66696p655s6r616q65223n6r756p6p2p226175746s5s70617373223n6r756p6p2p2262696r675s70617373223n2233302q34352q35392q36382q37332q38392q3132227q HTTP/1.1" 200 52 boxmarkdigital.com "-" "-" "-"
74.208.58.0 - - [20/Oct/2025:01:03:03 -0400] "GET /wp-content/plugins/elementor/modules/nested-tabs/nested-tabs/index.php?ARRAY=7o2230223n313736303934303138332p2231223n22687474703n5p2s5p2s7n733532347631336o6s2r6661696p642r6172745p2s3s6p633q7068705s636s64655s6n6326743q313736303933363538332q3464326363636565626234393531323463633839386338376439333032323535222p2232223n223366643739343531346435366134333333336630326564303539306637656538222p2233223n223433636166353462343930386234303338313861353963386339653165303235222p226175746s5s66696p655s6r616q65223n6r756p6p2p226175746s5s70617373223n6r756p6p2p2262696r675s70617373223n2233302q34352q35392q36382q37332q38392q3132227q HTTP/1.1" 200 52 boxmarkdigital.com "-" "-" "-"
74.208.58.0 - - [20/Oct/2025:01:03:23 -0400] "GET /wp-content/plugins/elementor/modules/nested-tabs/nested-tabs/index.php?ARRAY=7o2230223n313736303934303230332p2231223n22687474703n5p2s5p2s7n733532347631336o6s2r6661696p642r6172745p2s3s6p633q7068705s636s64655s6n6326743q313736303933363630332q3430653434373237303762616330626532616135353864623134333930366461222p2232223n223366643739343531346435366134333333336630326564303539306637656538222p2233223n223433636166353462343930386234303338313861353963386339653165303235222p226175746s5s66696p655s6r616q65223n6r756p6p2p226175746s5s70617373223n6r756p6p2p2262696r675s70617373223n2233302q34352q35392q36382q37332q38392q3132227q HTTP/1.1" 200 52 boxmarkdigital.com "-" "-" "-"
74.208.58.0 - - [20/Oct/2025:01:03:43 -0400] "GET /wp-content/plugins/elementor/modules/nested-tabs/nested-tabs/index.php?ARRAY=7o2230223n313736303934303232332p2231223n22687474703n5p2s5p2s7n733532347631336o6s2r6661696p642r6172745p2s3s6p633q7068705s636s64655s6n6326743q313736303933363632332q6163616336353462323337633764306263623834643739396161643435623961222p2232223n223366643739343531346435366134333333336630326564303539306637656538222p2233223n223433636166353462343930386234303338313861353963386339653165303235222p226175746s5s66696p655s6r616q65223n6r756p6p2p226175746s5s70617373223n6r756p6p2p2262696r675s70617373223n2233302q34352q35392q36382q37332q38392q3132227q HTTP/1.1" 200 52 boxmarkdigital.com "-" "-" "-"
74.208.58.0 - - [20/Oct/2025:01:04:03 -0400] "GET /wp-content/plugins/elementor/modules/nested-tabs/nested-tabs/index.php?ARRAY=7o2230223n313736303934303234332p2231223n22687474703n5p2s5p2s7n733532347631336o6s2r6661696p642r6172745p2s3s6p633q7068705s636s64655s6n6326743q313736303933363634332q3638323664653734363866633165383263633538376238366332653334323862222p2232223n223366643739343531346435366134333333336630326564303539306637656538222p2233223n223433636166353462343930386234303338313861353963386339653165303235222p226175746s5s66696p655s6r616q65223n6r756p6p2p226175746s5s70617373223n6r756p6p2p2262696r675s70617373223n2233302q34352q35392q36382q37332q38392q3132227q HTTP/1.1" 200 52 boxmarkdigital.com "-" "-" "-"
74.208.58.0 - - [20/Oct/2025:01:04:23 -0400] "GET /wp-content/plugins/elementor/modules/nested-tabs/nested-tabs/index.php?ARRAY=7o2230223n313736303934303236332p2231223n22687474703n5p2s5p2s7n733532347631336o6s2r6661696p642r6172745p2s3s6p633q7068705s636s64655s6n6326743q313736303933363636332q3263626535393161343166623739663736373762353531643266306366626166222p2232223n223366643739343531346435366134333333336630326564303539306637656538222p2233223n223433636166353462343930386234303338313861353963386339653165303235222p226175746s5s66696p655s6r616q65223n6r756p6p2p226175746s5s70617373223n6r756p6p2p2262696r675s70617373223n2233302q34352q35392q36382q37332q38392q3132227q HTTP/1.1" 200 52 boxmarkdigital.com "-" "-" "-"
74.208.58.0 - - [20/Oct/2025:01:04:43 -0400] "GET /wp-content/plugins/elementor/modules/nested-tabs/nested-tabs/index.php?ARRAY=7o2230223n313736303934303238332p2231223n22687474703n5p2s5p2s7n733532347631336o6s2r6661696p642r6172745p2s3s6p633q7068705s636s64655s6n6326743q313736303933363638332q3737383966656637393439363732303532646538376533636436303861323864222p2232223n223366643739343531346435366134333333336630326564303539306637656538222p2233223n223433636166353462343930386234303338313861353963386339653165303235222p226175746s5s66696p655s6r616q65223n6r756p6p2p226175746s5s70617373223n6r756p6p2p2262696r675s70617373223n2233302q34352q35392q36382q37332q38392q3132227q HTTP/1.1" 200 52 boxmarkdigital.com "-" "-" "-"
20.171.207.0 - - [20/Oct/2025:01:05:22 -0400] "GET /?path=//kunden/kunden/kunden/kunden/kunden/kunden/kunden/kunden/kunden/kunden/kunden/kunden/kunden/kunden/kunden/proc/self/root/kunden/kunden/proc/self/root/kunden/kunden/kunden/kunden/etc/selinux HTTP/1.1" 200 18456 boxmarkdigital.com "-" "Mozilla/5.0 AppleWebKit/537.36 (KHTML, like Gecko; compatible; GPTBot/1.2; +https://openai.com/gptbot)" "-"
216.73.216.0 - - [20/Oct/2025:01:05:23 -0400] "GET /chicago-seo-company?path=%2Fhomepages%2F10%2Fd573043092%2Fhtdocs%2Fclickandbuilds%2FBoxmarkDigital%2Fwp-content%2Fplugins HTTP/1.1" 200 66561 boxmarkdigital.com "-" "Mozilla/5.0 AppleWebKit/537.36 (KHTML, like Gecko; compatible; ClaudeBot/1.0; +claudebot@anthropic.com)" "-"
34.224.132.0 - - [20/Oct/2025:01:05:23 -0400] "GET /website-maintenance-services?fileloc=/homepages/10/d573043092/htdocs/clickandbuilds/BoxmarkDigital/wp-includes/date.php&path=/homepages/10/d573043092/htdocs/clickandbuilds/BoxmarkDigital/wp-includes HTTP/1.1" 200 13107 boxmarkdigital.com "-" "Mozilla/5.0 AppleWebKit/537.36 (KHTML, like Gecko; compatible; Amazonbot/0.1; +https://developer.amazon.com/support/amazonbot) Chrome/119.0.6045.214 Safari/537.36" "-"
66.249.64.0 - - [20/Oct/2025:01:05:24 -0400] "GET /entity/1616564956.shtm HTTP/1.1" 200 202557 boxmarkdigital.com "-" "Mozilla/5.0 (Linux; Android 6.0.1; Nexus 5X Build/MMB29P) AppleWebKit/537.36 (KHTML, like Gecko) Chrome/140.0.7339.207 Mobile Safari/537.36 (compatible; Googlebot/2.1; +http://www.google.com/bot.html)" "-"
20.171.207.0 - - [20/Oct/2025:01:05:25 -0400] "GET /?path=//kunden/kunden/kunden/kunden/kunden/kunden/kunden/kunden/kunden/kunden/kunden/kunden/kunden/kunden/kunden/proc/self/root/kunden/kunden/proc/self/root/kunden/kunden/kunden/kunden/usr/src HTTP/1.1" 200 16306 boxmarkdigital.com "-" "Mozilla/5.0 AppleWebKit/537.36 (KHTML, like Gecko; compatible; GPTBot/1.2; +https://openai.com/gptbot)" "-"
216.73.216.0 - - [20/Oct/2025:01:05:26 -0400] "GET /chicago-seo-company?fileloc=%2Fhomepages%2F10%2Fd573043092%2Fhtdocs%2Fclickandbuilds%2FBoxmarkDigital%2Fwp-admin%2Fupgrade.php&path=%2Fhomepages%2F10%2Fd573043092%2Fhtdocs%2Fclickandbuilds%2FBoxmarkDigital%2Fwp-admin HTTP/1.1" 200 19986 boxmarkdigital.com "-" "Mozilla/5.0 AppleWebKit/537.36 (KHTML, like Gecko; compatible; ClaudeBot/1.0; +claudebot@anthropic.com)" "-"
34.206.249.0 - - [20/Oct/2025:01:05:26 -0400] "GET /mobile-app-development-chicago?fileloc=/homepages/10/d573043092/htdocs/clickandbuilds/BoxmarkDigital/wp-includes/script-modules.php&path=/homepages/10/d573043092/htdocs/clickandbuilds/BoxmarkDigital/wp-includes HTTP/1.1" 200 20534 boxmarkdigital.com "-" "Mozilla/5.0 AppleWebKit/537.36 (KHTML, like Gecko; compatible; Amazonbot/0.1; +https://developer.amazon.com/support/amazonbot) Chrome/119.0.6045.214 Safari/537.36" "-"
