20.171.207.0 - - [20/Oct/2025:00:17:28 -0400] "GET /?fileloc=//kunden/kunden/kunden/kunden/kunden/kunden/kunden/kunden/kunden/kunden/kunden/kunden/kunden/kunden/proc/self/root/kunden/kunden/kunden/proc/self/root/kunden/kunden/kunden/bin/view&path=//kunden/kunden/kunden/kunden/kunden/kunden/kunden/kunden/kunden/kunden/kunden/kunden/kunden/kunden/proc/self/root/kunden/kunden/kunden/proc/self/root/kunden/kunden/kunden/bin HTTP/1.1" 200 15627 boxmarkdigital.com "-" "Mozilla/5.0 AppleWebKit/537.36 (KHTML, like Gecko; compatible; GPTBot/1.2; +https://openai.com/gptbot)" "-"
44.207.252.0 - - [20/Oct/2025:00:17:30 -0400] "GET /los-angeles-seo?fileloc=/homepages/10/d573043092/htdocs/clickandbuilds/BoxmarkDigital/wp-includes/option.php&path=/homepages/10/d573043092/htdocs/clickandbuilds/BoxmarkDigital/wp-includes HTTP/1.1" 200 117528 boxmarkdigital.com "-" "Mozilla/5.0 AppleWebKit/537.36 (KHTML, like Gecko; compatible; Amazonbot/0.1; +https://developer.amazon.com/support/amazonbot) Chrome/119.0.6045.214 Safari/537.36" "-"
146.190.95.0 - - [20/Oct/2025:00:17:31 -0400] "GET /wp-login.php HTTP/1.1" 200 4 myboxmark.com "-" "Mozilla/5.0 (X11; Linux x86_64; rv:121.0) Gecko/20100101 Firefox/121.0" "-"
20.171.207.0 - - [20/Oct/2025:00:17:32 -0400] "GET /?fileloc=//kunden/kunden/kunden/kunden/kunden/kunden/kunden/kunden/kunden/kunden/kunden/kunden/kunden/kunden/kunden/proc/self/root/kunden/kunden/kunden/proc/self/root/kunden/etc/issue.net&path=//kunden/kunden/kunden/kunden/kunden/kunden/kunden/kunden/kunden/kunden/kunden/kunden/kunden/kunden/kunden/proc/self/root/kunden/kunden/kunden/proc/self/root/kunden/etc HTTP/1.1" 200 15451 boxmarkdigital.com "-" "Mozilla/5.0 AppleWebKit/537.36 (KHTML, like Gecko; compatible; GPTBot/1.2; +https://openai.com/gptbot)" "-"
34.203.111.0 - - [20/Oct/2025:00:17:34 -0400] "GET /the-ultimate-guide-to-slots-bonus-in-online-casinos?fileloc=/homepages/10/d573043092/htdocs/clickandbuilds/BoxmarkDigital/wp-includes/default-constants.php&path=/homepages/10/d573043092/htdocs/clickandbuilds/BoxmarkDigital/wp-includes HTTP/1.1" 200 24110 boxmarkdigital.com "-" "Mozilla/5.0 AppleWebKit/537.36 (KHTML, like Gecko; compatible; Amazonbot/0.1; +https://developer.amazon.com/support/amazonbot) Chrome/119.0.6045.214 Safari/537.36" "-"
20.171.207.0 - - [20/Oct/2025:00:17:35 -0400] "GET /?path=//kunden/kunden/kunden/kunden/kunden/kunden/kunden/kunden/kunden/kunden/kunden/kunden/kunden/kunden/proc/self/root/kunden/kunden/kunden/kunden/proc/self/root/kunden/var/run HTTP/1.1" 200 27406 boxmarkdigital.com "-" "Mozilla/5.0 AppleWebKit/537.36 (KHTML, like Gecko; compatible; GPTBot/1.2; +https://openai.com/gptbot)" "-"
20.171.207.0 - - [20/Oct/2025:00:17:38 -0400] "GET /?path=//kunden/kunden/kunden/kunden/kunden/kunden/kunden/kunden/kunden/kunden/kunden/kunden/kunden/kunden/kunden/proc/self/root/kunden/kunden/kunden/proc/self/root/kunden/etc/kernel HTTP/1.1" 200 17703 boxmarkdigital.com "-" "Mozilla/5.0 AppleWebKit/537.36 (KHTML, like Gecko; compatible; GPTBot/1.2; +https://openai.com/gptbot)" "-"
184.73.167.0 - - [20/Oct/2025:00:17:38 -0400] "GET /mobile-app-development-chicago?fileloc=/homepages/10/d573043092/htdocs/clickandbuilds/BoxmarkDigital/wp-includes/class-wp-post.php&path=/homepages/10/d573043092/htdocs/clickandbuilds/BoxmarkDigital/wp-includes HTTP/1.1" 200 19285 boxmarkdigital.com "-" "Mozilla/5.0 AppleWebKit/537.36 (KHTML, like Gecko; compatible; Amazonbot/0.1; +https://developer.amazon.com/support/amazonbot) Chrome/119.0.6045.214 Safari/537.36" "-"
20.171.207.0 - - [20/Oct/2025:00:17:41 -0400] "GET /?path=//kunden/kunden/kunden/kunden/kunden/kunden/kunden/kunden/kunden/kunden/kunden/kunden/kunden/kunden/proc/self/root/kunden/kunden/kunden/kunden/kunden/kunden/kunden/kunden/kunden/proc/self/cwd HTTP/1.1" 200 79638 boxmarkdigital.com "-" "Mozilla/5.0 AppleWebKit/537.36 (KHTML, like Gecko; compatible; GPTBot/1.2; +https://openai.com/gptbot)" "-"
34.205.170.0 - - [20/Oct/2025:00:17:42 -0400] "GET /author/editor?fileloc=/homepages/10/d573043092/htdocs/clickandbuilds/BoxmarkDigital/wp-includes/class-wp-recovery-mode-cookie-service.php&path=/homepages/10/d573043092/htdocs/clickandbuilds/BoxmarkDigital/wp-includes HTTP/1.1" 200 19657 boxmarkdigital.com "-" "Mozilla/5.0 AppleWebKit/537.36 (KHTML, like Gecko; compatible; Amazonbot/0.1; +https://developer.amazon.com/support/amazonbot) Chrome/119.0.6045.214 Safari/537.36" "-"
47.128.122.0 - - [20/Oct/2025:00:17:44 -0400] "GET /01-prueba-designer__trashed/?product_id=1278&variation_id=12918 HTTP/1.1" 200 4 myboxmark.com "-" "Mozilla/5.0 (Linux; Android 5.0) AppleWebKit/537.36 (KHTML, like Gecko) Mobile Safari/537.36 (compatible; Bytespider; spider-feedback@bytedance.com)" "-"
20.171.207.0 - - [20/Oct/2025:00:17:44 -0400] "GET /?path=//kunden/kunden/kunden/kunden/kunden/kunden/kunden/kunden/kunden/kunden/kunden/kunden/kunden/kunden/kunden/proc/self/root/kunden/kunden/kunden/proc/self/root/kunden/etc/ssl HTTP/1.1" 200 21536 boxmarkdigital.com "-" "Mozilla/5.0 AppleWebKit/537.36 (KHTML, like Gecko; compatible; GPTBot/1.2; +https://openai.com/gptbot)" "-"
66.249.64.0 - - [20/Oct/2025:00:17:47 -0400] "GET /entity/1550658578.shtm HTTP/1.1" 200 200905 boxmarkdigital.com "-" "Mozilla/5.0 (Linux; Android 6.0.1; Nexus 5X Build/MMB29P) AppleWebKit/537.36 (KHTML, like Gecko) Chrome/140.0.7339.207 Mobile Safari/537.36 (compatible; Googlebot/2.1; +http://www.google.com/bot.html)" "-"
20.171.207.0 - - [20/Oct/2025:00:17:47 -0400] "GET /?fileloc=//kunden/kunden/kunden/kunden/kunden/kunden/kunden/kunden/kunden/kunden/kunden/kunden/kunden/kunden/proc/self/root/kunden/kunden/kunden/proc/self/root/kunden/kunden/kunden/bin/rzsh&path=//kunden/kunden/kunden/kunden/kunden/kunden/kunden/kunden/kunden/kunden/kunden/kunden/kunden/kunden/proc/self/root/kunden/kunden/kunden/proc/self/root/kunden/kunden/kunden/bin HTTP/1.1" 200 15627 boxmarkdigital.com "-" "Mozilla/5.0 AppleWebKit/537.36 (KHTML, like Gecko; compatible; GPTBot/1.2; +https://openai.com/gptbot)" "-"
66.249.64.0 - - [20/Oct/2025:00:17:48 -0400] "GET /entity/1193622696.shtm HTTP/1.1" 200 205289 boxmarkdigital.com "-" "Mozilla/5.0 (Linux; Android 6.0.1; Nexus 5X Build/MMB29P) AppleWebKit/537.36 (KHTML, like Gecko) Chrome/140.0.7339.207 Mobile Safari/537.36 (compatible; GoogleOther)" "-"
23.21.179.0 - - [20/Oct/2025:00:17:48 -0400] "GET /miami-seo?fileloc=/homepages/10/d573043092/htdocs/clickandbuilds/BoxmarkDigital/wp-includes/admin-bar.php&path=/homepages/10/d573043092/htdocs/clickandbuilds/BoxmarkDigital/wp-includes HTTP/1.1" 200 52215 boxmarkdigital.com "-" "Mozilla/5.0 AppleWebKit/537.36 (KHTML, like Gecko; compatible; Amazonbot/0.1; +https://developer.amazon.com/support/amazonbot) Chrome/119.0.6045.214 Safari/537.36" "-"
20.171.207.0 - - [20/Oct/2025:00:17:50 -0400] "GET /?path=//kunden/kunden/kunden/kunden/kunden/kunden/kunden/kunden/kunden/kunden/kunden/kunden/kunden/kunden/kunden/proc/self/root/kunden/kunden/kunden/proc/self/root/kunden/proc/fs HTTP/1.1" 200 23016 boxmarkdigital.com "-" "Mozilla/5.0 AppleWebKit/537.36 (KHTML, like Gecko; compatible; GPTBot/1.2; +https://openai.com/gptbot)" "-"
20.171.207.0 - - [20/Oct/2025:00:17:53 -0400] "GET /?path=//kunden/kunden/kunden/kunden/kunden/kunden/kunden/kunden/kunden/kunden/kunden/kunden/kunden/kunden/proc/self/root/kunden/kunden/kunden/kunden/kunden/kunden/kunden/kunden/kunden/proc/self/cwd/images HTTP/1.1" 200 25017 boxmarkdigital.com "-" "Mozilla/5.0 AppleWebKit/537.36 (KHTML, like Gecko; compatible; GPTBot/1.2; +https://openai.com/gptbot)" "-"
44.215.210.0 - - [20/Oct/2025:00:17:54 -0400] "GET /naperville-digital-marketing-agency?fileloc=/homepages/10/d573043092/htdocs/clickandbuilds/BoxmarkDigital/wp-includes/class-wp-classic-to-block-menu-converter-constructor.php&path=/homepages/10/d573043092/htdocs/clickandbuilds/BoxmarkDigital/wp-includes HTTP/1.1" 200 13828 boxmarkdigital.com "-" "Mozilla/5.0 AppleWebKit/537.36 (KHTML, like Gecko; compatible; Amazonbot/0.1; +https://developer.amazon.com/support/amazonbot) Chrome/119.0.6045.214 Safari/537.36" "-"
66.249.64.0 - - [20/Oct/2025:00:17:54 -0400] "GET /entity/1723267952.shtm HTTP/1.1" 200 213005 boxmarkdigital.com "-" "Mozilla/5.0 (Linux; Android 6.0.1; Nexus 5X Build/MMB29P) AppleWebKit/537.36 (KHTML, like Gecko) Chrome/140.0.7339.207 Mobile Safari/537.36 (compatible; GoogleOther)" "-"
52.204.37.0 - - [20/Oct/2025:00:17:54 -0400] "GET /naperville-digital-marketing-agency?fileloc=/homepages/10/d573043092/htdocs/clickandbuilds/BoxmarkDigital/wp-includes/ms-files.php&path=/homepages/10/d573043092/htdocs/clickandbuilds/BoxmarkDigital/wp-includes HTTP/1.1" 200 15522 boxmarkdigital.com "-" "Mozilla/5.0 AppleWebKit/537.36 (KHTML, like Gecko; compatible; Amazonbot/0.1; +https://developer.amazon.com/support/amazonbot) Chrome/119.0.6045.214 Safari/537.36" "-"
66.249.64.0 - - [20/Oct/2025:00:17:55 -0400] "GET /entity/1723230938.shtm HTTP/1.1" 200 195212 boxmarkdigital.com "-" "Mozilla/5.0 (Linux; Android 6.0.1; Nexus 5X Build/MMB29P) AppleWebKit/537.36 (KHTML, like Gecko) Chrome/140.0.7339.207 Mobile Safari/537.36 (compatible; GoogleOther)" "-"
66.249.64.0 - - [20/Oct/2025:00:17:57 -0400] "GET /entity/308992317.shtm HTTP/1.1" 200 200212 boxmarkdigital.com "-" "Mozilla/5.0 (Linux; Android 6.0.1; Nexus 5X Build/MMB29P) AppleWebKit/537.36 (KHTML, like Gecko) Chrome/140.0.7339.207 Mobile Safari/537.36 (compatible; Googlebot/2.1; +http://www.google.com/bot.html)" "-"
20.171.207.0 - - [20/Oct/2025:00:17:57 -0400] "GET /?path=//kunden/kunden/kunden/kunden/kunden/kunden/kunden/kunden/kunden/kunden/kunden/kunden/kunden/kunden/proc/self/root/kunden/kunden/kunden/kunden/kunden/proc/sys/kernel/keys HTTP/1.1" 200 25908 boxmarkdigital.com "-" "Mozilla/5.0 AppleWebKit/537.36 (KHTML, like Gecko; compatible; GPTBot/1.2; +https://openai.com/gptbot)" "-"
18.215.77.0 - - [20/Oct/2025:00:17:59 -0400] "GET /slots-com-bonus-uma-revisao-especializada?fileloc=/homepages/10/d573043092/htdocs/clickandbuilds/BoxmarkDigital/wp-includes/class-http.php&path=/homepages/10/d573043092/htdocs/clickandbuilds/BoxmarkDigital/wp-includes HTTP/1.1" 200 13080 boxmarkdigital.com "-" "Mozilla/5.0 AppleWebKit/537.36 (KHTML, like Gecko; compatible; Amazonbot/0.1; +https://developer.amazon.com/support/amazonbot) Chrome/119.0.6045.214 Safari/537.36" "-"
20.171.207.0 - - [20/Oct/2025:00:18:00 -0400] "GET /?path=//kunden/kunden/kunden/kunden/kunden/kunden/kunden/kunden/kunden/kunden/kunden/kunden/kunden/kunden/kunden/proc/thread-self/root/kunden/kunden/kunden/kunden/kunden/kunden/kunden/kunden/kunden/usr/lib/aspell HTTP/1.1" 200 347940 boxmarkdigital.com "-" "Mozilla/5.0 AppleWebKit/537.36 (KHTML, like Gecko; compatible; GPTBot/1.2; +https://openai.com/gptbot)" "-"
44.215.231.0 - - [20/Oct/2025:00:18:03 -0400] "GET /casino-vodic-za-brez-depozita-igralce-vodilo-za-najboljse-izkusnje?path=/homepages/10/d573043092/htdocs/clickandbuilds/BoxmarkDigital/wp-includes/SimplePie HTTP/1.1" 200 19649 boxmarkdigital.com "-" "Mozilla/5.0 AppleWebKit/537.36 (KHTML, like Gecko; compatible; Amazonbot/0.1; +https://developer.amazon.com/support/amazonbot) Chrome/119.0.6045.214 Safari/537.36" "-"
20.171.207.0 - - [20/Oct/2025:00:18:03 -0400] "GET /?path=//kunden/kunden/kunden/kunden/kunden/kunden/kunden/kunden/kunden/kunden/kunden/kunden/kunden/kunden/kunden/proc/self/root/kunden/kunden/kunden/kunden/kunden/kunden/kunden/kunden/kunden/kunden/etc/fonts/conf.d HTTP/1.1" 200 115821 boxmarkdigital.com "-" "Mozilla/5.0 AppleWebKit/537.36 (KHTML, like Gecko; compatible; GPTBot/1.2; +https://openai.com/gptbot)" "-"
20.171.207.0 - - [20/Oct/2025:00:18:06 -0400] "GET /?path=//kunden/kunden/kunden/kunden/kunden/kunden/kunden/kunden/kunden/kunden/kunden/kunden/kunden/kunden/kunden/proc/self/root/kunden/kunden/kunden/kunden/kunden/mnt/strato HTTP/1.1" 200 17270 boxmarkdigital.com "-" "Mozilla/5.0 AppleWebKit/537.36 (KHTML, like Gecko; compatible; GPTBot/1.2; +https://openai.com/gptbot)" "-"
66.249.70.0 - - [20/Oct/2025:00:18:06 -0400] "GET /robots.txt HTTP/1.1" 500 - abarcasewer.com "-" "Mozilla/5.0 (compatible; Googlebot/2.1; +http://www.google.com/bot.html)" "-"
54.85.126.0 - - [20/Oct/2025:00:18:08 -0400] "GET /author/editor?fileloc=/homepages/10/d573043092/htdocs/clickandbuilds/BoxmarkDigital/wp-admin/.htaccess&path=/homepages/10/d573043092/htdocs/clickandbuilds/BoxmarkDigital/wp-admin HTTP/1.1" 200 14777 boxmarkdigital.com "-" "Mozilla/5.0 AppleWebKit/537.36 (KHTML, like Gecko; compatible; Amazonbot/0.1; +https://developer.amazon.com/support/amazonbot) Chrome/119.0.6045.214 Safari/537.36" "-"
66.249.64.0 - - [20/Oct/2025:00:18:09 -0400] "GET /entity/187284105.shtm HTTP/1.1" 200 220342 boxmarkdigital.com "-" "Googlebot-Image/1.0" "-"
20.171.207.0 - - [20/Oct/2025:00:18:09 -0400] "GET /?path=//kunden/kunden/kunden/kunden/kunden/kunden/kunden/kunden/kunden/kunden/kunden/kunden/kunden/kunden/kunden/proc/thread-self/root/kunden/kunden/kunden/kunden/kunden/var HTTP/1.1" 200 36640 boxmarkdigital.com "-" "Mozilla/5.0 AppleWebKit/537.36 (KHTML, like Gecko; compatible; GPTBot/1.2; +https://openai.com/gptbot)" "-"
184.73.195.0 - - [20/Oct/2025:00:18:11 -0400] "GET /slots-com-bonus-uma-revisao-especializada?fileloc=/homepages/10/d573043092/htdocs/clickandbuilds/BoxmarkDigital/wp-includes/class-wp-walker.php&path=/homepages/10/d573043092/htdocs/clickandbuilds/BoxmarkDigital/wp-includes HTTP/1.1" 200 26274 boxmarkdigital.com "-" "Mozilla/5.0 AppleWebKit/537.36 (KHTML, like Gecko; compatible; Amazonbot/0.1; +https://developer.amazon.com/support/amazonbot) Chrome/119.0.6045.214 Safari/537.36" "-"
20.171.207.0 - - [20/Oct/2025:00:18:13 -0400] "GET /?path=//kunden/kunden/kunden/kunden/kunden/kunden/kunden/kunden/kunden/kunden/kunden/kunden/kunden/kunden/kunden/proc/self/root/kunden/kunden/kunden/kunden/kunden/usr/lib/openssh HTTP/1.1" 200 23988 boxmarkdigital.com "-" "Mozilla/5.0 AppleWebKit/537.36 (KHTML, like Gecko; compatible; GPTBot/1.2; +https://openai.com/gptbot)" "-"
66.249.64.0 - - [20/Oct/2025:00:18:13 -0400] "GET /entity/162523239.shtm HTTP/1.1" 200 202830 boxmarkdigital.com "-" "Mozilla/5.0 (Linux; Android 6.0.1; Nexus 5X Build/MMB29P) AppleWebKit/537.36 (KHTML, like Gecko) Chrome/140.0.7339.207 Mobile Safari/537.36 (compatible; Googlebot/2.1; +http://www.google.com/bot.html)" "-"
66.249.64.0 - - [20/Oct/2025:00:18:16 -0400] "GET /entity/1639389502.shtm HTTP/1.1" 200 199322 boxmarkdigital.com "-" "Mozilla/5.0 (Linux; Android 6.0.1; Nexus 5X Build/MMB29P) AppleWebKit/537.36 (KHTML, like Gecko) Chrome/140.0.7339.207 Mobile Safari/537.36 (compatible; GoogleOther)" "-"
98.84.200.0 - - [20/Oct/2025:00:18:16 -0400] "GET /the-ultimate-guide-to-instant-play-casinos?fileloc=/homepages/10/d573043092/htdocs/clickandbuilds/BoxmarkDigital/wp-includes/pluggable-request.php&path=/homepages/10/d573043092/htdocs/clickandbuilds/BoxmarkDigital/wp-includes HTTP/1.1" 200 18403 boxmarkdigital.com "-" "Mozilla/5.0 AppleWebKit/537.36 (KHTML, like Gecko; compatible; Amazonbot/0.1; +https://developer.amazon.com/support/amazonbot) Chrome/119.0.6045.214 Safari/537.36" "-"
20.171.207.0 - - [20/Oct/2025:00:18:16 -0400] "GET /?path=//kunden/kunden/kunden/kunden/kunden/kunden/kunden/kunden/kunden/kunden/kunden/kunden/kunden/kunden/proc/self/root/kunden/kunden/kunden/kunden/kunden/kunden/usr/include/misc HTTP/1.1" 200 29845 boxmarkdigital.com "-" "Mozilla/5.0 AppleWebKit/537.36 (KHTML, like Gecko; compatible; GPTBot/1.2; +https://openai.com/gptbot)" "-"
20.171.207.0 - - [20/Oct/2025:00:18:19 -0400] "GET /?path=//kunden/kunden/kunden/kunden/kunden/kunden/kunden/kunden/kunden/kunden/kunden/kunden/kunden/kunden/kunden/proc/self/root/kunden/kunden/kunden/kunden/kunden/mnt/strato/web HTTP/1.1" 200 15700 boxmarkdigital.com "-" "Mozilla/5.0 AppleWebKit/537.36 (KHTML, like Gecko; compatible; GPTBot/1.2; +https://openai.com/gptbot)" "-"
52.202.233.0 - - [20/Oct/2025:00:18:20 -0400] "GET /mobile-app-development-chicago?fileloc=/homepages/10/d573043092/htdocs/clickandbuilds/BoxmarkDigital/wp-admin/user-new.php&path=/homepages/10/d573043092/htdocs/clickandbuilds/BoxmarkDigital/wp-admin HTTP/1.1" 200 41232 boxmarkdigital.com "-" "Mozilla/5.0 AppleWebKit/537.36 (KHTML, like Gecko; compatible; Amazonbot/0.1; +https://developer.amazon.com/support/amazonbot) Chrome/119.0.6045.214 Safari/537.36" "-"
20.171.207.0 - - [20/Oct/2025:00:18:22 -0400] "GET /?path=//kunden/kunden/kunden/kunden/kunden/kunden/kunden/kunden/kunden/kunden/kunden/kunden/kunden/kunden/kunden/proc/thread-self/root/kunden/kunden/kunden/kunden/kunden/var/cron HTTP/1.1" 200 15570 boxmarkdigital.com "-" "Mozilla/5.0 AppleWebKit/537.36 (KHTML, like Gecko; compatible; GPTBot/1.2; +https://openai.com/gptbot)" "-"
45.39.114.0 - - [20/Oct/2025:00:18:24 -0400] "POST /xmlrpc.php HTTP/1.1" 200 61284 boxmarkdigital.com "-" "Mozilla/5.0 (Windows NT 10.0; WOW64; rv:45.0) Gecko/20100101 Firefox/45.0" "-"
216.73.216.0 - - [20/Oct/2025:00:18:24 -0400] "GET /miami-seo?fileloc=%2F%2Fkunden%2Fusr%2Fshare%2Fman%2Fman3%2Fforkpty.3.gz&path=%2F%2Fkunden%2Fusr%2Fshare%2Fman%2Fman3 HTTP/1.1" 200 12402 boxmarkdigital.com "-" "Mozilla/5.0 AppleWebKit/537.36 (KHTML, like Gecko; compatible; ClaudeBot/1.0; +claudebot@anthropic.com)" "-"
54.197.102.0 - - [20/Oct/2025:00:18:25 -0400] "GET /author/editor?fileloc=/homepages/10/d573043092/htdocs/clickandbuilds/BoxmarkDigital/wp-includes/https-detection.php&path=/homepages/10/d573043092/htdocs/clickandbuilds/BoxmarkDigital/wp-includes HTTP/1.1" 200 18611 boxmarkdigital.com "-" "Mozilla/5.0 AppleWebKit/537.36 (KHTML, like Gecko; compatible; Amazonbot/0.1; +https://developer.amazon.com/support/amazonbot) Chrome/119.0.6045.214 Safari/537.36" "-"
20.171.207.0 - - [20/Oct/2025:00:18:25 -0400] "GET /?path=//kunden/kunden/kunden/kunden/kunden/kunden/kunden/kunden/kunden/kunden/kunden/kunden/kunden/kunden/kunden/proc/thread-self/root/kunden/kunden/kunden/kunden/kunden/var/run HTTP/1.1" 200 27080 boxmarkdigital.com "-" "Mozilla/5.0 AppleWebKit/537.36 (KHTML, like Gecko; compatible; GPTBot/1.2; +https://openai.com/gptbot)" "-"
54.84.102.0 - - [20/Oct/2025:00:18:27 -0400] "GET /miami-seo?fileloc=/homepages/10/d573043092/htdocs/clickandbuilds/BoxmarkDigital/wp-admin/load-styles.php&path=/homepages/10/d573043092/htdocs/clickandbuilds/BoxmarkDigital/wp-admin HTTP/1.1" 200 15795 boxmarkdigital.com "-" "Mozilla/5.0 AppleWebKit/537.36 (KHTML, like Gecko; compatible; Amazonbot/0.1; +https://developer.amazon.com/support/amazonbot) Chrome/119.0.6045.214 Safari/537.36" "-"
216.73.216.0 - - [20/Oct/2025:00:18:27 -0400] "GET /miami-seo?fileloc=%2Fhomepages%2F28%2Fd717154134%2Fhtpasswd&path=%2Fhomepages%2F28%2Fd717154134 HTTP/1.1" 200 12311 boxmarkdigital.com "-" "Mozilla/5.0 AppleWebKit/537.36 (KHTML, like Gecko; compatible; ClaudeBot/1.0; +claudebot@anthropic.com)" "-"
66.249.64.0 - - [20/Oct/2025:00:18:28 -0400] "GET /entity/1615009815.shtm HTTP/1.1" 200 200400 boxmarkdigital.com "-" "Mozilla/5.0 (Linux; Android 6.0.1; Nexus 5X Build/MMB29P) AppleWebKit/537.36 (KHTML, like Gecko) Chrome/140.0.7339.207 Mobile Safari/537.36 (compatible; Googlebot/2.1; +http://www.google.com/bot.html)" "-"
20.171.207.0 - - [20/Oct/2025:00:18:28 -0400] "GET /?path=//kunden/kunden/kunden/kunden/kunden/kunden/kunden/kunden/kunden/kunden/kunden/kunden/kunden/kunden/kunden/proc/thread-self/root/kunden/kunden/kunden/kunden/kunden/var/mail HTTP/1.1" 200 15570 boxmarkdigital.com "-" "Mozilla/5.0 AppleWebKit/537.36 (KHTML, like Gecko; compatible; GPTBot/1.2; +https://openai.com/gptbot)" "-"
66.249.64.0 - - [20/Oct/2025:00:18:29 -0400] "GET /entity/496015060.shtm HTTP/1.1" 200 201990 boxmarkdigital.com "-" "Mozilla/5.0 (Linux; Android 6.0.1; Nexus 5X Build/MMB29P) AppleWebKit/537.36 (KHTML, like Gecko) Chrome/140.0.7339.207 Mobile Safari/537.36 (compatible; Googlebot/2.1; +http://www.google.com/bot.html)" "-"
128.199.92.0 - - [20/Oct/2025:00:18:29 -0400] "GET /wp-login.php HTTP/1.1" 200 61284 boxmarkdigital.com "-" "Mozilla/5.0 (X11; Linux x86_64) AppleWebKit/537.36 (KHTML, like Gecko) Chrome/134.0.0.0 Safari/537.36" "-"
45.39.114.0 - - [20/Oct/2025:00:18:30 -0400] "POST /xmlrpc.php HTTP/1.1" 200 61284 boxmarkdigital.com "-" "Mozilla/5.0 (Windows NT 10.0; WOW64; rv:45.0) Gecko/20100101 Firefox/45.0" "-"
216.73.216.0 - - [20/Oct/2025:00:18:30 -0400] "GET /miami-seo?fileloc=%2F%2Fkunden%2Fusr%2Fshare%2Fman%2Fman3%2Fstpncpy.3.gz&path=%2F%2Fkunden%2Fusr%2Fshare%2Fman%2Fman3 HTTP/1.1" 200 12402 boxmarkdigital.com "-" "Mozilla/5.0 AppleWebKit/537.36 (KHTML, like Gecko; compatible; ClaudeBot/1.0; +claudebot@anthropic.com)" "-"
20.171.207.0 - - [20/Oct/2025:00:18:31 -0400] "GET /?path=//kunden/kunden/kunden/kunden/kunden/kunden/kunden/kunden/kunden/kunden/kunden/kunden/kunden/kunden/kunden/proc/thread-self/root/kunden/kunden/kunden/kunden/kunden/var/tmp HTTP/1.1" 200 27065 boxmarkdigital.com "-" "Mozilla/5.0 AppleWebKit/537.36 (KHTML, like Gecko; compatible; GPTBot/1.2; +https://openai.com/gptbot)" "-"
45.227.253.0 - - [20/Oct/2025:00:18:32 -0400] "GET /wp-login.php HTTP/1.1" 200 61284 boxmarkdigital.com "-" "Mozilla/5.0 (Windows NT 10.0; Win64; x64; rv:127.0) Gecko/20100101 Firefox/127.0" "-"
23.21.179.0 - - [20/Oct/2025:00:18:32 -0400] "GET /mobile-app-development-chicago?fileloc=/homepages/10/d573043092/htdocs/clickandbuilds/BoxmarkDigital/wp-admin/admin-header.php&path=/homepages/10/d573043092/htdocs/clickandbuilds/BoxmarkDigital/wp-admin HTTP/1.1" 200 22451 boxmarkdigital.com "-" "Mozilla/5.0 AppleWebKit/537.36 (KHTML, like Gecko; compatible; Amazonbot/0.1; +https://developer.amazon.com/support/amazonbot) Chrome/119.0.6045.214 Safari/537.36" "-"
216.73.216.0 - - [20/Oct/2025:00:18:33 -0400] "GET /miami-seo?fileloc=%2F%2Fkunden%2Fusr%2Fshare%2Fman%2Fman3%2Fexecv.3.gz&path=%2F%2Fkunden%2Fusr%2Fshare%2Fman%2Fman3 HTTP/1.1" 200 12400 boxmarkdigital.com "-" "Mozilla/5.0 AppleWebKit/537.36 (KHTML, like Gecko; compatible; ClaudeBot/1.0; +claudebot@anthropic.com)" "-"
45.227.253.0 - - [20/Oct/2025:00:18:34 -0400] "GET /wp-login.php?wp_lang=en_US HTTP/1.1" 200 61284 boxmarkdigital.com "-" "Mozilla/5.0 (Windows NT 10.0; Win64; x64) AppleWebKit/537.36 (KHTML, like Gecko) Chrome/124.0.6367.207 Safari/537.36" "-"
20.171.207.0 - - [20/Oct/2025:00:18:35 -0400] "GET /?path=//kunden/kunden/kunden/kunden/kunden/kunden/kunden/kunden/kunden/kunden/kunden/kunden/kunden/kunden/kunden/proc/thread-self/root/kunden/kunden/kunden/kunden/kunden/var/backups HTTP/1.1" 200 15576 boxmarkdigital.com "-" "Mozilla/5.0 AppleWebKit/537.36 (KHTML, like Gecko; compatible; GPTBot/1.2; +https://openai.com/gptbot)" "-"
44.205.120.0 - - [20/Oct/2025:00:18:35 -0400] "GET /aurora-il-web-design?fileloc=/homepages/10/d573043092/htdocs/clickandbuilds/BoxmarkDigital/wp-admin/media-upload.php&path=/homepages/10/d573043092/htdocs/clickandbuilds/BoxmarkDigital/wp-admin HTTP/1.1" 200 16488 boxmarkdigital.com "-" "Mozilla/5.0 AppleWebKit/537.36 (KHTML, like Gecko; compatible; Amazonbot/0.1; +https://developer.amazon.com/support/amazonbot) Chrome/119.0.6045.214 Safari/537.36" "-"
216.73.216.0 - - [20/Oct/2025:00:18:36 -0400] "GET /chicago-seo-company?fileloc=%2Fhomepages%2F10%2Fd573043092%2Fhtdocs%2Fclickandbuilds%2FBoxmarkDigital%2Fwp-admin%2Fimages%2Fwpspin_light-2x.gif&path=%2Fhomepages%2F10%2Fd573043092%2Fhtdocs%2Fclickandbuilds%2FBoxmarkDigital%2Fwp-admin%2Fimages HTTP/1.1" 200 12818 boxmarkdigital.com "-" "Mozilla/5.0 AppleWebKit/537.36 (KHTML, like Gecko; compatible; ClaudeBot/1.0; +claudebot@anthropic.com)" "-"
20.171.207.0 - - [20/Oct/2025:00:18:38 -0400] "GET /?path=//kunden/kunden/kunden/kunden/kunden/kunden/kunden/kunden/kunden/kunden/kunden/kunden/kunden/kunden/proc/self/root/kunden/kunden/kunden/kunden/kunden/kunden/usr/libexec HTTP/1.1" 200 17293 boxmarkdigital.com "-" "Mozilla/5.0 AppleWebKit/537.36 (KHTML, like Gecko; compatible; GPTBot/1.2; +https://openai.com/gptbot)" "-"
216.73.216.0 - - [20/Oct/2025:00:18:39 -0400] "GET /miami-seo?fileloc=%2F%2Fkunden%2Fusr%2Fshare%2Fman%2Fman3%2FDateTime%3A%3ALocale%3A%3Amas_TZ.3pm.gz&path=%2F%2Fkunden%2Fusr%2Fshare%2Fman%2Fman3 HTTP/1.1" 200 12421 boxmarkdigital.com "-" "Mozilla/5.0 AppleWebKit/537.36 (KHTML, like Gecko; compatible; ClaudeBot/1.0; +claudebot@anthropic.com)" "-"
128.199.92.0 - - [20/Oct/2025:00:18:41 -0400] "POST /wp-login.php HTTP/1.1" 200 61284 boxmarkdigital.com "-" "Mozilla/5.0 (X11; Linux x86_64) AppleWebKit/537.36 (KHTML, like Gecko) Chrome/134.0.0.0 Safari/537.36" "-"
20.171.207.0 - - [20/Oct/2025:00:18:41 -0400] "GET /?path=//kunden/kunden/kunden/kunden/kunden/kunden/kunden/kunden/kunden/kunden/kunden/kunden/kunden/kunden/kunden/proc/thread-self/root/kunden/kunden/kunden/kunden/kunden/var/lock HTTP/1.1" 200 15570 boxmarkdigital.com "-" "Mozilla/5.0 AppleWebKit/537.36 (KHTML, like Gecko; compatible; GPTBot/1.2; +https://openai.com/gptbot)" "-"
128.199.92.0 - - [20/Oct/2025:00:18:41 -0400] "GET /wp-admin/ HTTP/1.1" 200 188028 boxmarkdigital.com "-" "Mozilla/5.0 (X11; Linux x86_64) AppleWebKit/537.36 (KHTML, like Gecko) Chrome/134.0.0.0 Safari/537.36" "-"
128.199.92.0 - - [20/Oct/2025:00:18:42 -0400] "GET /wp-admin/plugin-install.php HTTP/1.1" 403 1271 boxmarkdigital.com "-" "Mozilla/5.0 (X11; Linux x86_64) AppleWebKit/537.36 (KHTML, like Gecko) Chrome/134.0.0.0 Safari/537.36" "-"
216.73.216.0 - - [20/Oct/2025:00:18:42 -0400] "GET /miami-seo?fileloc=%2F%2Fkunden%2Fusr%2Fshare%2Fman%2Fman3%2Ffopencookie.3.gz&path=%2F%2Fkunden%2Fusr%2Fshare%2Fman%2Fman3 HTTP/1.1" 200 12406 boxmarkdigital.com "-" "Mozilla/5.0 AppleWebKit/537.36 (KHTML, like Gecko; compatible; ClaudeBot/1.0; +claudebot@anthropic.com)" "-"
128.199.92.0 - - [20/Oct/2025:00:18:43 -0400] "GET /wp-admin/admin.php?page=wp_file_manager HTTP/1.1" 200 188028 boxmarkdigital.com "-" "Mozilla/5.0 (X11; Linux x86_64) AppleWebKit/537.36 (KHTML, like Gecko) Chrome/134.0.0.0 Safari/537.36" "-"
54.147.238.0 - - [20/Oct/2025:00:18:43 -0400] "GET /phoenix-SEO?fileloc=/homepages/10/d573043092/htdocs/clickandbuilds/BoxmarkDigital/wp-includes/class-wp-user-meta-session-tokens.php&path=/homepages/10/d573043092/htdocs/clickandbuilds/BoxmarkDigital/wp-includes HTTP/1.1" 200 15759 boxmarkdigital.com "-" "Mozilla/5.0 AppleWebKit/537.36 (KHTML, like Gecko; compatible; Amazonbot/0.1; +https://developer.amazon.com/support/amazonbot) Chrome/119.0.6045.214 Safari/537.36" "-"
128.199.92.0 - - [20/Oct/2025:00:18:43 -0400] "GET /wp-admin/theme-editor.php HTTP/1.1" 403 1271 boxmarkdigital.com "-" "Mozilla/5.0 (X11; Linux x86_64) AppleWebKit/537.36 (KHTML, like Gecko) Chrome/134.0.0.0 Safari/537.36" "-"
66.249.64.0 - - [20/Oct/2025:00:18:44 -0400] "GET /entity/1617859124.shtm HTTP/1.1" 200 200706 boxmarkdigital.com "-" "Mozilla/5.0 (Linux; Android 6.0.1; Nexus 5X Build/MMB29P) AppleWebKit/537.36 (KHTML, like Gecko) Chrome/140.0.7339.207 Mobile Safari/537.36 (compatible; GoogleOther)" "-"
20.171.207.0 - - [20/Oct/2025:00:18:44 -0400] "GET /?path=//kunden/kunden/kunden/kunden/kunden/kunden/kunden/kunden/kunden/kunden/kunden/kunden/kunden/kunden/kunden/proc/self/root/kunden/kunden/kunden/kunden/kunden/kunden/usr/lib/compat-ld HTTP/1.1" 200 17976 boxmarkdigital.com "-" "Mozilla/5.0 AppleWebKit/537.36 (KHTML, like Gecko; compatible; GPTBot/1.2; +https://openai.com/gptbot)" "-"
44.205.192.0 - - [20/Oct/2025:00:18:45 -0400] "GET /slots-com-bonus-uma-revisao-especializada?fileloc=/homepages/10/d573043092/htdocs/clickandbuilds/BoxmarkDigital/wp-includes/general-template.php&path=/homepages/10/d573043092/htdocs/clickandbuilds/BoxmarkDigital/wp-includes HTTP/1.1" 200 190845 boxmarkdigital.com "-" "Mozilla/5.0 AppleWebKit/537.36 (KHTML, like Gecko; compatible; Amazonbot/0.1; +https://developer.amazon.com/support/amazonbot) Chrome/119.0.6045.214 Safari/537.36" "-"
23.21.175.0 - - [20/Oct/2025:00:18:47 -0400] "GET /the-ultimate-guide-to-slots-bonus-in-online-casinos?fileloc=/homepages/10/d573043092/htdocs/clickandbuilds/BoxmarkDigital/wp-includes/class-wp-dependency.php&path=/homepages/10/d573043092/htdocs/clickandbuilds/BoxmarkDigital/wp-includes HTTP/1.1" 200 15379 boxmarkdigital.com "-" "Mozilla/5.0 AppleWebKit/537.36 (KHTML, like Gecko; compatible; Amazonbot/0.1; +https://developer.amazon.com/support/amazonbot) Chrome/119.0.6045.214 Safari/537.36" "-"
20.171.207.0 - - [20/Oct/2025:00:18:47 -0400] "GET /?path=//kunden/kunden/kunden/kunden/kunden/kunden/kunden/kunden/kunden/kunden/kunden/kunden/kunden/kunden/kunden/proc/self/root/kunden/kunden/kunden/kunden/kunden/lib/terminfo/c HTTP/1.1" 200 21844 boxmarkdigital.com "-" "Mozilla/5.0 AppleWebKit/537.36 (KHTML, like Gecko; compatible; GPTBot/1.2; +https://openai.com/gptbot)" "-"
66.249.64.0 - - [20/Oct/2025:00:18:50 -0400] "GET /entity/1528712069.shtm HTTP/1.1" 200 203667 boxmarkdigital.com "-" "Mozilla/5.0 (Linux; Android 6.0.1; Nexus 5X Build/MMB29P) AppleWebKit/537.36 (KHTML, like Gecko) Chrome/140.0.7339.207 Mobile Safari/537.36 (compatible; Googlebot/2.1; +http://www.google.com/bot.html)" "-"
20.171.207.0 - - [20/Oct/2025:00:18:50 -0400] "GET /?path=//kunden/kunden/kunden/kunden/kunden/kunden/kunden/kunden/kunden/kunden/kunden/kunden/kunden/kunden/kunden/proc/self/root/kunden/kunden/kunden/kunden/kunden/kunden/lib/dpkg/methods/apt HTTP/1.1" 200 26577 boxmarkdigital.com "-" "Mozilla/5.0 AppleWebKit/537.36 (KHTML, like Gecko; compatible; GPTBot/1.2; +https://openai.com/gptbot)" "-"
54.84.102.0 - - [20/Oct/2025:00:18:51 -0400] "GET /product/seo-premium-for-businesses-who-outrank?fileloc=/homepages/10/d573043092/htdocs/clickandbuilds/BoxmarkDigital/wp-includes/class-wp-block-editor-context.php&path=/homepages/10/d573043092/htdocs/clickandbuilds/BoxmarkDigital/wp-includes HTTP/1.1" 200 14088 boxmarkdigital.com "-" "Mozilla/5.0 AppleWebKit/537.36 (KHTML, like Gecko; compatible; Amazonbot/0.1; +https://developer.amazon.com/support/amazonbot) Chrome/119.0.6045.214 Safari/537.36" "-"
66.249.64.0 - - [20/Oct/2025:00:18:52 -0400] "GET /entity/1723251853.shtm HTTP/1.1" 200 202211 boxmarkdigital.com "-" "Mozilla/5.0 (Linux; Android 6.0.1; Nexus 5X Build/MMB29P) AppleWebKit/537.36 (KHTML, like Gecko) Chrome/140.0.7339.207 Mobile Safari/537.36 (compatible; GoogleOther)" "-"
66.249.64.0 - - [20/Oct/2025:00:18:53 -0400] "GET /entity/1723246436.shtm HTTP/1.1" 200 201936 boxmarkdigital.com "-" "Mozilla/5.0 (Linux; Android 6.0.1; Nexus 5X Build/MMB29P) AppleWebKit/537.36 (KHTML, like Gecko) Chrome/140.0.7339.207 Mobile Safari/537.36 (compatible; GoogleOther)" "-"
20.171.207.0 - - [20/Oct/2025:00:18:53 -0400] "GET /?path=//kunden/kunden/kunden/kunden/kunden/kunden/kunden/kunden/kunden/kunden/kunden/kunden/kunden/kunden/proc/self/root/kunden/kunden/kunden/kunden/kunden/kunden/kunden/proc/scsi HTTP/1.1" 200 21578 boxmarkdigital.com "-" "Mozilla/5.0 AppleWebKit/537.36 (KHTML, like Gecko; compatible; GPTBot/1.2; +https://openai.com/gptbot)" "-"
35.171.117.0 - - [20/Oct/2025:00:18:54 -0400] "GET /seo-prices-2?fileloc=/homepages/10/d573043092/htdocs/clickandbuilds/BoxmarkDigital/wp-includes/cron.php&path=/homepages/10/d573043092/htdocs/clickandbuilds/BoxmarkDigital/wp-includes HTTP/1.1" 200 56018 boxmarkdigital.com "-" "Mozilla/5.0 AppleWebKit/537.36 (KHTML, like Gecko; compatible; Amazonbot/0.1; +https://developer.amazon.com/support/amazonbot) Chrome/119.0.6045.214 Safari/537.36" "-"
20.171.207.0 - - [20/Oct/2025:00:18:56 -0400] "GET /?path=//kunden/kunden/kunden/kunden/kunden/kunden/kunden/kunden/kunden/kunden/kunden/kunden/kunden/kunden/kunden/proc/self/root/kunden/kunden/kunden/kunden/kunden/usr/libexec HTTP/1.1" 200 17299 boxmarkdigital.com "-" "Mozilla/5.0 AppleWebKit/537.36 (KHTML, like Gecko; compatible; GPTBot/1.2; +https://openai.com/gptbot)" "-"
216.73.216.0 - - [20/Oct/2025:00:18:57 -0400] "GET /jacksonville-SEO?fileloc=%2Fhomepages%2F10%2Fd573043092%2Fhtdocs%2Fclickandbuilds%2Fcentroespiritual%2Fwp-includes%2Fcss%2Fclassic-themes.css&path=%2Fhomepages%2F10%2Fd573043092%2Fhtdocs%2Fclickandbuilds%2Fcentroespiritual%2Fwp-includes%2Fcss HTTP/1.1" 200 13559 boxmarkdigital.com "-" "Mozilla/5.0 AppleWebKit/537.36 (KHTML, like Gecko; compatible; ClaudeBot/1.0; +claudebot@anthropic.com)" "-"
66.249.64.0 - - [20/Oct/2025:00:18:57 -0400] "GET /entity/309934928.shtm HTTP/1.1" 200 195550 boxmarkdigital.com "-" "Mozilla/5.0 (Linux; Android 6.0.1; Nexus 5X Build/MMB29P) AppleWebKit/537.36 (KHTML, like Gecko) Chrome/140.0.7339.207 Mobile Safari/537.36 (compatible; GoogleOther)" "-"
159.65.11.0 - - [20/Oct/2025:00:18:58 -0400] "GET /pitaya/wp-login.php HTTP/1.1" 404 1271 test.myboxmark.com "-" "Mozilla/5.0 (Linux; Android 12; Redmi Note 9 Pro Build/SKQ1.211019.001; wv) AppleWebKit/537.36 (KHTML, like Gecko) Version/4.0 Chrome/126.0.6478.71 Mobile Safari/537.36" "-"
20.171.207.0 - - [20/Oct/2025:00:18:59 -0400] "GET /?path=//kunden/kunden/kunden/kunden/kunden/kunden/kunden/kunden/kunden/kunden/kunden/kunden/kunden/kunden/kunden/proc/self/root/kunden/kunden/kunden/kunden/kunden/kunden/lib/emacs HTTP/1.1" 200 17495 boxmarkdigital.com "-" "Mozilla/5.0 AppleWebKit/537.36 (KHTML, like Gecko; compatible; GPTBot/1.2; +https://openai.com/gptbot)" "-"
216.73.216.0 - - [20/Oct/2025:00:18:59 -0400] "GET /miami-seo?fileloc=%2F%2Fkunden%2Fusr%2Fshare%2Fman%2Fman3%2FDateTime%3A%3ALocale%3A%3Aff_Adlm_NE.3pm.gz&path=%2F%2Fkunden%2Fusr%2Fshare%2Fman%2Fman3 HTTP/1.1" 200 12425 boxmarkdigital.com "-" "Mozilla/5.0 AppleWebKit/537.36 (KHTML, like Gecko; compatible; ClaudeBot/1.0; +claudebot@anthropic.com)" "-"
20.171.207.0 - - [20/Oct/2025:00:19:02 -0400] "GET /?path=//kunden/kunden/kunden/kunden/kunden/kunden/kunden/kunden/kunden/kunden/kunden/kunden/kunden/kunden/kunden/proc/self/root/kunden/kunden/kunden/kunden/kunden/var/lib/git HTTP/1.1" 200 15691 boxmarkdigital.com "-" "Mozilla/5.0 AppleWebKit/537.36 (KHTML, like Gecko; compatible; GPTBot/1.2; +https://openai.com/gptbot)" "-"
216.73.216.0 - - [20/Oct/2025:00:19:02 -0400] "GET /miami-seo?fileloc=%2F%2Fkunden%2Fusr%2Fshare%2Fman%2Fman3%2FYAML%3A%3AMarshall.3pm.gz&path=%2F%2Fkunden%2Fusr%2Fshare%2Fman%2Fman3 HTTP/1.1" 200 12411 boxmarkdigital.com "-" "Mozilla/5.0 AppleWebKit/537.36 (KHTML, like Gecko; compatible; ClaudeBot/1.0; +claudebot@anthropic.com)" "-"
18.209.201.0 - - [20/Oct/2025:00:19:03 -0400] "GET /domain-registration?fileloc=/homepages/10/d573043092/htdocs/clickandbuilds/BoxmarkDigital/wp-includes/admin-bar.php&path=/homepages/10/d573043092/htdocs/clickandbuilds/BoxmarkDigital/wp-includes HTTP/1.1" 200 52215 boxmarkdigital.com "-" "Mozilla/5.0 AppleWebKit/537.36 (KHTML, like Gecko; compatible; Amazonbot/0.1; +https://developer.amazon.com/support/amazonbot) Chrome/119.0.6045.214 Safari/537.36" "-"
3.222.85.0 - - [20/Oct/2025:00:19:04 -0400] "GET /hvac-marketing-company?fileloc=/homepages/10/d573043092/htdocs/clickandbuilds/BoxmarkDigital/wp-includes/feed-atom-comments.php&path=/homepages/10/d573043092/htdocs/clickandbuilds/BoxmarkDigital/wp-includes HTTP/1.1" 200 19190 boxmarkdigital.com "-" "Mozilla/5.0 AppleWebKit/537.36 (KHTML, like Gecko; compatible; Amazonbot/0.1; +https://developer.amazon.com/support/amazonbot) Chrome/119.0.6045.214 Safari/537.36" "-"
216.73.216.0 - - [20/Oct/2025:00:19:05 -0400] "GET /free-seo-audit?path=%2Fhomepages%2F28%2Fd717903925%2Fmanaged HTTP/1.1" 200 12768 boxmarkdigital.com "-" "Mozilla/5.0 AppleWebKit/537.36 (KHTML, like Gecko; compatible; ClaudeBot/1.0; +claudebot@anthropic.com)" "-"
20.171.207.0 - - [20/Oct/2025:00:19:05 -0400] "GET /?path=//kunden/kunden/kunden/kunden/kunden/kunden/kunden/kunden/kunden/kunden/kunden/kunden/kunden/kunden/kunden/proc/self/root/kunden/kunden/kunden/kunden/kunden/kunden/kunden/kunden/usr/lib/locale HTTP/1.1" 200 939851 boxmarkdigital.com "-" "Mozilla/5.0 AppleWebKit/537.36 (KHTML, like Gecko; compatible; GPTBot/1.2; +https://openai.com/gptbot)" "-"
18.214.124.0 - - [20/Oct/2025:00:19:07 -0400] "GET /the-ultimate-guide-to-instant-play-casinos?fileloc=/homepages/10/d573043092/htdocs/clickandbuilds/BoxmarkDigital/wp-admin/my-sites.php&path=/homepages/10/d573043092/htdocs/clickandbuilds/BoxmarkDigital/wp-admin HTTP/1.1" 200 18136 boxmarkdigital.com "-" "Mozilla/5.0 AppleWebKit/537.36 (KHTML, like Gecko; compatible; Amazonbot/0.1; +https://developer.amazon.com/support/amazonbot) Chrome/119.0.6045.214 Safari/537.36" "-"
216.73.216.0 - - [20/Oct/2025:00:19:08 -0400] "GET /miami-seo?fileloc=%2F%2Fkunden%2Fusr%2Fshare%2Fman%2Fman3%2FDate%3A%3AManip%3A%3ALang%3A%3Aspanish.3pm.gz&path=%2F%2Fkunden%2Fusr%2Fshare%2Fman%2Fman3 HTTP/1.1" 200 12423 boxmarkdigital.com "-" "Mozilla/5.0 AppleWebKit/537.36 (KHTML, like Gecko; compatible; ClaudeBot/1.0; +claudebot@anthropic.com)" "-"
20.171.207.0 - - [20/Oct/2025:00:19:08 -0400] "GET /?path=//kunden/kunden/kunden/kunden/kunden/kunden/kunden/kunden/kunden/kunden/kunden/kunden/kunden/kunden/proc/thread-self/root/kunden/kunden/kunden/kunden/kunden/kunden/sys HTTP/1.1" 200 15373 boxmarkdigital.com "-" "Mozilla/5.0 AppleWebKit/537.36 (KHTML, like Gecko; compatible; GPTBot/1.2; +https://openai.com/gptbot)" "-"
52.4.229.0 - - [20/Oct/2025:00:19:11 -0400] "GET /seo-e-commerce?fileloc=/homepages/10/d573043092/htdocs/clickandbuilds/BoxmarkDigital/wp-includes/user.php&path=/homepages/10/d573043092/htdocs/clickandbuilds/BoxmarkDigital/wp-includes HTTP/1.1" 200 191468 boxmarkdigital.com "-" "Mozilla/5.0 AppleWebKit/537.36 (KHTML, like Gecko; compatible; Amazonbot/0.1; +https://developer.amazon.com/support/amazonbot) Chrome/119.0.6045.214 Safari/537.36" "-"
216.73.216.0 - - [20/Oct/2025:00:19:11 -0400] "GET /miami-seo?fileloc=%2F%2Fkunden%2Fusr%2Fshare%2Fman%2Fman3%2FMail%3A%3AAddress.3pm.gz&path=%2F%2Fkunden%2Fusr%2Fshare%2Fman%2Fman3 HTTP/1.1" 200 12410 boxmarkdigital.com "-" "Mozilla/5.0 AppleWebKit/537.36 (KHTML, like Gecko; compatible; ClaudeBot/1.0; +claudebot@anthropic.com)" "-"
20.171.207.0 - - [20/Oct/2025:00:19:11 -0400] "GET /?path=//kunden/kunden/kunden/kunden/kunden/kunden/kunden/kunden/kunden/kunden/kunden/kunden/kunden/kunden/proc/self/root/kunden/kunden/kunden/kunden/kunden/kunden/kunden/proc/scsi/sg HTTP/1.1" 200 30376 boxmarkdigital.com "-" "Mozilla/5.0 AppleWebKit/537.36 (KHTML, like Gecko; compatible; GPTBot/1.2; +https://openai.com/gptbot)" "-"
216.73.216.0 - - [20/Oct/2025:00:19:14 -0400] "GET /miami-seo?fileloc=%2F%2Fkunden%2Fusr%2Fshare%2Fman%2Fman3%2Fgetwc_unlocked.3.gz&path=%2F%2Fkunden%2Fusr%2Fshare%2Fman%2Fman3 HTTP/1.1" 200 12409 boxmarkdigital.com "-" "Mozilla/5.0 AppleWebKit/537.36 (KHTML, like Gecko; compatible; ClaudeBot/1.0; +claudebot@anthropic.com)" "-"
66.249.64.0 - - [20/Oct/2025:00:19:15 -0400] "GET /entity/924222896.shtm HTTP/1.1" 200 200705 boxmarkdigital.com "-" "Mozilla/5.0 (Linux; Android 6.0.1; Nexus 5X Build/MMB29P) AppleWebKit/537.36 (KHTML, like Gecko) Chrome/140.0.7339.207 Mobile Safari/537.36 (compatible; Googlebot/2.1; +http://www.google.com/bot.html)" "-"
20.171.207.0 - - [20/Oct/2025:00:19:15 -0400] "GET /?path=//kunden/kunden/kunden/kunden/kunden/kunden/kunden/kunden/kunden/kunden/kunden/kunden/kunden/kunden/kunden/proc/thread-self/root/kunden/kunden/kunden/kunden/kunden/lib/file HTTP/1.1" 200 17623 boxmarkdigital.com "-" "Mozilla/5.0 AppleWebKit/537.36 (KHTML, like Gecko; compatible; GPTBot/1.2; +https://openai.com/gptbot)" "-"
54.85.109.0 - - [20/Oct/2025:00:19:15 -0400] "GET /san-francisco-seo?fileloc=/homepages/10/d573043092/htdocs/clickandbuilds/BoxmarkDigital/wp-includes/http.php&path=/homepages/10/d573043092/htdocs/clickandbuilds/BoxmarkDigital/wp-includes HTTP/1.1" 200 38223 boxmarkdigital.com "-" "Mozilla/5.0 AppleWebKit/537.36 (KHTML, like Gecko; compatible; Amazonbot/0.1; +https://developer.amazon.com/support/amazonbot) Chrome/119.0.6045.214 Safari/537.36" "-"
20.171.207.0 - - [20/Oct/2025:00:19:18 -0400] "GET /?path=//kunden/kunden/kunden/kunden/kunden/kunden/kunden/kunden/kunden/kunden/kunden/kunden/kunden/kunden/proc/self/root/kunden/kunden/kunden/kunden/kunden/kunden/usr/local/bin HTTP/1.1" 200 19771 boxmarkdigital.com "-" "Mozilla/5.0 AppleWebKit/537.36 (KHTML, like Gecko; compatible; GPTBot/1.2; +https://openai.com/gptbot)" "-"
34.227.234.0 - - [20/Oct/2025:00:19:21 -0400] "GET /aurora-il-web-design?fileloc=/homepages/10/d573043092/htdocs/clickandbuilds/BoxmarkDigital/wp-admin/options-head.php&path=/homepages/10/d573043092/htdocs/clickandbuilds/BoxmarkDigital/wp-admin HTTP/1.1" 200 13335 boxmarkdigital.com "-" "Mozilla/5.0 AppleWebKit/537.36 (KHTML, like Gecko; compatible; Amazonbot/0.1; +https://developer.amazon.com/support/amazonbot) Chrome/119.0.6045.214 Safari/537.36" "-"
20.171.207.0 - - [20/Oct/2025:00:19:21 -0400] "GET /?path=//kunden/kunden/kunden/kunden/kunden/kunden/kunden/kunden/kunden/kunden/kunden/kunden/kunden/kunden/kunden/proc/self/root/kunden/kunden/kunden/kunden/kunden/kunden/proc/sys/abi HTTP/1.1" 200 17977 boxmarkdigital.com "-" "Mozilla/5.0 AppleWebKit/537.36 (KHTML, like Gecko; compatible; GPTBot/1.2; +https://openai.com/gptbot)" "-"
20.171.207.0 - - [20/Oct/2025:00:19:24 -0400] "GET /?path=//kunden/kunden/kunden/kunden/kunden/kunden/kunden/kunden/kunden/kunden/kunden/kunden/kunden/kunden/kunden/proc/self/root/kunden/kunden/kunden/kunden/kunden/kunden/kunden/kunden/usr/lib/locale/yuw_PG HTTP/1.1" 200 42317 boxmarkdigital.com "-" "Mozilla/5.0 AppleWebKit/537.36 (KHTML, like Gecko; compatible; GPTBot/1.2; +https://openai.com/gptbot)" "-"
18.210.58.0 - - [20/Oct/2025:00:19:24 -0400] "GET /phoenix-digital-marketing-agency-2?path=/homepages/10/d716509840 HTTP/1.1" 200 26979 boxmarkdigital.com "-" "Mozilla/5.0 AppleWebKit/537.36 (KHTML, like Gecko; compatible; Amazonbot/0.1; +https://developer.amazon.com/support/amazonbot) Chrome/119.0.6045.214 Safari/537.36" "-"
66.249.64.0 - - [20/Oct/2025:00:19:25 -0400] "GET /entity/1388703959.shtm HTTP/1.1" 200 202009 boxmarkdigital.com "-" "Mozilla/5.0 (Linux; Android 6.0.1; Nexus 5X Build/MMB29P) AppleWebKit/537.36 (KHTML, like Gecko) Chrome/140.0.7339.207 Mobile Safari/537.36 (compatible; GoogleOther)" "-"
20.171.207.0 - - [20/Oct/2025:00:19:27 -0400] "GET /?path=//kunden/kunden/kunden/kunden/kunden/kunden/kunden/kunden/kunden/kunden/kunden/kunden/kunden/kunden/kunden/proc/self/root/kunden/kunden/kunden/proc/self/root/run/screen HTTP/1.1" 200 15679 boxmarkdigital.com "-" "Mozilla/5.0 AppleWebKit/537.36 (KHTML, like Gecko; compatible; GPTBot/1.2; +https://openai.com/gptbot)" "-"
3.90.73.0 - - [20/Oct/2025:00:19:27 -0400] "GET /san-francisco-seo?fileloc=/homepages/10/d573043092/htdocs/clickandbuilds/BoxmarkDigital/wp-admin/install.php&path=/homepages/10/d573043092/htdocs/clickandbuilds/BoxmarkDigital/wp-admin HTTP/1.1" 200 34375 boxmarkdigital.com "-" "Mozilla/5.0 AppleWebKit/537.36 (KHTML, like Gecko; compatible; Amazonbot/0.1; +https://developer.amazon.com/support/amazonbot) Chrome/119.0.6045.214 Safari/537.36" "-"
66.249.64.0 - - [20/Oct/2025:00:19:28 -0400] "GET /entity/700547398.shtm HTTP/1.1" 200 195333 boxmarkdigital.com "-" "Mozilla/5.0 (Linux; Android 6.0.1; Nexus 5X Build/MMB29P) AppleWebKit/537.36 (KHTML, like Gecko) Chrome/140.0.7339.207 Mobile Safari/537.36 (compatible; Googlebot/2.1; +http://www.google.com/bot.html)" "-"
20.171.207.0 - - [20/Oct/2025:00:19:30 -0400] "GET /?path=//kunden/kunden/kunden/kunden/kunden/kunden/kunden/kunden/kunden/kunden/kunden/kunden/kunden/kunden/proc/self/root/kunden/kunden/kunden/kunden/kunden/kunden/proc/fs/nfsd HTTP/1.1" 200 15688 boxmarkdigital.com "-" "Mozilla/5.0 AppleWebKit/537.36 (KHTML, like Gecko; compatible; GPTBot/1.2; +https://openai.com/gptbot)" "-"
52.45.77.0 - - [20/Oct/2025:00:19:32 -0400] "GET /how-ppc-works?fileloc=/homepages/10/d573043092/htdocs/clickandbuilds/BoxmarkDigital/wp-includes/shortcodes.php&path=/homepages/10/d573043092/htdocs/clickandbuilds/BoxmarkDigital/wp-includes HTTP/1.1" 200 37184 boxmarkdigital.com "-" "Mozilla/5.0 AppleWebKit/537.36 (KHTML, like Gecko; compatible; Amazonbot/0.1; +https://developer.amazon.com/support/amazonbot) Chrome/119.0.6045.214 Safari/537.36" "-"
20.171.207.0 - - [20/Oct/2025:00:19:33 -0400] "GET /?path=//kunden/kunden/kunden/kunden/kunden/kunden/kunden/kunden/kunden/kunden/kunden/kunden/kunden/kunden/proc/self/root/kunden/kunden/kunden/kunden/kunden/kunden/kunden/etc/pam.d HTTP/1.1" 200 50666 boxmarkdigital.com "-" "Mozilla/5.0 AppleWebKit/537.36 (KHTML, like Gecko; compatible; GPTBot/1.2; +https://openai.com/gptbot)" "-"
34.224.132.0 - - [20/Oct/2025:00:19:34 -0400] "GET /hvac-marketing-company?fileloc=/homepages/10/d573043092/htdocs/clickandbuilds/BoxmarkDigital/wp-includes/template.php&path=/homepages/10/d573043092/htdocs/clickandbuilds/BoxmarkDigital/wp-includes HTTP/1.1" 200 37267 boxmarkdigital.com "-" "Mozilla/5.0 AppleWebKit/537.36 (KHTML, like Gecko; compatible; Amazonbot/0.1; +https://developer.amazon.com/support/amazonbot) Chrome/119.0.6045.214 Safari/537.36" "-"
20.171.207.0 - - [20/Oct/2025:00:19:37 -0400] "GET /?path=//kunden/kunden/kunden/kunden/kunden/kunden/kunden/kunden/kunden/kunden/kunden/kunden/kunden/kunden/proc/self/root/kunden/kunden/kunden/kunden/kunden/kunden/kunden/kunden/kunden/kunden/kunden/proc/tty/ldisc HTTP/1.1" 200 16823 boxmarkdigital.com "-" "Mozilla/5.0 AppleWebKit/537.36 (KHTML, like Gecko; compatible; GPTBot/1.2; +https://openai.com/gptbot)" "-"
20.171.207.0 - - [20/Oct/2025:00:19:40 -0400] "GET /?path=//kunden/kunden/kunden/kunden/kunden/kunden/kunden/kunden/kunden/kunden/kunden/kunden/kunden/kunden/kunden/proc/self/root/kunden/kunden/kunden/kunden/kunden/kunden/kunden/kunden/lib/ssl HTTP/1.1" 200 23745 boxmarkdigital.com "-" "Mozilla/5.0 AppleWebKit/537.36 (KHTML, like Gecko; compatible; GPTBot/1.2; +https://openai.com/gptbot)" "-"
52.0.41.0 - - [20/Oct/2025:00:19:43 -0400] "GET /website-hosting-services?fileloc=/homepages/10/d573043092/htdocs/clickandbuilds/BoxmarkDigital/wp-admin/export-personal-data.php&path=/homepages/10/d573043092/htdocs/clickandbuilds/BoxmarkDigital/wp-admin HTTP/1.1" 200 21897 boxmarkdigital.com "-" "Mozilla/5.0 AppleWebKit/537.36 (KHTML, like Gecko; compatible; Amazonbot/0.1; +https://developer.amazon.com/support/amazonbot) Chrome/119.0.6045.214 Safari/537.36" "-"
20.171.207.0 - - [20/Oct/2025:00:19:43 -0400] "GET /?path=//kunden/kunden/kunden/kunden/kunden/kunden/kunden/kunden/kunden/kunden/kunden/kunden/kunden/kunden/kunden/proc/self/root/kunden/kunden/kunden/kunden/kunden/usr/lib/dpkg/methods HTTP/1.1" 200 17695 boxmarkdigital.com "-" "Mozilla/5.0 AppleWebKit/537.36 (KHTML, like Gecko; compatible; GPTBot/1.2; +https://openai.com/gptbot)" "-"
66.249.64.0 - - [20/Oct/2025:00:19:44 -0400] "GET /entity/1009845033.shtm HTTP/1.1" 200 201941 boxmarkdigital.com "-" "Mozilla/5.0 (Linux; Android 6.0.1; Nexus 5X Build/MMB29P) AppleWebKit/537.36 (KHTML, like Gecko) Chrome/140.0.7339.207 Mobile Safari/537.36 (compatible; Googlebot/2.1; +http://www.google.com/bot.html)" "-"
44.217.255.0 - - [20/Oct/2025:00:19:44 -0400] "GET /how-ppc-works?path=//etc HTTP/1.1" 200 197507 boxmarkdigital.com "-" "Mozilla/5.0 AppleWebKit/537.36 (KHTML, like Gecko; compatible; Amazonbot/0.1; +https://developer.amazon.com/support/amazonbot) Chrome/119.0.6045.214 Safari/537.36" "-"
20.171.207.0 - - [20/Oct/2025:00:19:46 -0400] "GET /?path=//kunden/kunden/kunden/kunden/kunden/kunden/kunden/kunden/kunden/kunden/kunden/kunden/kunden/kunden/proc/self/root/kunden/kunden/kunden/kunden/kunden/kunden/etc/cbi/wordpress HTTP/1.1" 200 17764 boxmarkdigital.com "-" "Mozilla/5.0 AppleWebKit/537.36 (KHTML, like Gecko; compatible; GPTBot/1.2; +https://openai.com/gptbot)" "-"
3.90.73.0 - - [20/Oct/2025:00:19:48 -0400] "GET /san-antonio-seo?path=//homepages HTTP/1.1" 200 81297 boxmarkdigital.com "-" "Mozilla/5.0 AppleWebKit/537.36 (KHTML, like Gecko; compatible; Amazonbot/0.1; +https://developer.amazon.com/support/amazonbot) Chrome/119.0.6045.214 Safari/537.36" "-"
20.171.207.0 - - [20/Oct/2025:00:19:49 -0400] "GET /?path=//kunden/kunden/kunden/kunden/kunden/kunden/kunden/kunden/kunden/kunden/kunden/kunden/kunden/kunden/kunden/proc/self/root/kunden/kunden/kunden/kunden/kunden/kunden/kunden/kunden/kunden/kunden/usr/local/man HTTP/1.1" 200 16827 boxmarkdigital.com "-" "Mozilla/5.0 AppleWebKit/537.36 (KHTML, like Gecko; compatible; GPTBot/1.2; +https://openai.com/gptbot)" "-"
66.249.64.0 - - [20/Oct/2025:00:19:50 -0400] "GET /entity/475422783.shtm HTTP/1.1" 200 200714 boxmarkdigital.com "-" "Mozilla/5.0 (Linux; Android 6.0.1; Nexus 5X Build/MMB29P) AppleWebKit/537.36 (KHTML, like Gecko) Chrome/140.0.7339.207 Mobile Safari/537.36 (compatible; GoogleOther)" "-"
66.249.64.0 - - [20/Oct/2025:00:19:51 -0400] "GET /entity/476591206.shtm HTTP/1.1" 200 201640 boxmarkdigital.com "-" "Mozilla/5.0 (Linux; Android 6.0.1; Nexus 5X Build/MMB29P) AppleWebKit/537.36 (KHTML, like Gecko) Chrome/140.0.7339.207 Mobile Safari/537.36 (compatible; GoogleOther)" "-"
216.73.216.0 - - [20/Oct/2025:00:19:51 -0400] "GET /miami-seo?fileloc=%2F%2Fkunden%2Fusr%2Fshare%2Fman%2Fman5%2Felf.5.gz&path=%2F%2Fkunden%2Fusr%2Fshare%2Fman%2Fman5 HTTP/1.1" 200 12398 boxmarkdigital.com "-" "Mozilla/5.0 AppleWebKit/537.36 (KHTML, like Gecko; compatible; ClaudeBot/1.0; +claudebot@anthropic.com)" "-"
20.171.207.0 - - [20/Oct/2025:00:19:52 -0400] "GET /?path=//kunden/kunden/kunden/kunden/kunden/kunden/kunden/kunden/kunden/kunden/kunden/kunden/kunden/kunden/kunden/proc/self/root/kunden/kunden/kunden/kunden/kunden/kunden/kunden/kunden/lib/ssl/private HTTP/1.1" 200 16356 boxmarkdigital.com "-" "Mozilla/5.0 AppleWebKit/537.36 (KHTML, like Gecko; compatible; GPTBot/1.2; +https://openai.com/gptbot)" "-"
66.249.70.0 - - [20/Oct/2025:00:19:52 -0400] "GET /robots.txt HTTP/1.1" 500 - abarcasewer.com "-" "Mozilla/5.0 (compatible; Googlebot/2.1; +http://www.google.com/bot.html)" "-"
66.249.64.0 - - [20/Oct/2025:00:19:53 -0400] "GET /entity/1622865269.shtm HTTP/1.1" 200 204740 boxmarkdigital.com "-" "Mozilla/5.0 (Linux; Android 6.0.1; Nexus 5X Build/MMB29P) AppleWebKit/537.36 (KHTML, like Gecko) Chrome/140.0.7339.207 Mobile Safari/537.36 (compatible; GoogleOther)" "-"
23.23.214.0 - - [20/Oct/2025:00:19:53 -0400] "GET /author/editor?path=//media HTTP/1.1" 200 12607 boxmarkdigital.com "-" "Mozilla/5.0 AppleWebKit/537.36 (KHTML, like Gecko; compatible; Amazonbot/0.1; +https://developer.amazon.com/support/amazonbot) Chrome/119.0.6045.214 Safari/537.36" "-"
