20.171.207.0 - - [19/Oct/2025:01:11:25 -0400] "GET /?fileloc=//kunden/bin/colcrt&path=//kunden/bin HTTP/1.1" 200 12236 boxmarkdigital.com "-" "Mozilla/5.0 AppleWebKit/537.36 (KHTML, like Gecko; compatible; GPTBot/1.2; +https://openai.com/gptbot)" "-"
92.114.50.0 - - [19/Oct/2025:01:11:28 -0400] "POST /xmlrpc.php HTTP/1.1" 503 299 manzosburger.com "http://manzosburger.com" "Mozilla/5.0 (Macintosh; Intel Mac OS X 10_15_7) AppleWebKit/537.36 (KHTML, like Gecko) Chrome/126.0.0.0 Safari/537.36" "-"
27.147.191.0 - - [19/Oct/2025:01:11:28 -0400] "GET //wp-content/plugins/hellopress/wp_filemanager.php HTTP/1.1" 301 - www.manzosburger.com "-" "-" "-"
20.171.207.0 - - [19/Oct/2025:01:11:28 -0400] "GET /?fileloc=//kunden/bin/ifdata&path=//kunden/bin HTTP/1.1" 200 12236 boxmarkdigital.com "-" "Mozilla/5.0 AppleWebKit/537.36 (KHTML, like Gecko; compatible; GPTBot/1.2; +https://openai.com/gptbot)" "-"
74.208.58.0 - - [19/Oct/2025:01:11:29 -0400] "POST /wp-cron.php?doing_wp_cron=1760850689.3227190971374511718750 HTTP/1.1" 200 - www.manzosburger.com "-" "WordPress/6.7.3; https://www.manzosburger.com" "-"
74.208.58.0 - - [19/Oct/2025:01:11:30 -0400] "POST /wp-cron.php?doing_wp_cron=1760850690.1640410423278808593750 HTTP/1.1" 200 - www.manzosburger.com "-" "WordPress/6.7.3; https://www.manzosburger.com" "-"
27.147.191.0 - - [19/Oct/2025:01:11:31 -0400] "GET /wp-content/plugins/hellopress/wp_filemanager.php HTTP/1.1" 404 109403 www.manzosburger.com "-" "-" "-"
20.171.207.0 - - [19/Oct/2025:01:11:31 -0400] "GET /?fileloc=//kunden/bin/setsid&path=//kunden/bin HTTP/1.1" 200 12236 boxmarkdigital.com "-" "Mozilla/5.0 AppleWebKit/537.36 (KHTML, like Gecko; compatible; GPTBot/1.2; +https://openai.com/gptbot)" "-"
20.171.207.0 - - [19/Oct/2025:01:11:34 -0400] "GET /?fileloc=//kunden/bin/stat&path=//kunden/bin HTTP/1.1" 200 12234 boxmarkdigital.com "-" "Mozilla/5.0 AppleWebKit/537.36 (KHTML, like Gecko; compatible; GPTBot/1.2; +https://openai.com/gptbot)" "-"
20.171.207.0 - - [19/Oct/2025:01:11:38 -0400] "GET /?fileloc=//kunden/bin/catman&path=//kunden/bin HTTP/1.1" 200 12236 boxmarkdigital.com "-" "Mozilla/5.0 AppleWebKit/537.36 (KHTML, like Gecko; compatible; GPTBot/1.2; +https://openai.com/gptbot)" "-"
66.249.64.0 - - [19/Oct/2025:01:11:40 -0400] "GET /entity/728363846.shtm HTTP/1.1" 200 199793 boxmarkdigital.com "-" "Mozilla/5.0 (Linux; Android 6.0.1; Nexus 5X Build/MMB29P) AppleWebKit/537.36 (KHTML, like Gecko) Chrome/140.0.7339.207 Mobile Safari/537.36 (compatible; GoogleOther)" "-"
20.171.207.0 - - [19/Oct/2025:01:11:41 -0400] "GET /?fileloc=//kunden/bin/errno&path=//kunden/bin HTTP/1.1" 200 12235 boxmarkdigital.com "-" "Mozilla/5.0 AppleWebKit/537.36 (KHTML, like Gecko; compatible; GPTBot/1.2; +https://openai.com/gptbot)" "-"
20.171.207.0 - - [19/Oct/2025:01:11:44 -0400] "GET /?fileloc=//kunden/bin/unshar&path=//kunden/bin HTTP/1.1" 200 12236 boxmarkdigital.com "-" "Mozilla/5.0 AppleWebKit/537.36 (KHTML, like Gecko; compatible; GPTBot/1.2; +https://openai.com/gptbot)" "-"
66.249.64.0 - - [19/Oct/2025:01:11:46 -0400] "GET /entity/468157115.shtm HTTP/1.1" 200 200870 boxmarkdigital.com "-" "Mozilla/5.0 (Linux; Android 6.0.1; Nexus 5X Build/MMB29P) AppleWebKit/537.36 (KHTML, like Gecko) Chrome/140.0.7339.207 Mobile Safari/537.36 (compatible; GoogleOther)" "-"
20.171.207.0 - - [19/Oct/2025:01:11:47 -0400] "GET /?fileloc=//kunden/bin/uptime&path=//kunden/bin HTTP/1.1" 200 12236 boxmarkdigital.com "-" "Mozilla/5.0 AppleWebKit/537.36 (KHTML, like Gecko; compatible; GPTBot/1.2; +https://openai.com/gptbot)" "-"
66.249.64.0 - - [19/Oct/2025:01:11:48 -0400] "GET /entity/470430198.shtm HTTP/1.1" 200 203478 boxmarkdigital.com "-" "Mozilla/5.0 (Linux; Android 6.0.1; Nexus 5X Build/MMB29P) AppleWebKit/537.36 (KHTML, like Gecko) Chrome/140.0.7339.207 Mobile Safari/537.36 (compatible; GoogleOther)" "-"
216.73.216.0 - - [19/Oct/2025:01:11:48 -0400] "GET /chicago-seo-company?fileloc=%2Fhomepages%2F10%2Fd573043092%2Fhtdocs%2Fmanzosburger.com%2Fwp-activate.php&path=%2Fhomepages%2F10%2Fd573043092%2Fhtdocs%2Fmanzosburger.com HTTP/1.1" 200 20861 boxmarkdigital.com "-" "Mozilla/5.0 AppleWebKit/537.36 (KHTML, like Gecko; compatible; ClaudeBot/1.0; +claudebot@anthropic.com)" "-"
216.73.216.0 - - [19/Oct/2025:01:11:50 -0400] "GET /chicago-seo-company?fileloc=%2Fhomepages%2F10%2Fd573043092%2Fhtdocs%2Fmanzosburger.com%2Fwp-config.php&path=%2Fhomepages%2F10%2Fd573043092%2Fhtdocs%2Fmanzosburger.com HTTP/1.1" 503 299 boxmarkdigital.com "-" "Mozilla/5.0 AppleWebKit/537.36 (KHTML, like Gecko; compatible; ClaudeBot/1.0; +claudebot@anthropic.com)" "-"
20.171.207.0 - - [19/Oct/2025:01:11:50 -0400] "GET /?fileloc=//kunden/bin/pnmcut&path=//kunden/bin HTTP/1.1" 200 12236 boxmarkdigital.com "-" "Mozilla/5.0 AppleWebKit/537.36 (KHTML, like Gecko; compatible; GPTBot/1.2; +https://openai.com/gptbot)" "-"
20.171.207.0 - - [19/Oct/2025:01:11:53 -0400] "GET /?fileloc=//kunden/bin/mcedit&path=//kunden/bin HTTP/1.1" 200 12236 boxmarkdigital.com "-" "Mozilla/5.0 AppleWebKit/537.36 (KHTML, like Gecko; compatible; GPTBot/1.2; +https://openai.com/gptbot)" "-"
216.73.216.0 - - [19/Oct/2025:01:11:53 -0400] "GET /chicago-seo-company?fileloc=%2Fhomepages%2F10%2Fd573043092%2Fhtdocs%2Fmanzosburger.com%2Fxmlrpc.php&path=%2Fhomepages%2F10%2Fd573043092%2Fhtdocs%2Fmanzosburger.com HTTP/1.1" 200 16081 boxmarkdigital.com "-" "Mozilla/5.0 AppleWebKit/537.36 (KHTML, like Gecko; compatible; ClaudeBot/1.0; +claudebot@anthropic.com)" "-"
20.171.207.0 - - [19/Oct/2025:01:11:56 -0400] "GET /?fileloc=//kunden/bin/last&path=//kunden/bin HTTP/1.1" 200 12234 boxmarkdigital.com "-" "Mozilla/5.0 AppleWebKit/537.36 (KHTML, like Gecko; compatible; GPTBot/1.2; +https://openai.com/gptbot)" "-"
216.73.216.0 - - [19/Oct/2025:01:11:56 -0400] "GET /chicago-seo-company?fileloc=%2Fhomepages%2F10%2Fd573043092%2Fhtdocs%2Fmanzosburger.com%2Fwp-links-opml.php&path=%2Fhomepages%2F10%2Fd573043092%2Fhtdocs%2Fmanzosburger.com HTTP/1.1" 200 15292 boxmarkdigital.com "-" "Mozilla/5.0 AppleWebKit/537.36 (KHTML, like Gecko; compatible; ClaudeBot/1.0; +claudebot@anthropic.com)" "-"
66.249.64.0 - - [19/Oct/2025:01:11:58 -0400] "GET /entity/1035229002.shtm HTTP/1.1" 200 199023 boxmarkdigital.com "-" "Mozilla/5.0 (Linux; Android 6.0.1; Nexus 5X Build/MMB29P) AppleWebKit/537.36 (KHTML, like Gecko) Chrome/140.0.7339.207 Mobile Safari/537.36 (compatible; GoogleOther)" "-"
20.171.207.0 - - [19/Oct/2025:01:11:59 -0400] "GET /?fileloc=//kunden/bin/expr&path=//kunden/bin HTTP/1.1" 200 12234 boxmarkdigital.com "-" "Mozilla/5.0 AppleWebKit/537.36 (KHTML, like Gecko; compatible; GPTBot/1.2; +https://openai.com/gptbot)" "-"
216.73.216.0 - - [19/Oct/2025:01:11:59 -0400] "GET /chicago-seo-company?fileloc=%2Fhomepages%2F10%2Fd573043092%2Fhtdocs%2Fmanzosburger.com%2Fwp-config-sample.php&path=%2Fhomepages%2F10%2Fd573043092%2Fhtdocs%2Fmanzosburger.com HTTP/1.1" 200 15851 boxmarkdigital.com "-" "Mozilla/5.0 AppleWebKit/537.36 (KHTML, like Gecko; compatible; ClaudeBot/1.0; +claudebot@anthropic.com)" "-"
216.73.216.0 - - [19/Oct/2025:01:12:02 -0400] "GET /chicago-seo-company?fileloc=%2Fhomepages%2F10%2Fd573043092%2Fhtdocs%2Fmanzosburger.com%2Fwp-cron.php&path=%2Fhomepages%2F10%2Fd573043092%2Fhtdocs%2Fmanzosburger.com HTTP/1.1" 200 18170 boxmarkdigital.com "-" "Mozilla/5.0 AppleWebKit/537.36 (KHTML, like Gecko; compatible; ClaudeBot/1.0; +claudebot@anthropic.com)" "-"
20.171.207.0 - - [19/Oct/2025:01:12:02 -0400] "GET /?fileloc=//kunden/bin/delv&path=//kunden/bin HTTP/1.1" 200 12234 boxmarkdigital.com "-" "Mozilla/5.0 AppleWebKit/537.36 (KHTML, like Gecko; compatible; GPTBot/1.2; +https://openai.com/gptbot)" "-"
216.73.216.0 - - [19/Oct/2025:01:12:05 -0400] "GET /chicago-seo-company?fileloc=%2Fhomepages%2F10%2Fd573043092%2Fhtdocs%2Fmanzosburger.com%2Fwp-blog-header.php&path=%2Fhomepages%2F10%2Fd573043092%2Fhtdocs%2Fmanzosburger.com HTTP/1.1" 200 12844 boxmarkdigital.com "-" "Mozilla/5.0 AppleWebKit/537.36 (KHTML, like Gecko; compatible; ClaudeBot/1.0; +claudebot@anthropic.com)" "-"
20.171.207.0 - - [19/Oct/2025:01:12:06 -0400] "GET /?fileloc=//kunden/bin/egrep&path=//kunden/bin HTTP/1.1" 200 12273 boxmarkdigital.com "-" "Mozilla/5.0 AppleWebKit/537.36 (KHTML, like Gecko; compatible; GPTBot/1.2; +https://openai.com/gptbot)" "-"
20.171.207.0 - - [19/Oct/2025:01:12:09 -0400] "GET /?fileloc=//kunden/bin/pamoil&path=//kunden/bin HTTP/1.1" 200 12236 boxmarkdigital.com "-" "Mozilla/5.0 AppleWebKit/537.36 (KHTML, like Gecko; compatible; GPTBot/1.2; +https://openai.com/gptbot)" "-"
20.171.207.0 - - [19/Oct/2025:01:12:12 -0400] "GET /?fileloc=//kunden/bin/gsnd&path=//kunden/bin HTTP/1.1" 200 12581 boxmarkdigital.com "-" "Mozilla/5.0 AppleWebKit/537.36 (KHTML, like Gecko; compatible; GPTBot/1.2; +https://openai.com/gptbot)" "-"
20.171.207.0 - - [19/Oct/2025:01:12:15 -0400] "GET /?fileloc=//kunden/bin/dvipdf&path=//kunden/bin HTTP/1.1" 200 13386 boxmarkdigital.com "-" "Mozilla/5.0 AppleWebKit/537.36 (KHTML, like Gecko; compatible; GPTBot/1.2; +https://openai.com/gptbot)" "-"
66.249.64.0 - - [19/Oct/2025:01:12:17 -0400] "GET /entity/1616474675.shtm HTTP/1.1" 200 208216 boxmarkdigital.com "-" "Mozilla/5.0 (Linux; Android 6.0.1; Nexus 5X Build/MMB29P) AppleWebKit/537.36 (KHTML, like Gecko) Chrome/140.0.7339.207 Mobile Safari/537.36 (compatible; GoogleOther)" "-"
20.171.207.0 - - [19/Oct/2025:01:12:19 -0400] "GET /?fileloc=//kunden/bin/piconv&path=//kunden/bin HTTP/1.1" 200 21152 boxmarkdigital.com "-" "Mozilla/5.0 AppleWebKit/537.36 (KHTML, like Gecko; compatible; GPTBot/1.2; +https://openai.com/gptbot)" "-"
2a03:2880:f800:: - - [19/Oct/2025:01:12:20 -0400] "GET /drain-cleaning-chicago HTTP/1.1" 500 - abarcasewer.com "-" "meta-externalagent/1.1 (+https://developers.facebook.com/docs/sharing/webmasters/crawler)" "-"
66.249.64.0 - - [19/Oct/2025:01:12:22 -0400] "GET /entity/470363036.shtm HTTP/1.1" 200 199161 boxmarkdigital.com "-" "Mozilla/5.0 (Linux; Android 6.0.1; Nexus 5X Build/MMB29P) AppleWebKit/537.36 (KHTML, like Gecko) Chrome/140.0.7339.207 Mobile Safari/537.36 (compatible; GoogleOther)" "-"
20.171.207.0 - - [19/Oct/2025:01:12:22 -0400] "GET /?fileloc=//kunden/bin/iconv&path=//kunden/bin HTTP/1.1" 200 12235 boxmarkdigital.com "-" "Mozilla/5.0 AppleWebKit/537.36 (KHTML, like Gecko; compatible; GPTBot/1.2; +https://openai.com/gptbot)" "-"
66.249.64.0 - - [19/Oct/2025:01:12:23 -0400] "GET /entity/465513737.shtm HTTP/1.1" 200 198969 boxmarkdigital.com "-" "Mozilla/5.0 (Linux; Android 6.0.1; Nexus 5X Build/MMB29P) AppleWebKit/537.36 (KHTML, like Gecko) Chrome/140.0.7339.207 Mobile Safari/537.36 (compatible; Googlebot/2.1; +http://www.google.com/bot.html)" "-"
66.249.64.0 - - [19/Oct/2025:01:12:24 -0400] "GET /entity/467910552.shtm HTTP/1.1" 200 197723 boxmarkdigital.com "-" "Mozilla/5.0 (Linux; Android 6.0.1; Nexus 5X Build/MMB29P) AppleWebKit/537.36 (KHTML, like Gecko) Chrome/140.0.7339.207 Mobile Safari/537.36 (compatible; GoogleOther)" "-"
20.171.207.0 - - [19/Oct/2025:01:12:25 -0400] "GET /?fileloc=//kunden/bin/basenc&path=//kunden/bin HTTP/1.1" 200 12236 boxmarkdigital.com "-" "Mozilla/5.0 AppleWebKit/537.36 (KHTML, like Gecko; compatible; GPTBot/1.2; +https://openai.com/gptbot)" "-"
66.249.70.0 - - [19/Oct/2025:01:12:27 -0400] "GET /robots.txt HTTP/1.1" 500 - abarcasewer.com "-" "Mozilla/5.0 (compatible; Googlebot/2.1; +http://www.google.com/bot.html)" "-"
20.171.207.0 - - [19/Oct/2025:01:12:28 -0400] "GET /?fileloc=//kunden/bin/rename&path=//kunden/bin HTTP/1.1" 200 16477 boxmarkdigital.com "-" "Mozilla/5.0 AppleWebKit/537.36 (KHTML, like Gecko; compatible; GPTBot/1.2; +https://openai.com/gptbot)" "-"
20.171.207.0 - - [19/Oct/2025:01:12:31 -0400] "GET /?fileloc=//kunden/bin/unxz&path=//kunden/bin HTTP/1.1" 200 12234 boxmarkdigital.com "-" "Mozilla/5.0 AppleWebKit/537.36 (KHTML, like Gecko; compatible; GPTBot/1.2; +https://openai.com/gptbot)" "-"
20.171.207.0 - - [19/Oct/2025:01:12:34 -0400] "GET /?fileloc=//kunden/bin/lsns&path=//kunden/bin HTTP/1.1" 200 12234 boxmarkdigital.com "-" "Mozilla/5.0 AppleWebKit/537.36 (KHTML, like Gecko; compatible; GPTBot/1.2; +https://openai.com/gptbot)" "-"
66.249.64.0 - - [19/Oct/2025:01:12:35 -0400] "GET /entity/927557834.shtm HTTP/1.1" 200 197910 boxmarkdigital.com "-" "Mozilla/5.0 (Linux; Android 6.0.1; Nexus 5X Build/MMB29P) AppleWebKit/537.36 (KHTML, like Gecko) Chrome/140.0.7339.207 Mobile Safari/537.36 (compatible; GoogleOther)" "-"
114.119.158.0 - - [19/Oct/2025:01:12:37 -0400] "GET /23153-2?path=/homepages/10/d573043092/htdocs/clickandbuilds HTTP/1.1" 200 37559 boxmarkdigital.com "https://boxmarkdigital.com/23153-2" "Mozilla/5.0 (Linux; Android 7.0;) AppleWebKit/537.36 (KHTML, like Gecko) Mobile Safari/537.36 (compatible; PetalBot;+https://webmaster.petalsearch.com/site/petalbot)" "-"
20.171.207.0 - - [19/Oct/2025:01:12:37 -0400] "GET /?fileloc=//kunden/bin/split&path=//kunden/bin HTTP/1.1" 200 12235 boxmarkdigital.com "-" "Mozilla/5.0 AppleWebKit/537.36 (KHTML, like Gecko; compatible; GPTBot/1.2; +https://openai.com/gptbot)" "-"
20.171.207.0 - - [19/Oct/2025:01:12:40 -0400] "GET /?fileloc=//usr/sbin/filefrag&path=//usr/sbin HTTP/1.1" 200 12229 boxmarkdigital.com "-" "Mozilla/5.0 AppleWebKit/537.36 (KHTML, like Gecko; compatible; GPTBot/1.2; +https://openai.com/gptbot)" "-"
20.171.207.0 - - [19/Oct/2025:01:12:44 -0400] "GET /?fileloc=//kunden/bin/zrun&path=//kunden/bin HTTP/1.1" 200 14975 boxmarkdigital.com "-" "Mozilla/5.0 AppleWebKit/537.36 (KHTML, like Gecko; compatible; GPTBot/1.2; +https://openai.com/gptbot)" "-"
160.22.157.0 - - [19/Oct/2025:01:12:45 -0400] "GET /wp-login.php HTTP/1.1" 200 61284 boxmarkdigital.com "-" "Mozilla/5.0 (Windows NT 10.0; Win64; x64) AppleWebKit/537.36 (KHTML, like Gecko) Chrome/87.0.4280.141 Safari/537.36" "-"
2a02:6ea0:c800:: - - [19/Oct/2025:01:12:46 -0400] "POST /wp-login.php HTTP/1.1" 200 61284 boxmarkdigital.com "-" "Mozilla/5.0 (Windows NT 10.0; Win64; x64) AppleWebKit/537.36 (KHTML, like Gecko) Chrome/87.0.4280.141 Safari/537.36" "-"
20.171.207.0 - - [19/Oct/2025:01:12:47 -0400] "GET /?fileloc=//kunden/bin/precat&path=//kunden/bin HTTP/1.1" 200 18677 boxmarkdigital.com "-" "Mozilla/5.0 AppleWebKit/537.36 (KHTML, like Gecko; compatible; GPTBot/1.2; +https://openai.com/gptbot)" "-"
66.249.64.0 - - [19/Oct/2025:01:12:49 -0400] "GET /entity/735990094.shtm HTTP/1.1" 200 196000 boxmarkdigital.com "-" "Mozilla/5.0 (Linux; Android 6.0.1; Nexus 5X Build/MMB29P) AppleWebKit/537.36 (KHTML, like Gecko) Chrome/140.0.7339.207 Mobile Safari/537.36 (compatible; GoogleOther)" "-"
20.171.207.0 - - [19/Oct/2025:01:12:50 -0400] "GET /?fileloc=//kunden/bin/slogin&path=//kunden/bin HTTP/1.1" 200 12236 boxmarkdigital.com "-" "Mozilla/5.0 AppleWebKit/537.36 (KHTML, like Gecko; compatible; GPTBot/1.2; +https://openai.com/gptbot)" "-"
17.241.227.0 - - [19/Oct/2025:01:12:52 -0400] "GET /robots.txt HTTP/1.1" 200 88 boxmarkdigital.com "-" "Mozilla/5.0 (Macintosh; Intel Mac OS X 10_15_7) AppleWebKit/605.1.15 (KHTML, like Gecko) Version/17.4 Safari/605.1.15 (Applebot/0.1; +http://www.apple.com/go/applebot)" "-"
17.241.227.0 - - [19/Oct/2025:01:12:52 -0400] "GET /adaptability-of-monthly-seo-to-technological-evolution HTTP/1.1" 200 61284 boxmarkdigital.com "-" "Mozilla/5.0 (Macintosh; Intel Mac OS X 10_15_7) AppleWebKit/605.1.15 (KHTML, like Gecko) Version/17.4 Safari/605.1.15 (Applebot/0.1; +http://www.apple.com/go/applebot)" "-"
66.249.64.0 - - [19/Oct/2025:01:12:53 -0400] "GET /entity/728475519.shtm HTTP/1.1" 200 198913 boxmarkdigital.com "-" "Mozilla/5.0 (Linux; Android 6.0.1; Nexus 5X Build/MMB29P) AppleWebKit/537.36 (KHTML, like Gecko) Chrome/140.0.7339.207 Mobile Safari/537.36 (compatible; GoogleOther)" "-"
20.171.207.0 - - [19/Oct/2025:01:12:53 -0400] "GET /?fileloc=//kunden/bin/write&path=//kunden/bin HTTP/1.1" 200 12235 boxmarkdigital.com "-" "Mozilla/5.0 AppleWebKit/537.36 (KHTML, like Gecko; compatible; GPTBot/1.2; +https://openai.com/gptbot)" "-"
20.171.207.0 - - [19/Oct/2025:01:12:56 -0400] "GET /?fileloc=//kunden/bin/sync&path=//kunden/bin HTTP/1.1" 200 12234 boxmarkdigital.com "-" "Mozilla/5.0 AppleWebKit/537.36 (KHTML, like Gecko; compatible; GPTBot/1.2; +https://openai.com/gptbot)" "-"
5.255.231.0 - - [19/Oct/2025:01:12:56 -0400] "GET /robots.txt HTTP/1.1" 429 227 abarcasewer.com "-" "Mozilla/5.0 (compatible; YandexBot/3.0; +http://yandex.com/bots)" "-"
66.249.64.0 - - [19/Oct/2025:01:12:58 -0400] "GET /entity/470363174.shtm HTTP/1.1" 200 200738 boxmarkdigital.com "-" "Mozilla/5.0 (Linux; Android 6.0.1; Nexus 5X Build/MMB29P) AppleWebKit/537.36 (KHTML, like Gecko) Chrome/140.0.7339.207 Mobile Safari/537.36 (compatible; GoogleOther)" "-"
20.171.207.0 - - [19/Oct/2025:01:12:59 -0400] "GET /?fileloc=//kunden/bin/aspell&path=//kunden/bin HTTP/1.1" 200 12236 boxmarkdigital.com "-" "Mozilla/5.0 AppleWebKit/537.36 (KHTML, like Gecko; compatible; GPTBot/1.2; +https://openai.com/gptbot)" "-"
66.249.64.0 - - [19/Oct/2025:01:13:00 -0400] "GET /entity/470387507.shtm HTTP/1.1" 200 201022 boxmarkdigital.com "-" "Mozilla/5.0 (Linux; Android 6.0.1; Nexus 5X Build/MMB29P) AppleWebKit/537.36 (KHTML, like Gecko) Chrome/140.0.7339.207 Mobile Safari/537.36 (compatible; GoogleOther)" "-"
20.171.207.0 - - [19/Oct/2025:01:13:03 -0400] "GET /?fileloc=//kunden/bin/cmake&path=//kunden/bin HTTP/1.1" 200 12235 boxmarkdigital.com "-" "Mozilla/5.0 AppleWebKit/537.36 (KHTML, like Gecko; compatible; GPTBot/1.2; +https://openai.com/gptbot)" "-"
20.171.207.0 - - [19/Oct/2025:01:13:06 -0400] "GET /?fileloc=//kunden/bin/ctest&path=//kunden/bin HTTP/1.1" 200 12235 boxmarkdigital.com "-" "Mozilla/5.0 AppleWebKit/537.36 (KHTML, like Gecko; compatible; GPTBot/1.2; +https://openai.com/gptbot)" "-"
20.171.207.0 - - [19/Oct/2025:01:13:09 -0400] "GET /?fileloc=//kunden/bin/paste&path=//kunden/bin HTTP/1.1" 200 12235 boxmarkdigital.com "-" "Mozilla/5.0 AppleWebKit/537.36 (KHTML, like Gecko; compatible; GPTBot/1.2; +https://openai.com/gptbot)" "-"
66.249.64.0 - - [19/Oct/2025:01:13:11 -0400] "GET /entity/421192423.shtm HTTP/1.1" 200 201936 boxmarkdigital.com "-" "Mozilla/5.0 (Linux; Android 6.0.1; Nexus 5X Build/MMB29P) AppleWebKit/537.36 (KHTML, like Gecko) Chrome/140.0.7339.207 Mobile Safari/537.36 (compatible; GoogleOther)" "-"
20.171.207.0 - - [19/Oct/2025:01:13:12 -0400] "GET /?fileloc=//kunden/bin/csplit&path=//kunden/bin HTTP/1.1" 200 12236 boxmarkdigital.com "-" "Mozilla/5.0 AppleWebKit/537.36 (KHTML, like Gecko; compatible; GPTBot/1.2; +https://openai.com/gptbot)" "-"
20.171.207.0 - - [19/Oct/2025:01:13:15 -0400] "GET /?fileloc=//kunden/bin/tiffcp&path=//kunden/bin HTTP/1.1" 200 12236 boxmarkdigital.com "-" "Mozilla/5.0 AppleWebKit/537.36 (KHTML, like Gecko; compatible; GPTBot/1.2; +https://openai.com/gptbot)" "-"
20.171.207.0 - - [19/Oct/2025:01:13:18 -0400] "GET /?fileloc=//kunden/bin/ruby&path=//kunden/bin HTTP/1.1" 200 12234 boxmarkdigital.com "-" "Mozilla/5.0 AppleWebKit/537.36 (KHTML, like Gecko; compatible; GPTBot/1.2; +https://openai.com/gptbot)" "-"
20.171.207.0 - - [19/Oct/2025:01:13:22 -0400] "GET /?fileloc=//kunden/run/utmp&path=//kunden/run HTTP/1.1" 200 12234 boxmarkdigital.com "-" "Mozilla/5.0 AppleWebKit/537.36 (KHTML, like Gecko; compatible; GPTBot/1.2; +https://openai.com/gptbot)" "-"
20.171.207.0 - - [19/Oct/2025:01:13:25 -0400] "GET /?fileloc=//kunden/bin/python&path=//kunden/bin HTTP/1.1" 200 12236 boxmarkdigital.com "-" "Mozilla/5.0 AppleWebKit/537.36 (KHTML, like Gecko; compatible; GPTBot/1.2; +https://openai.com/gptbot)" "-"
20.171.207.0 - - [19/Oct/2025:01:13:28 -0400] "GET /?fileloc=//kunden/bin/lsmem&path=//kunden/bin HTTP/1.1" 200 12235 boxmarkdigital.com "-" "Mozilla/5.0 AppleWebKit/537.36 (KHTML, like Gecko; compatible; GPTBot/1.2; +https://openai.com/gptbot)" "-"
66.249.64.0 - - [19/Oct/2025:01:13:30 -0400] "GET /entity/275919200.shtm HTTP/1.1" 200 200623 boxmarkdigital.com "-" "Mozilla/5.0 (Linux; Android 6.0.1; Nexus 5X Build/MMB29P) AppleWebKit/537.36 (KHTML, like Gecko) Chrome/140.0.7339.207 Mobile Safari/537.36 (compatible; GoogleOther)" "-"
20.171.207.0 - - [19/Oct/2025:01:13:31 -0400] "GET /?fileloc=//kunden/bin/djpeg&path=//kunden/bin HTTP/1.1" 200 12235 boxmarkdigital.com "-" "Mozilla/5.0 AppleWebKit/537.36 (KHTML, like Gecko; compatible; GPTBot/1.2; +https://openai.com/gptbot)" "-"
66.249.64.0 - - [19/Oct/2025:01:13:34 -0400] "GET /entity/498787658.shtm HTTP/1.1" 200 199129 boxmarkdigital.com "-" "Mozilla/5.0 (Linux; Android 6.0.1; Nexus 5X Build/MMB29P) AppleWebKit/537.36 (KHTML, like Gecko) Chrome/140.0.7339.207 Mobile Safari/537.36 (compatible; GoogleOther)" "-"
20.171.207.0 - - [19/Oct/2025:01:13:35 -0400] "GET /?fileloc=//kunden/bin/pphs&path=//kunden/bin HTTP/1.1" 200 12708 boxmarkdigital.com "-" "Mozilla/5.0 AppleWebKit/537.36 (KHTML, like Gecko; compatible; GPTBot/1.2; +https://openai.com/gptbot)" "-"
66.249.64.0 - - [19/Oct/2025:01:13:35 -0400] "GET /entity/467998409.shtm HTTP/1.1" 200 197165 boxmarkdigital.com "-" "Mozilla/5.0 (Linux; Android 6.0.1; Nexus 5X Build/MMB29P) AppleWebKit/537.36 (KHTML, like Gecko) Chrome/140.0.7339.207 Mobile Safari/537.36 (compatible; GoogleOther)" "-"
20.171.207.0 - - [19/Oct/2025:01:13:38 -0400] "GET /?fileloc=//kunden/bin/sponge&path=//kunden/bin HTTP/1.1" 200 12236 boxmarkdigital.com "-" "Mozilla/5.0 AppleWebKit/537.36 (KHTML, like Gecko; compatible; GPTBot/1.2; +https://openai.com/gptbot)" "-"
20.171.207.0 - - [19/Oct/2025:01:13:41 -0400] "GET /?fileloc=//kunden/bin/webpng&path=//kunden/bin HTTP/1.1" 200 12236 boxmarkdigital.com "-" "Mozilla/5.0 AppleWebKit/537.36 (KHTML, like Gecko; compatible; GPTBot/1.2; +https://openai.com/gptbot)" "-"
66.249.70.0 - - [19/Oct/2025:01:13:42 -0400] "GET /robots.txt HTTP/1.1" 500 - abarcasewer.com "-" "Mozilla/5.0 (compatible; Googlebot/2.1; +http://www.google.com/bot.html)" "-"
20.171.207.0 - - [19/Oct/2025:01:13:44 -0400] "GET /?fileloc=//kunden/bin/users&path=//kunden/bin HTTP/1.1" 200 12235 boxmarkdigital.com "-" "Mozilla/5.0 AppleWebKit/537.36 (KHTML, like Gecko; compatible; GPTBot/1.2; +https://openai.com/gptbot)" "-"
20.171.207.0 - - [19/Oct/2025:01:13:47 -0400] "GET /?fileloc=//kunden/bin/watch&path=//kunden/bin HTTP/1.1" 200 12235 boxmarkdigital.com "-" "Mozilla/5.0 AppleWebKit/537.36 (KHTML, like Gecko; compatible; GPTBot/1.2; +https://openai.com/gptbot)" "-"
66.249.64.0 - - [19/Oct/2025:01:13:48 -0400] "GET /entity/51294837.shtm HTTP/1.1" 200 200558 boxmarkdigital.com "-" "Mozilla/5.0 (Linux; Android 6.0.1; Nexus 5X Build/MMB29P) AppleWebKit/537.36 (KHTML, like Gecko) Chrome/140.0.7339.207 Mobile Safari/537.36 (compatible; GoogleOther)" "-"
20.171.207.0 - - [19/Oct/2025:01:13:50 -0400] "GET /?fileloc=//kunden/bin/pnmcat&path=//kunden/bin HTTP/1.1" 200 12236 boxmarkdigital.com "-" "Mozilla/5.0 AppleWebKit/537.36 (KHTML, like Gecko; compatible; GPTBot/1.2; +https://openai.com/gptbot)" "-"
216.73.216.0 - - [19/Oct/2025:01:13:53 -0400] "GET /chicago-seo-company?fileloc=%2Fhomepages%2F10%2Fd573043092%2Fhtdocs%2Fmanzosburger.com%2Fwp-signup.php&path=%2Fhomepages%2F10%2Fd573043092%2Fhtdocs%2Fmanzosburger.com HTTP/1.1" 200 50372 boxmarkdigital.com "-" "Mozilla/5.0 AppleWebKit/537.36 (KHTML, like Gecko; compatible; ClaudeBot/1.0; +claudebot@anthropic.com)" "-"
20.171.207.0 - - [19/Oct/2025:01:13:54 -0400] "GET /?fileloc=//kunden/bin/lzop&path=//kunden/bin HTTP/1.1" 200 12234 boxmarkdigital.com "-" "Mozilla/5.0 AppleWebKit/537.36 (KHTML, like Gecko; compatible; GPTBot/1.2; +https://openai.com/gptbot)" "-"
216.73.216.0 - - [19/Oct/2025:01:13:56 -0400] "GET /chicago-seo-company?fileloc=%2Fhomepages%2F10%2Fd573043092%2Fhtdocs%2Fmanzosburger.com%2Fwp-comments-post.php&path=%2Fhomepages%2F10%2Fd573043092%2Fhtdocs%2Fmanzosburger.com HTTP/1.1" 200 14886 boxmarkdigital.com "-" "Mozilla/5.0 AppleWebKit/537.36 (KHTML, like Gecko; compatible; ClaudeBot/1.0; +claudebot@anthropic.com)" "-"
20.171.207.0 - - [19/Oct/2025:01:13:57 -0400] "GET /?fileloc=//kunden/bin/arch&path=//kunden/bin HTTP/1.1" 200 12234 boxmarkdigital.com "-" "Mozilla/5.0 AppleWebKit/537.36 (KHTML, like Gecko; compatible; GPTBot/1.2; +https://openai.com/gptbot)" "-"
216.73.216.0 - - [19/Oct/2025:01:13:59 -0400] "GET /chicago-seo-company?path=%2Fhomepages%2F10%2Fd573043092%2Fhtdocs%2Fmanzosburger.com%2Fwp-content HTTP/1.1" 200 26605 boxmarkdigital.com "-" "Mozilla/5.0 AppleWebKit/537.36 (KHTML, like Gecko; compatible; ClaudeBot/1.0; +claudebot@anthropic.com)" "-"
20.171.207.0 - - [19/Oct/2025:01:14:00 -0400] "GET /?fileloc=//kunden/bin/gmake&path=//kunden/bin HTTP/1.1" 200 12235 boxmarkdigital.com "-" "Mozilla/5.0 AppleWebKit/537.36 (KHTML, like Gecko; compatible; GPTBot/1.2; +https://openai.com/gptbot)" "-"
216.73.216.0 - - [19/Oct/2025:01:14:02 -0400] "GET /chicago-seo-company?fileloc=%2Fhomepages%2F10%2Fd573043092%2Fhtdocs%2Fmanzosburger.com%2Fwp-load.php&path=%2Fhomepages%2F10%2Fd573043092%2Fhtdocs%2Fmanzosburger.com HTTP/1.1" 200 16593 boxmarkdigital.com "-" "Mozilla/5.0 AppleWebKit/537.36 (KHTML, like Gecko; compatible; ClaudeBot/1.0; +claudebot@anthropic.com)" "-"
20.171.207.0 - - [19/Oct/2025:01:14:03 -0400] "GET /?fileloc=//kunden/bin/unzstd&path=//kunden/bin HTTP/1.1" 200 12236 boxmarkdigital.com "-" "Mozilla/5.0 AppleWebKit/537.36 (KHTML, like Gecko; compatible; GPTBot/1.2; +https://openai.com/gptbot)" "-"
216.73.216.0 - - [19/Oct/2025:01:14:05 -0400] "GET /chicago-seo-company?fileloc=%2Fhomepages%2F10%2Fd573043092%2Fhtdocs%2Fmanzosburger.com%2Fwp-settings.php&path=%2Fhomepages%2F10%2Fd573043092%2Fhtdocs%2Fmanzosburger.com HTTP/1.1" 200 41584 boxmarkdigital.com "-" "Mozilla/5.0 AppleWebKit/537.36 (KHTML, like Gecko; compatible; ClaudeBot/1.0; +claudebot@anthropic.com)" "-"
66.249.64.0 - - [19/Oct/2025:01:14:06 -0400] "GET /entity/691312237.shtm HTTP/1.1" 200 205394 boxmarkdigital.com "-" "Mozilla/5.0 (Linux; Android 6.0.1; Nexus 5X Build/MMB29P) AppleWebKit/537.36 (KHTML, like Gecko) Chrome/140.0.7339.207 Mobile Safari/537.36 (compatible; GoogleOther)" "-"
20.171.207.0 - - [19/Oct/2025:01:14:06 -0400] "GET /?fileloc=//kunden/bin/mktemp&path=//kunden/bin HTTP/1.1" 200 12236 boxmarkdigital.com "-" "Mozilla/5.0 AppleWebKit/537.36 (KHTML, like Gecko; compatible; GPTBot/1.2; +https://openai.com/gptbot)" "-"
216.73.216.0 - - [19/Oct/2025:01:14:08 -0400] "GET /chicago-seo-company?fileloc=%2Fhomepages%2F10%2Fd573043092%2Fhtdocs%2Fmanzosburger.com%2Fwp-mail.php&path=%2Fhomepages%2F10%2Fd573043092%2Fhtdocs%2Fmanzosburger.com HTTP/1.1" 200 21311 boxmarkdigital.com "-" "Mozilla/5.0 AppleWebKit/537.36 (KHTML, like Gecko; compatible; ClaudeBot/1.0; +claudebot@anthropic.com)" "-"
66.249.64.0 - - [19/Oct/2025:01:14:10 -0400] "GET /entity/470413304.shtm HTTP/1.1" 200 200287 boxmarkdigital.com "-" "Mozilla/5.0 (Linux; Android 6.0.1; Nexus 5X Build/MMB29P) AppleWebKit/537.36 (KHTML, like Gecko) Chrome/140.0.7339.207 Mobile Safari/537.36 (compatible; GoogleOther)" "-"
20.171.207.0 - - [19/Oct/2025:01:14:10 -0400] "GET /?fileloc=//kunden/bin/lzdiff&path=//kunden/bin HTTP/1.1" 200 20162 boxmarkdigital.com "-" "Mozilla/5.0 AppleWebKit/537.36 (KHTML, like Gecko; compatible; GPTBot/1.2; +https://openai.com/gptbot)" "-"
66.249.64.0 - - [19/Oct/2025:01:14:11 -0400] "GET /entity/470385988.shtm HTTP/1.1" 200 196559 boxmarkdigital.com "-" "Mozilla/5.0 (Linux; Android 6.0.1; Nexus 5X Build/MMB29P) AppleWebKit/537.36 (KHTML, like Gecko) Chrome/140.0.7339.207 Mobile Safari/537.36 (compatible; GoogleOther)" "-"
216.73.216.0 - - [19/Oct/2025:01:14:11 -0400] "GET /chicago-seo-company?fileloc=%2Fhomepages%2F10%2Fd573043092%2Fhtdocs%2Fmanzosburger.com%2Fwp-trackback.php&path=%2Fhomepages%2F10%2Fd573043092%2Fhtdocs%2Fmanzosburger.com HTTP/1.1" 200 17881 boxmarkdigital.com "-" "Mozilla/5.0 AppleWebKit/537.36 (KHTML, like Gecko; compatible; ClaudeBot/1.0; +claudebot@anthropic.com)" "-"
20.171.207.0 - - [19/Oct/2025:01:14:13 -0400] "GET /?fileloc=//kunden/bin/chrt&path=//kunden/bin HTTP/1.1" 200 12234 boxmarkdigital.com "-" "Mozilla/5.0 AppleWebKit/537.36 (KHTML, like Gecko; compatible; GPTBot/1.2; +https://openai.com/gptbot)" "-"
20.171.207.0 - - [19/Oct/2025:01:14:16 -0400] "GET /?fileloc=//kunden/bin/flock&path=//kunden/bin HTTP/1.1" 200 12235 boxmarkdigital.com "-" "Mozilla/5.0 AppleWebKit/537.36 (KHTML, like Gecko; compatible; GPTBot/1.2; +https://openai.com/gptbot)" "-"
20.171.207.0 - - [19/Oct/2025:01:14:19 -0400] "GET /?path=//kunden/usr/lib/x86_64-linux-gnu/diet HTTP/1.1" 200 14229 boxmarkdigital.com "-" "Mozilla/5.0 AppleWebKit/537.36 (KHTML, like Gecko; compatible; GPTBot/1.2; +https://openai.com/gptbot)" "-"
20.171.207.0 - - [19/Oct/2025:01:14:22 -0400] "GET /?path=//kunden/usr/lib/x86_64-linux-musl/bin HTTP/1.1" 200 14323 boxmarkdigital.com "-" "Mozilla/5.0 AppleWebKit/537.36 (KHTML, like Gecko; compatible; GPTBot/1.2; +https://openai.com/gptbot)" "-"
66.249.64.0 - - [19/Oct/2025:01:14:24 -0400] "GET /entity/1528705660.shtm HTTP/1.1" 200 202502 boxmarkdigital.com "-" "Mozilla/5.0 (Linux; Android 6.0.1; Nexus 5X Build/MMB29P) AppleWebKit/537.36 (KHTML, like Gecko) Chrome/140.0.7339.207 Mobile Safari/537.36 (compatible; GoogleOther)" "-"
20.171.207.0 - - [19/Oct/2025:01:14:25 -0400] "GET /?path=//kunden/usr/lib/x86_64-linux-gnu/perl HTTP/1.1" 200 18506 boxmarkdigital.com "-" "Mozilla/5.0 AppleWebKit/537.36 (KHTML, like Gecko; compatible; GPTBot/1.2; +https://openai.com/gptbot)" "-"
20.171.207.0 - - [19/Oct/2025:01:14:28 -0400] "GET /?path=//lib/php8.0/XML/RPC2/Server HTTP/1.1" 200 19988 boxmarkdigital.com "-" "Mozilla/5.0 AppleWebKit/537.36 (KHTML, like Gecko; compatible; GPTBot/1.2; +https://openai.com/gptbot)" "-"
20.171.207.0 - - [19/Oct/2025:01:14:32 -0400] "GET /?path=//kunden/usr/lib/x86_64-linux-gnu/diet/lib-x86_64 HTTP/1.1" 200 14467 boxmarkdigital.com "-" "Mozilla/5.0 AppleWebKit/537.36 (KHTML, like Gecko; compatible; GPTBot/1.2; +https://openai.com/gptbot)" "-"
20.171.207.0 - - [19/Oct/2025:01:14:35 -0400] "GET /?path=//kunden/usr/lib/x86_64-linux-gnu/audit HTTP/1.1" 200 14367 boxmarkdigital.com "-" "Mozilla/5.0 AppleWebKit/537.36 (KHTML, like Gecko; compatible; GPTBot/1.2; +https://openai.com/gptbot)" "-"
177.188.109.0 - - [19/Oct/2025:01:14:38 -0400] "GET /robots.txt HTTP/1.1" 200 88 boxmarkdigital.com "-" "CCBot" "-"
20.171.207.0 - - [19/Oct/2025:01:14:38 -0400] "GET /?path=//usr/lib/x86_64-linux-gnu/perl/5.32/auto/attributes HTTP/1.1" 200 14562 boxmarkdigital.com "-" "Mozilla/5.0 AppleWebKit/537.36 (KHTML, like Gecko; compatible; GPTBot/1.2; +https://openai.com/gptbot)" "-"
179.42.23.0 - - [19/Oct/2025:01:14:39 -0400] "GET /robots.txt HTTP/1.1" 200 88 boxmarkdigital.com "-" "CCBot" "-"
20.171.207.0 - - [19/Oct/2025:01:14:41 -0400] "GET /?fileloc=//usr/bin/gcc-nm-10&path=//usr/bin HTTP/1.1" 200 12227 boxmarkdigital.com "-" "Mozilla/5.0 AppleWebKit/537.36 (KHTML, like Gecko; compatible; GPTBot/1.2; +https://openai.com/gptbot)" "-"
2001:ee0:4500:: - - [19/Oct/2025:01:14:41 -0400] "GET /wp-admin/post.php?post=1827&action=edit HTTP/1.1" 200 188028 boxmarkdigital.com "-" "Mozilla/5.0 (iPhone; CPU iPhone OS 17_1 like Mac OS X) AppleWebKit/605.1.15 (KHTML, like Gecko) EdgiOS/119.0.2151.105 Version/17.0 Mobile/15E148 Safari/604.1" "-"
191.17.31.0 - - [19/Oct/2025:01:14:41 -0400] "GET /wp-admin/post.php?post=852&action=edit HTTP/1.1" 200 188028 boxmarkdigital.com "-" "Mozilla/5.0 (iPhone; CPU iPhone OS 17_3_1 like Mac OS X) AppleWebKit/605.1.15 (KHTML, like Gecko) Version/17.0 EdgiOS/121.2277.107 Mobile/15E148 Safari/605.1.15" "-"
45.168.23.0 - - [19/Oct/2025:01:14:42 -0400] "GET /wp-admin/post.php?post=856&action=edit HTTP/1.1" 200 188028 boxmarkdigital.com "-" "Mozilla/5.0 (iPhone; CPU iPhone OS 17_0_3 like Mac OS X) AppleWebKit/605.1.15 (KHTML, like Gecko) Version/17.0.1 Mobile/15E148 Safari/604.1" "-"
66.249.64.0 - - [19/Oct/2025:01:14:43 -0400] "GET /entity/1388637959.shtm HTTP/1.1" 200 196385 boxmarkdigital.com "-" "Mozilla/5.0 (Linux; Android 6.0.1; Nexus 5X Build/MMB29P) AppleWebKit/537.36 (KHTML, like Gecko) Chrome/140.0.7339.207 Mobile Safari/537.36 (compatible; GoogleOther)" "-"
20.171.207.0 - - [19/Oct/2025:01:14:44 -0400] "GET /?fileloc=//lib/php8.0/XML/RPC2/Server/Input.php&path=//lib/php8.0/XML/RPC2/Server HTTP/1.1" 200 15525 boxmarkdigital.com "-" "Mozilla/5.0 AppleWebKit/537.36 (KHTML, like Gecko; compatible; GPTBot/1.2; +https://openai.com/gptbot)" "-"
15.235.98.0 - - [19/Oct/2025:01:14:44 -0400] "GET /entity/295129775.shtm?path=/homepages/10/d573043092 HTTP/1.1" 200 32774 boxmarkdigital.com "-" "Mozilla/5.0 (compatible; AhrefsBot/7.0; +http://ahrefs.com/robot/)" "-"
66.249.64.0 - - [19/Oct/2025:01:14:46 -0400] "GET /entity/498769450.shtm HTTP/1.1" 200 202308 boxmarkdigital.com "-" "Mozilla/5.0 (Linux; Android 6.0.1; Nexus 5X Build/MMB29P) AppleWebKit/537.36 (KHTML, like Gecko) Chrome/140.0.7339.207 Mobile Safari/537.36 (compatible; GoogleOther)" "-"
186.249.196.0 - - [19/Oct/2025:01:14:46 -0400] "GET /wp-admin/post.php?post=688&action=edit HTTP/1.1" 200 188028 boxmarkdigital.com "-" "Mozilla/5.0 (Linux; Android 10; K) AppleWebKit/537.36 (KHTML, like Gecko) Chrome/122.0.0.0 Mobile Safari/537.36" "-"
66.249.64.0 - - [19/Oct/2025:01:14:47 -0400] "GET /entity/470424489.shtm HTTP/1.1" 200 202618 boxmarkdigital.com "-" "Mozilla/5.0 (Linux; Android 6.0.1; Nexus 5X Build/MMB29P) AppleWebKit/537.36 (KHTML, like Gecko) Chrome/140.0.7339.207 Mobile Safari/537.36 (compatible; GoogleOther)" "-"
216.73.216.0 - - [19/Oct/2025:01:14:47 -0400] "GET /chicago-seo-company?fileloc=%2Fhomepages%2F10%2Fd573043092%2Fhtdocs%2Flogs%2Faccess.log.41.2.gz&path=%2Fhomepages%2F10%2Fd573043092%2Fhtdocs%2Flogs HTTP/1.1" 200 12454 boxmarkdigital.com "-" "Mozilla/5.0 AppleWebKit/537.36 (KHTML, like Gecko; compatible; ClaudeBot/1.0; +claudebot@anthropic.com)" "-"
20.171.207.0 - - [19/Oct/2025:01:14:47 -0400] "GET /?path=//kunden/usr/lib/x86_64-linux-gnu/perl/5.32 HTTP/1.1" 200 120988 boxmarkdigital.com "-" "Mozilla/5.0 AppleWebKit/537.36 (KHTML, like Gecko; compatible; GPTBot/1.2; +https://openai.com/gptbot)" "-"
216.73.216.0 - - [19/Oct/2025:01:14:49 -0400] "GET /chicago-seo-company?fileloc=%2Fhomepages%2F10%2Fd573043092%2Fhtdocs%2Flogs%2Ftraffic.db&path=%2Fhomepages%2F10%2Fd573043092%2Fhtdocs%2Flogs HTTP/1.1" 200 12446 boxmarkdigital.com "-" "Mozilla/5.0 AppleWebKit/537.36 (KHTML, like Gecko; compatible; ClaudeBot/1.0; +claudebot@anthropic.com)" "-"
191.222.63.0 - - [19/Oct/2025:01:14:50 -0400] "GET /wp-admin/post.php?post=2115&action=edit HTTP/1.1" 200 188028 boxmarkdigital.com "-" "Mozilla/5.0 (iPhone; CPU iPhone OS 17_2 like Mac OS X) AppleWebKit/605.1.15 (KHTML, like Gecko) EdgiOS/120.0.2210.126 Version/17.0 Mobile/15E148 Safari/604.1" "-"
20.171.207.0 - - [19/Oct/2025:01:14:51 -0400] "GET /?path=//kunden/usr/lib/x86_64-linux-gnu/perl/cross-config-5.32.1 HTTP/1.1" 200 16141 boxmarkdigital.com "-" "Mozilla/5.0 AppleWebKit/537.36 (KHTML, like Gecko; compatible; GPTBot/1.2; +https://openai.com/gptbot)" "-"
216.73.216.0 - - [19/Oct/2025:01:14:52 -0400] "GET /chicago-seo-company?fileloc=%2Fhomepages%2F10%2Fd573043092%2Fhtdocs%2Flogs%2Fsftp.log.36.gz&path=%2Fhomepages%2F10%2Fd573043092%2Fhtdocs%2Flogs HTTP/1.1" 200 12450 boxmarkdigital.com "-" "Mozilla/5.0 AppleWebKit/537.36 (KHTML, like Gecko; compatible; ClaudeBot/1.0; +claudebot@anthropic.com)" "-"
45.167.104.0 - - [19/Oct/2025:01:14:53 -0400] "GET /wp-admin/post.php?post=1487&action=edit HTTP/1.1" 200 188028 boxmarkdigital.com "-" "Mozilla/5.0 (iPhone; CPU iPhone OS 17_3 like Mac OS X) AppleWebKit/605.1.15 (KHTML, like Gecko) EdgiOS/121.0.2277.107 Version/17.0 Mobile/15E148 Safari/604.1" "-"
20.171.207.0 - - [19/Oct/2025:01:14:54 -0400] "GET /?fileloc=//bin/ppmcolormask&path=//bin HTTP/1.1" 200 12192 boxmarkdigital.com "-" "Mozilla/5.0 AppleWebKit/537.36 (KHTML, like Gecko; compatible; GPTBot/1.2; +https://openai.com/gptbot)" "-"
185.49.20.0 - - [19/Oct/2025:01:14:54 -0400] "POST /xmlrpc.php HTTP/1.1" 301 243 manzosburger.com "http://manzosburger.com" "Mozilla/5.0 (Macintosh; Intel Mac OS X 14_6) AppleWebKit/605.1.15 (KHTML, like Gecko) Version/17.5 Safari/605.1.15" "-"
2001:ee0:4d00:: - - [19/Oct/2025:01:14:55 -0400] "GET /industries HTTP/1.1" 200 61284 boxmarkdigital.com "-" "Mozilla/5.0 (Windows NT 10.0; Win64; x64; rv:123.0) Gecko/20100101 Firefox/123.0" "-"
216.73.216.0 - - [19/Oct/2025:01:14:55 -0400] "GET /chicago-seo-company?fileloc=%2Fhomepages%2F10%2Fd573043092%2Fhtdocs%2Flogs%2Fsftp.log.35.gz&path=%2Fhomepages%2F10%2Fd573043092%2Fhtdocs%2Flogs HTTP/1.1" 200 12450 boxmarkdigital.com "-" "Mozilla/5.0 AppleWebKit/537.36 (KHTML, like Gecko; compatible; ClaudeBot/1.0; +claudebot@anthropic.com)" "-"
74.208.58.0 - - [19/Oct/2025:01:14:55 -0400] "POST /wp-cron.php?doing_wp_cron=1760850895.7186090946197509765625 HTTP/1.1" 200 - www.manzosburger.com "-" "WordPress/6.7.3; https://www.manzosburger.com" "-"
185.49.20.0 - - [19/Oct/2025:01:14:55 -0400] "GET /xmlrpc.php HTTP/1.1" 405 42 manzosburger.com "http://manzosburger.com" "Mozilla/5.0 (Macintosh; Intel Mac OS X 14_6) AppleWebKit/605.1.15 (KHTML, like Gecko) Version/17.5 Safari/605.1.15" "-"
5.255.231.0 - - [19/Oct/2025:01:14:56 -0400] "GET /robots.txt HTTP/1.1" 429 227 abarcasewer.com "-" "Mozilla/5.0 (compatible; YandexBot/3.0; +http://yandex.com/bots)" "-"
20.171.207.0 - - [19/Oct/2025:01:14:57 -0400] "GET /?fileloc=//bin/md5sum.textutils&path=//bin HTTP/1.1" 200 12196 boxmarkdigital.com "-" "Mozilla/5.0 AppleWebKit/537.36 (KHTML, like Gecko; compatible; GPTBot/1.2; +https://openai.com/gptbot)" "-"
37.231.209.0 - - [19/Oct/2025:01:14:58 -0400] "GET /wp-admin/post.php?post=1012&action=edit HTTP/1.1" 200 188028 boxmarkdigital.com "-" "Mozilla/5.0 (Windows NT 10.0; Win64; x64; rv:123.0) Gecko/20100101 Firefox/123.0" "-"
216.73.216.0 - - [19/Oct/2025:01:14:58 -0400] "GET /chicago-seo-company?fileloc=%2Fhomepages%2F10%2Fd573043092%2Fhtdocs%2Flogs%2Finfo.pl&path=%2Fhomepages%2F10%2Fd573043092%2Fhtdocs%2Flogs HTTP/1.1" 200 17903 boxmarkdigital.com "-" "Mozilla/5.0 AppleWebKit/537.36 (KHTML, like Gecko; compatible; ClaudeBot/1.0; +claudebot@anthropic.com)" "-"
2001:ee0:5100:: - - [19/Oct/2025:01:14:59 -0400] "GET /wp-admin/post.php?post=1000&action=edit HTTP/1.1" 200 188028 boxmarkdigital.com "-" "Mozilla/5.0 (Windows NT 10.0; Win64; x64) AppleWebKit/537.36 (KHTML, like Gecko) Chrome/121.0.0.0 Safari/537.36 Edg/121.0.0.0 Unique/97.7.7239.70" "-"
20.171.207.0 - - [19/Oct/2025:01:15:00 -0400] "GET /?fileloc=//kunden/usr/lib/x86_64-linux-gnu/perl/5.32/POSIX.pm&path=//kunden/usr/lib/x86_64-linux-gnu/perl/5.32 HTTP/1.1" 200 33974 boxmarkdigital.com "-" "Mozilla/5.0 AppleWebKit/537.36 (KHTML, like Gecko; compatible; GPTBot/1.2; +https://openai.com/gptbot)" "-"
216.73.216.0 - - [19/Oct/2025:01:15:01 -0400] "GET /chicago-seo-company?fileloc=%2Fhomepages%2F10%2Fd573043092%2Fhtdocs%2Flogs%2F.htaccess&path=%2Fhomepages%2F10%2Fd573043092%2Fhtdocs%2Flogs HTTP/1.1" 200 12652 boxmarkdigital.com "-" "Mozilla/5.0 AppleWebKit/537.36 (KHTML, like Gecko; compatible; ClaudeBot/1.0; +claudebot@anthropic.com)" "-"
187.109.113.0 - - [19/Oct/2025:01:15:02 -0400] "GET /wp-admin/post.php?post=1819&action=edit HTTP/1.1" 200 188028 boxmarkdigital.com "-" "Mozilla/5.0 (Windows NT 10.0; Win64; x64) AppleWebKit/537.36 (KHTML, like Gecko) Chrome/121.0.0.0 Safari/537.36 Edg/121.0.0.0" "-"
20.171.207.0 - - [19/Oct/2025:01:15:04 -0400] "GET /?fileloc=//bin/mysqlanalyze&path=//bin HTTP/1.1" 200 12192 boxmarkdigital.com "-" "Mozilla/5.0 AppleWebKit/537.36 (KHTML, like Gecko; compatible; GPTBot/1.2; +https://openai.com/gptbot)" "-"
216.73.216.0 - - [19/Oct/2025:01:15:04 -0400] "GET /chicago-seo-company?fileloc=%2Fhomepages%2F10%2Fd573043092%2Fhtdocs%2Flogs%2Flast_traffic&path=%2Fhomepages%2F10%2Fd573043092%2Fhtdocs%2Flogs HTTP/1.1" 200 12448 boxmarkdigital.com "-" "Mozilla/5.0 AppleWebKit/537.36 (KHTML, like Gecko; compatible; ClaudeBot/1.0; +claudebot@anthropic.com)" "-"
128.201.181.0 - - [19/Oct/2025:01:15:06 -0400] "GET /industries HTTP/1.1" 200 61284 boxmarkdigital.com "-" "Mozilla/5.0 (iPhone; CPU iPhone OS 17_1 like Mac OS X) AppleWebKit/605.1.15 (KHTML, like Gecko) EdgiOS/120.0.2210.86 Version/17.0 Mobile/15E148 Safari/604.1" "-"
20.171.207.0 - - [19/Oct/2025:01:15:07 -0400] "GET /?path=//kunden/usr/lib/x86_64-linux-gnu/perl/5.32/bits HTTP/1.1" 200 82081 boxmarkdigital.com "-" "Mozilla/5.0 AppleWebKit/537.36 (KHTML, like Gecko; compatible; GPTBot/1.2; +https://openai.com/gptbot)" "-"
189.90.221.0 - - [19/Oct/2025:01:15:08 -0400] "GET /wp-admin/post.php?post=832&action=edit HTTP/1.1" 200 188028 boxmarkdigital.com "-" "Mozilla/5.0 (Windows NT 10.0; Win64; x64) AppleWebKit/537.36 (KHTML, like Gecko) Chrome/121.0.0.0 Safari/537.36 Edg/121.0.0.0 Herring/95.1.1930.31" "-"
20.171.207.0 - - [19/Oct/2025:01:15:10 -0400] "GET /?path=//kunden/usr/lib/x86_64-linux-gnu/perl/5.32/auto HTTP/1.1" 200 61195 boxmarkdigital.com "-" "Mozilla/5.0 AppleWebKit/537.36 (KHTML, like Gecko; compatible; GPTBot/1.2; +https://openai.com/gptbot)" "-"
14.241.236.0 - - [19/Oct/2025:01:15:10 -0400] "GET /the-ultimate-guide-to-slots-bonus-in-online-casinos HTTP/1.1" 200 61284 boxmarkdigital.com "-" "Mozilla/5.0 (Windows NT 10.0; Win64; x64) AppleWebKit/537.36 (KHTML, like Gecko) Chrome/121.0.0.0 Safari/537.36 Edg/121.0.0.0" "-"
119.235.212.0 - - [19/Oct/2025:01:15:11 -0400] "GET /wp-admin/post.php?post=2102&action=edit HTTP/1.1" 200 188028 boxmarkdigital.com "-" "Mozilla/5.0 (iPhone; CPU iPhone OS 17_2 like Mac OS X) AppleWebKit/605.1.15 (KHTML, like Gecko) EdgiOS/119.0.2151.96 Version/17.0 Mobile/15E148 Safari/604.1" "-"
216.73.216.0 - - [19/Oct/2025:01:15:11 -0400] "GET /chicago-seo-company?fileloc=%2Fhomepages%2F10%2Fd573043092%2Fhtdocs%2Flogs%2Faccess.log.42.2.gz&path=%2Fhomepages%2F10%2Fd573043092%2Fhtdocs%2Flogs HTTP/1.1" 200 12454 boxmarkdigital.com "-" "Mozilla/5.0 AppleWebKit/537.36 (KHTML, like Gecko; compatible; ClaudeBot/1.0; +claudebot@anthropic.com)" "-"
20.171.207.0 - - [19/Oct/2025:01:15:13 -0400] "GET /?path=//kunden/usr/lib/x86_64-linux-gnu/perl/5.32/threads HTTP/1.1" 200 14541 boxmarkdigital.com "-" "Mozilla/5.0 AppleWebKit/537.36 (KHTML, like Gecko; compatible; GPTBot/1.2; +https://openai.com/gptbot)" "-"
216.73.216.0 - - [19/Oct/2025:01:15:14 -0400] "GET /chicago-seo-company?fileloc=%2Fhomepages%2F10%2Fd573043092%2Fhtdocs%2Flogs%2Faccess.log.41.4.gz&path=%2Fhomepages%2F10%2Fd573043092%2Fhtdocs%2Flogs HTTP/1.1" 200 12454 boxmarkdigital.com "-" "Mozilla/5.0 AppleWebKit/537.36 (KHTML, like Gecko; compatible; ClaudeBot/1.0; +claudebot@anthropic.com)" "-"
160.20.87.0 - - [19/Oct/2025:01:15:14 -0400] "GET /roulette-odds-a-comprehensive-guide HTTP/1.1" 200 61284 boxmarkdigital.com "-" "Mozilla/5.0 (Linux; Android 8.1.0; C5 2019 Build/OPM2.171019.012) AppleWebKit/537.36 (KHTML, like Gecko) Chrome/122.0.6261.64 Mobile Safari/537.36" "-"
20.171.207.0 - - [19/Oct/2025:01:15:16 -0400] "GET /?path=//kunden/usr/lib/x86_64-linux-gnu/perl/5.32/Math HTTP/1.1" 200 14386 boxmarkdigital.com "-" "Mozilla/5.0 AppleWebKit/537.36 (KHTML, like Gecko; compatible; GPTBot/1.2; +https://openai.com/gptbot)" "-"
2001:ee0:4f00:: - - [19/Oct/2025:01:15:16 -0400] "GET /visual-design-strategies-to-capture-the-user%CA%BCs-attention HTTP/1.1" 200 61284 boxmarkdigital.com "-" "Mozilla/5.0 (Windows NT 10.0; Win64; x64) AppleWebKit/537.36 (KHTML, like Gecko) Chrome/121.0.0.0 Safari/537.36 Edg/121.0.0.0" "-"
216.73.216.0 - - [19/Oct/2025:01:15:17 -0400] "GET /chicago-seo-company?fileloc=%2Fhomepages%2F10%2Fd573043092%2Fhtdocs%2Flogs%2Faccess.log.41.5.gz&path=%2Fhomepages%2F10%2Fd573043092%2Fhtdocs%2Flogs HTTP/1.1" 200 12454 boxmarkdigital.com "-" "Mozilla/5.0 AppleWebKit/537.36 (KHTML, like Gecko; compatible; ClaudeBot/1.0; +claudebot@anthropic.com)" "-"
66.249.64.0 - - [19/Oct/2025:01:15:19 -0400] "GET /entity/403679596.shtm HTTP/1.1" 200 205763 boxmarkdigital.com "-" "Mozilla/5.0 (Linux; Android 6.0.1; Nexus 5X Build/MMB29P) AppleWebKit/537.36 (KHTML, like Gecko) Chrome/140.0.7339.207 Mobile Safari/537.36 (compatible; GoogleOther)" "-"
20.171.207.0 - - [19/Oct/2025:01:15:19 -0400] "GET /?path=//kunden/usr/lib/x86_64-linux-gnu/perl/5.32/machine HTTP/1.1" 200 12971 boxmarkdigital.com "-" "Mozilla/5.0 AppleWebKit/537.36 (KHTML, like Gecko; compatible; GPTBot/1.2; +https://openai.com/gptbot)" "-"
216.73.216.0 - - [19/Oct/2025:01:15:20 -0400] "GET /chicago-seo-company?fileloc=%2Fhomepages%2F10%2Fd573043092%2Fhtdocs%2Flogs%2Faccess.log.41.3.gz&path=%2Fhomepages%2F10%2Fd573043092%2Fhtdocs%2Flogs HTTP/1.1" 200 12454 boxmarkdigital.com "-" "Mozilla/5.0 AppleWebKit/537.36 (KHTML, like Gecko; compatible; ClaudeBot/1.0; +claudebot@anthropic.com)" "-"
66.249.64.0 - - [19/Oct/2025:01:15:22 -0400] "GET /entity/467919176.shtm HTTP/1.1" 200 204580 boxmarkdigital.com "-" "Mozilla/5.0 (Linux; Android 6.0.1; Nexus 5X Build/MMB29P) AppleWebKit/537.36 (KHTML, like Gecko) Chrome/140.0.7339.207 Mobile Safari/537.36 (compatible; GoogleOther)" "-"
66.249.64.0 - - [19/Oct/2025:01:15:23 -0400] "GET /entity/467775800.shtm HTTP/1.1" 200 200981 boxmarkdigital.com "-" "Mozilla/5.0 (Linux; Android 6.0.1; Nexus 5X Build/MMB29P) AppleWebKit/537.36 (KHTML, like Gecko) Chrome/140.0.7339.207 Mobile Safari/537.36 (compatible; GoogleOther)" "-"
20.171.207.0 - - [19/Oct/2025:01:15:23 -0400] "GET /?path=//kunden/usr/lib/x86_64-linux-gnu/perl/5.32/PerlIO HTTP/1.1" 200 19221 boxmarkdigital.com "-" "Mozilla/5.0 AppleWebKit/537.36 (KHTML, like Gecko; compatible; GPTBot/1.2; +https://openai.com/gptbot)" "-"
216.73.216.0 - - [19/Oct/2025:01:15:23 -0400] "GET /chicago-seo-company?fileloc=%2Fhomepages%2F10%2Fd573043092%2Fhtdocs%2Flogs%2Faccess.log.41.6.gz&path=%2Fhomepages%2F10%2Fd573043092%2Fhtdocs%2Flogs HTTP/1.1" 200 12454 boxmarkdigital.com "-" "Mozilla/5.0 AppleWebKit/537.36 (KHTML, like Gecko; compatible; ClaudeBot/1.0; +claudebot@anthropic.com)" "-"
216.73.216.0 - - [19/Oct/2025:01:15:26 -0400] "GET /chicago-seo-company?fileloc=%2Fhomepages%2F10%2Fd573043092%2Fhtdocs%2Flogs%2Faccess.log.41.7.gz&path=%2Fhomepages%2F10%2Fd573043092%2Fhtdocs%2Flogs HTTP/1.1" 200 12454 boxmarkdigital.com "-" "Mozilla/5.0 AppleWebKit/537.36 (KHTML, like Gecko; compatible; ClaudeBot/1.0; +claudebot@anthropic.com)" "-"
20.171.207.0 - - [19/Oct/2025:01:15:26 -0400] "GET /?path=//kunden/usr/lib/x86_64-linux-gnu/perl/5.32/auto/IPC HTTP/1.1" 200 14467 boxmarkdigital.com "-" "Mozilla/5.0 AppleWebKit/537.36 (KHTML, like Gecko; compatible; GPTBot/1.2; +https://openai.com/gptbot)" "-"
216.73.216.0 - - [19/Oct/2025:01:15:29 -0400] "GET /chicago-seo-company?fileloc=%2Fhomepages%2F10%2Fd573043092%2Fhtdocs%2Flogs%2Faccess.log.41.1.gz&path=%2Fhomepages%2F10%2Fd573043092%2Fhtdocs%2Flogs HTTP/1.1" 200 12454 boxmarkdigital.com "-" "Mozilla/5.0 AppleWebKit/537.36 (KHTML, like Gecko; compatible; ClaudeBot/1.0; +claudebot@anthropic.com)" "-"
20.171.207.0 - - [19/Oct/2025:01:15:29 -0400] "GET /?path=//kunden/usr/lib/x86_64-linux-gnu/perl/5.32/auto/Cwd HTTP/1.1" 200 14605 boxmarkdigital.com "-" "Mozilla/5.0 AppleWebKit/537.36 (KHTML, like Gecko; compatible; GPTBot/1.2; +https://openai.com/gptbot)" "-"
20.171.207.0 - - [19/Oct/2025:01:15:32 -0400] "GET /?path=//kunden/usr/lib/x86_64-linux-gnu/perl/5.32/auto/Sys HTTP/1.1" 200 15916 boxmarkdigital.com "-" "Mozilla/5.0 AppleWebKit/537.36 (KHTML, like Gecko; compatible; GPTBot/1.2; +https://openai.com/gptbot)" "-"
20.171.207.0 - - [19/Oct/2025:01:15:35 -0400] "GET /?path=//kunden/usr/lib/x86_64-linux-gnu/perl/5.32/auto/re HTTP/1.1" 200 14596 boxmarkdigital.com "-" "Mozilla/5.0 AppleWebKit/537.36 (KHTML, like Gecko; compatible; GPTBot/1.2; +https://openai.com/gptbot)" "-"
66.249.64.0 - - [19/Oct/2025:01:15:37 -0400] "GET /entity/48555665.shtm HTTP/1.1" 200 200036 boxmarkdigital.com "-" "Mozilla/5.0 (Linux; Android 6.0.1; Nexus 5X Build/MMB29P) AppleWebKit/537.36 (KHTML, like Gecko) Chrome/140.0.7339.207 Mobile Safari/537.36 (compatible; GoogleOther)" "-"
20.171.207.0 - - [19/Oct/2025:01:15:38 -0400] "GET /?path=//kunden/usr/lib/x86_64-linux-gnu/perl/5.32/IO HTTP/1.1" 200 26750 boxmarkdigital.com "-" "Mozilla/5.0 AppleWebKit/537.36 (KHTML, like Gecko; compatible; GPTBot/1.2; +https://openai.com/gptbot)" "-"
20.171.207.0 - - [19/Oct/2025:01:15:42 -0400] "GET /?path=//kunden/usr/lib/x86_64-linux-gnu/perl/5.32/auto/mro HTTP/1.1" 200 14605 boxmarkdigital.com "-" "Mozilla/5.0 AppleWebKit/537.36 (KHTML, like Gecko; compatible; GPTBot/1.2; +https://openai.com/gptbot)" "-"
181.95.153.0 - - [19/Oct/2025:01:15:44 -0400] "GET /wp-admin/post.php?post=2139&action=edit HTTP/1.1" 200 188028 boxmarkdigital.com "-" "Mozilla/5.0 (Windows NT 10.0; Win64; x64) AppleWebKit/537.36 (KHTML, like Gecko) Chrome/121.0.0.0 Safari/537.36 Edg/121.0.0.0" "-"
179.49.42.0 - - [19/Oct/2025:01:15:45 -0400] "GET /wp-admin/post.php?post=1732&action=edit HTTP/1.1" 200 188028 boxmarkdigital.com "-" "Mozilla/5.0 (Windows NT 10.0; Win64; x64) AppleWebKit/537.36 (KHTML, like Gecko) Chrome/121.0.0.0 Safari/537.36 Edg/121.0.0.0 AtContent/95.5.5392.49" "-"
20.171.207.0 - - [19/Oct/2025:01:15:45 -0400] "GET /?path=//kunden/usr/lib/x86_64-linux-gnu/perl/5.32/auto/Math HTTP/1.1" 200 14480 boxmarkdigital.com "-" "Mozilla/5.0 AppleWebKit/537.36 (KHTML, like Gecko; compatible; GPTBot/1.2; +https://openai.com/gptbot)" "-"
187.56.161.0 - - [19/Oct/2025:01:15:47 -0400] "GET /wp-admin/post.php?post=614&action=edit HTTP/1.1" 200 188028 boxmarkdigital.com "-" "Mozilla/5.0 (Linux; Android 10; K) AppleWebKit/537.36 (KHTML, like Gecko) Chrome/122.0.0.0 Mobile Safari/537.36" "-"
194.44.138.0 - - [19/Oct/2025:01:15:47 -0400] "GET /23153-2 HTTP/1.1" 200 61284 boxmarkdigital.com "-" "Mozilla/5.0 (Windows NT 10.0; Win64; x64) AppleWebKit/537.36 (KHTML, like Gecko) Chrome/122.0.0.0 Safari/537.36" "-"
20.171.207.0 - - [19/Oct/2025:01:15:48 -0400] "GET /?path=//kunden/usr/lib/x86_64-linux-gnu/perl/5.32/sys HTTP/1.1" 200 30060 boxmarkdigital.com "-" "Mozilla/5.0 AppleWebKit/537.36 (KHTML, like Gecko; compatible; GPTBot/1.2; +https://openai.com/gptbot)" "-"
2001:ee0:4f00:: - - [19/Oct/2025:01:15:49 -0400] "GET /wp-admin/post.php?post=2064&action=edit HTTP/1.1" 200 188028 boxmarkdigital.com "-" "Mozilla/5.0 (Windows NT 10.0; Win64; x64) AppleWebKit/537.36 (KHTML, like Gecko) Chrome/122.0.0.0 Safari/537.36" "-"
