206.189.134.0 - - [19/Oct/2025:01:06:22 -0400] "GET /wp-content/plugins/pwnd/pwnd.php HTTP/1.1" 404 1271 test.myboxmark.com "-" "Mozlila/5.0 (Linux; Android 7.0; SM-G892A Bulid/NRD90M; wv) AppleWebKit/537.36 (KHTML, like Gecko) Version/4.0 Chrome/60.0.3112.107 Moblie Safari/537.36" "-"
206.189.134.0 - - [19/Oct/2025:01:06:23 -0400] "GET /wp-includes/js/jcrop/Jcrop.php HTTP/1.1" 404 1271 test.myboxmark.com "-" "Mozlila/5.0 (Linux; Android 7.0; SM-G892A Bulid/NRD90M; wv) AppleWebKit/537.36 (KHTML, like Gecko) Version/4.0 Chrome/60.0.3112.107 Moblie Safari/537.36" "-"
206.189.134.0 - - [19/Oct/2025:01:06:23 -0400] "GET /wp-content/plugins/index.php HTTP/1.1" 404 1271 test.myboxmark.com "-" "Mozlila/5.0 (Linux; Android 7.0; SM-G892A Bulid/NRD90M; wv) AppleWebKit/537.36 (KHTML, like Gecko) Version/4.0 Chrome/60.0.3112.107 Moblie Safari/537.36" "-"
20.171.207.0 - - [19/Oct/2025:01:06:23 -0400] "GET /?fileloc=//kunden/bin/numfmt&path=//kunden/bin HTTP/1.1" 200 12236 boxmarkdigital.com "-" "Mozilla/5.0 AppleWebKit/537.36 (KHTML, like Gecko; compatible; GPTBot/1.2; +https://openai.com/gptbot)" "-"
206.189.134.0 - - [19/Oct/2025:01:06:24 -0400] "GET /wp-admin/images/index.php HTTP/1.1" 404 1271 test.myboxmark.com "-" "Mozlila/5.0 (Linux; Android 7.0; SM-G892A Bulid/NRD90M; wv) AppleWebKit/537.36 (KHTML, like Gecko) Version/4.0 Chrome/60.0.3112.107 Moblie Safari/537.36" "-"
66.249.64.0 - - [19/Oct/2025:01:06:24 -0400] "GET /entity/467797849.shtm HTTP/1.1" 200 204924 boxmarkdigital.com "-" "Mozilla/5.0 (Linux; Android 6.0.1; Nexus 5X Build/MMB29P) AppleWebKit/537.36 (KHTML, like Gecko) Chrome/140.0.7339.207 Mobile Safari/537.36 (compatible; GoogleOther)" "-"
206.189.134.0 - - [19/Oct/2025:01:06:25 -0400] "GET /index/function.php HTTP/1.1" 404 1271 test.myboxmark.com "-" "Mozlila/5.0 (Linux; Android 7.0; SM-G892A Bulid/NRD90M; wv) AppleWebKit/537.36 (KHTML, like Gecko) Version/4.0 Chrome/60.0.3112.107 Moblie Safari/537.36" "-"
66.249.64.0 - - [19/Oct/2025:01:06:25 -0400] "GET /entity/467961427.shtm HTTP/1.1" 200 201695 boxmarkdigital.com "-" "Mozilla/5.0 (Linux; Android 6.0.1; Nexus 5X Build/MMB29P) AppleWebKit/537.36 (KHTML, like Gecko) Chrome/140.0.7339.207 Mobile Safari/537.36 (compatible; GoogleOther)" "-"
20.171.207.0 - - [19/Oct/2025:01:06:26 -0400] "GET /?fileloc=//kunden/bin/free&path=//kunden/bin HTTP/1.1" 200 12234 boxmarkdigital.com "-" "Mozilla/5.0 AppleWebKit/537.36 (KHTML, like Gecko; compatible; GPTBot/1.2; +https://openai.com/gptbot)" "-"
206.189.134.0 - - [19/Oct/2025:01:06:27 -0400] "GET /wp-admin/network/index.php HTTP/1.1" 404 1271 test.myboxmark.com "-" "Mozlila/5.0 (Linux; Android 7.0; SM-G892A Bulid/NRD90M; wv) AppleWebKit/537.36 (KHTML, like Gecko) Version/4.0 Chrome/60.0.3112.107 Moblie Safari/537.36" "-"
206.189.134.0 - - [19/Oct/2025:01:06:29 -0400] "GET /wp-includes/fonts/about.php HTTP/1.1" 404 1271 test.myboxmark.com "-" "Mozlila/5.0 (Linux; Android 7.0; SM-G892A Bulid/NRD90M; wv) AppleWebKit/537.36 (KHTML, like Gecko) Version/4.0 Chrome/60.0.3112.107 Moblie Safari/537.36" "-"
20.171.207.0 - - [19/Oct/2025:01:06:29 -0400] "GET /?fileloc=//kunden/bin/clear&path=//kunden/bin HTTP/1.1" 200 12235 boxmarkdigital.com "-" "Mozilla/5.0 AppleWebKit/537.36 (KHTML, like Gecko; compatible; GPTBot/1.2; +https://openai.com/gptbot)" "-"
206.189.134.0 - - [19/Oct/2025:01:06:31 -0400] "GET /wp-includes/about.php HTTP/1.1" 404 1271 test.myboxmark.com "-" "Mozlila/5.0 (Linux; Android 7.0; SM-G892A Bulid/NRD90M; wv) AppleWebKit/537.36 (KHTML, like Gecko) Version/4.0 Chrome/60.0.3112.107 Moblie Safari/537.36" "-"
206.189.134.0 - - [19/Oct/2025:01:06:32 -0400] "GET /wp-content/plugins/pwnd/acme-salvation.php HTTP/1.1" 404 1271 test.myboxmark.com "-" "Mozlila/5.0 (Linux; Android 7.0; SM-G892A Bulid/NRD90M; wv) AppleWebKit/537.36 (KHTML, like Gecko) Version/4.0 Chrome/60.0.3112.107 Moblie Safari/537.36" "-"
20.171.207.0 - - [19/Oct/2025:01:06:32 -0400] "GET /?fileloc=//kunden/bin/rjoe&path=//kunden/bin HTTP/1.1" 200 12234 boxmarkdigital.com "-" "Mozilla/5.0 AppleWebKit/537.36 (KHTML, like Gecko; compatible; GPTBot/1.2; +https://openai.com/gptbot)" "-"
206.189.134.0 - - [19/Oct/2025:01:06:34 -0400] "GET /wp-content/plugins/pwnd/about.php HTTP/1.1" 404 1271 test.myboxmark.com "-" "Mozlila/5.0 (Linux; Android 7.0; SM-G892A Bulid/NRD90M; wv) AppleWebKit/537.36 (KHTML, like Gecko) Version/4.0 Chrome/60.0.3112.107 Moblie Safari/537.36" "-"
206.189.134.0 - - [19/Oct/2025:01:06:35 -0400] "GET /wp-content/plugins/pwnd/function.php HTTP/1.1" 404 1271 test.myboxmark.com "-" "Mozlila/5.0 (Linux; Android 7.0; SM-G892A Bulid/NRD90M; wv) AppleWebKit/537.36 (KHTML, like Gecko) Version/4.0 Chrome/60.0.3112.107 Moblie Safari/537.36" "-"
20.171.207.0 - - [19/Oct/2025:01:06:36 -0400] "GET /?fileloc=//kunden/bin/getopt&path=//kunden/bin HTTP/1.1" 200 12236 boxmarkdigital.com "-" "Mozilla/5.0 AppleWebKit/537.36 (KHTML, like Gecko; compatible; GPTBot/1.2; +https://openai.com/gptbot)" "-"
206.189.134.0 - - [19/Oct/2025:01:06:37 -0400] "GET /wp-content/plugins/pwnd/dropdown.php HTTP/1.1" 404 1271 test.myboxmark.com "-" "Mozlila/5.0 (Linux; Android 7.0; SM-G892A Bulid/NRD90M; wv) AppleWebKit/537.36 (KHTML, like Gecko) Version/4.0 Chrome/60.0.3112.107 Moblie Safari/537.36" "-"
206.189.134.0 - - [19/Oct/2025:01:06:38 -0400] "GET /wp-content/plugins/pwnd/nc4r3p.php HTTP/1.1" 404 1271 test.myboxmark.com "-" "Mozlila/5.0 (Linux; Android 7.0; SM-G892A Bulid/NRD90M; wv) AppleWebKit/537.36 (KHTML, like Gecko) Version/4.0 Chrome/60.0.3112.107 Moblie Safari/537.36" "-"
20.171.207.0 - - [19/Oct/2025:01:06:39 -0400] "GET /?fileloc=//kunden/bin/dash&path=//kunden/bin HTTP/1.1" 200 12234 boxmarkdigital.com "-" "Mozilla/5.0 AppleWebKit/537.36 (KHTML, like Gecko; compatible; GPTBot/1.2; +https://openai.com/gptbot)" "-"
206.189.134.0 - - [19/Oct/2025:01:06:40 -0400] "GET /wp-content/plugins/pwnd/db.php HTTP/1.1" 404 1271 test.myboxmark.com "-" "Mozlila/5.0 (Linux; Android 7.0; SM-G892A Bulid/NRD90M; wv) AppleWebKit/537.36 (KHTML, like Gecko) Version/4.0 Chrome/60.0.3112.107 Moblie Safari/537.36" "-"
20.171.207.0 - - [19/Oct/2025:01:06:42 -0400] "GET /?fileloc=//kunden/bin/test&path=//kunden/bin HTTP/1.1" 200 12234 boxmarkdigital.com "-" "Mozilla/5.0 AppleWebKit/537.36 (KHTML, like Gecko; compatible; GPTBot/1.2; +https://openai.com/gptbot)" "-"
20.171.207.0 - - [19/Oct/2025:01:06:45 -0400] "GET /?fileloc=//kunden/bin/xzdiff&path=//kunden/bin HTTP/1.1" 200 20162 boxmarkdigital.com "-" "Mozilla/5.0 AppleWebKit/537.36 (KHTML, like Gecko; compatible; GPTBot/1.2; +https://openai.com/gptbot)" "-"
20.171.207.0 - - [19/Oct/2025:01:06:48 -0400] "GET /?fileloc=//kunden/bin/less&path=//kunden/bin HTTP/1.1" 200 12234 boxmarkdigital.com "-" "Mozilla/5.0 AppleWebKit/537.36 (KHTML, like Gecko; compatible; GPTBot/1.2; +https://openai.com/gptbot)" "-"
20.171.207.0 - - [19/Oct/2025:01:06:51 -0400] "GET /?fileloc=//kunden/etc/shadow&path=//kunden/etc HTTP/1.1" 200 12236 boxmarkdigital.com "-" "Mozilla/5.0 AppleWebKit/537.36 (KHTML, like Gecko; compatible; GPTBot/1.2; +https://openai.com/gptbot)" "-"
20.171.207.0 - - [19/Oct/2025:01:06:55 -0400] "GET /?fileloc=//kunden/bin/grep&path=//kunden/bin HTTP/1.1" 200 12234 boxmarkdigital.com "-" "Mozilla/5.0 AppleWebKit/537.36 (KHTML, like Gecko; compatible; GPTBot/1.2; +https://openai.com/gptbot)" "-"
5.255.231.0 - - [19/Oct/2025:01:06:56 -0400] "GET /robots.txt HTTP/1.1" 429 227 abarcasewer.com "-" "Mozilla/5.0 (compatible; YandexBot/3.0; +http://yandex.com/bots)" "-"
182.44.2.0 - - [19/Oct/2025:01:06:56 -0400] "GET / HTTP/1.1" 403 1271 www.roswindowtinting.com "-" "Mozilla/5.0 (iPhone; CPU iPhone OS 13_2_3 like Mac OS X) AppleWebKit/605.1.15 (KHTML, like Gecko) Version/13.0.3 Mobile/15E148 Safari/604.1" "-"
20.171.207.0 - - [19/Oct/2025:01:06:58 -0400] "GET /?fileloc=//kunden/etc/wgetrc&path=//kunden/etc HTTP/1.1" 200 17254 boxmarkdigital.com "-" "Mozilla/5.0 AppleWebKit/537.36 (KHTML, like Gecko; compatible; GPTBot/1.2; +https://openai.com/gptbot)" "-"
66.249.64.0 - - [19/Oct/2025:01:06:59 -0400] "GET /entity/467809038.shtm HTTP/1.1" 200 204868 boxmarkdigital.com "-" "Mozilla/5.0 (Linux; Android 6.0.1; Nexus 5X Build/MMB29P) AppleWebKit/537.36 (KHTML, like Gecko) Chrome/140.0.7339.207 Mobile Safari/537.36 (compatible; GoogleOther)" "-"
66.249.64.0 - - [19/Oct/2025:01:07:01 -0400] "GET /entity/467780672.shtm HTTP/1.1" 200 201357 boxmarkdigital.com "-" "Mozilla/5.0 (Linux; Android 6.0.1; Nexus 5X Build/MMB29P) AppleWebKit/537.36 (KHTML, like Gecko) Chrome/140.0.7339.207 Mobile Safari/537.36 (compatible; GoogleOther)" "-"
20.171.207.0 - - [19/Oct/2025:01:07:01 -0400] "GET /?fileloc=//kunden/bin/lsipc&path=//kunden/bin HTTP/1.1" 200 12235 boxmarkdigital.com "-" "Mozilla/5.0 AppleWebKit/537.36 (KHTML, like Gecko; compatible; GPTBot/1.2; +https://openai.com/gptbot)" "-"
20.171.207.0 - - [19/Oct/2025:01:07:04 -0400] "GET /?fileloc=//kunden/bin/quota&path=//kunden/bin HTTP/1.1" 200 12235 boxmarkdigital.com "-" "Mozilla/5.0 AppleWebKit/537.36 (KHTML, like Gecko; compatible; GPTBot/1.2; +https://openai.com/gptbot)" "-"
54.88.84.0 - - [19/Oct/2025:01:07:06 -0400] "GET /indianapolis-digital-marketing-agency?fileloc=/homepages/10/d573043092/htdocs/clickandbuilds/BoxmarkDigital/readme.html&path=/homepages/10/d573043092/htdocs/clickandbuilds/BoxmarkDigital HTTP/1.1" 200 21924 boxmarkdigital.com "-" "Mozilla/5.0 AppleWebKit/537.36 (KHTML, like Gecko; compatible; Amazonbot/0.1; +https://developer.amazon.com/support/amazonbot) Chrome/119.0.6045.214 Safari/537.36" "-"
20.171.207.0 - - [19/Oct/2025:01:07:07 -0400] "GET /?fileloc=//kunden/bin/bash&path=//kunden/bin HTTP/1.1" 200 12234 boxmarkdigital.com "-" "Mozilla/5.0 AppleWebKit/537.36 (KHTML, like Gecko; compatible; GPTBot/1.2; +https://openai.com/gptbot)" "-"
20.171.207.0 - - [19/Oct/2025:01:07:11 -0400] "GET /?fileloc=//kunden/bin/sleep&path=//kunden/bin HTTP/1.1" 200 12235 boxmarkdigital.com "-" "Mozilla/5.0 AppleWebKit/537.36 (KHTML, like Gecko; compatible; GPTBot/1.2; +https://openai.com/gptbot)" "-"
20.171.207.0 - - [19/Oct/2025:01:07:14 -0400] "GET /?fileloc=//kunden/bin/touch&path=//kunden/bin HTTP/1.1" 200 12235 boxmarkdigital.com "-" "Mozilla/5.0 AppleWebKit/537.36 (KHTML, like Gecko; compatible; GPTBot/1.2; +https://openai.com/gptbot)" "-"
20.171.207.0 - - [19/Oct/2025:01:07:17 -0400] "GET /?fileloc=//kunden/bin/wget&path=//kunden/bin HTTP/1.1" 200 12234 boxmarkdigital.com "-" "Mozilla/5.0 AppleWebKit/537.36 (KHTML, like Gecko; compatible; GPTBot/1.2; +https://openai.com/gptbot)" "-"
20.171.207.0 - - [19/Oct/2025:01:07:20 -0400] "GET /?fileloc=//kunden/bin/chsh&path=//kunden/bin HTTP/1.1" 200 12234 boxmarkdigital.com "-" "Mozilla/5.0 AppleWebKit/537.36 (KHTML, like Gecko; compatible; GPTBot/1.2; +https://openai.com/gptbot)" "-"
66.249.70.0 - - [19/Oct/2025:01:07:22 -0400] "GET /robots.txt HTTP/1.1" 500 - abarcasewer.com "-" "Mozilla/5.0 (compatible; Googlebot/2.1; +http://www.google.com/bot.html)" "-"
43.173.182.0 - - [19/Oct/2025:01:07:22 -0400] "GET /tag/google-search/page/6 HTTP/1.1" 200 61284 boxmarkdigital.com "-" "Mozilla/5.0 (Windows NT 6.1; Win64; x64) AppleWebKit/537.36 (KHTML, like Gecko) Chrome/126.0.6478.114 Safari/537.36" "-"
20.171.207.0 - - [19/Oct/2025:01:07:23 -0400] "GET /?fileloc=//kunden/bin/pgrep&path=//kunden/bin HTTP/1.1" 200 12235 boxmarkdigital.com "-" "Mozilla/5.0 AppleWebKit/537.36 (KHTML, like Gecko; compatible; GPTBot/1.2; +https://openai.com/gptbot)" "-"
66.249.64.0 - - [19/Oct/2025:01:07:25 -0400] "GET /entity/498787658.shtm HTTP/1.1" 200 199129 boxmarkdigital.com "-" "Mozilla/5.0 (Linux; Android 6.0.1; Nexus 5X Build/MMB29P) AppleWebKit/537.36 (KHTML, like Gecko) Chrome/140.0.7339.207 Mobile Safari/537.36 (compatible; GoogleOther)" "-"
66.249.64.0 - - [19/Oct/2025:01:07:25 -0400] "GET /entity/221618929.shtm HTTP/1.1" 200 199793 boxmarkdigital.com "-" "Mozilla/5.0 (Linux; Android 6.0.1; Nexus 5X Build/MMB29P) AppleWebKit/537.36 (KHTML, like Gecko) Chrome/140.0.7339.207 Mobile Safari/537.36 (compatible; GoogleOther)" "-"
20.171.207.0 - - [19/Oct/2025:01:07:26 -0400] "GET /?fileloc=//kunden/bin/recode&path=//kunden/bin HTTP/1.1" 200 12236 boxmarkdigital.com "-" "Mozilla/5.0 AppleWebKit/537.36 (KHTML, like Gecko; compatible; GPTBot/1.2; +https://openai.com/gptbot)" "-"
206.189.134.0 - - [19/Oct/2025:01:07:28 -0400] "GET /wp-content/plugins/helloapx/wp-apxupx.php?apx=upx HTTP/1.1" 200 4 www.myboxmark.com "-" "Mozlila/5.0 (Linux; Android 7.0; SM-G892A Bulid/NRD90M; wv) AppleWebKit/537.36 (KHTML, like Gecko) Version/4.0 Chrome/60.0.3112.107 Moblie Safari/537.36" "-"
206.189.134.0 - - [19/Oct/2025:01:07:29 -0400] "GET /wp-content/plugins/dhon/newsfeed.php HTTP/1.1" 200 4 www.myboxmark.com "-" "Mozlila/5.0 (Linux; Android 7.0; SM-G892A Bulid/NRD90M; wv) AppleWebKit/537.36 (KHTML, like Gecko) Version/4.0 Chrome/60.0.3112.107 Moblie Safari/537.36" "-"
20.171.207.0 - - [19/Oct/2025:01:07:29 -0400] "GET /?fileloc=//kunden/bin/chown&path=//kunden/bin HTTP/1.1" 200 12235 boxmarkdigital.com "-" "Mozilla/5.0 AppleWebKit/537.36 (KHTML, like Gecko; compatible; GPTBot/1.2; +https://openai.com/gptbot)" "-"
206.189.134.0 - - [19/Oct/2025:01:07:30 -0400] "GET /wp-content/plugins/NexusLeadsReal/mini.php HTTP/1.1" 200 4 www.myboxmark.com "-" "Mozlila/5.0 (Linux; Android 7.0; SM-G892A Bulid/NRD90M; wv) AppleWebKit/537.36 (KHTML, like Gecko) Version/4.0 Chrome/60.0.3112.107 Moblie Safari/537.36" "-"
206.189.134.0 - - [19/Oct/2025:01:07:32 -0400] "GET /wp-content/plugins/wpcall-button/button-image.php HTTP/1.1" 200 4 www.myboxmark.com "-" "Mozlila/5.0 (Linux; Android 7.0; SM-G892A Bulid/NRD90M; wv) AppleWebKit/537.36 (KHTML, like Gecko) Version/4.0 Chrome/60.0.3112.107 Moblie Safari/537.36" "-"
20.171.207.0 - - [19/Oct/2025:01:07:32 -0400] "GET /?fileloc=//kunden/bin/choom&path=//kunden/bin HTTP/1.1" 200 12235 boxmarkdigital.com "-" "Mozilla/5.0 AppleWebKit/537.36 (KHTML, like Gecko; compatible; GPTBot/1.2; +https://openai.com/gptbot)" "-"
206.189.134.0 - - [19/Oct/2025:01:07:33 -0400] "GET /wp-content/plugins/Core-Econ/upH.php HTTP/1.1" 200 4 www.myboxmark.com "-" "Mozlila/5.0 (Linux; Android 7.0; SM-G892A Bulid/NRD90M; wv) AppleWebKit/537.36 (KHTML, like Gecko) Version/4.0 Chrome/60.0.3112.107 Moblie Safari/537.36" "-"
206.189.134.0 - - [19/Oct/2025:01:07:34 -0400] "GET /wp-content/plugins/phpadmin/acp.php HTTP/1.1" 200 4 www.myboxmark.com "-" "Mozlila/5.0 (Linux; Android 7.0; SM-G892A Bulid/NRD90M; wv) AppleWebKit/537.36 (KHTML, like Gecko) Version/4.0 Chrome/60.0.3112.107 Moblie Safari/537.36" "-"
66.249.64.0 - - [19/Oct/2025:01:07:34 -0400] "GET /entity/274470748.shtm HTTP/1.1" 200 202110 boxmarkdigital.com "-" "Mozilla/5.0 (Linux; Android 6.0.1; Nexus 5X Build/MMB29P) AppleWebKit/537.36 (KHTML, like Gecko) Chrome/140.0.7339.207 Mobile Safari/537.36 (compatible; GoogleOther)" "-"
206.189.134.0 - - [19/Oct/2025:01:07:35 -0400] "GET /wp-content/plugins/phpad/acp.php HTTP/1.1" 200 4 www.myboxmark.com "-" "Mozlila/5.0 (Linux; Android 7.0; SM-G892A Bulid/NRD90M; wv) AppleWebKit/537.36 (KHTML, like Gecko) Version/4.0 Chrome/60.0.3112.107 Moblie Safari/537.36" "-"
34.194.233.0 - - [19/Oct/2025:01:07:35 -0400] "GET /mobile-app-development-chicago?fileloc=/homepages/10/d573043092/htdocs/clickandbuilds/BoxmarkDigital/wp-settings.php&path=/homepages/10/d573043092/htdocs/clickandbuilds/BoxmarkDigital HTTP/1.1" 200 42748 boxmarkdigital.com "-" "Mozilla/5.0 AppleWebKit/537.36 (KHTML, like Gecko; compatible; Amazonbot/0.1; +https://developer.amazon.com/support/amazonbot) Chrome/119.0.6045.214 Safari/537.36" "-"
20.171.207.0 - - [19/Oct/2025:01:07:35 -0400] "GET /?fileloc=//kunden/bin/mlock&path=//kunden/bin HTTP/1.1" 200 12235 boxmarkdigital.com "-" "Mozilla/5.0 AppleWebKit/537.36 (KHTML, like Gecko; compatible; GPTBot/1.2; +https://openai.com/gptbot)" "-"
206.189.134.0 - - [19/Oct/2025:01:07:36 -0400] "GET /wp-content/plugins/pwnd/pwnd.php HTTP/1.1" 200 4 www.myboxmark.com "-" "Mozlila/5.0 (Linux; Android 7.0; SM-G892A Bulid/NRD90M; wv) AppleWebKit/537.36 (KHTML, like Gecko) Version/4.0 Chrome/60.0.3112.107 Moblie Safari/537.36" "-"
66.249.64.0 - - [19/Oct/2025:01:07:36 -0400] "GET /entity/467916065.shtm HTTP/1.1" 200 197931 boxmarkdigital.com "-" "Mozilla/5.0 (Linux; Android 6.0.1; Nexus 5X Build/MMB29P) AppleWebKit/537.36 (KHTML, like Gecko) Chrome/140.0.7339.207 Mobile Safari/537.36 (compatible; GoogleOther)" "-"
206.189.134.0 - - [19/Oct/2025:01:07:37 -0400] "GET /wp-includes/js/jcrop/Jcrop.php HTTP/1.1" 200 4 www.myboxmark.com "-" "Mozlila/5.0 (Linux; Android 7.0; SM-G892A Bulid/NRD90M; wv) AppleWebKit/537.36 (KHTML, like Gecko) Version/4.0 Chrome/60.0.3112.107 Moblie Safari/537.36" "-"
66.249.64.0 - - [19/Oct/2025:01:07:37 -0400] "GET /entity/470338691.shtm HTTP/1.1" 200 202999 boxmarkdigital.com "-" "Mozilla/5.0 (Linux; Android 6.0.1; Nexus 5X Build/MMB29P) AppleWebKit/537.36 (KHTML, like Gecko) Chrome/140.0.7339.207 Mobile Safari/537.36 (compatible; GoogleOther)" "-"
206.189.134.0 - - [19/Oct/2025:01:07:38 -0400] "GET /wp-content/plugins/index.php HTTP/1.1" 200 4 www.myboxmark.com "-" "Mozlila/5.0 (Linux; Android 7.0; SM-G892A Bulid/NRD90M; wv) AppleWebKit/537.36 (KHTML, like Gecko) Version/4.0 Chrome/60.0.3112.107 Moblie Safari/537.36" "-"
206.189.134.0 - - [19/Oct/2025:01:07:38 -0400] "GET /wp-admin/images/index.php HTTP/1.1" 200 4 www.myboxmark.com "-" "Mozlila/5.0 (Linux; Android 7.0; SM-G892A Bulid/NRD90M; wv) AppleWebKit/537.36 (KHTML, like Gecko) Version/4.0 Chrome/60.0.3112.107 Moblie Safari/537.36" "-"
206.189.134.0 - - [19/Oct/2025:01:07:39 -0400] "GET /index/function.php HTTP/1.1" 200 4 www.myboxmark.com "-" "Mozlila/5.0 (Linux; Android 7.0; SM-G892A Bulid/NRD90M; wv) AppleWebKit/537.36 (KHTML, like Gecko) Version/4.0 Chrome/60.0.3112.107 Moblie Safari/537.36" "-"
20.171.207.0 - - [19/Oct/2025:01:07:39 -0400] "GET /?fileloc=//kunden/bin/bzexe&path=//kunden/bin HTTP/1.1" 200 17760 boxmarkdigital.com "-" "Mozilla/5.0 AppleWebKit/537.36 (KHTML, like Gecko; compatible; GPTBot/1.2; +https://openai.com/gptbot)" "-"
206.189.134.0 - - [19/Oct/2025:01:07:41 -0400] "GET /wp-admin/network/index.php HTTP/1.1" 200 4 www.myboxmark.com "-" "Mozlila/5.0 (Linux; Android 7.0; SM-G892A Bulid/NRD90M; wv) AppleWebKit/537.36 (KHTML, like Gecko) Version/4.0 Chrome/60.0.3112.107 Moblie Safari/537.36" "-"
206.189.134.0 - - [19/Oct/2025:01:07:42 -0400] "GET /wp-includes/fonts/about.php HTTP/1.1" 200 4 www.myboxmark.com "-" "Mozlila/5.0 (Linux; Android 7.0; SM-G892A Bulid/NRD90M; wv) AppleWebKit/537.36 (KHTML, like Gecko) Version/4.0 Chrome/60.0.3112.107 Moblie Safari/537.36" "-"
20.171.207.0 - - [19/Oct/2025:01:07:42 -0400] "GET /?fileloc=//kunden/bin/ucfq&path=//kunden/bin HTTP/1.1" 200 33187 boxmarkdigital.com "-" "Mozilla/5.0 AppleWebKit/537.36 (KHTML, like Gecko; compatible; GPTBot/1.2; +https://openai.com/gptbot)" "-"
206.189.134.0 - - [19/Oct/2025:01:07:43 -0400] "GET /wp-includes/about.php HTTP/1.1" 200 4 www.myboxmark.com "-" "Mozlila/5.0 (Linux; Android 7.0; SM-G892A Bulid/NRD90M; wv) AppleWebKit/537.36 (KHTML, like Gecko) Version/4.0 Chrome/60.0.3112.107 Moblie Safari/537.36" "-"
206.189.134.0 - - [19/Oct/2025:01:07:45 -0400] "GET /wp-content/plugins/pwnd/acme-salvation.php HTTP/1.1" 200 4 www.myboxmark.com "-" "Mozlila/5.0 (Linux; Android 7.0; SM-G892A Bulid/NRD90M; wv) AppleWebKit/537.36 (KHTML, like Gecko) Version/4.0 Chrome/60.0.3112.107 Moblie Safari/537.36" "-"
206.189.134.0 - - [19/Oct/2025:01:07:45 -0400] "GET /wp-content/plugins/pwnd/about.php HTTP/1.1" 200 4 www.myboxmark.com "-" "Mozlila/5.0 (Linux; Android 7.0; SM-G892A Bulid/NRD90M; wv) AppleWebKit/537.36 (KHTML, like Gecko) Version/4.0 Chrome/60.0.3112.107 Moblie Safari/537.36" "-"
20.171.207.0 - - [19/Oct/2025:01:07:45 -0400] "GET /?fileloc=//kunden/bin/make&path=//kunden/bin HTTP/1.1" 200 12234 boxmarkdigital.com "-" "Mozilla/5.0 AppleWebKit/537.36 (KHTML, like Gecko; compatible; GPTBot/1.2; +https://openai.com/gptbot)" "-"
206.189.134.0 - - [19/Oct/2025:01:07:46 -0400] "GET /wp-content/plugins/pwnd/function.php HTTP/1.1" 200 4 www.myboxmark.com "-" "Mozlila/5.0 (Linux; Android 7.0; SM-G892A Bulid/NRD90M; wv) AppleWebKit/537.36 (KHTML, like Gecko) Version/4.0 Chrome/60.0.3112.107 Moblie Safari/537.36" "-"
206.189.134.0 - - [19/Oct/2025:01:07:47 -0400] "GET /wp-content/plugins/pwnd/dropdown.php HTTP/1.1" 200 4 www.myboxmark.com "-" "Mozlila/5.0 (Linux; Android 7.0; SM-G892A Bulid/NRD90M; wv) AppleWebKit/537.36 (KHTML, like Gecko) Version/4.0 Chrome/60.0.3112.107 Moblie Safari/537.36" "-"
206.189.134.0 - - [19/Oct/2025:01:07:48 -0400] "GET /wp-content/plugins/pwnd/nc4r3p.php HTTP/1.1" 200 4 www.myboxmark.com "-" "Mozlila/5.0 (Linux; Android 7.0; SM-G892A Bulid/NRD90M; wv) AppleWebKit/537.36 (KHTML, like Gecko) Version/4.0 Chrome/60.0.3112.107 Moblie Safari/537.36" "-"
20.171.207.0 - - [19/Oct/2025:01:07:48 -0400] "GET /?fileloc=//kunden/bin/prezip&path=//kunden/bin HTTP/1.1" 200 18677 boxmarkdigital.com "-" "Mozilla/5.0 AppleWebKit/537.36 (KHTML, like Gecko; compatible; GPTBot/1.2; +https://openai.com/gptbot)" "-"
206.189.134.0 - - [19/Oct/2025:01:07:50 -0400] "GET /wp-content/plugins/pwnd/db.php HTTP/1.1" 200 4 www.myboxmark.com "-" "Mozlila/5.0 (Linux; Android 7.0; SM-G892A Bulid/NRD90M; wv) AppleWebKit/537.36 (KHTML, like Gecko) Version/4.0 Chrome/60.0.3112.107 Moblie Safari/537.36" "-"
20.171.207.0 - - [19/Oct/2025:01:07:51 -0400] "GET /?fileloc=//kunden/bin/vidir&path=//kunden/bin HTTP/1.1" 200 17634 boxmarkdigital.com "-" "Mozilla/5.0 AppleWebKit/537.36 (KHTML, like Gecko; compatible; GPTBot/1.2; +https://openai.com/gptbot)" "-"
66.249.64.0 - - [19/Oct/2025:01:07:52 -0400] "GET /entity/1650567263.shtm HTTP/1.1" 200 199399 boxmarkdigital.com "-" "Mozilla/5.0 (Linux; Android 6.0.1; Nexus 5X Build/MMB29P) AppleWebKit/537.36 (KHTML, like Gecko) Chrome/140.0.7339.207 Mobile Safari/537.36 (compatible; GoogleOther)" "-"
20.171.207.0 - - [19/Oct/2025:01:07:54 -0400] "GET /?fileloc=//kunden/bin/lksh&path=//kunden/bin HTTP/1.1" 200 12234 boxmarkdigital.com "-" "Mozilla/5.0 AppleWebKit/537.36 (KHTML, like Gecko; compatible; GPTBot/1.2; +https://openai.com/gptbot)" "-"
20.171.207.0 - - [19/Oct/2025:01:07:57 -0400] "GET /?fileloc=//kunden/bin/ttree&path=//kunden/bin HTTP/1.1" 200 53173 boxmarkdigital.com "-" "Mozilla/5.0 AppleWebKit/537.36 (KHTML, like Gecko; compatible; GPTBot/1.2; +https://openai.com/gptbot)" "-"
20.171.207.0 - - [19/Oct/2025:01:08:00 -0400] "GET /?fileloc=//kunden/bin/cpack&path=//kunden/bin HTTP/1.1" 200 12235 boxmarkdigital.com "-" "Mozilla/5.0 AppleWebKit/537.36 (KHTML, like Gecko; compatible; GPTBot/1.2; +https://openai.com/gptbot)" "-"
66.249.64.0 - - [19/Oct/2025:01:08:01 -0400] "GET /entity/253956169.shtm HTTP/1.1" 200 200107 boxmarkdigital.com "-" "Mozilla/5.0 (Linux; Android 6.0.1; Nexus 5X Build/MMB29P) AppleWebKit/537.36 (KHTML, like Gecko) Chrome/140.0.7339.207 Mobile Safari/537.36 (compatible; GoogleOther)" "-"
2001:4ba0:ca00:: - - [19/Oct/2025:01:08:02 -0400] "GET / HTTP/1.1" 403 1271 nbchildcare.com "-" "Mozilla/5.0 (Windows NT 10.0; Win64; x64) AppleWebKit/537.36 (KHTML, like Gecko) Chrome/91.0.4472.114 Safari/537.36 Edg/91.0.864.54" "-"
20.171.207.0 - - [19/Oct/2025:01:08:04 -0400] "GET /?fileloc=//kunden/bin/vipe&path=//kunden/bin HTTP/1.1" 200 14409 boxmarkdigital.com "-" "Mozilla/5.0 AppleWebKit/537.36 (KHTML, like Gecko; compatible; GPTBot/1.2; +https://openai.com/gptbot)" "-"
125.253.121.0 - - [19/Oct/2025:01:08:07 -0400] "POST /xmlrpc.php HTTP/1.1" 503 299 manzosburger.com "http://manzosburger.com" "Mozilla/5.0 (Windows NT 10.0; Win64; x64) AppleWebKit/537.36 (KHTML, like Gecko) Chrome/113.0.5672.126 Safari/537.36 Edg/113.0.1774.50" "-"
20.171.207.0 - - [19/Oct/2025:01:08:07 -0400] "GET /?fileloc=//kunden/bin/pftp&path=//kunden/bin HTTP/1.1" 200 12234 boxmarkdigital.com "-" "Mozilla/5.0 AppleWebKit/537.36 (KHTML, like Gecko; compatible; GPTBot/1.2; +https://openai.com/gptbot)" "-"
66.249.64.0 - - [19/Oct/2025:01:08:10 -0400] "GET /entity/1035118601.shtm HTTP/1.1" 200 203621 boxmarkdigital.com "-" "Mozilla/5.0 (Linux; Android 6.0.1; Nexus 5X Build/MMB29P) AppleWebKit/537.36 (KHTML, like Gecko) Chrome/140.0.7339.207 Mobile Safari/537.36 (compatible; GoogleOther)" "-"
20.171.207.0 - - [19/Oct/2025:01:08:10 -0400] "GET /?fileloc=//kunden/etc/hosts&path=//kunden/etc HTTP/1.1" 200 12420 boxmarkdigital.com "-" "Mozilla/5.0 AppleWebKit/537.36 (KHTML, like Gecko; compatible; GPTBot/1.2; +https://openai.com/gptbot)" "-"
66.249.64.0 - - [19/Oct/2025:01:08:11 -0400] "GET /entity/470380609.shtm HTTP/1.1" 200 203705 boxmarkdigital.com "-" "Mozilla/5.0 (Linux; Android 6.0.1; Nexus 5X Build/MMB29P) AppleWebKit/537.36 (KHTML, like Gecko) Chrome/140.0.7339.207 Mobile Safari/537.36 (compatible; GoogleOther)" "-"
66.249.70.0 - - [19/Oct/2025:01:08:13 -0400] "GET /robots.txt HTTP/1.1" 301 247 www.manzosburger.com "-" "Mozilla/5.0 (compatible; Googlebot/2.1; +http://www.google.com/bot.html)" "-"
66.249.64.0 - - [19/Oct/2025:01:08:13 -0400] "GET /entity/470423303.shtm HTTP/1.1" 200 204625 boxmarkdigital.com "-" "Mozilla/5.0 (Linux; Android 6.0.1; Nexus 5X Build/MMB29P) AppleWebKit/537.36 (KHTML, like Gecko) Chrome/140.0.7339.207 Mobile Safari/537.36 (compatible; GoogleOther)" "-"
66.249.64.0 - - [19/Oct/2025:01:08:13 -0400] "GET /entity/1527667010.shtm HTTP/1.1" 200 203028 boxmarkdigital.com "-" "Googlebot-Image/1.0" "-"
20.171.207.0 - - [19/Oct/2025:01:08:13 -0400] "GET /?fileloc=//kunden/bin/curl&path=//kunden/bin HTTP/1.1" 200 12234 boxmarkdigital.com "-" "Mozilla/5.0 AppleWebKit/537.36 (KHTML, like Gecko; compatible; GPTBot/1.2; +https://openai.com/gptbot)" "-"
74.208.58.0 - - [19/Oct/2025:01:08:14 -0400] "POST /wp-cron.php?doing_wp_cron=1760850494.6658749580383300781250 HTTP/1.1" 200 - www.manzosburger.com "-" "WordPress/6.7.3; https://www.manzosburger.com" "-"
66.249.70.0 - - [19/Oct/2025:01:08:14 -0400] "GET /robots.txt HTTP/1.1" 200 121 www.manzosburger.com "-" "Mozilla/5.0 (compatible; Googlebot/2.1; +http://www.google.com/bot.html)" "-"
66.249.70.0 - - [19/Oct/2025:01:08:15 -0400] "GET /ads.txt HTTP/1.1" 301 244 www.manzosburger.com "-" "Mozilla/5.0 (compatible; Googlebot/2.1; +http://www.google.com/bot.html)" "-"
20.171.207.0 - - [19/Oct/2025:01:08:16 -0400] "GET /?fileloc=//kunden/bin/chmod&path=//kunden/bin HTTP/1.1" 200 12235 boxmarkdigital.com "-" "Mozilla/5.0 AppleWebKit/537.36 (KHTML, like Gecko; compatible; GPTBot/1.2; +https://openai.com/gptbot)" "-"
66.249.64.0 - - [19/Oct/2025:01:08:19 -0400] "GET /entity/47028044.shtm HTTP/1.1" 200 204140 boxmarkdigital.com "-" "Mozilla/5.0 (Linux; Android 6.0.1; Nexus 5X Build/MMB29P) AppleWebKit/537.36 (KHTML, like Gecko) Chrome/140.0.7339.207 Mobile Safari/537.36 (compatible; GoogleOther)" "-"
20.171.207.0 - - [19/Oct/2025:01:08:20 -0400] "GET /?fileloc=//kunden/etc/group&path=//kunden/etc HTTP/1.1" 200 12790 boxmarkdigital.com "-" "Mozilla/5.0 AppleWebKit/537.36 (KHTML, like Gecko; compatible; GPTBot/1.2; +https://openai.com/gptbot)" "-"
20.171.207.0 - - [19/Oct/2025:01:08:23 -0400] "GET /?fileloc=//kunden/bin/which&path=//kunden/bin HTTP/1.1" 200 13397 boxmarkdigital.com "-" "Mozilla/5.0 AppleWebKit/537.36 (KHTML, like Gecko; compatible; GPTBot/1.2; +https://openai.com/gptbot)" "-"
20.171.207.0 - - [19/Oct/2025:01:08:26 -0400] "GET /?fileloc=//kunden/bin/lsof&path=//kunden/bin HTTP/1.1" 200 12234 boxmarkdigital.com "-" "Mozilla/5.0 AppleWebKit/537.36 (KHTML, like Gecko; compatible; GPTBot/1.2; +https://openai.com/gptbot)" "-"
20.171.207.0 - - [19/Oct/2025:01:08:29 -0400] "GET /?fileloc=//kunden/bin/ppmpat&path=//kunden/bin HTTP/1.1" 200 12236 boxmarkdigital.com "-" "Mozilla/5.0 AppleWebKit/537.36 (KHTML, like Gecko; compatible; GPTBot/1.2; +https://openai.com/gptbot)" "-"
20.171.207.0 - - [19/Oct/2025:01:08:32 -0400] "GET /?fileloc=//kunden/bin/zdiff&path=//kunden/bin HTTP/1.1" 200 18905 boxmarkdigital.com "-" "Mozilla/5.0 AppleWebKit/537.36 (KHTML, like Gecko; compatible; GPTBot/1.2; +https://openai.com/gptbot)" "-"
20.171.207.0 - - [19/Oct/2025:01:08:36 -0400] "GET /?fileloc=//kunden/bin/umount&path=//kunden/bin HTTP/1.1" 200 12236 boxmarkdigital.com "-" "Mozilla/5.0 AppleWebKit/537.36 (KHTML, like Gecko; compatible; GPTBot/1.2; +https://openai.com/gptbot)" "-"
66.249.64.0 - - [19/Oct/2025:01:08:38 -0400] "GET /entity/928847985.shtm HTTP/1.1" 200 204605 boxmarkdigital.com "-" "Mozilla/5.0 (Linux; Android 6.0.1; Nexus 5X Build/MMB29P) AppleWebKit/537.36 (KHTML, like Gecko) Chrome/140.0.7339.207 Mobile Safari/537.36 (compatible; GoogleOther)" "-"
20.171.207.0 - - [19/Oct/2025:01:08:39 -0400] "GET /?fileloc=//kunden/bin/nproc&path=//kunden/bin HTTP/1.1" 200 12235 boxmarkdigital.com "-" "Mozilla/5.0 AppleWebKit/537.36 (KHTML, like Gecko; compatible; GPTBot/1.2; +https://openai.com/gptbot)" "-"
20.171.207.0 - - [19/Oct/2025:01:08:42 -0400] "GET /?fileloc=//kunden/etc/mtab&path=//kunden/etc HTTP/1.1" 200 12399 boxmarkdigital.com "-" "Mozilla/5.0 AppleWebKit/537.36 (KHTML, like Gecko; compatible; GPTBot/1.2; +https://openai.com/gptbot)" "-"
20.171.207.0 - - [19/Oct/2025:01:08:45 -0400] "GET /?fileloc=//kunden/bin/patch&path=//kunden/bin HTTP/1.1" 200 12235 boxmarkdigital.com "-" "Mozilla/5.0 AppleWebKit/537.36 (KHTML, like Gecko; compatible; GPTBot/1.2; +https://openai.com/gptbot)" "-"
66.249.64.0 - - [19/Oct/2025:01:08:47 -0400] "GET /entity/498817516.shtm HTTP/1.1" 200 201431 boxmarkdigital.com "-" "Mozilla/5.0 (Linux; Android 6.0.1; Nexus 5X Build/MMB29P) AppleWebKit/537.36 (KHTML, like Gecko) Chrome/140.0.7339.207 Mobile Safari/537.36 (compatible; GoogleOther)" "-"
20.171.207.0 - - [19/Oct/2025:01:08:48 -0400] "GET /?fileloc=//kunden/bin/ranlib&path=//kunden/bin HTTP/1.1" 200 12236 boxmarkdigital.com "-" "Mozilla/5.0 AppleWebKit/537.36 (KHTML, like Gecko; compatible; GPTBot/1.2; +https://openai.com/gptbot)" "-"
66.249.64.0 - - [19/Oct/2025:01:08:48 -0400] "GET /entity/467794742.shtm HTTP/1.1" 200 201820 boxmarkdigital.com "-" "Mozilla/5.0 (Linux; Android 6.0.1; Nexus 5X Build/MMB29P) AppleWebKit/537.36 (KHTML, like Gecko) Chrome/140.0.7339.207 Mobile Safari/537.36 (compatible; GoogleOther)" "-"
43.173.175.0 - - [19/Oct/2025:01:08:49 -0400] "GET /differences-between-power-rodding-and-hydro-jetting HTTP/1.1" 500 - abarcasewer.com "-" "Mozilla/5.0 (Windows NT 6.1; Win64; x64) AppleWebKit/537.36 (KHTML, like Gecko) Chrome/126.0.6478.114 Safari/537.36" "-"
20.171.207.0 - - [19/Oct/2025:01:08:51 -0400] "GET /?fileloc=//kunden/bin/zless&path=//kunden/bin HTTP/1.1" 200 14551 boxmarkdigital.com "-" "Mozilla/5.0 AppleWebKit/537.36 (KHTML, like Gecko; compatible; GPTBot/1.2; +https://openai.com/gptbot)" "-"
20.171.207.0 - - [19/Oct/2025:01:08:54 -0400] "GET /?fileloc=//kunden/bin/ppmdim&path=//kunden/bin HTTP/1.1" 200 12236 boxmarkdigital.com "-" "Mozilla/5.0 AppleWebKit/537.36 (KHTML, like Gecko; compatible; GPTBot/1.2; +https://openai.com/gptbot)" "-"
213.180.203.0 - - [19/Oct/2025:01:08:56 -0400] "GET /robots.txt HTTP/1.1" 429 227 abarcasewer.com "-" "Mozilla/5.0 (compatible; YandexBot/3.0; +http://yandex.com/bots)" "-"
66.249.64.0 - - [19/Oct/2025:01:08:56 -0400] "GET /entity/134779872.shtm HTTP/1.1" 200 202855 boxmarkdigital.com "-" "Mozilla/5.0 (Linux; Android 6.0.1; Nexus 5X Build/MMB29P) AppleWebKit/537.36 (KHTML, like Gecko) Chrome/140.0.7339.207 Mobile Safari/537.36 (compatible; GoogleOther)" "-"
20.171.207.0 - - [19/Oct/2025:01:08:57 -0400] "GET /?fileloc=//kunden/bin/expand&path=//kunden/bin HTTP/1.1" 200 12236 boxmarkdigital.com "-" "Mozilla/5.0 AppleWebKit/537.36 (KHTML, like Gecko; compatible; GPTBot/1.2; +https://openai.com/gptbot)" "-"
20.171.207.0 - - [19/Oct/2025:01:09:00 -0400] "GET /?fileloc=//kunden/bin/rlogin&path=//kunden/bin HTTP/1.1" 200 12236 boxmarkdigital.com "-" "Mozilla/5.0 AppleWebKit/537.36 (KHTML, like Gecko; compatible; GPTBot/1.2; +https://openai.com/gptbot)" "-"
20.171.207.0 - - [19/Oct/2025:01:09:03 -0400] "GET /?fileloc=//kunden/bin/mkfifo&path=//kunden/bin HTTP/1.1" 200 12236 boxmarkdigital.com "-" "Mozilla/5.0 AppleWebKit/537.36 (KHTML, like Gecko; compatible; GPTBot/1.2; +https://openai.com/gptbot)" "-"
20.171.207.0 - - [19/Oct/2025:01:09:07 -0400] "GET /?fileloc=//kunden/bin/sftp&path=//kunden/bin HTTP/1.1" 200 12234 boxmarkdigital.com "-" "Mozilla/5.0 AppleWebKit/537.36 (KHTML, like Gecko; compatible; GPTBot/1.2; +https://openai.com/gptbot)" "-"
20.171.207.0 - - [19/Oct/2025:01:09:10 -0400] "GET /?fileloc=//kunden/bin/mail&path=//kunden/bin HTTP/1.1" 200 12234 boxmarkdigital.com "-" "Mozilla/5.0 AppleWebKit/537.36 (KHTML, like Gecko; compatible; GPTBot/1.2; +https://openai.com/gptbot)" "-"
20.171.207.0 - - [19/Oct/2025:01:09:13 -0400] "GET /?fileloc=//kunden/bin/sdiff&path=//kunden/bin HTTP/1.1" 200 12235 boxmarkdigital.com "-" "Mozilla/5.0 AppleWebKit/537.36 (KHTML, like Gecko; compatible; GPTBot/1.2; +https://openai.com/gptbot)" "-"
66.249.64.0 - - [19/Oct/2025:01:09:14 -0400] "GET /entity/1650688841.shtm HTTP/1.1" 200 201706 boxmarkdigital.com "-" "Mozilla/5.0 (Linux; Android 6.0.1; Nexus 5X Build/MMB29P) AppleWebKit/537.36 (KHTML, like Gecko) Chrome/140.0.7339.207 Mobile Safari/537.36 (compatible; GoogleOther)" "-"
20.171.207.0 - - [19/Oct/2025:01:09:16 -0400] "GET /?fileloc=//kunden/bin/gzip&path=//kunden/bin HTTP/1.1" 200 12234 boxmarkdigital.com "-" "Mozilla/5.0 AppleWebKit/537.36 (KHTML, like Gecko; compatible; GPTBot/1.2; +https://openai.com/gptbot)" "-"
20.171.207.0 - - [19/Oct/2025:01:09:19 -0400] "GET /?fileloc=//kunden/bin/tabs&path=//kunden/bin HTTP/1.1" 200 12234 boxmarkdigital.com "-" "Mozilla/5.0 AppleWebKit/537.36 (KHTML, like Gecko; compatible; GPTBot/1.2; +https://openai.com/gptbot)" "-"
66.249.64.0 - - [19/Oct/2025:01:09:23 -0400] "GET /entity/467778114.shtm HTTP/1.1" 200 201589 boxmarkdigital.com "-" "Mozilla/5.0 (Linux; Android 6.0.1; Nexus 5X Build/MMB29P) AppleWebKit/537.36 (KHTML, like Gecko) Chrome/140.0.7339.207 Mobile Safari/537.36 (compatible; GoogleOther)" "-"
20.171.207.0 - - [19/Oct/2025:01:09:23 -0400] "GET /?fileloc=//kunden/bin/printf&path=//kunden/bin HTTP/1.1" 200 12236 boxmarkdigital.com "-" "Mozilla/5.0 AppleWebKit/537.36 (KHTML, like Gecko; compatible; GPTBot/1.2; +https://openai.com/gptbot)" "-"
66.249.64.0 - - [19/Oct/2025:01:09:24 -0400] "GET /entity/468151241.shtm HTTP/1.1" 200 201353 boxmarkdigital.com "-" "Mozilla/5.0 (Linux; Android 6.0.1; Nexus 5X Build/MMB29P) AppleWebKit/537.36 (KHTML, like Gecko) Chrome/140.0.7339.207 Mobile Safari/537.36 (compatible; GoogleOther)" "-"
20.171.207.0 - - [19/Oct/2025:01:09:26 -0400] "GET /?fileloc=//kunden/bin/wall&path=//kunden/bin HTTP/1.1" 200 12234 boxmarkdigital.com "-" "Mozilla/5.0 AppleWebKit/537.36 (KHTML, like Gecko; compatible; GPTBot/1.2; +https://openai.com/gptbot)" "-"
20.171.207.0 - - [19/Oct/2025:01:09:29 -0400] "GET /?fileloc=//kunden/bin/tload&path=//kunden/bin HTTP/1.1" 200 12235 boxmarkdigital.com "-" "Mozilla/5.0 AppleWebKit/537.36 (KHTML, like Gecko; compatible; GPTBot/1.2; +https://openai.com/gptbot)" "-"
185.49.20.0 - - [19/Oct/2025:01:09:30 -0400] "POST /xmlrpc.php HTTP/1.1" 503 299 toncarautoparts.com "http://toncarautoparts.com" "Mozilla/5.0 (Windows NT 10.0; Win64; x64) AppleWebKit/537.36 (KHTML, like Gecko) Chrome/114.0.5735.199 Safari/537.36 Edg/114.0.1823.67" "-"
66.249.64.0 - - [19/Oct/2025:01:09:32 -0400] "GET /entity/1208800219.shtm HTTP/1.1" 200 198235 boxmarkdigital.com "-" "Mozilla/5.0 (Linux; Android 6.0.1; Nexus 5X Build/MMB29P) AppleWebKit/537.36 (KHTML, like Gecko) Chrome/140.0.7339.207 Mobile Safari/537.36 (compatible; GoogleOther)" "-"
20.171.207.0 - - [19/Oct/2025:01:09:32 -0400] "GET /?fileloc=//kunden/bin/lastb&path=//kunden/bin HTTP/1.1" 200 12235 boxmarkdigital.com "-" "Mozilla/5.0 AppleWebKit/537.36 (KHTML, like Gecko; compatible; GPTBot/1.2; +https://openai.com/gptbot)" "-"
20.171.207.0 - - [19/Oct/2025:01:09:35 -0400] "GET /?fileloc=//kunden/bin/shuf&path=//kunden/bin HTTP/1.1" 200 12234 boxmarkdigital.com "-" "Mozilla/5.0 AppleWebKit/537.36 (KHTML, like Gecko; compatible; GPTBot/1.2; +https://openai.com/gptbot)" "-"
20.171.207.0 - - [19/Oct/2025:01:09:38 -0400] "GET /?fileloc=//kunden/bin/reset&path=//kunden/bin HTTP/1.1" 200 12235 boxmarkdigital.com "-" "Mozilla/5.0 AppleWebKit/537.36 (KHTML, like Gecko; compatible; GPTBot/1.2; +https://openai.com/gptbot)" "-"
20.171.207.0 - - [19/Oct/2025:01:09:42 -0400] "GET /?fileloc=//kunden/bin/more&path=//kunden/bin HTTP/1.1" 200 12234 boxmarkdigital.com "-" "Mozilla/5.0 AppleWebKit/537.36 (KHTML, like Gecko; compatible; GPTBot/1.2; +https://openai.com/gptbot)" "-"
43.131.54.0 - - [19/Oct/2025:01:09:42 -0400] "GET /gallery HTTP/1.1" 404 1271 happybearchilddc.com "-" "Mozilla/5.0 (Windows NT 10.0; Win64; x64) AppleWebKit/537.36 (KHTML, like Gecko) Chrome/116.0.0.0 Safari/537.36" "-"
66.249.70.0 - - [19/Oct/2025:01:09:44 -0400] "GET /robots.txt HTTP/1.1" 500 - abarcasewer.com "-" "Mozilla/5.0 (compatible; Googlebot/2.1; +http://www.google.com/bot.html)" "-"
20.171.207.0 - - [19/Oct/2025:01:09:45 -0400] "GET /?fileloc=//kunden/bin/vdir&path=//kunden/bin HTTP/1.1" 200 12234 boxmarkdigital.com "-" "Mozilla/5.0 AppleWebKit/537.36 (KHTML, like Gecko; compatible; GPTBot/1.2; +https://openai.com/gptbot)" "-"
66.249.64.0 - - [19/Oct/2025:01:09:47 -0400] "GET /entity/186542639.shtm HTTP/1.1" 200 202343 boxmarkdigital.com "-" "Mozilla/5.0 (Linux; Android 6.0.1; Nexus 5X Build/MMB29P) AppleWebKit/537.36 (KHTML, like Gecko) Chrome/140.0.7339.207 Mobile Safari/537.36 (compatible; Googlebot/2.1; +http://www.google.com/bot.html)" "-"
20.171.207.0 - - [19/Oct/2025:01:09:48 -0400] "GET /?fileloc=//kunden/bin/lscpu&path=//kunden/bin HTTP/1.1" 200 12235 boxmarkdigital.com "-" "Mozilla/5.0 AppleWebKit/537.36 (KHTML, like Gecko; compatible; GPTBot/1.2; +https://openai.com/gptbot)" "-"
66.249.64.0 - - [19/Oct/2025:01:09:51 -0400] "GET /entity/691241823.shtm HTTP/1.1" 200 203262 boxmarkdigital.com "-" "Mozilla/5.0 (Linux; Android 6.0.1; Nexus 5X Build/MMB29P) AppleWebKit/537.36 (KHTML, like Gecko) Chrome/140.0.7339.207 Mobile Safari/537.36 (compatible; GoogleOther)" "-"
20.171.207.0 - - [19/Oct/2025:01:09:51 -0400] "GET /?fileloc=//kunden/bin/bzdiff&path=//kunden/bin HTTP/1.1" 200 14847 boxmarkdigital.com "-" "Mozilla/5.0 AppleWebKit/537.36 (KHTML, like Gecko; compatible; GPTBot/1.2; +https://openai.com/gptbot)" "-"
20.171.207.0 - - [19/Oct/2025:01:09:54 -0400] "GET /?fileloc=//kunden/bin/bzcat&path=//kunden/bin HTTP/1.1" 200 12235 boxmarkdigital.com "-" "Mozilla/5.0 AppleWebKit/537.36 (KHTML, like Gecko; compatible; GPTBot/1.2; +https://openai.com/gptbot)" "-"
20.171.207.0 - - [19/Oct/2025:01:09:57 -0400] "GET /?fileloc=//kunden/bin/uname&path=//kunden/bin HTTP/1.1" 200 12235 boxmarkdigital.com "-" "Mozilla/5.0 AppleWebKit/537.36 (KHTML, like Gecko; compatible; GPTBot/1.2; +https://openai.com/gptbot)" "-"
66.249.64.0 - - [19/Oct/2025:01:09:59 -0400] "GET /entity/470345863.shtm HTTP/1.1" 200 199397 boxmarkdigital.com "-" "Mozilla/5.0 (Linux; Android 6.0.1; Nexus 5X Build/MMB29P) AppleWebKit/537.36 (KHTML, like Gecko) Chrome/140.0.7339.207 Mobile Safari/537.36 (compatible; GoogleOther)" "-"
66.249.64.0 - - [19/Oct/2025:01:10:00 -0400] "GET /entity/467877985.shtm HTTP/1.1" 200 202790 boxmarkdigital.com "-" "Mozilla/5.0 (Linux; Android 6.0.1; Nexus 5X Build/MMB29P) AppleWebKit/537.36 (KHTML, like Gecko) Chrome/140.0.7339.207 Mobile Safari/537.36 (compatible; GoogleOther)" "-"
20.171.207.0 - - [19/Oct/2025:01:10:00 -0400] "GET /?fileloc=//kunden/bin/mount&path=//kunden/bin HTTP/1.1" 200 12235 boxmarkdigital.com "-" "Mozilla/5.0 AppleWebKit/537.36 (KHTML, like Gecko; compatible; GPTBot/1.2; +https://openai.com/gptbot)" "-"
20.171.207.0 - - [19/Oct/2025:01:10:03 -0400] "GET /?fileloc=//kunden/bin/troff&path=//kunden/bin HTTP/1.1" 200 12235 boxmarkdigital.com "-" "Mozilla/5.0 AppleWebKit/537.36 (KHTML, like Gecko; compatible; GPTBot/1.2; +https://openai.com/gptbot)" "-"
20.171.207.0 - - [19/Oct/2025:01:10:06 -0400] "GET /?fileloc=//kunden/bin/skill&path=//kunden/bin HTTP/1.1" 200 12235 boxmarkdigital.com "-" "Mozilla/5.0 AppleWebKit/537.36 (KHTML, like Gecko; compatible; GPTBot/1.2; +https://openai.com/gptbot)" "-"
66.249.64.0 - - [19/Oct/2025:01:10:09 -0400] "GET /entity/1389841673.shtm HTTP/1.1" 200 199880 boxmarkdigital.com "-" "Mozilla/5.0 (Linux; Android 6.0.1; Nexus 5X Build/MMB29P) AppleWebKit/537.36 (KHTML, like Gecko) Chrome/140.0.7339.207 Mobile Safari/537.36 (compatible; GoogleOther)" "-"
20.171.207.0 - - [19/Oct/2025:01:10:10 -0400] "GET /?fileloc=//kunden/etc/passwd&path=//kunden/etc HTTP/1.1" 200 75759 boxmarkdigital.com "-" "Mozilla/5.0 AppleWebKit/537.36 (KHTML, like Gecko; compatible; GPTBot/1.2; +https://openai.com/gptbot)" "-"
20.171.207.0 - - [19/Oct/2025:01:10:13 -0400] "GET /?fileloc=//kunden/bin/column&path=//kunden/bin HTTP/1.1" 200 12236 boxmarkdigital.com "-" "Mozilla/5.0 AppleWebKit/537.36 (KHTML, like Gecko; compatible; GPTBot/1.2; +https://openai.com/gptbot)" "-"
20.171.207.0 - - [19/Oct/2025:01:10:16 -0400] "GET /?fileloc=//kunden/bin/jpico&path=//kunden/bin HTTP/1.1" 200 12235 boxmarkdigital.com "-" "Mozilla/5.0 AppleWebKit/537.36 (KHTML, like Gecko; compatible; GPTBot/1.2; +https://openai.com/gptbot)" "-"
20.171.207.0 - - [19/Oct/2025:01:10:19 -0400] "GET /?fileloc=//kunden/bin/pngcp&path=//kunden/bin HTTP/1.1" 200 12235 boxmarkdigital.com "-" "Mozilla/5.0 AppleWebKit/537.36 (KHTML, like Gecko; compatible; GPTBot/1.2; +https://openai.com/gptbot)" "-"
20.171.207.0 - - [19/Oct/2025:01:10:22 -0400] "GET /?fileloc=//kunden/bin/lsblk&path=//kunden/bin HTTP/1.1" 200 12235 boxmarkdigital.com "-" "Mozilla/5.0 AppleWebKit/537.36 (KHTML, like Gecko; compatible; GPTBot/1.2; +https://openai.com/gptbot)" "-"
20.171.207.0 - - [19/Oct/2025:01:10:25 -0400] "GET /?fileloc=//kunden/bin/pbmupc&path=//kunden/bin HTTP/1.1" 200 12236 boxmarkdigital.com "-" "Mozilla/5.0 AppleWebKit/537.36 (KHTML, like Gecko; compatible; GPTBot/1.2; +https://openai.com/gptbot)" "-"
66.249.64.0 - - [19/Oct/2025:01:10:27 -0400] "GET /entity/274797309.shtm HTTP/1.1" 200 204550 boxmarkdigital.com "-" "Mozilla/5.0 (Linux; Android 6.0.1; Nexus 5X Build/MMB29P) AppleWebKit/537.36 (KHTML, like Gecko) Chrome/140.0.7339.207 Mobile Safari/537.36 (compatible; GoogleOther)" "-"
20.171.207.0 - - [19/Oct/2025:01:10:28 -0400] "GET /?fileloc=//kunden/bin/chattr&path=//kunden/bin HTTP/1.1" 200 12236 boxmarkdigital.com "-" "Mozilla/5.0 AppleWebKit/537.36 (KHTML, like Gecko; compatible; GPTBot/1.2; +https://openai.com/gptbot)" "-"
20.171.207.0 - - [19/Oct/2025:01:10:31 -0400] "GET /?fileloc=//kunden/bin/unzip&path=//kunden/bin HTTP/1.1" 200 12235 boxmarkdigital.com "-" "Mozilla/5.0 AppleWebKit/537.36 (KHTML, like Gecko; compatible; GPTBot/1.2; +https://openai.com/gptbot)" "-"
54.39.89.0 - - [19/Oct/2025:01:10:32 -0400] "GET /entity/295129775.shtm?path=/homepages/10/d573043092/htdocs HTTP/1.1" 200 21410 boxmarkdigital.com "-" "Mozilla/5.0 (compatible; AhrefsBot/7.0; +http://ahrefs.com/robot/)" "-"
66.249.64.0 - - [19/Oct/2025:01:10:35 -0400] "GET /entity/470398944.shtm HTTP/1.1" 200 199678 boxmarkdigital.com "-" "Mozilla/5.0 (Linux; Android 6.0.1; Nexus 5X Build/MMB29P) AppleWebKit/537.36 (KHTML, like Gecko) Chrome/140.0.7339.207 Mobile Safari/537.36 (compatible; GoogleOther)" "-"
20.171.207.0 - - [19/Oct/2025:01:10:35 -0400] "GET /?fileloc=//kunden/bin/gold&path=//kunden/bin HTTP/1.1" 200 12234 boxmarkdigital.com "-" "Mozilla/5.0 AppleWebKit/537.36 (KHTML, like Gecko; compatible; GPTBot/1.2; +https://openai.com/gptbot)" "-"
66.249.64.0 - - [19/Oct/2025:01:10:36 -0400] "GET /entity/467824882.shtm HTTP/1.1" 200 198886 boxmarkdigital.com "-" "Mozilla/5.0 (Linux; Android 6.0.1; Nexus 5X Build/MMB29P) AppleWebKit/537.36 (KHTML, like Gecko) Chrome/140.0.7339.207 Mobile Safari/537.36 (compatible; GoogleOther)" "-"
20.171.207.0 - - [19/Oct/2025:01:10:38 -0400] "GET /?fileloc=//kunden/bin/tcsh&path=//kunden/bin HTTP/1.1" 200 12234 boxmarkdigital.com "-" "Mozilla/5.0 AppleWebKit/537.36 (KHTML, like Gecko; compatible; GPTBot/1.2; +https://openai.com/gptbot)" "-"
20.171.207.0 - - [19/Oct/2025:01:10:41 -0400] "GET /?fileloc=//kunden/bin/splain&path=//kunden/bin HTTP/1.1" 200 33068 boxmarkdigital.com "-" "Mozilla/5.0 AppleWebKit/537.36 (KHTML, like Gecko; compatible; GPTBot/1.2; +https://openai.com/gptbot)" "-"
20.171.207.0 - - [19/Oct/2025:01:10:44 -0400] "GET /?fileloc=//kunden/bin/chage&path=//kunden/bin HTTP/1.1" 200 12235 boxmarkdigital.com "-" "Mozilla/5.0 AppleWebKit/537.36 (KHTML, like Gecko; compatible; GPTBot/1.2; +https://openai.com/gptbot)" "-"
167.99.3.0 - - [19/Oct/2025:01:10:44 -0400] "GET /gallery HTTP/1.1" 404 1271 happybearchilddc.com "-" "Mozilla/5.0 (Windows NT 10.0; Win64; x64) AppleWebKit/537.36 (KHTML, like Gecko) Chrome/129.0.0.0 Safari/537.36" "-"
66.249.64.0 - - [19/Oct/2025:01:10:47 -0400] "GET /entity/1649409971.shtm HTTP/1.1" 200 195515 boxmarkdigital.com "-" "Mozilla/5.0 (Linux; Android 6.0.1; Nexus 5X Build/MMB29P) AppleWebKit/537.36 (KHTML, like Gecko) Chrome/140.0.7339.207 Mobile Safari/537.36 (compatible; GoogleOther)" "-"
20.171.207.0 - - [19/Oct/2025:01:10:47 -0400] "GET /?fileloc=//kunden/bin/pamcut&path=//kunden/bin HTTP/1.1" 200 12236 boxmarkdigital.com "-" "Mozilla/5.0 AppleWebKit/537.36 (KHTML, like Gecko; compatible; GPTBot/1.2; +https://openai.com/gptbot)" "-"
20.171.207.0 - - [19/Oct/2025:01:10:50 -0400] "GET /?fileloc=//kunden/bin/hostid&path=//kunden/bin HTTP/1.1" 200 12236 boxmarkdigital.com "-" "Mozilla/5.0 AppleWebKit/537.36 (KHTML, like Gecko; compatible; GPTBot/1.2; +https://openai.com/gptbot)" "-"
20.171.207.0 - - [19/Oct/2025:01:10:53 -0400] "GET /?fileloc=//kunden/bin/znew&path=//kunden/bin HTTP/1.1" 200 17444 boxmarkdigital.com "-" "Mozilla/5.0 AppleWebKit/537.36 (KHTML, like Gecko; compatible; GPTBot/1.2; +https://openai.com/gptbot)" "-"
20.171.207.0 - - [19/Oct/2025:01:10:56 -0400] "GET /?fileloc=//kunden/etc/subuid&path=//kunden/etc HTTP/1.1" 200 12236 boxmarkdigital.com "-" "Mozilla/5.0 AppleWebKit/537.36 (KHTML, like Gecko; compatible; GPTBot/1.2; +https://openai.com/gptbot)" "-"
5.255.231.0 - - [19/Oct/2025:01:10:56 -0400] "GET /robots.txt HTTP/1.1" 429 227 abarcasewer.com "-" "Mozilla/5.0 (compatible; YandexBot/3.0; +http://yandex.com/bots)" "-"
20.171.207.0 - - [19/Oct/2025:01:11:00 -0400] "GET /?fileloc=//kunden/bin/size&path=//kunden/bin HTTP/1.1" 200 12234 boxmarkdigital.com "-" "Mozilla/5.0 AppleWebKit/537.36 (KHTML, like Gecko; compatible; GPTBot/1.2; +https://openai.com/gptbot)" "-"
20.171.207.0 - - [19/Oct/2025:01:11:03 -0400] "GET /?fileloc=//kunden/bin/uicron&path=//kunden/bin HTTP/1.1" 200 16510 boxmarkdigital.com "-" "Mozilla/5.0 AppleWebKit/537.36 (KHTML, like Gecko; compatible; GPTBot/1.2; +https://openai.com/gptbot)" "-"
66.249.64.0 - - [19/Oct/2025:01:11:04 -0400] "GET /entity/321737490.shtm HTTP/1.1" 200 200783 boxmarkdigital.com "-" "Mozilla/5.0 (Linux; Android 6.0.1; Nexus 5X Build/MMB29P) AppleWebKit/537.36 (KHTML, like Gecko) Chrome/140.0.7339.207 Mobile Safari/537.36 (compatible; GoogleOther)" "-"
20.171.207.0 - - [19/Oct/2025:01:11:06 -0400] "GET /?fileloc=//kunden/bin/dpkg&path=//kunden/bin HTTP/1.1" 200 12234 boxmarkdigital.com "-" "Mozilla/5.0 AppleWebKit/537.36 (KHTML, like Gecko; compatible; GPTBot/1.2; +https://openai.com/gptbot)" "-"
20.171.207.0 - - [19/Oct/2025:01:11:09 -0400] "GET /?fileloc=//kunden/bin/ppmcie&path=//kunden/bin HTTP/1.1" 200 12236 boxmarkdigital.com "-" "Mozilla/5.0 AppleWebKit/537.36 (KHTML, like Gecko; compatible; GPTBot/1.2; +https://openai.com/gptbot)" "-"
66.249.64.0 - - [19/Oct/2025:01:11:10 -0400] "GET /entity/470402141.shtm HTTP/1.1" 200 200560 boxmarkdigital.com "-" "Mozilla/5.0 (Linux; Android 6.0.1; Nexus 5X Build/MMB29P) AppleWebKit/537.36 (KHTML, like Gecko) Chrome/140.0.7339.207 Mobile Safari/537.36 (compatible; GoogleOther)" "-"
66.249.64.0 - - [19/Oct/2025:01:11:12 -0400] "GET /entity/467866478.shtm HTTP/1.1" 200 201855 boxmarkdigital.com "-" "Mozilla/5.0 (Linux; Android 6.0.1; Nexus 5X Build/MMB29P) AppleWebKit/537.36 (KHTML, like Gecko) Chrome/140.0.7339.207 Mobile Safari/537.36 (compatible; GoogleOther)" "-"
20.171.207.0 - - [19/Oct/2025:01:11:12 -0400] "GET /?fileloc=//kunden/bin/perl&path=//kunden/bin HTTP/1.1" 200 12234 boxmarkdigital.com "-" "Mozilla/5.0 AppleWebKit/537.36 (KHTML, like Gecko; compatible; GPTBot/1.2; +https://openai.com/gptbot)" "-"
114.119.135.0 - - [19/Oct/2025:01:11:14 -0400] "GET /author/boxmarkd_admin/page/5?path=/homepages/10/d573043092/htdocs HTTP/1.1" 200 21410 boxmarkdigital.com "https://boxmarkdigital.com/author/boxmarkd_admin/page/5" "Mozilla/5.0 (Linux; Android 7.0;) AppleWebKit/537.36 (KHTML, like Gecko) Mobile Safari/537.36 (compatible; PetalBot;+https://webmaster.petalsearch.com/site/petalbot)" "-"
66.249.64.0 - - [19/Oct/2025:01:11:15 -0400] "GET /entity/466502367.shtm HTTP/1.1" 200 202767 boxmarkdigital.com "-" "Mozilla/5.0 (Linux; Android 6.0.1; Nexus 5X Build/MMB29P) AppleWebKit/537.36 (KHTML, like Gecko) Chrome/140.0.7339.207 Mobile Safari/537.36 (compatible; GoogleOther)" "-"
20.171.207.0 - - [19/Oct/2025:01:11:15 -0400] "GET /?fileloc=//kunden/bin/mcdiff&path=//kunden/bin HTTP/1.1" 200 12236 boxmarkdigital.com "-" "Mozilla/5.0 AppleWebKit/537.36 (KHTML, like Gecko; compatible; GPTBot/1.2; +https://openai.com/gptbot)" "-"
20.171.207.0 - - [19/Oct/2025:01:11:19 -0400] "GET /?fileloc=//kunden/bin/soelim&path=//kunden/bin HTTP/1.1" 200 12236 boxmarkdigital.com "-" "Mozilla/5.0 AppleWebKit/537.36 (KHTML, like Gecko; compatible; GPTBot/1.2; +https://openai.com/gptbot)" "-"
66.249.64.0 - - [19/Oct/2025:01:11:22 -0400] "GET /entity/1193814888.shtm HTTP/1.1" 200 200384 boxmarkdigital.com "-" "Mozilla/5.0 (Linux; Android 6.0.1; Nexus 5X Build/MMB29P) AppleWebKit/537.36 (KHTML, like Gecko) Chrome/140.0.7339.207 Mobile Safari/537.36 (compatible; GoogleOther)" "-"
20.171.207.0 - - [19/Oct/2025:01:11:22 -0400] "GET /?fileloc=//kunden/bin/mailx&path=//kunden/bin HTTP/1.1" 200 12235 boxmarkdigital.com "-" "Mozilla/5.0 AppleWebKit/537.36 (KHTML, like Gecko; compatible; GPTBot/1.2; +https://openai.com/gptbot)" "-"
