20.171.207.0 - - [19/Oct/2025:00:23:43 -0400] "GET /?fileloc=//bin/logname&path=//bin HTTP/1.1" 200 12187 boxmarkdigital.com "-" "Mozilla/5.0 AppleWebKit/537.36 (KHTML, like Gecko; compatible; GPTBot/1.2; +https://openai.com/gptbot)" "-"
20.171.207.0 - - [19/Oct/2025:00:23:46 -0400] "GET /?fileloc=//bin/pidwait&path=//bin HTTP/1.1" 200 12187 boxmarkdigital.com "-" "Mozilla/5.0 AppleWebKit/537.36 (KHTML, like Gecko; compatible; GPTBot/1.2; +https://openai.com/gptbot)" "-"
66.249.70.0 - - [19/Oct/2025:00:23:47 -0400] "GET /robots.txt HTTP/1.1" 500 - abarcasewer.com "-" "Mozilla/5.0 (compatible; Googlebot/2.1; +http://www.google.com/bot.html)" "-"
20.171.207.0 - - [19/Oct/2025:00:23:50 -0400] "GET /?fileloc=//bin/pjtoppm&path=//bin HTTP/1.1" 200 12187 boxmarkdigital.com "-" "Mozilla/5.0 AppleWebKit/537.36 (KHTML, like Gecko; compatible; GPTBot/1.2; +https://openai.com/gptbot)" "-"
66.249.64.0 - - [19/Oct/2025:00:23:52 -0400] "GET /entity/1192248232.shtm HTTP/1.1" 200 201384 boxmarkdigital.com "-" "Mozilla/5.0 (Linux; Android 6.0.1; Nexus 5X Build/MMB29P) AppleWebKit/537.36 (KHTML, like Gecko) Chrome/140.0.7339.207 Mobile Safari/537.36 (compatible; Googlebot/2.1; +http://www.google.com/bot.html)" "-"
20.171.207.0 - - [19/Oct/2025:00:23:53 -0400] "GET /?fileloc=//bin/mcookie&path=//bin HTTP/1.1" 200 12187 boxmarkdigital.com "-" "Mozilla/5.0 AppleWebKit/537.36 (KHTML, like Gecko; compatible; GPTBot/1.2; +https://openai.com/gptbot)" "-"
20.171.207.0 - - [19/Oct/2025:00:23:56 -0400] "GET /?fileloc=//bin/debconf&path=//bin HTTP/1.1" 200 15232 boxmarkdigital.com "-" "Mozilla/5.0 AppleWebKit/537.36 (KHTML, like Gecko; compatible; GPTBot/1.2; +https://openai.com/gptbot)" "-"
148.113.128.0 - - [19/Oct/2025:00:23:57 -0400] "GET /entity/295123965.shtm?fileloc=/homepages/10/d573043092/htdocs/clickandbuilds/BoxmarkDigital/license.txt&path=/homepages/10/d573043092/htdocs/clickandbuilds/BoxmarkDigital HTTP/1.1" 200 32596 boxmarkdigital.com "-" "Mozilla/5.0 (compatible; AhrefsBot/7.0; +http://ahrefs.com/robot/)" "-"
20.171.207.0 - - [19/Oct/2025:00:23:59 -0400] "GET /?fileloc=//bin/rrdtool&path=//bin HTTP/1.1" 200 12187 boxmarkdigital.com "-" "Mozilla/5.0 AppleWebKit/537.36 (KHTML, like Gecko; compatible; GPTBot/1.2; +https://openai.com/gptbot)" "-"
20.171.207.0 - - [19/Oct/2025:00:24:02 -0400] "GET /?fileloc=//bin/pnmcrop&path=//bin HTTP/1.1" 200 12187 boxmarkdigital.com "-" "Mozilla/5.0 AppleWebKit/537.36 (KHTML, like Gecko; compatible; GPTBot/1.2; +https://openai.com/gptbot)" "-"
20.171.207.0 - - [19/Oct/2025:00:24:05 -0400] "GET /?fileloc=//bin/svnfsfs&path=//bin HTTP/1.1" 200 12187 boxmarkdigital.com "-" "Mozilla/5.0 AppleWebKit/537.36 (KHTML, like Gecko; compatible; GPTBot/1.2; +https://openai.com/gptbot)" "-"
20.171.207.0 - - [19/Oct/2025:00:24:09 -0400] "GET /?fileloc=//bin/getconf&path=//bin HTTP/1.1" 200 12187 boxmarkdigital.com "-" "Mozilla/5.0 AppleWebKit/537.36 (KHTML, like Gecko; compatible; GPTBot/1.2; +https://openai.com/gptbot)" "-"
66.249.64.0 - - [19/Oct/2025:00:24:09 -0400] "GET /entity/465705929.shtm HTTP/1.1" 200 206608 boxmarkdigital.com "-" "Mozilla/5.0 (Linux; Android 6.0.1; Nexus 5X Build/MMB29P) AppleWebKit/537.36 (KHTML, like Gecko) Chrome/140.0.7339.207 Mobile Safari/537.36 (compatible; GoogleOther)" "-"
66.249.64.0 - - [19/Oct/2025:00:24:11 -0400] "GET /entity/465661791.shtm HTTP/1.1" 200 202958 boxmarkdigital.com "-" "Mozilla/5.0 (Linux; Android 6.0.1; Nexus 5X Build/MMB29P) AppleWebKit/537.36 (KHTML, like Gecko) Chrome/140.0.7339.207 Mobile Safari/537.36 (compatible; GoogleOther)" "-"
20.171.207.0 - - [19/Oct/2025:00:24:12 -0400] "GET /?fileloc=//bin/aclocal&path=//bin HTTP/1.1" 200 49353 boxmarkdigital.com "-" "Mozilla/5.0 AppleWebKit/537.36 (KHTML, like Gecko; compatible; GPTBot/1.2; +https://openai.com/gptbot)" "-"
20.171.207.0 - - [19/Oct/2025:00:24:15 -0400] "GET /?fileloc=//bin/combine&path=//bin HTTP/1.1" 200 15455 boxmarkdigital.com "-" "Mozilla/5.0 AppleWebKit/537.36 (KHTML, like Gecko; compatible; GPTBot/1.2; +https://openai.com/gptbot)" "-"
20.171.207.0 - - [19/Oct/2025:00:24:18 -0400] "GET /?fileloc=//bin/pnmtile&path=//bin HTTP/1.1" 200 12187 boxmarkdigital.com "-" "Mozilla/5.0 AppleWebKit/537.36 (KHTML, like Gecko; compatible; GPTBot/1.2; +https://openai.com/gptbot)" "-"
20.171.207.0 - - [19/Oct/2025:00:24:22 -0400] "GET /?fileloc=//lib/aspell/cp1258.cset&path=//lib/aspell HTTP/1.1" 200 26479 boxmarkdigital.com "-" "Mozilla/5.0 AppleWebKit/537.36 (KHTML, like Gecko; compatible; GPTBot/1.2; +https://openai.com/gptbot)" "-"
20.171.207.0 - - [19/Oct/2025:00:24:25 -0400] "GET /?fileloc=//lib/aspell/cp1253.cset&path=//lib/aspell HTTP/1.1" 200 26289 boxmarkdigital.com "-" "Mozilla/5.0 AppleWebKit/537.36 (KHTML, like Gecko; compatible; GPTBot/1.2; +https://openai.com/gptbot)" "-"
20.171.207.0 - - [19/Oct/2025:00:24:28 -0400] "GET /?fileloc=//lib/aspell/cp1257.cmap&path=//lib/aspell HTTP/1.1" 200 48978 boxmarkdigital.com "-" "Mozilla/5.0 AppleWebKit/537.36 (KHTML, like Gecko; compatible; GPTBot/1.2; +https://openai.com/gptbot)" "-"
66.249.64.0 - - [19/Oct/2025:00:24:29 -0400] "GET /entity/1563294518.shtm HTTP/1.1" 200 199567 boxmarkdigital.com "-" "Mozilla/5.0 (Linux; Android 6.0.1; Nexus 5X Build/MMB29P) AppleWebKit/537.36 (KHTML, like Gecko) Chrome/140.0.7339.207 Mobile Safari/537.36 (compatible; Googlebot/2.1; +http://www.google.com/bot.html)" "-"
20.171.207.0 - - [19/Oct/2025:00:24:31 -0400] "GET /?fileloc=//lib/aspell/cp1258.cmap&path=//lib/aspell HTTP/1.1" 200 52259 boxmarkdigital.com "-" "Mozilla/5.0 AppleWebKit/537.36 (KHTML, like Gecko; compatible; GPTBot/1.2; +https://openai.com/gptbot)" "-"
157.55.39.0 - - [19/Oct/2025:00:24:33 -0400] "GET /shop/order/make_estimate.aspx HTTP/1.1" 500 - abarcasewer.com "-" "Mozilla/5.0 AppleWebKit/537.36 (KHTML, like Gecko; compatible; bingbot/2.0; +http://www.bing.com/bingbot.htm) Chrome/116.0.1938.76 Safari/537.36" "-"
20.171.207.0 - - [19/Oct/2025:00:24:34 -0400] "GET /?fileloc=//lib/aspell/cp1256.cmap&path=//lib/aspell HTTP/1.1" 200 63623 boxmarkdigital.com "-" "Mozilla/5.0 AppleWebKit/537.36 (KHTML, like Gecko; compatible; GPTBot/1.2; +https://openai.com/gptbot)" "-"
20.171.207.0 - - [19/Oct/2025:00:24:37 -0400] "GET /?fileloc=//lib/aspell/cp1250.cmap&path=//lib/aspell HTTP/1.1" 200 49210 boxmarkdigital.com "-" "Mozilla/5.0 AppleWebKit/537.36 (KHTML, like Gecko; compatible; GPTBot/1.2; +https://openai.com/gptbot)" "-"
51.68.111.0 - - [19/Oct/2025:00:24:39 -0400] "GET /robots.txt HTTP/1.1" 200 88 boxmarkdigital.com "-" "Mozilla/5.0 (compatible; MJ12bot/v2.0.4; http://mj12bot.com/)" "-"
51.68.111.0 - - [19/Oct/2025:00:24:39 -0400] "GET / HTTP/1.1" 200 61284 boxmarkdigital.com "-" "Mozilla/5.0 (compatible; MJ12bot/v2.0.4; http://mj12bot.com/)" "-"
20.171.207.0 - - [19/Oct/2025:00:24:40 -0400] "GET /?fileloc=//lib/aspell/cp1256.cset&path=//lib/aspell HTTP/1.1" 200 25812 boxmarkdigital.com "-" "Mozilla/5.0 AppleWebKit/537.36 (KHTML, like Gecko; compatible; GPTBot/1.2; +https://openai.com/gptbot)" "-"
66.249.64.0 - - [19/Oct/2025:00:24:43 -0400] "GET /entity/465666130.shtm HTTP/1.1" 200 201578 boxmarkdigital.com "-" "Mozilla/5.0 (Linux; Android 6.0.1; Nexus 5X Build/MMB29P) AppleWebKit/537.36 (KHTML, like Gecko) Chrome/140.0.7339.207 Mobile Safari/537.36 (compatible; GoogleOther)" "-"
20.171.207.0 - - [19/Oct/2025:00:24:44 -0400] "GET /?fileloc=//lib/aspell/cp1254.cmap&path=//lib/aspell HTTP/1.1" 200 48794 boxmarkdigital.com "-" "Mozilla/5.0 AppleWebKit/537.36 (KHTML, like Gecko; compatible; GPTBot/1.2; +https://openai.com/gptbot)" "-"
66.249.64.0 - - [19/Oct/2025:00:24:44 -0400] "GET /entity/465624609.shtm HTTP/1.1" 200 199106 boxmarkdigital.com "-" "Mozilla/5.0 (Linux; Android 6.0.1; Nexus 5X Build/MMB29P) AppleWebKit/537.36 (KHTML, like Gecko) Chrome/140.0.7339.207 Mobile Safari/537.36 (compatible; GoogleOther)" "-"
146.190.81.0 - - [19/Oct/2025:00:24:46 -0400] "GET /wp-login.php HTTP/1.1" 200 4 www.myboxmark.com "-" "Mozilla/5.0 (X11; Linux x86_64) AppleWebKit/537.36 (KHTML, like Gecko) Chrome/134.0.0.0 Safari/537.36" "-"
20.171.207.0 - - [19/Oct/2025:00:24:47 -0400] "GET /?fileloc=//lib/aspell/cp1255.cset&path=//lib/aspell HTTP/1.1" 200 25675 boxmarkdigital.com "-" "Mozilla/5.0 AppleWebKit/537.36 (KHTML, like Gecko; compatible; GPTBot/1.2; +https://openai.com/gptbot)" "-"
20.171.207.0 - - [19/Oct/2025:00:24:50 -0400] "GET /?fileloc=//lib/aspell/cp1250.cset&path=//lib/aspell HTTP/1.1" 200 26749 boxmarkdigital.com "-" "Mozilla/5.0 AppleWebKit/537.36 (KHTML, like Gecko; compatible; GPTBot/1.2; +https://openai.com/gptbot)" "-"
20.171.207.0 - - [19/Oct/2025:00:24:53 -0400] "GET /?fileloc=//bin/ppmhist&path=//bin HTTP/1.1" 200 12187 boxmarkdigital.com "-" "Mozilla/5.0 AppleWebKit/537.36 (KHTML, like Gecko; compatible; GPTBot/1.2; +https://openai.com/gptbot)" "-"
213.180.203.0 - - [19/Oct/2025:00:24:53 -0400] "GET /robots.txt HTTP/1.1" 429 227 myboxmark.com "-" "Mozilla/5.0 (compatible; YandexBot/3.0; +http://yandex.com/bots)" "-"
20.171.207.0 - - [19/Oct/2025:00:24:56 -0400] "GET /?fileloc=//lib/aspell/cp1252.cset&path=//lib/aspell HTTP/1.1" 200 26574 boxmarkdigital.com "-" "Mozilla/5.0 AppleWebKit/537.36 (KHTML, like Gecko; compatible; GPTBot/1.2; +https://openai.com/gptbot)" "-"
47.128.121.0 - - [19/Oct/2025:00:24:56 -0400] "GET /return-of-website-optimization HTTP/1.1" 200 61284 boxmarkdigital.com "-" "Mozilla/5.0 (Linux; Android 5.0) AppleWebKit/537.36 (KHTML, like Gecko) Mobile Safari/537.36 (compatible; TikTokSpider; ttspider-feedback@tiktok.com)" "-"
20.171.207.0 - - [19/Oct/2025:00:24:59 -0400] "GET /?fileloc=//lib/aspell/cp1251.cmap&path=//lib/aspell HTTP/1.1" 200 49632 boxmarkdigital.com "-" "Mozilla/5.0 AppleWebKit/537.36 (KHTML, like Gecko; compatible; GPTBot/1.2; +https://openai.com/gptbot)" "-"
66.249.70.0 - - [19/Oct/2025:00:24:59 -0400] "GET /robots.txt HTTP/1.1" 500 - abarcasewer.com "-" "Mozilla/5.0 (compatible; Googlebot/2.1; +http://www.google.com/bot.html)" "-"
20.171.207.0 - - [19/Oct/2025:00:25:02 -0400] "GET /?fileloc=//lib/aspell/cp1253.cmap&path=//lib/aspell HTTP/1.1" 200 56974 boxmarkdigital.com "-" "Mozilla/5.0 AppleWebKit/537.36 (KHTML, like Gecko; compatible; GPTBot/1.2; +https://openai.com/gptbot)" "-"
20.171.207.0 - - [19/Oct/2025:00:25:06 -0400] "GET /?fileloc=//lib/aspell/cp1255.cmap&path=//lib/aspell HTTP/1.1" 200 53764 boxmarkdigital.com "-" "Mozilla/5.0 AppleWebKit/537.36 (KHTML, like Gecko; compatible; GPTBot/1.2; +https://openai.com/gptbot)" "-"
20.171.207.0 - - [19/Oct/2025:00:25:09 -0400] "GET /?fileloc=//lib/aspell/cp1254.cset&path=//lib/aspell HTTP/1.1" 200 26591 boxmarkdigital.com "-" "Mozilla/5.0 AppleWebKit/537.36 (KHTML, like Gecko; compatible; GPTBot/1.2; +https://openai.com/gptbot)" "-"
20.171.207.0 - - [19/Oct/2025:00:25:12 -0400] "GET /?fileloc=//lib/aspell/cp1252.cmap&path=//lib/aspell HTTP/1.1" 200 48740 boxmarkdigital.com "-" "Mozilla/5.0 AppleWebKit/537.36 (KHTML, like Gecko; compatible; GPTBot/1.2; +https://openai.com/gptbot)" "-"
20.171.207.0 - - [19/Oct/2025:00:25:15 -0400] "GET /?fileloc=//lib/aspell/cp1251.cset&path=//lib/aspell HTTP/1.1" 200 26383 boxmarkdigital.com "-" "Mozilla/5.0 AppleWebKit/537.36 (KHTML, like Gecko; compatible; GPTBot/1.2; +https://openai.com/gptbot)" "-"
66.249.64.0 - - [19/Oct/2025:00:25:16 -0400] "GET /entity/465593743.shtm HTTP/1.1" 200 202431 boxmarkdigital.com "-" "Mozilla/5.0 (Linux; Android 6.0.1; Nexus 5X Build/MMB29P) AppleWebKit/537.36 (KHTML, like Gecko) Chrome/140.0.7339.207 Mobile Safari/537.36 (compatible; GoogleOther)" "-"
66.249.64.0 - - [19/Oct/2025:00:25:18 -0400] "GET /entity/465596886.shtm HTTP/1.1" 200 200153 boxmarkdigital.com "-" "Mozilla/5.0 (Linux; Android 6.0.1; Nexus 5X Build/MMB29P) AppleWebKit/537.36 (KHTML, like Gecko) Chrome/140.0.7339.207 Mobile Safari/537.36 (compatible; GoogleOther)" "-"
20.171.207.0 - - [19/Oct/2025:00:25:18 -0400] "GET /?fileloc=//usr/bin/gcc-10&path=//usr/bin HTTP/1.1" 200 12224 boxmarkdigital.com "-" "Mozilla/5.0 AppleWebKit/537.36 (KHTML, like Gecko; compatible; GPTBot/1.2; +https://openai.com/gptbot)" "-"
20.171.207.0 - - [19/Oct/2025:00:25:21 -0400] "GET /?fileloc=//usr/bin/pdb3.9&path=//usr/bin HTTP/1.1" 200 77487 boxmarkdigital.com "-" "Mozilla/5.0 AppleWebKit/537.36 (KHTML, like Gecko; compatible; GPTBot/1.2; +https://openai.com/gptbot)" "-"
20.171.207.0 - - [19/Oct/2025:00:25:24 -0400] "GET /?path=//usr/lib/x86_64-linux-gnu/perl/5.32/CORE HTTP/1.1" 200 135499 boxmarkdigital.com "-" "Mozilla/5.0 AppleWebKit/537.36 (KHTML, like Gecko; compatible; GPTBot/1.2; +https://openai.com/gptbot)" "-"
20.171.207.0 - - [19/Oct/2025:00:25:28 -0400] "GET /?path=//usr/lib/x86_64-linux-gnu/perl/5.32/Encode HTTP/1.1" 200 42905 boxmarkdigital.com "-" "Mozilla/5.0 AppleWebKit/537.36 (KHTML, like Gecko; compatible; GPTBot/1.2; +https://openai.com/gptbot)" "-"
20.171.207.0 - - [19/Oct/2025:00:25:31 -0400] "GET /?fileloc=//lib/aspell/cp1257.cset&path=//lib/aspell HTTP/1.1" 200 26512 boxmarkdigital.com "-" "Mozilla/5.0 AppleWebKit/537.36 (KHTML, like Gecko; compatible; GPTBot/1.2; +https://openai.com/gptbot)" "-"
20.171.207.0 - - [19/Oct/2025:00:25:34 -0400] "GET /?fileloc=//bin/dpkg-gensymbols&path=//bin HTTP/1.1" 200 23663 boxmarkdigital.com "-" "Mozilla/5.0 AppleWebKit/537.36 (KHTML, like Gecko; compatible; GPTBot/1.2; +https://openai.com/gptbot)" "-"
20.171.207.0 - - [19/Oct/2025:00:25:37 -0400] "GET /?fileloc=//bin/lzcmp&path=//bin HTTP/1.1" 200 20111 boxmarkdigital.com "-" "Mozilla/5.0 AppleWebKit/537.36 (KHTML, like Gecko; compatible; GPTBot/1.2; +https://openai.com/gptbot)" "-"
66.249.64.0 - - [19/Oct/2025:00:25:38 -0400] "GET /entity/456176689.shtm HTTP/1.1" 200 200281 boxmarkdigital.com "-" "Mozilla/5.0 (Linux; Android 6.0.1; Nexus 5X Build/MMB29P) AppleWebKit/537.36 (KHTML, like Gecko) Chrome/140.0.7339.207 Mobile Safari/537.36 (compatible; Googlebot/2.1; +http://www.google.com/bot.html)" "-"
20.171.207.0 - - [19/Oct/2025:00:25:40 -0400] "GET /?fileloc=//bin/bzless&path=//bin HTTP/1.1" 200 13644 boxmarkdigital.com "-" "Mozilla/5.0 AppleWebKit/537.36 (KHTML, like Gecko; compatible; GPTBot/1.2; +https://openai.com/gptbot)" "-"
20.171.207.0 - - [19/Oct/2025:00:25:43 -0400] "GET /?fileloc=//bin/python&path=//bin HTTP/1.1" 200 12186 boxmarkdigital.com "-" "Mozilla/5.0 AppleWebKit/537.36 (KHTML, like Gecko; compatible; GPTBot/1.2; +https://openai.com/gptbot)" "-"
20.171.207.0 - - [19/Oct/2025:00:25:46 -0400] "GET /?path=//usr/lib/x86_64-linux-gnu/perl/5.32/Encode/JP HTTP/1.1" 200 16041 boxmarkdigital.com "-" "Mozilla/5.0 AppleWebKit/537.36 (KHTML, like Gecko; compatible; GPTBot/1.2; +https://openai.com/gptbot)" "-"
66.249.64.0 - - [19/Oct/2025:00:25:49 -0400] "GET /entity/465592974.shtm HTTP/1.1" 200 203442 boxmarkdigital.com "-" "Mozilla/5.0 (Linux; Android 6.0.1; Nexus 5X Build/MMB29P) AppleWebKit/537.36 (KHTML, like Gecko) Chrome/140.0.7339.207 Mobile Safari/537.36 (compatible; GoogleOther)" "-"
20.171.207.0 - - [19/Oct/2025:00:25:49 -0400] "GET /?path=//usr/lib/x86_64-linux-gnu/perl/5.32/Encode/KR HTTP/1.1" 200 14515 boxmarkdigital.com "-" "Mozilla/5.0 AppleWebKit/537.36 (KHTML, like Gecko; compatible; GPTBot/1.2; +https://openai.com/gptbot)" "-"
66.249.64.0 - - [19/Oct/2025:00:25:51 -0400] "GET /entity/465707726.shtm HTTP/1.1" 200 202432 boxmarkdigital.com "-" "Mozilla/5.0 (Linux; Android 6.0.1; Nexus 5X Build/MMB29P) AppleWebKit/537.36 (KHTML, like Gecko) Chrome/140.0.7339.207 Mobile Safari/537.36 (compatible; GoogleOther)" "-"
20.171.207.0 - - [19/Oct/2025:00:25:53 -0400] "GET /?path=//usr/lib/x86_64-linux-gnu/perl/5.32/Encode/Unicode HTTP/1.1" 200 14533 boxmarkdigital.com "-" "Mozilla/5.0 AppleWebKit/537.36 (KHTML, like Gecko; compatible; GPTBot/1.2; +https://openai.com/gptbot)" "-"
20.171.207.0 - - [19/Oct/2025:00:25:56 -0400] "GET /?path=//usr/lib/x86_64-linux-gnu/perl/5.32/Encode/CN HTTP/1.1" 200 14495 boxmarkdigital.com "-" "Mozilla/5.0 AppleWebKit/537.36 (KHTML, like Gecko; compatible; GPTBot/1.2; +https://openai.com/gptbot)" "-"
20.171.207.0 - - [19/Oct/2025:00:25:59 -0400] "GET /?path=//usr/lib/x86_64-linux-gnu/perl/5.32/Encode/MIME HTTP/1.1" 200 17495 boxmarkdigital.com "-" "Mozilla/5.0 AppleWebKit/537.36 (KHTML, like Gecko; compatible; GPTBot/1.2; +https://openai.com/gptbot)" "-"
20.171.207.0 - - [19/Oct/2025:00:26:02 -0400] "GET /?fileloc=//bin/strip&path=//bin HTTP/1.1" 200 12185 boxmarkdigital.com "-" "Mozilla/5.0 AppleWebKit/537.36 (KHTML, like Gecko; compatible; GPTBot/1.2; +https://openai.com/gptbot)" "-"
20.171.207.0 - - [19/Oct/2025:00:26:05 -0400] "GET /?fileloc=//bin/zless&path=//bin HTTP/1.1" 200 14501 boxmarkdigital.com "-" "Mozilla/5.0 AppleWebKit/537.36 (KHTML, like Gecko; compatible; GPTBot/1.2; +https://openai.com/gptbot)" "-"
185.191.171.0 - - [19/Oct/2025:00:26:05 -0400] "GET /robots.txt HTTP/1.1" 429 227 lagrangejunkremoval.com "-" "Mozilla/5.0 (compatible; SemrushBot/7~bl; +http://www.semrush.com/bot.html)" "-"
185.191.171.0 - - [19/Oct/2025:00:26:06 -0400] "GET /tag/clean-attic HTTP/1.1" 429 227 lagrangejunkremoval.com "-" "Mozilla/5.0 (compatible; SemrushBot/7~bl; +http://www.semrush.com/bot.html)" "-"
5.255.231.0 - - [19/Oct/2025:00:26:07 -0400] "GET /wp-content/uploads/2014/11/Best-Postcard-Printing-Chicago.jpg HTTP/1.1" 429 227 myboxmark.com "-" "Mozilla/5.0 (compatible; YandexImages/3.0; +http://yandex.com/bots)" "-"
20.171.207.0 - - [19/Oct/2025:00:26:08 -0400] "GET /?fileloc=//bin/fgrep&path=//bin HTTP/1.1" 200 12223 boxmarkdigital.com "-" "Mozilla/5.0 AppleWebKit/537.36 (KHTML, like Gecko; compatible; GPTBot/1.2; +https://openai.com/gptbot)" "-"
20.171.207.0 - - [19/Oct/2025:00:26:11 -0400] "GET /?fileloc=//bin/mcdiff&path=//bin HTTP/1.1" 200 12186 boxmarkdigital.com "-" "Mozilla/5.0 AppleWebKit/537.36 (KHTML, like Gecko; compatible; GPTBot/1.2; +https://openai.com/gptbot)" "-"
20.171.207.0 - - [19/Oct/2025:00:26:14 -0400] "GET /?fileloc=//bin/pgrep&path=//bin HTTP/1.1" 200 12185 boxmarkdigital.com "-" "Mozilla/5.0 AppleWebKit/537.36 (KHTML, like Gecko; compatible; GPTBot/1.2; +https://openai.com/gptbot)" "-"
20.171.207.0 - - [19/Oct/2025:00:26:17 -0400] "GET /?path=//usr/lib/x86_64-linux-gnu/perl/5.32/Encode/MIME/Header HTTP/1.1" 200 14654 boxmarkdigital.com "-" "Mozilla/5.0 AppleWebKit/537.36 (KHTML, like Gecko; compatible; GPTBot/1.2; +https://openai.com/gptbot)" "-"
20.171.207.0 - - [19/Oct/2025:00:26:20 -0400] "GET /?fileloc=//bin/soelim&path=//bin HTTP/1.1" 200 12186 boxmarkdigital.com "-" "Mozilla/5.0 AppleWebKit/537.36 (KHTML, like Gecko; compatible; GPTBot/1.2; +https://openai.com/gptbot)" "-"
66.249.64.0 - - [19/Oct/2025:00:26:23 -0400] "GET /entity/465591908.shtm HTTP/1.1" 200 200444 boxmarkdigital.com "-" "Mozilla/5.0 (Linux; Android 6.0.1; Nexus 5X Build/MMB29P) AppleWebKit/537.36 (KHTML, like Gecko) Chrome/140.0.7339.207 Mobile Safari/537.36 (compatible; GoogleOther)" "-"
20.171.207.0 - - [19/Oct/2025:00:26:24 -0400] "GET /?fileloc=//bin/rbash&path=//bin HTTP/1.1" 200 12185 boxmarkdigital.com "-" "Mozilla/5.0 AppleWebKit/537.36 (KHTML, like Gecko; compatible; GPTBot/1.2; +https://openai.com/gptbot)" "-"
66.249.64.0 - - [19/Oct/2025:00:26:24 -0400] "GET /entity/465627720.shtm HTTP/1.1" 200 203081 boxmarkdigital.com "-" "Mozilla/5.0 (Linux; Android 6.0.1; Nexus 5X Build/MMB29P) AppleWebKit/537.36 (KHTML, like Gecko) Chrome/140.0.7339.207 Mobile Safari/537.36 (compatible; GoogleOther)" "-"
20.171.207.0 - - [19/Oct/2025:00:26:27 -0400] "GET /?fileloc=//bin/mandb&path=//bin HTTP/1.1" 200 12185 boxmarkdigital.com "-" "Mozilla/5.0 AppleWebKit/537.36 (KHTML, like Gecko; compatible; GPTBot/1.2; +https://openai.com/gptbot)" "-"
20.171.207.0 - - [19/Oct/2025:00:26:30 -0400] "GET /?fileloc=//bin/expand&path=//bin HTTP/1.1" 200 12186 boxmarkdigital.com "-" "Mozilla/5.0 AppleWebKit/537.36 (KHTML, like Gecko; compatible; GPTBot/1.2; +https://openai.com/gptbot)" "-"
20.171.207.0 - - [19/Oct/2025:00:26:33 -0400] "GET /?fileloc=//bin/bzexe&path=//bin HTTP/1.1" 200 17710 boxmarkdigital.com "-" "Mozilla/5.0 AppleWebKit/537.36 (KHTML, like Gecko; compatible; GPTBot/1.2; +https://openai.com/gptbot)" "-"
20.171.207.0 - - [19/Oct/2025:00:26:36 -0400] "GET /?fileloc=//bin/sdiff&path=//bin HTTP/1.1" 200 12185 boxmarkdigital.com "-" "Mozilla/5.0 AppleWebKit/537.36 (KHTML, like Gecko; compatible; GPTBot/1.2; +https://openai.com/gptbot)" "-"
20.171.207.0 - - [19/Oct/2025:00:26:40 -0400] "GET /?fileloc=//bin/pager&path=//bin HTTP/1.1" 200 12185 boxmarkdigital.com "-" "Mozilla/5.0 AppleWebKit/537.36 (KHTML, like Gecko; compatible; GPTBot/1.2; +https://openai.com/gptbot)" "-"
20.171.207.0 - - [19/Oct/2025:00:26:43 -0400] "GET /?fileloc=//bin/getopt&path=//bin HTTP/1.1" 200 12186 boxmarkdigital.com "-" "Mozilla/5.0 AppleWebKit/537.36 (KHTML, like Gecko; compatible; GPTBot/1.2; +https://openai.com/gptbot)" "-"
20.171.207.0 - - [19/Oct/2025:00:26:46 -0400] "GET /?fileloc=//bin/wdctl&path=//bin HTTP/1.1" 200 12185 boxmarkdigital.com "-" "Mozilla/5.0 AppleWebKit/537.36 (KHTML, like Gecko; compatible; GPTBot/1.2; +https://openai.com/gptbot)" "-"
20.171.207.0 - - [19/Oct/2025:00:26:49 -0400] "GET /?fileloc=//bin/import&path=//bin HTTP/1.1" 200 12186 boxmarkdigital.com "-" "Mozilla/5.0 AppleWebKit/537.36 (KHTML, like Gecko; compatible; GPTBot/1.2; +https://openai.com/gptbot)" "-"
20.171.207.0 - - [19/Oct/2025:00:26:52 -0400] "GET /?fileloc=//bin/umount&path=//bin HTTP/1.1" 200 12186 boxmarkdigital.com "-" "Mozilla/5.0 AppleWebKit/537.36 (KHTML, like Gecko; compatible; GPTBot/1.2; +https://openai.com/gptbot)" "-"
20.171.207.0 - - [19/Oct/2025:00:26:55 -0400] "GET /?fileloc=//bin/dvipdf&path=//bin HTTP/1.1" 200 13336 boxmarkdigital.com "-" "Mozilla/5.0 AppleWebKit/537.36 (KHTML, like Gecko; compatible; GPTBot/1.2; +https://openai.com/gptbot)" "-"
66.249.64.0 - - [19/Oct/2025:00:26:56 -0400] "GET /entity/465663580.shtm HTTP/1.1" 200 220336 boxmarkdigital.com "-" "Mozilla/5.0 (Linux; Android 6.0.1; Nexus 5X Build/MMB29P) AppleWebKit/537.36 (KHTML, like Gecko) Chrome/140.0.7339.207 Mobile Safari/537.36 (compatible; GoogleOther)" "-"
66.249.64.0 - - [19/Oct/2025:00:26:58 -0400] "GET /entity/465676119.shtm HTTP/1.1" 200 201817 boxmarkdigital.com "-" "Mozilla/5.0 (Linux; Android 6.0.1; Nexus 5X Build/MMB29P) AppleWebKit/537.36 (KHTML, like Gecko) Chrome/140.0.7339.207 Mobile Safari/537.36 (compatible; GoogleOther)" "-"
20.171.207.0 - - [19/Oct/2025:00:26:59 -0400] "GET /?fileloc=//bin/whois&path=//bin HTTP/1.1" 200 12185 boxmarkdigital.com "-" "Mozilla/5.0 AppleWebKit/537.36 (KHTML, like Gecko; compatible; GPTBot/1.2; +https://openai.com/gptbot)" "-"
20.171.207.0 - - [19/Oct/2025:00:27:02 -0400] "GET /?fileloc=//bin/gencat&path=//bin HTTP/1.1" 200 12186 boxmarkdigital.com "-" "Mozilla/5.0 AppleWebKit/537.36 (KHTML, like Gecko; compatible; GPTBot/1.2; +https://openai.com/gptbot)" "-"
20.171.207.0 - - [19/Oct/2025:00:27:05 -0400] "GET /?fileloc=//bin/whoami&path=//bin HTTP/1.1" 200 12186 boxmarkdigital.com "-" "Mozilla/5.0 AppleWebKit/537.36 (KHTML, like Gecko; compatible; GPTBot/1.2; +https://openai.com/gptbot)" "-"
20.171.207.0 - - [19/Oct/2025:00:27:08 -0400] "GET /?fileloc=//bin/bzdiff&path=//bin HTTP/1.1" 200 14797 boxmarkdigital.com "-" "Mozilla/5.0 AppleWebKit/537.36 (KHTML, like Gecko; compatible; GPTBot/1.2; +https://openai.com/gptbot)" "-"
142.44.228.0 - - [19/Oct/2025:00:27:09 -0400] "GET /entity/295123965.shtm?fileloc=/homepages/10/d573043092/htdocs/clickandbuilds/BoxmarkDigital/index.php&path=/homepages/10/d573043092/htdocs/clickandbuilds/BoxmarkDigital HTTP/1.1" 200 37459 boxmarkdigital.com "-" "Mozilla/5.0 (compatible; AhrefsBot/7.0; +http://ahrefs.com/robot/)" "-"
20.171.207.0 - - [19/Oct/2025:00:27:11 -0400] "GET /?fileloc=//bin/script&path=//bin HTTP/1.1" 200 12186 boxmarkdigital.com "-" "Mozilla/5.0 AppleWebKit/537.36 (KHTML, like Gecko; compatible; GPTBot/1.2; +https://openai.com/gptbot)" "-"
20.171.207.0 - - [19/Oct/2025:00:27:14 -0400] "GET /?fileloc=//bin/watch&path=//bin HTTP/1.1" 200 12185 boxmarkdigital.com "-" "Mozilla/5.0 AppleWebKit/537.36 (KHTML, like Gecko; compatible; GPTBot/1.2; +https://openai.com/gptbot)" "-"
20.171.207.0 - - [19/Oct/2025:00:27:18 -0400] "GET /?fileloc=//bin/reset&path=//bin HTTP/1.1" 200 12185 boxmarkdigital.com "-" "Mozilla/5.0 AppleWebKit/537.36 (KHTML, like Gecko; compatible; GPTBot/1.2; +https://openai.com/gptbot)" "-"
20.171.207.0 - - [19/Oct/2025:00:27:21 -0400] "GET /?fileloc=//bin/prove&path=//bin HTTP/1.1" 200 26383 boxmarkdigital.com "-" "Mozilla/5.0 AppleWebKit/537.36 (KHTML, like Gecko; compatible; GPTBot/1.2; +https://openai.com/gptbot)" "-"
66.249.70.0 - - [19/Oct/2025:00:27:21 -0400] "GET /robots.txt HTTP/1.1" 500 - abarcasewer.com "-" "Mozilla/5.0 (compatible; Googlebot/2.1; +http://www.google.com/bot.html)" "-"
20.171.207.0 - - [19/Oct/2025:00:27:24 -0400] "GET /?fileloc=//bin/lzless&path=//bin HTTP/1.1" 200 14104 boxmarkdigital.com "-" "Mozilla/5.0 AppleWebKit/537.36 (KHTML, like Gecko; compatible; GPTBot/1.2; +https://openai.com/gptbot)" "-"
20.171.207.0 - - [19/Oct/2025:00:27:27 -0400] "GET /?fileloc=//bin/pbmupc&path=//bin HTTP/1.1" 200 12186 boxmarkdigital.com "-" "Mozilla/5.0 AppleWebKit/537.36 (KHTML, like Gecko; compatible; GPTBot/1.2; +https://openai.com/gptbot)" "-"
66.249.64.0 - - [19/Oct/2025:00:27:28 -0400] "GET /entity/496557575.shtm HTTP/1.1" 200 204950 boxmarkdigital.com "-" "Mozilla/5.0 (Linux; Android 6.0.1; Nexus 5X Build/MMB29P) AppleWebKit/537.36 (KHTML, like Gecko) Chrome/140.0.7339.207 Mobile Safari/537.36 (compatible; Googlebot/2.1; +http://www.google.com/bot.html)" "-"
66.249.64.0 - - [19/Oct/2025:00:27:29 -0400] "GET /entity/465681322.shtm HTTP/1.1" 200 203007 boxmarkdigital.com "-" "Mozilla/5.0 (Linux; Android 6.0.1; Nexus 5X Build/MMB29P) AppleWebKit/537.36 (KHTML, like Gecko) Chrome/140.0.7339.207 Mobile Safari/537.36 (compatible; GoogleOther)" "-"
66.249.64.0 - - [19/Oct/2025:00:27:31 -0400] "GET /entity/465689093.shtm HTTP/1.1" 200 196318 boxmarkdigital.com "-" "Mozilla/5.0 (Linux; Android 6.0.1; Nexus 5X Build/MMB29P) AppleWebKit/537.36 (KHTML, like Gecko) Chrome/140.0.7339.207 Mobile Safari/537.36 (compatible; GoogleOther)" "-"
20.171.207.0 - - [19/Oct/2025:00:27:31 -0400] "GET /?fileloc=//bin/ipcrm&path=//bin HTTP/1.1" 200 12185 boxmarkdigital.com "-" "Mozilla/5.0 AppleWebKit/537.36 (KHTML, like Gecko; compatible; GPTBot/1.2; +https://openai.com/gptbot)" "-"
20.171.207.0 - - [19/Oct/2025:00:27:34 -0400] "GET /?fileloc=//bin/cjpeg&path=//bin HTTP/1.1" 200 12185 boxmarkdigital.com "-" "Mozilla/5.0 AppleWebKit/537.36 (KHTML, like Gecko; compatible; GPTBot/1.2; +https://openai.com/gptbot)" "-"
20.171.207.0 - - [19/Oct/2025:00:27:37 -0400] "GET /?fileloc=//bin/ipcmk&path=//bin HTTP/1.1" 200 12185 boxmarkdigital.com "-" "Mozilla/5.0 AppleWebKit/537.36 (KHTML, like Gecko; compatible; GPTBot/1.2; +https://openai.com/gptbot)" "-"
20.171.207.0 - - [19/Oct/2025:00:27:40 -0400] "GET /?fileloc=//bin/mkfifo&path=//bin HTTP/1.1" 200 12186 boxmarkdigital.com "-" "Mozilla/5.0 AppleWebKit/537.36 (KHTML, like Gecko; compatible; GPTBot/1.2; +https://openai.com/gptbot)" "-"
20.171.207.0 - - [19/Oct/2025:00:27:43 -0400] "GET /?fileloc=//bin/logger&path=//bin HTTP/1.1" 200 12186 boxmarkdigital.com "-" "Mozilla/5.0 AppleWebKit/537.36 (KHTML, like Gecko; compatible; GPTBot/1.2; +https://openai.com/gptbot)" "-"
20.171.207.0 - - [19/Oct/2025:00:27:46 -0400] "GET /?fileloc=//bin/vidir&path=//bin HTTP/1.1" 200 17584 boxmarkdigital.com "-" "Mozilla/5.0 AppleWebKit/537.36 (KHTML, like Gecko; compatible; GPTBot/1.2; +https://openai.com/gptbot)" "-"
20.171.207.0 - - [19/Oct/2025:00:27:50 -0400] "GET /?fileloc=//bin/touch&path=//bin HTTP/1.1" 200 12185 boxmarkdigital.com "-" "Mozilla/5.0 AppleWebKit/537.36 (KHTML, like Gecko; compatible; GPTBot/1.2; +https://openai.com/gptbot)" "-"
20.171.207.0 - - [19/Oct/2025:00:27:53 -0400] "GET /?fileloc=//bin/zdiff&path=//bin HTTP/1.1" 200 18855 boxmarkdigital.com "-" "Mozilla/5.0 AppleWebKit/537.36 (KHTML, like Gecko; compatible; GPTBot/1.2; +https://openai.com/gptbot)" "-"
20.171.207.0 - - [19/Oct/2025:00:27:56 -0400] "GET /?fileloc=//bin/factor&path=//bin HTTP/1.1" 200 12186 boxmarkdigital.com "-" "Mozilla/5.0 AppleWebKit/537.36 (KHTML, like Gecko; compatible; GPTBot/1.2; +https://openai.com/gptbot)" "-"
20.171.207.0 - - [19/Oct/2025:00:27:59 -0400] "GET /?fileloc=//bin/mailx&path=//bin HTTP/1.1" 200 12185 boxmarkdigital.com "-" "Mozilla/5.0 AppleWebKit/537.36 (KHTML, like Gecko; compatible; GPTBot/1.2; +https://openai.com/gptbot)" "-"
20.171.207.0 - - [19/Oct/2025:00:28:02 -0400] "GET /?fileloc=//bin/uicron&path=//bin HTTP/1.1" 200 16460 boxmarkdigital.com "-" "Mozilla/5.0 AppleWebKit/537.36 (KHTML, like Gecko; compatible; GPTBot/1.2; +https://openai.com/gptbot)" "-"
66.249.64.0 - - [19/Oct/2025:00:28:03 -0400] "GET /entity/465653297.shtm HTTP/1.1" 200 207325 boxmarkdigital.com "-" "Mozilla/5.0 (Linux; Android 6.0.1; Nexus 5X Build/MMB29P) AppleWebKit/537.36 (KHTML, like Gecko) Chrome/140.0.7339.207 Mobile Safari/537.36 (compatible; GoogleOther)" "-"
66.249.64.0 - - [19/Oct/2025:00:28:04 -0400] "GET /entity/465595532.shtm HTTP/1.1" 200 198978 boxmarkdigital.com "-" "Mozilla/5.0 (Linux; Android 6.0.1; Nexus 5X Build/MMB29P) AppleWebKit/537.36 (KHTML, like Gecko) Chrome/140.0.7339.207 Mobile Safari/537.36 (compatible; GoogleOther)" "-"
20.171.207.0 - - [19/Oct/2025:00:28:05 -0400] "GET /?fileloc=//bin/colrm&path=//bin HTTP/1.1" 200 12185 boxmarkdigital.com "-" "Mozilla/5.0 AppleWebKit/537.36 (KHTML, like Gecko; compatible; GPTBot/1.2; +https://openai.com/gptbot)" "-"
20.171.207.0 - - [19/Oct/2025:00:28:08 -0400] "GET /?fileloc=//bin/precat&path=//bin HTTP/1.1" 200 18627 boxmarkdigital.com "-" "Mozilla/5.0 AppleWebKit/537.36 (KHTML, like Gecko; compatible; GPTBot/1.2; +https://openai.com/gptbot)" "-"
20.171.207.0 - - [19/Oct/2025:00:28:11 -0400] "GET /?fileloc=//bin/chage&path=//bin HTTP/1.1" 200 12185 boxmarkdigital.com "-" "Mozilla/5.0 AppleWebKit/537.36 (KHTML, like Gecko; compatible; GPTBot/1.2; +https://openai.com/gptbot)" "-"
20.171.207.0 - - [19/Oct/2025:00:28:14 -0400] "GET /?fileloc=//bin/xzcat&path=//bin HTTP/1.1" 200 12185 boxmarkdigital.com "-" "Mozilla/5.0 AppleWebKit/537.36 (KHTML, like Gecko; compatible; GPTBot/1.2; +https://openai.com/gptbot)" "-"
20.171.207.0 - - [19/Oct/2025:00:28:18 -0400] "GET /?fileloc=//bin/hostid&path=//bin HTTP/1.1" 200 12186 boxmarkdigital.com "-" "Mozilla/5.0 AppleWebKit/537.36 (KHTML, like Gecko; compatible; GPTBot/1.2; +https://openai.com/gptbot)" "-"
20.171.207.0 - - [19/Oct/2025:00:28:21 -0400] "GET /?fileloc=//bin/whatis&path=//bin HTTP/1.1" 200 12186 boxmarkdigital.com "-" "Mozilla/5.0 AppleWebKit/537.36 (KHTML, like Gecko; compatible; GPTBot/1.2; +https://openai.com/gptbot)" "-"
20.171.207.0 - - [19/Oct/2025:00:28:24 -0400] "GET /?fileloc=//bin/etags&path=//bin HTTP/1.1" 200 12185 boxmarkdigital.com "-" "Mozilla/5.0 AppleWebKit/537.36 (KHTML, like Gecko; compatible; GPTBot/1.2; +https://openai.com/gptbot)" "-"
20.171.207.0 - - [19/Oct/2025:00:28:27 -0400] "GET /?fileloc=//bin/prezip&path=//bin HTTP/1.1" 200 18627 boxmarkdigital.com "-" "Mozilla/5.0 AppleWebKit/537.36 (KHTML, like Gecko; compatible; GPTBot/1.2; +https://openai.com/gptbot)" "-"
62.113.116.0 - - [19/Oct/2025:00:28:29 -0400] "GET / HTTP/1.1" 200 4 myboxmark.com "http://myboxmark.com/" "Mozilla/5.0 (Windows NT 10.0; Win64; x64) AppleWebKit/537.36 (KHTML, like Gecko) Chrome/130.0.0.0 Safari/537.36" "-"
66.249.64.0 - - [19/Oct/2025:00:28:30 -0400] "GET /entity/496552959.shtm HTTP/1.1" 200 202707 boxmarkdigital.com "-" "Mozilla/5.0 (Linux; Android 6.0.1; Nexus 5X Build/MMB29P) AppleWebKit/537.36 (KHTML, like Gecko) Chrome/140.0.7339.207 Mobile Safari/537.36 (compatible; Googlebot/2.1; +http://www.google.com/bot.html)" "-"
20.171.207.0 - - [19/Oct/2025:00:28:30 -0400] "GET /?fileloc=//bin/emacs&path=//bin HTTP/1.1" 200 12185 boxmarkdigital.com "-" "Mozilla/5.0 AppleWebKit/537.36 (KHTML, like Gecko; compatible; GPTBot/1.2; +https://openai.com/gptbot)" "-"
20.171.207.0 - - [19/Oct/2025:00:28:33 -0400] "GET /?fileloc=//bin/pnmcut&path=//bin HTTP/1.1" 200 12186 boxmarkdigital.com "-" "Mozilla/5.0 AppleWebKit/537.36 (KHTML, like Gecko; compatible; GPTBot/1.2; +https://openai.com/gptbot)" "-"
66.249.64.0 - - [19/Oct/2025:00:28:37 -0400] "GET /entity/465648617.shtm HTTP/1.1" 200 203270 boxmarkdigital.com "-" "Mozilla/5.0 (Linux; Android 6.0.1; Nexus 5X Build/MMB29P) AppleWebKit/537.36 (KHTML, like Gecko) Chrome/140.0.7339.207 Mobile Safari/537.36 (compatible; GoogleOther)" "-"
20.171.207.0 - - [19/Oct/2025:00:28:37 -0400] "GET /?fileloc=//bin/rename&path=//bin HTTP/1.1" 200 16427 boxmarkdigital.com "-" "Mozilla/5.0 AppleWebKit/537.36 (KHTML, like Gecko; compatible; GPTBot/1.2; +https://openai.com/gptbot)" "-"
43.173.181.0 - - [19/Oct/2025:00:28:37 -0400] "GET /product/premium HTTP/1.1" 200 61284 boxmarkdigital.com "-" "Mozilla/5.0 (Windows NT 10.0; Win64; x64) AppleWebKit/537.36 (KHTML, like Gecko) Chrome/108.0.0.0 Safari/537.36" "-"
20.171.207.0 - - [19/Oct/2025:00:28:40 -0400] "GET /?fileloc=//bin/mcedit&path=//bin HTTP/1.1" 200 12186 boxmarkdigital.com "-" "Mozilla/5.0 AppleWebKit/537.36 (KHTML, like Gecko; compatible; GPTBot/1.2; +https://openai.com/gptbot)" "-"
20.171.207.0 - - [19/Oct/2025:00:28:43 -0400] "GET /?fileloc=//bin/pnmcat&path=//bin HTTP/1.1" 200 12186 boxmarkdigital.com "-" "Mozilla/5.0 AppleWebKit/537.36 (KHTML, like Gecko; compatible; GPTBot/1.2; +https://openai.com/gptbot)" "-"
20.171.207.0 - - [19/Oct/2025:00:28:46 -0400] "GET /?fileloc=//bin/ppmdim&path=//bin HTTP/1.1" 200 12186 boxmarkdigital.com "-" "Mozilla/5.0 AppleWebKit/537.36 (KHTML, like Gecko; compatible; GPTBot/1.2; +https://openai.com/gptbot)" "-"
20.171.207.0 - - [19/Oct/2025:00:28:49 -0400] "GET /?fileloc=//bin/recode&path=//bin HTTP/1.1" 200 12186 boxmarkdigital.com "-" "Mozilla/5.0 AppleWebKit/537.36 (KHTML, like Gecko; compatible; GPTBot/1.2; +https://openai.com/gptbot)" "-"
20.171.207.0 - - [19/Oct/2025:00:28:53 -0400] "GET /?fileloc=//bin/webpng&path=//bin HTTP/1.1" 200 12186 boxmarkdigital.com "-" "Mozilla/5.0 AppleWebKit/537.36 (KHTML, like Gecko; compatible; GPTBot/1.2; +https://openai.com/gptbot)" "-"
213.180.203.0 - - [19/Oct/2025:00:28:54 -0400] "GET /robots.txt HTTP/1.1" 429 227 myboxmark.com "-" "Mozilla/5.0 (compatible; YandexBot/3.0; +http://yandex.com/bots)" "-"
47.128.111.0 - - [19/Oct/2025:00:28:56 -0400] "GET /robots.txt HTTP/1.1" 503 299 boxmarkdigital.com "-" "Go-http-client/2.0" "-"
20.171.207.0 - - [19/Oct/2025:00:28:56 -0400] "GET /?fileloc=//bin/uname&path=//bin HTTP/1.1" 200 12185 boxmarkdigital.com "-" "Mozilla/5.0 AppleWebKit/537.36 (KHTML, like Gecko; compatible; GPTBot/1.2; +https://openai.com/gptbot)" "-"
20.171.207.0 - - [19/Oct/2025:00:28:59 -0400] "GET /?fileloc=//bin/slogin&path=//bin HTTP/1.1" 200 12186 boxmarkdigital.com "-" "Mozilla/5.0 AppleWebKit/537.36 (KHTML, like Gecko; compatible; GPTBot/1.2; +https://openai.com/gptbot)" "-"
20.171.207.0 - - [19/Oct/2025:00:29:02 -0400] "GET /?fileloc=//bin/tsort&path=//bin HTTP/1.1" 200 12185 boxmarkdigital.com "-" "Mozilla/5.0 AppleWebKit/537.36 (KHTML, like Gecko; compatible; GPTBot/1.2; +https://openai.com/gptbot)" "-"
20.171.207.0 - - [19/Oct/2025:00:29:05 -0400] "GET /?fileloc=//bin/runcon&path=//bin HTTP/1.1" 200 12186 boxmarkdigital.com "-" "Mozilla/5.0 AppleWebKit/537.36 (KHTML, like Gecko; compatible; GPTBot/1.2; +https://openai.com/gptbot)" "-"
20.171.207.0 - - [19/Oct/2025:00:29:08 -0400] "GET /?fileloc=//bin/mytop&path=//bin HTTP/1.1" 200 89807 boxmarkdigital.com "-" "Mozilla/5.0 AppleWebKit/537.36 (KHTML, like Gecko; compatible; GPTBot/1.2; +https://openai.com/gptbot)" "-"
20.171.207.0 - - [19/Oct/2025:00:29:11 -0400] "GET /?fileloc=//bin/pnmpad&path=//bin HTTP/1.1" 200 12186 boxmarkdigital.com "-" "Mozilla/5.0 AppleWebKit/537.36 (KHTML, like Gecko; compatible; GPTBot/1.2; +https://openai.com/gptbot)" "-"
20.171.207.0 - - [19/Oct/2025:00:29:15 -0400] "GET /?fileloc=//bin/tpage&path=//bin HTTP/1.1" 200 21500 boxmarkdigital.com "-" "Mozilla/5.0 AppleWebKit/537.36 (KHTML, like Gecko; compatible; GPTBot/1.2; +https://openai.com/gptbot)" "-"
20.171.207.0 - - [19/Oct/2025:00:29:18 -0400] "GET /?fileloc=//bin/lsmem&path=//bin HTTP/1.1" 200 12185 boxmarkdigital.com "-" "Mozilla/5.0 AppleWebKit/537.36 (KHTML, like Gecko; compatible; GPTBot/1.2; +https://openai.com/gptbot)" "-"
20.171.207.0 - - [19/Oct/2025:00:29:21 -0400] "GET /?fileloc=//bin/rlogin&path=//bin HTTP/1.1" 200 12186 boxmarkdigital.com "-" "Mozilla/5.0 AppleWebKit/537.36 (KHTML, like Gecko; compatible; GPTBot/1.2; +https://openai.com/gptbot)" "-"
43.173.182.0 - - [19/Oct/2025:00:29:21 -0400] "GET /tag/seostrategy/page/9 HTTP/1.1" 200 61284 boxmarkdigital.com "-" "Mozilla/5.0 (Windows NT 6.1; Win64; x64) AppleWebKit/537.36 (KHTML, like Gecko) Chrome/126.0.6478.114 Safari/537.36" "-"
20.171.207.0 - - [19/Oct/2025:00:29:24 -0400] "GET /?fileloc=//bin/ppmmix&path=//bin HTTP/1.1" 200 12186 boxmarkdigital.com "-" "Mozilla/5.0 AppleWebKit/537.36 (KHTML, like Gecko; compatible; GPTBot/1.2; +https://openai.com/gptbot)" "-"
20.171.207.0 - - [19/Oct/2025:00:29:28 -0400] "GET /?fileloc=//bin/setsid&path=//bin HTTP/1.1" 200 12186 boxmarkdigital.com "-" "Mozilla/5.0 AppleWebKit/537.36 (KHTML, like Gecko; compatible; GPTBot/1.2; +https://openai.com/gptbot)" "-"
20.171.207.0 - - [19/Oct/2025:00:29:30 -0400] "GET /?fileloc=//bin/egrep&path=//bin HTTP/1.1" 200 12223 boxmarkdigital.com "-" "Mozilla/5.0 AppleWebKit/537.36 (KHTML, like Gecko; compatible; GPTBot/1.2; +https://openai.com/gptbot)" "-"
20.171.207.0 - - [19/Oct/2025:00:29:34 -0400] "GET /?fileloc=//bin/write&path=//bin HTTP/1.1" 200 12185 boxmarkdigital.com "-" "Mozilla/5.0 AppleWebKit/537.36 (KHTML, like Gecko; compatible; GPTBot/1.2; +https://openai.com/gptbot)" "-"
20.171.207.0 - - [19/Oct/2025:00:29:37 -0400] "GET /?fileloc=//bin/msmtp&path=//bin HTTP/1.1" 200 12185 boxmarkdigital.com "-" "Mozilla/5.0 AppleWebKit/537.36 (KHTML, like Gecko; compatible; GPTBot/1.2; +https://openai.com/gptbot)" "-"
20.171.207.0 - - [19/Oct/2025:00:29:40 -0400] "GET /?fileloc=//bin/unzip&path=//bin HTTP/1.1" 200 12185 boxmarkdigital.com "-" "Mozilla/5.0 AppleWebKit/537.36 (KHTML, like Gecko; compatible; GPTBot/1.2; +https://openai.com/gptbot)" "-"
20.171.207.0 - - [19/Oct/2025:00:29:43 -0400] "GET /?fileloc=//bin/funzip&path=//bin HTTP/1.1" 200 12186 boxmarkdigital.com "-" "Mozilla/5.0 AppleWebKit/537.36 (KHTML, like Gecko; compatible; GPTBot/1.2; +https://openai.com/gptbot)" "-"
216.73.216.0 - - [19/Oct/2025:00:29:44 -0400] "GET /robots.txt HTTP/1.1" 200 88 boxmarkdigital.com "-" "Mozilla/5.0 AppleWebKit/537.36 (KHTML, like Gecko; compatible; ClaudeBot/1.0; +claudebot@anthropic.com)" "-"
216.73.216.0 - - [19/Oct/2025:00:29:44 -0400] "GET /chicago-seo-company?fileloc=%2Fhomepages%2F10%2Fd573043092%2Fhtdocs%2Fclickandbuilds%2FBoxmarkDigital%2Fwp-includes%2FText%2FException.php&path=%2Fhomepages%2F10%2Fd573043092%2Fhtdocs%2Fclickandbuilds%2FBoxmarkDigital%2Fwp-includes%2FText HTTP/1.1" 200 13062 boxmarkdigital.com "-" "Mozilla/5.0 AppleWebKit/537.36 (KHTML, like Gecko; compatible; ClaudeBot/1.0; +claudebot@anthropic.com)" "-"
66.249.64.0 - - [19/Oct/2025:00:29:44 -0400] "GET /entity/274455090.shtm HTTP/1.1" 200 202564 boxmarkdigital.com "-" "Mozilla/5.0 (Linux; Android 6.0.1; Nexus 5X Build/MMB29P) AppleWebKit/537.36 (KHTML, like Gecko) Chrome/140.0.7339.207 Mobile Safari/537.36 (compatible; GoogleOther)" "-"
20.171.207.0 - - [19/Oct/2025:00:29:46 -0400] "GET /?fileloc=//bin/partx&path=//bin HTTP/1.1" 200 12185 boxmarkdigital.com "-" "Mozilla/5.0 AppleWebKit/537.36 (KHTML, like Gecko; compatible; GPTBot/1.2; +https://openai.com/gptbot)" "-"
216.73.216.0 - - [19/Oct/2025:00:29:47 -0400] "GET /miami-seo?fileloc=%2Fhomepages%2F10%2Fd573043092%2Fhtdocs%2Fclickandbuilds%2FBoxmarkDigital%2Fwp-includes%2Fclass-wp-query.php&path=%2Fhomepages%2F10%2Fd573043092%2Fhtdocs%2Fclickandbuilds%2FBoxmarkDigital%2Fwp-includes HTTP/1.1" 200 175918 boxmarkdigital.com "-" "Mozilla/5.0 AppleWebKit/537.36 (KHTML, like Gecko; compatible; ClaudeBot/1.0; +claudebot@anthropic.com)" "-"
20.171.207.0 - - [19/Oct/2025:00:29:49 -0400] "GET /?fileloc=//bin/cmake&path=//bin HTTP/1.1" 200 12185 boxmarkdigital.com "-" "Mozilla/5.0 AppleWebKit/537.36 (KHTML, like Gecko; compatible; GPTBot/1.2; +https://openai.com/gptbot)" "-"
216.73.216.0 - - [19/Oct/2025:00:29:50 -0400] "GET /miami-seo?fileloc=%2Fhomepages%2F10%2Fd573043092%2Fhtdocs%2Fclickandbuilds%2FBoxmarkDigital%2Fwp-includes%2Fclass-wp-feed-cache.php&path=%2Fhomepages%2F10%2Fd573043092%2Fhtdocs%2Fclickandbuilds%2FBoxmarkDigital%2Fwp-includes HTTP/1.1" 200 13691 boxmarkdigital.com "-" "Mozilla/5.0 AppleWebKit/537.36 (KHTML, like Gecko; compatible; ClaudeBot/1.0; +claudebot@anthropic.com)" "-"
216.73.216.0 - - [19/Oct/2025:00:29:53 -0400] "GET /miami-seo?fileloc=%2Fhomepages%2F10%2Fd573043092%2Fhtdocs%2Fclickandbuilds%2FBoxmarkDigital%2Fwp-includes%2Fms-files.php&path=%2Fhomepages%2F10%2Fd573043092%2Fhtdocs%2Fclickandbuilds%2FBoxmarkDigital%2Fwp-includes HTTP/1.1" 200 15522 boxmarkdigital.com "-" "Mozilla/5.0 AppleWebKit/537.36 (KHTML, like Gecko; compatible; ClaudeBot/1.0; +claudebot@anthropic.com)" "-"
20.171.207.0 - - [19/Oct/2025:00:29:53 -0400] "GET /?fileloc=//bin/sponge&path=//bin HTTP/1.1" 200 12186 boxmarkdigital.com "-" "Mozilla/5.0 AppleWebKit/537.36 (KHTML, like Gecko; compatible; GPTBot/1.2; +https://openai.com/gptbot)" "-"
216.73.216.0 - - [19/Oct/2025:00:29:56 -0400] "GET /miami-seo?fileloc=%2Fhomepages%2F10%2Fd573043092%2Fhtdocs%2Fclickandbuilds%2FBoxmarkDigital%2Fwp-includes%2Fspeculative-loading.php&path=%2Fhomepages%2F10%2Fd573043092%2Fhtdocs%2Fclickandbuilds%2FBoxmarkDigital%2Fwp-includes HTTP/1.1" 200 21510 boxmarkdigital.com "-" "Mozilla/5.0 AppleWebKit/537.36 (KHTML, like Gecko; compatible; ClaudeBot/1.0; +claudebot@anthropic.com)" "-"
20.171.207.0 - - [19/Oct/2025:00:29:56 -0400] "GET /?fileloc=//bin/mount&path=//bin HTTP/1.1" 200 12185 boxmarkdigital.com "-" "Mozilla/5.0 AppleWebKit/537.36 (KHTML, like Gecko; compatible; GPTBot/1.2; +https://openai.com/gptbot)" "-"
66.249.64.0 - - [19/Oct/2025:00:29:57 -0400] "GET /entity/429473304.shtm HTTP/1.1" 200 199975 boxmarkdigital.com "-" "Mozilla/5.0 (Linux; Android 6.0.1; Nexus 5X Build/MMB29P) AppleWebKit/537.36 (KHTML, like Gecko) Chrome/140.0.7339.207 Mobile Safari/537.36 (compatible; GoogleOther)" "-"
216.73.216.0 - - [19/Oct/2025:00:29:59 -0400] "GET /miami-seo?fileloc=%2Fhomepages%2F10%2Fd573043092%2Fhtdocs%2Fclickandbuilds%2FBoxmarkDigital%2Fwp-includes%2Fdefault-filters.php&path=%2Fhomepages%2F10%2Fd573043092%2Fhtdocs%2Fclickandbuilds%2FBoxmarkDigital%2Fwp-includes HTTP/1.1" 200 49439 boxmarkdigital.com "-" "Mozilla/5.0 AppleWebKit/537.36 (KHTML, like Gecko; compatible; ClaudeBot/1.0; +claudebot@anthropic.com)" "-"
20.171.207.0 - - [19/Oct/2025:00:29:59 -0400] "GET /?fileloc=//bin/chgrp&path=//bin HTTP/1.1" 200 12185 boxmarkdigital.com "-" "Mozilla/5.0 AppleWebKit/537.36 (KHTML, like Gecko; compatible; GPTBot/1.2; +https://openai.com/gptbot)" "-"
80.71.154.0 - - [19/Oct/2025:00:30:00 -0400] "GET /contact HTTP/1.1" 200 61284 boxmarkdigital.com "-" "Mozilla/5.0 (Linux x86_64; rv:114.0) Gecko/20100101 Firefox/114.0" "-"
80.71.154.0 - - [19/Oct/2025:00:30:01 -0400] "GET /contact?fileloc=/homepages/10/d573043092/htdocs/clickandbuilds/BoxmarkDigital/.user.ini&path=/homepages/10/d573043092/htdocs/clickandbuilds/BoxmarkDigital HTTP/1.1" 200 12587 boxmarkdigital.com "https://boxmarkdigital.com/contact" "Mozilla/5.0 (Linux x86_64; rv:114.0) Gecko/20100101 Firefox/114.0" "-"
216.73.216.0 - - [19/Oct/2025:00:30:02 -0400] "GET /miami-seo?fileloc=%2Fhomepages%2F10%2Fd573043092%2Fhtdocs%2Fclickandbuilds%2FBoxmarkDigital%2Fwp-includes%2Fhttps-migration.php&path=%2Fhomepages%2F10%2Fd573043092%2Fhtdocs%2Fclickandbuilds%2FBoxmarkDigital%2Fwp-includes HTTP/1.1" 200 17475 boxmarkdigital.com "-" "Mozilla/5.0 AppleWebKit/537.36 (KHTML, like Gecko; compatible; ClaudeBot/1.0; +claudebot@anthropic.com)" "-"
20.171.207.0 - - [19/Oct/2025:00:30:02 -0400] "GET /?fileloc=//bin/numfmt&path=//bin HTTP/1.1" 200 12186 boxmarkdigital.com "-" "Mozilla/5.0 AppleWebKit/537.36 (KHTML, like Gecko; compatible; GPTBot/1.2; +https://openai.com/gptbot)" "-"
80.71.154.0 - - [19/Oct/2025:00:30:03 -0400] "GET /contact?fileloc=/homepages/10/d573043092/htdocs/clickandbuilds/BoxmarkDigital/googleaef90c813a965fe4.html&path=/homepages/10/d573043092/htdocs/clickandbuilds/BoxmarkDigital HTTP/1.1" 200 12658 boxmarkdigital.com "https://boxmarkdigital.com/contact" "Mozilla/5.0 (Linux x86_64; rv:114.0) Gecko/20100101 Firefox/114.0" "-"
80.71.154.0 - - [19/Oct/2025:00:30:04 -0400] "GET /contact?fileloc=/homepages/10/d573043092/htdocs/clickandbuilds/BoxmarkDigital/google7abb52d38047fcba.html&path=/homepages/10/d573043092/htdocs/clickandbuilds/BoxmarkDigital HTTP/1.1" 200 12658 boxmarkdigital.com "https://boxmarkdigital.com/contact" "Mozilla/5.0 (Linux x86_64; rv:114.0) Gecko/20100101 Firefox/114.0" "-"
216.73.216.0 - - [19/Oct/2025:00:30:05 -0400] "GET /miami-seo?fileloc=%2Fhomepages%2F10%2Fd573043092%2Fhtdocs%2Fclickandbuilds%2FBoxmarkDigital%2Fwp-admin%2Fadmin-functions.php&path=%2Fhomepages%2F10%2Fd573043092%2Fhtdocs%2Fclickandbuilds%2FBoxmarkDigital%2Fwp-admin HTTP/1.1" 200 13188 boxmarkdigital.com "-" "Mozilla/5.0 AppleWebKit/537.36 (KHTML, like Gecko; compatible; ClaudeBot/1.0; +claudebot@anthropic.com)" "-"
20.171.207.0 - - [19/Oct/2025:00:30:05 -0400] "GET /?fileloc=//bin/rgrep&path=//bin HTTP/1.1" 200 12225 boxmarkdigital.com "-" "Mozilla/5.0 AppleWebKit/537.36 (KHTML, like Gecko; compatible; GPTBot/1.2; +https://openai.com/gptbot)" "-"
80.71.154.0 - - [19/Oct/2025:00:30:05 -0400] "GET /contact?fileloc=/homepages/10/d573043092/htdocs/clickandbuilds/BoxmarkDigital/.htaccess&path=/homepages/10/d573043092/htdocs/clickandbuilds/BoxmarkDigital HTTP/1.1" 200 14668 boxmarkdigital.com "https://boxmarkdigital.com/contact" "Mozilla/5.0 (Linux x86_64; rv:114.0) Gecko/20100101 Firefox/114.0" "-"
80.71.154.0 - - [19/Oct/2025:00:30:06 -0400] "GET /contact?fileloc=/homepages/10/d573043092/htdocs/clickandbuilds/BoxmarkDigital/naeya.php&path=/homepages/10/d573043092/htdocs/clickandbuilds/BoxmarkDigital HTTP/1.1" 200 43169 boxmarkdigital.com "https://boxmarkdigital.com/contact" "Mozilla/5.0 (Linux x86_64; rv:114.0) Gecko/20100101 Firefox/114.0" "-"
216.73.216.0 - - [19/Oct/2025:00:30:08 -0400] "GET /miami-seo?fileloc=%2Fhomepages%2F10%2Fd573043092%2Fhtdocs%2Fclickandbuilds%2FBoxmarkDigital%2Fwp-includes%2Fclass.wp-styles.php&path=%2Fhomepages%2F10%2Fd573043092%2Fhtdocs%2Fclickandbuilds%2FBoxmarkDigital%2Fwp-includes HTTP/1.1" 200 13056 boxmarkdigital.com "-" "Mozilla/5.0 AppleWebKit/537.36 (KHTML, like Gecko; compatible; ClaudeBot/1.0; +claudebot@anthropic.com)" "-"
80.71.154.0 - - [19/Oct/2025:00:30:08 -0400] "GET /contact?fileloc=/homepages/10/d573043092/htdocs/clickandbuilds/BoxmarkDigital/license.txt&path=/homepages/10/d573043092/htdocs/clickandbuilds/BoxmarkDigital HTTP/1.1" 200 32596 boxmarkdigital.com "https://boxmarkdigital.com/contact" "Mozilla/5.0 (Linux x86_64; rv:114.0) Gecko/20100101 Firefox/114.0" "-"
20.171.207.0 - - [19/Oct/2025:00:30:08 -0400] "GET /?fileloc=//bin/column&path=//bin HTTP/1.1" 200 12186 boxmarkdigital.com "-" "Mozilla/5.0 AppleWebKit/537.36 (KHTML, like Gecko; compatible; GPTBot/1.2; +https://openai.com/gptbot)" "-"
80.71.154.0 - - [19/Oct/2025:00:30:09 -0400] "GET /contact?path=/homepages/10/d573043092/htdocs/clickandbuilds HTTP/1.1" 200 37559 boxmarkdigital.com "https://boxmarkdigital.com/contact" "Mozilla/5.0 (Linux x86_64; rv:114.0) Gecko/20100101 Firefox/114.0" "-"
80.71.154.0 - - [19/Oct/2025:00:30:10 -0400] "GET /contact?fileloc=/homepages/10/d573043092/htdocs/clickandbuilds/BoxmarkDigital/page_sitemap.xml&path=/homepages/10/d573043092/htdocs/clickandbuilds/BoxmarkDigital HTTP/1.1" 200 167013 boxmarkdigital.com "https://boxmarkdigital.com/contact" "Mozilla/5.0 (Linux x86_64; rv:114.0) Gecko/20100101 Firefox/114.0" "-"
216.73.216.0 - - [19/Oct/2025:00:30:11 -0400] "GET /miami-seo?fileloc=%2Fhomepages%2F10%2Fd573043092%2Fhtdocs%2Fclickandbuilds%2FBoxmarkDigital%2Fwp-includes%2Ftemplate-class.php&path=%2Fhomepages%2F10%2Fd573043092%2Fhtdocs%2Fclickandbuilds%2FBoxmarkDigital%2Fwp-includes HTTP/1.1" 200 12714 boxmarkdigital.com "-" "Mozilla/5.0 AppleWebKit/537.36 (KHTML, like Gecko; compatible; ClaudeBot/1.0; +claudebot@anthropic.com)" "-"
80.71.154.0 - - [19/Oct/2025:00:30:11 -0400] "GET /contact?fileloc=/homepages/10/d573043092/htdocs/clickandbuilds/BoxmarkDigital/index.php&path=/homepages/10/d573043092/htdocs/clickandbuilds/BoxmarkDigital HTTP/1.1" 200 37459 boxmarkdigital.com "https://boxmarkdigital.com/contact" "Mozilla/5.0 (Linux x86_64; rv:114.0) Gecko/20100101 Firefox/114.0" "-"
20.171.207.0 - - [19/Oct/2025:00:30:11 -0400] "GET /?fileloc=//bin/uptime&path=//bin HTTP/1.1" 200 12186 boxmarkdigital.com "-" "Mozilla/5.0 AppleWebKit/537.36 (KHTML, like Gecko; compatible; GPTBot/1.2; +https://openai.com/gptbot)" "-"
80.71.154.0 - - [19/Oct/2025:00:30:12 -0400] "GET /contact?fileloc=/homepages/10/d573043092/htdocs/clickandbuilds/BoxmarkDigital/bwrdF5JEXJ_OAK7auzRix&path=/homepages/10/d573043092/htdocs/clickandbuilds/BoxmarkDigital HTTP/1.1" 200 12730 boxmarkdigital.com "https://boxmarkdigital.com/contact" "Mozilla/5.0 (Linux x86_64; rv:114.0) Gecko/20100101 Firefox/114.0" "-"
80.71.154.0 - - [19/Oct/2025:00:30:13 -0400] "GET / HTTP/1.1" 200 61284 boxmarkdigital.com "-" "Mozilla/5.0 (Linux x86_64; rv:114.0) Gecko/20100101 Firefox/114.0" "-"
216.73.216.0 - - [19/Oct/2025:00:30:14 -0400] "GET /miami-seo?fileloc=%2Fhomepages%2F10%2Fd573043092%2Fhtdocs%2Fclickandbuilds%2FBoxmarkDigital%2Fwp-includes%2Fclass-wp-http.php&path=%2Fhomepages%2F10%2Fd573043092%2Fhtdocs%2Fclickandbuilds%2FBoxmarkDigital%2Fwp-includes HTTP/1.1" 200 54656 boxmarkdigital.com "-" "Mozilla/5.0 AppleWebKit/537.36 (KHTML, like Gecko; compatible; ClaudeBot/1.0; +claudebot@anthropic.com)" "-"
