20.171.207.0 - - [19/Oct/2025:00:48:17 -0400] "GET /?path=//lib/x86_64-linux-gnu/perl/5.32/Digest HTTP/1.1" 200 15863 boxmarkdigital.com "-" "Mozilla/5.0 AppleWebKit/537.36 (KHTML, like Gecko; compatible; GPTBot/1.2; +https://openai.com/gptbot)" "-"
65.21.232.0 - - [19/Oct/2025:00:48:17 -0400] "GET /?fileloc=/homepages/10/d573043092/htdocs/clickandbuilds/BoxmarkDigital/wp-includes/class-wp-block-bindings-source.php&path=/homepages/10/d573043092/htdocs/clickandbuilds/BoxmarkDigital/wp-includes HTTP/1.1" 200 15780 boxmarkdigital.com "-" "Mozilla/5.0 (compatible; MJ12bot/v1.4.8; http://mj12bot.com/)" "-"
20.171.207.0 - - [19/Oct/2025:00:48:20 -0400] "GET /?path=//lib/x86_64-linux-gnu/perl/5.32/auto/List HTTP/1.1" 200 14300 boxmarkdigital.com "-" "Mozilla/5.0 AppleWebKit/537.36 (KHTML, like Gecko; compatible; GPTBot/1.2; +https://openai.com/gptbot)" "-"
65.21.232.0 - - [19/Oct/2025:00:48:22 -0400] "GET /?fileloc=/homepages/10/d573043092/htdocs/clickandbuilds/BoxmarkDigital/wp-includes/class-wp-block-editor-context.php&path=/homepages/10/d573043092/htdocs/clickandbuilds/BoxmarkDigital/wp-includes HTTP/1.1" 200 14088 boxmarkdigital.com "-" "Mozilla/5.0 (compatible; MJ12bot/v1.4.8; http://mj12bot.com/)" "-"
20.171.207.0 - - [19/Oct/2025:00:48:23 -0400] "GET /?path=//usr/lib/x86_64-linux-gnu/perl/5.32/Devel HTTP/1.1" 200 15950 boxmarkdigital.com "-" "Mozilla/5.0 AppleWebKit/537.36 (KHTML, like Gecko; compatible; GPTBot/1.2; +https://openai.com/gptbot)" "-"
65.21.232.0 - - [19/Oct/2025:00:48:26 -0400] "GET /?fileloc=/homepages/10/d573043092/htdocs/clickandbuilds/BoxmarkDigital/wp-includes/class-wp-block-list.php&path=/homepages/10/d573043092/htdocs/clickandbuilds/BoxmarkDigital/wp-includes HTTP/1.1" 200 17541 boxmarkdigital.com "-" "Mozilla/5.0 (compatible; MJ12bot/v1.4.8; http://mj12bot.com/)" "-"
20.171.207.0 - - [19/Oct/2025:00:48:26 -0400] "GET /?path=//usr/lib/x86_64-linux-gnu/perl/5.32/Hash HTTP/1.1" 200 15802 boxmarkdigital.com "-" "Mozilla/5.0 AppleWebKit/537.36 (KHTML, like Gecko; compatible; GPTBot/1.2; +https://openai.com/gptbot)" "-"
66.249.64.0 - - [19/Oct/2025:00:48:28 -0400] "GET /entity/1414157483.shtm HTTP/1.1" 200 200193 boxmarkdigital.com "-" "Mozilla/5.0 (Linux; Android 6.0.1; Nexus 5X Build/MMB29P) AppleWebKit/537.36 (KHTML, like Gecko) Chrome/140.0.7339.207 Mobile Safari/537.36 (compatible; GoogleOther)" "-"
66.249.64.0 - - [19/Oct/2025:00:48:29 -0400] "GET /entity/1414177190.shtm HTTP/1.1" 200 199975 boxmarkdigital.com "-" "Mozilla/5.0 (Linux; Android 6.0.1; Nexus 5X Build/MMB29P) AppleWebKit/537.36 (KHTML, like Gecko) Chrome/140.0.7339.207 Mobile Safari/537.36 (compatible; GoogleOther)" "-"
20.171.207.0 - - [19/Oct/2025:00:48:29 -0400] "GET /?path=//lib/x86_64-linux-gnu/perl/5.32/auto/Data HTTP/1.1" 200 14308 boxmarkdigital.com "-" "Mozilla/5.0 AppleWebKit/537.36 (KHTML, like Gecko; compatible; GPTBot/1.2; +https://openai.com/gptbot)" "-"
65.21.232.0 - - [19/Oct/2025:00:48:30 -0400] "GET /?fileloc=/homepages/10/d573043092/htdocs/clickandbuilds/BoxmarkDigital/wp-includes/class-wp-block-metadata-registry.php&path=/homepages/10/d573043092/htdocs/clickandbuilds/BoxmarkDigital/wp-includes HTTP/1.1" 200 24698 boxmarkdigital.com "-" "Mozilla/5.0 (compatible; MJ12bot/v1.4.8; http://mj12bot.com/)" "-"
20.171.207.0 - - [19/Oct/2025:00:48:33 -0400] "GET /?path=//lib/x86_64-linux-gnu/perl/5.32/auto/Devel HTTP/1.1" 200 14305 boxmarkdigital.com "-" "Mozilla/5.0 AppleWebKit/537.36 (KHTML, like Gecko; compatible; GPTBot/1.2; +https://openai.com/gptbot)" "-"
65.21.232.0 - - [19/Oct/2025:00:48:34 -0400] "GET /?fileloc=/homepages/10/d573043092/htdocs/clickandbuilds/BoxmarkDigital/wp-includes/class-wp-block-parser-block.php&path=/homepages/10/d573043092/htdocs/clickandbuilds/BoxmarkDigital/wp-includes HTTP/1.1" 200 15351 boxmarkdigital.com "-" "Mozilla/5.0 (compatible; MJ12bot/v1.4.8; http://mj12bot.com/)" "-"
20.171.207.0 - - [19/Oct/2025:00:48:36 -0400] "GET /?path=//lib/x86_64-linux-gnu/perl/5.32/auto/List/Util HTTP/1.1" 200 14525 boxmarkdigital.com "-" "Mozilla/5.0 AppleWebKit/537.36 (KHTML, like Gecko; compatible; GPTBot/1.2; +https://openai.com/gptbot)" "-"
65.21.232.0 - - [19/Oct/2025:00:48:39 -0400] "GET /?fileloc=/homepages/10/d573043092/htdocs/clickandbuilds/BoxmarkDigital/wp-includes/class-wp-block-parser-frame.php&path=/homepages/10/d573043092/htdocs/clickandbuilds/BoxmarkDigital/wp-includes HTTP/1.1" 200 14762 boxmarkdigital.com "-" "Mozilla/5.0 (compatible; MJ12bot/v1.4.8; http://mj12bot.com/)" "-"
20.171.207.0 - - [19/Oct/2025:00:48:39 -0400] "GET /?path=//usr/lib/x86_64-linux-gnu/perl/5.32/Hash/Util HTTP/1.1" 200 14522 boxmarkdigital.com "-" "Mozilla/5.0 AppleWebKit/537.36 (KHTML, like Gecko; compatible; GPTBot/1.2; +https://openai.com/gptbot)" "-"
20.171.207.0 - - [19/Oct/2025:00:48:42 -0400] "GET /?path=//usr/lib/x86_64-linux-gnu/perl/5.32/Time HTTP/1.1" 200 17475 boxmarkdigital.com "-" "Mozilla/5.0 AppleWebKit/537.36 (KHTML, like Gecko; compatible; GPTBot/1.2; +https://openai.com/gptbot)" "-"
65.21.232.0 - - [19/Oct/2025:00:48:43 -0400] "GET /?fileloc=/homepages/10/d573043092/htdocs/clickandbuilds/BoxmarkDigital/wp-includes/class-wp-block-parser.php&path=/homepages/10/d573043092/htdocs/clickandbuilds/BoxmarkDigital/wp-includes HTTP/1.1" 200 24623 boxmarkdigital.com "-" "Mozilla/5.0 (compatible; MJ12bot/v1.4.8; http://mj12bot.com/)" "-"
20.171.207.0 - - [19/Oct/2025:00:48:45 -0400] "GET /?path=//usr/lib/x86_64-linux-gnu/perl/5.32/Filter HTTP/1.1" 200 14289 boxmarkdigital.com "-" "Mozilla/5.0 AppleWebKit/537.36 (KHTML, like Gecko; compatible; GPTBot/1.2; +https://openai.com/gptbot)" "-"
65.21.232.0 - - [19/Oct/2025:00:48:47 -0400] "GET /?fileloc=/homepages/10/d573043092/htdocs/clickandbuilds/BoxmarkDigital/wp-includes/class-wp-block-pattern-categories-registry.php&path=/homepages/10/d573043092/htdocs/clickandbuilds/BoxmarkDigital/wp-includes HTTP/1.1" 200 18173 boxmarkdigital.com "-" "Mozilla/5.0 (compatible; MJ12bot/v1.4.8; http://mj12bot.com/)" "-"
20.171.207.0 - - [19/Oct/2025:00:48:48 -0400] "GET /?path=//lib/x86_64-linux-gnu/perl/5.32/auto/Devel/Peek HTTP/1.1" 200 14532 boxmarkdigital.com "-" "Mozilla/5.0 AppleWebKit/537.36 (KHTML, like Gecko; compatible; GPTBot/1.2; +https://openai.com/gptbot)" "-"
20.171.207.0 - - [19/Oct/2025:00:48:52 -0400] "GET /?path=//lib/x86_64-linux-gnu/perl/5.32/auto/Data/Dumper HTTP/1.1" 200 14545 boxmarkdigital.com "-" "Mozilla/5.0 AppleWebKit/537.36 (KHTML, like Gecko; compatible; GPTBot/1.2; +https://openai.com/gptbot)" "-"
65.21.232.0 - - [19/Oct/2025:00:48:52 -0400] "GET /?fileloc=/homepages/10/d573043092/htdocs/clickandbuilds/BoxmarkDigital/wp-includes/class-wp-block-patterns-registry.php&path=/homepages/10/d573043092/htdocs/clickandbuilds/BoxmarkDigital/wp-includes HTTP/1.1" 200 23618 boxmarkdigital.com "-" "Mozilla/5.0 (compatible; MJ12bot/v1.4.8; http://mj12bot.com/)" "-"
20.171.207.0 - - [19/Oct/2025:00:48:55 -0400] "GET /?path=//lib/x86_64-linux-gnu/perl/5.32/List/Util HTTP/1.1" 200 14423 boxmarkdigital.com "-" "Mozilla/5.0 AppleWebKit/537.36 (KHTML, like Gecko; compatible; GPTBot/1.2; +https://openai.com/gptbot)" "-"
65.21.232.0 - - [19/Oct/2025:00:48:56 -0400] "GET /?fileloc=/homepages/10/d573043092/htdocs/clickandbuilds/BoxmarkDigital/wp-includes/class-wp-block-styles-registry.php&path=/homepages/10/d573043092/htdocs/clickandbuilds/BoxmarkDigital/wp-includes HTTP/1.1" 200 19203 boxmarkdigital.com "-" "Mozilla/5.0 (compatible; MJ12bot/v1.4.8; http://mj12bot.com/)" "-"
20.171.207.0 - - [19/Oct/2025:00:48:58 -0400] "GET /?path=//usr/lib/x86_64-linux-gnu/perl/5.32/Filter/Util HTTP/1.1" 200 14515 boxmarkdigital.com "-" "Mozilla/5.0 AppleWebKit/537.36 (KHTML, like Gecko; compatible; GPTBot/1.2; +https://openai.com/gptbot)" "-"
65.21.232.0 - - [19/Oct/2025:00:49:00 -0400] "GET /?fileloc=/homepages/10/d573043092/htdocs/clickandbuilds/BoxmarkDigital/wp-includes/class-wp-block-templates-registry.php&path=/homepages/10/d573043092/htdocs/clickandbuilds/BoxmarkDigital/wp-includes HTTP/1.1" 200 20129 boxmarkdigital.com "-" "Mozilla/5.0 (compatible; MJ12bot/v1.4.8; http://mj12bot.com/)" "-"
20.171.207.0 - - [19/Oct/2025:00:49:01 -0400] "GET /?path=//lib/x86_64-linux-gnu/perl/5.32/Hash/Util HTTP/1.1" 200 14452 boxmarkdigital.com "-" "Mozilla/5.0 AppleWebKit/537.36 (KHTML, like Gecko; compatible; GPTBot/1.2; +https://openai.com/gptbot)" "-"
66.249.64.0 - - [19/Oct/2025:00:49:04 -0400] "GET /entity/734045691.shtm HTTP/1.1" 200 198611 boxmarkdigital.com "-" "Mozilla/5.0 (Linux; Android 6.0.1; Nexus 5X Build/MMB29P) AppleWebKit/537.36 (KHTML, like Gecko) Chrome/140.0.7339.207 Mobile Safari/537.36 (compatible; GoogleOther)" "-"
20.171.207.0 - - [19/Oct/2025:00:49:04 -0400] "GET /?path=//usr/lib/x86_64-linux-gnu/perl/5.32/Data HTTP/1.1" 200 14418 boxmarkdigital.com "-" "Mozilla/5.0 AppleWebKit/537.36 (KHTML, like Gecko; compatible; GPTBot/1.2; +https://openai.com/gptbot)" "-"
65.21.232.0 - - [19/Oct/2025:00:49:04 -0400] "GET /?fileloc=/homepages/10/d573043092/htdocs/clickandbuilds/BoxmarkDigital/wp-includes/class-wp-comment.php&path=/homepages/10/d573043092/htdocs/clickandbuilds/BoxmarkDigital/wp-includes HTTP/1.1" 200 22261 boxmarkdigital.com "-" "Mozilla/5.0 (compatible; MJ12bot/v1.4.8; http://mj12bot.com/)" "-"
66.249.64.0 - - [19/Oct/2025:00:49:05 -0400] "GET /entity/1414128987.shtm HTTP/1.1" 200 199303 boxmarkdigital.com "-" "Mozilla/5.0 (Linux; Android 6.0.1; Nexus 5X Build/MMB29P) AppleWebKit/537.36 (KHTML, like Gecko) Chrome/140.0.7339.207 Mobile Safari/537.36 (compatible; GoogleOther)" "-"
20.171.207.0 - - [19/Oct/2025:00:49:08 -0400] "GET /?path=//lib/x86_64-linux-gnu/perl/5.32/File/Spec HTTP/1.1" 200 26675 boxmarkdigital.com "-" "Mozilla/5.0 AppleWebKit/537.36 (KHTML, like Gecko; compatible; GPTBot/1.2; +https://openai.com/gptbot)" "-"
65.21.232.0 - - [19/Oct/2025:00:49:09 -0400] "GET /?fileloc=/homepages/10/d573043092/htdocs/clickandbuilds/BoxmarkDigital/wp-includes/class-wp-customize-manager.php&path=/homepages/10/d573043092/htdocs/clickandbuilds/BoxmarkDigital/wp-includes HTTP/1.1" 200 222621 boxmarkdigital.com "-" "Mozilla/5.0 (compatible; MJ12bot/v1.4.8; http://mj12bot.com/)" "-"
20.171.207.0 - - [19/Oct/2025:00:49:11 -0400] "GET /?path=//usr/lib/x86_64-linux-gnu/perl/5.32/File HTTP/1.1" 200 18859 boxmarkdigital.com "-" "Mozilla/5.0 AppleWebKit/537.36 (KHTML, like Gecko; compatible; GPTBot/1.2; +https://openai.com/gptbot)" "-"
65.21.232.0 - - [19/Oct/2025:00:49:13 -0400] "GET /?fileloc=/homepages/10/d573043092/htdocs/clickandbuilds/BoxmarkDigital/wp-includes/class-wp-customize-nav-menus.php&path=/homepages/10/d573043092/htdocs/clickandbuilds/BoxmarkDigital/wp-includes HTTP/1.1" 200 74677 boxmarkdigital.com "-" "Mozilla/5.0 (compatible; MJ12bot/v1.4.8; http://mj12bot.com/)" "-"
20.171.207.0 - - [19/Oct/2025:00:49:14 -0400] "GET /?path=//usr/lib/x86_64-linux-gnu/perl/5.32/List HTTP/1.1" 200 15802 boxmarkdigital.com "-" "Mozilla/5.0 AppleWebKit/537.36 (KHTML, like Gecko; compatible; GPTBot/1.2; +https://openai.com/gptbot)" "-"
20.171.207.0 - - [19/Oct/2025:00:49:17 -0400] "GET /?path=//lib/x86_64-linux-gnu/perl/5.32/Filter HTTP/1.1" 200 14227 boxmarkdigital.com "-" "Mozilla/5.0 AppleWebKit/537.36 (KHTML, like Gecko; compatible; GPTBot/1.2; +https://openai.com/gptbot)" "-"
65.21.232.0 - - [19/Oct/2025:00:49:18 -0400] "GET /?fileloc=/homepages/10/d573043092/htdocs/clickandbuilds/BoxmarkDigital/wp-includes/class-wp-customize-panel.php&path=/homepages/10/d573043092/htdocs/clickandbuilds/BoxmarkDigital/wp-includes HTTP/1.1" 200 24092 boxmarkdigital.com "-" "Mozilla/5.0 (compatible; MJ12bot/v1.4.8; http://mj12bot.com/)" "-"
20.171.207.0 - - [19/Oct/2025:00:49:20 -0400] "GET /?path=//usr/lib/x86_64-linux-gnu/perl/5.32/Digest HTTP/1.1" 200 15945 boxmarkdigital.com "-" "Mozilla/5.0 AppleWebKit/537.36 (KHTML, like Gecko; compatible; GPTBot/1.2; +https://openai.com/gptbot)" "-"
65.21.232.0 - - [19/Oct/2025:00:49:22 -0400] "GET /?fileloc=/homepages/10/d573043092/htdocs/clickandbuilds/BoxmarkDigital/wp-includes/class-wp-customize-section.php&path=/homepages/10/d573043092/htdocs/clickandbuilds/BoxmarkDigital/wp-includes HTTP/1.1" 200 24586 boxmarkdigital.com "-" "Mozilla/5.0 (compatible; MJ12bot/v1.4.8; http://mj12bot.com/)" "-"
157.55.39.0 - - [19/Oct/2025:00:49:23 -0400] "GET /why-is-search-engine-optimization-important HTTP/1.1" 200 201923 boxmarkdigital.com "-" "Mozilla/5.0 AppleWebKit/537.36 (KHTML, like Gecko; compatible; bingbot/2.0; +http://www.bing.com/bingbot.htm) Chrome/116.0.1938.76 Safari/537.36" "-"
20.171.207.0 - - [19/Oct/2025:00:49:24 -0400] "GET /?path=//usr/lib/x86_64-linux-gnu/perl/5.32/File/Spec HTTP/1.1" 200 26873 boxmarkdigital.com "-" "Mozilla/5.0 AppleWebKit/537.36 (KHTML, like Gecko; compatible; GPTBot/1.2; +https://openai.com/gptbot)" "-"
65.21.232.0 - - [19/Oct/2025:00:49:26 -0400] "GET /?fileloc=/homepages/10/d573043092/htdocs/clickandbuilds/BoxmarkDigital/wp-includes/class-wp-customize-setting.php&path=/homepages/10/d573043092/htdocs/clickandbuilds/BoxmarkDigital/wp-includes HTTP/1.1" 200 43456 boxmarkdigital.com "-" "Mozilla/5.0 (compatible; MJ12bot/v1.4.8; http://mj12bot.com/)" "-"
20.171.207.0 - - [19/Oct/2025:00:49:27 -0400] "GET /?path=//lib/x86_64-linux-gnu/perl/5.32/Scalar HTTP/1.1" 200 14354 boxmarkdigital.com "-" "Mozilla/5.0 AppleWebKit/537.36 (KHTML, like Gecko; compatible; GPTBot/1.2; +https://openai.com/gptbot)" "-"
20.171.207.0 - - [19/Oct/2025:00:49:30 -0400] "GET /?path=//usr/lib/x86_64-linux-gnu/perl/5.32/List/Util HTTP/1.1" 200 14493 boxmarkdigital.com "-" "Mozilla/5.0 AppleWebKit/537.36 (KHTML, like Gecko; compatible; GPTBot/1.2; +https://openai.com/gptbot)" "-"
65.21.232.0 - - [19/Oct/2025:00:49:31 -0400] "GET /?fileloc=/homepages/10/d573043092/htdocs/clickandbuilds/BoxmarkDigital/wp-includes/class-wp-customize-widgets.php&path=/homepages/10/d573043092/htdocs/clickandbuilds/BoxmarkDigital/wp-includes HTTP/1.1" 200 87141 boxmarkdigital.com "-" "Mozilla/5.0 (compatible; MJ12bot/v1.4.8; http://mj12bot.com/)" "-"
20.171.207.0 - - [19/Oct/2025:00:49:33 -0400] "GET /?path=//lib/x86_64-linux-gnu/perl/5.32/auto/File HTTP/1.1" 200 15707 boxmarkdigital.com "-" "Mozilla/5.0 AppleWebKit/537.36 (KHTML, like Gecko; compatible; GPTBot/1.2; +https://openai.com/gptbot)" "-"
65.21.232.0 - - [19/Oct/2025:00:49:35 -0400] "GET /?fileloc=/homepages/10/d573043092/htdocs/clickandbuilds/BoxmarkDigital/wp-includes/class-wp-date-query.php&path=/homepages/10/d573043092/htdocs/clickandbuilds/BoxmarkDigital/wp-includes HTTP/1.1" 200 49241 boxmarkdigital.com "-" "Mozilla/5.0 (compatible; MJ12bot/v1.4.8; http://mj12bot.com/)" "-"
20.171.207.0 - - [19/Oct/2025:00:49:36 -0400] "GET /?path=//lib/x86_64-linux-gnu/perl/5.32/Filter/Util HTTP/1.1" 200 14445 boxmarkdigital.com "-" "Mozilla/5.0 AppleWebKit/537.36 (KHTML, like Gecko; compatible; GPTBot/1.2; +https://openai.com/gptbot)" "-"
65.21.232.0 - - [19/Oct/2025:00:49:39 -0400] "GET /?fileloc=/homepages/10/d573043092/htdocs/clickandbuilds/BoxmarkDigital/wp-includes/class-wp-dependencies.php&path=/homepages/10/d573043092/htdocs/clickandbuilds/BoxmarkDigital/wp-includes HTTP/1.1" 200 28189 boxmarkdigital.com "-" "Mozilla/5.0 (compatible; MJ12bot/v1.4.8; http://mj12bot.com/)" "-"
20.171.207.0 - - [19/Oct/2025:00:49:39 -0400] "GET /?path=//lib/x86_64-linux-gnu/perl/5.32/auto/Fcntl HTTP/1.1" 200 14442 boxmarkdigital.com "-" "Mozilla/5.0 AppleWebKit/537.36 (KHTML, like Gecko; compatible; GPTBot/1.2; +https://openai.com/gptbot)" "-"
66.249.64.0 - - [19/Oct/2025:00:49:40 -0400] "GET /entity/465459845.shtm HTTP/1.1" 200 202488 boxmarkdigital.com "-" "Mozilla/5.0 (Linux; Android 6.0.1; Nexus 5X Build/MMB29P) AppleWebKit/537.36 (KHTML, like Gecko) Chrome/140.0.7339.207 Mobile Safari/537.36 (compatible; GoogleOther)" "-"
66.249.64.0 - - [19/Oct/2025:00:49:41 -0400] "GET /entity/734064667.shtm HTTP/1.1" 200 199744 boxmarkdigital.com "-" "Mozilla/5.0 (Linux; Android 6.0.1; Nexus 5X Build/MMB29P) AppleWebKit/537.36 (KHTML, like Gecko) Chrome/140.0.7339.207 Mobile Safari/537.36 (compatible; GoogleOther)" "-"
20.171.207.0 - - [19/Oct/2025:00:49:43 -0400] "GET /?path=//usr/lib/x86_64-linux-gnu/perl/5.32/Scalar HTTP/1.1" 200 14420 boxmarkdigital.com "-" "Mozilla/5.0 AppleWebKit/537.36 (KHTML, like Gecko; compatible; GPTBot/1.2; +https://openai.com/gptbot)" "-"
65.21.232.0 - - [19/Oct/2025:00:49:44 -0400] "GET /?fileloc=/homepages/10/d573043092/htdocs/clickandbuilds/BoxmarkDigital/wp-includes/class-wp-dependency.php&path=/homepages/10/d573043092/htdocs/clickandbuilds/BoxmarkDigital/wp-includes HTTP/1.1" 200 15379 boxmarkdigital.com "-" "Mozilla/5.0 (compatible; MJ12bot/v1.4.8; http://mj12bot.com/)" "-"
20.171.207.0 - - [19/Oct/2025:00:49:46 -0400] "GET /?path=//lib/x86_64-linux-gnu/perl/5.32/Devel HTTP/1.1" 200 15868 boxmarkdigital.com "-" "Mozilla/5.0 AppleWebKit/537.36 (KHTML, like Gecko; compatible; GPTBot/1.2; +https://openai.com/gptbot)" "-"
65.21.232.0 - - [19/Oct/2025:00:49:48 -0400] "GET /?fileloc=/homepages/10/d573043092/htdocs/clickandbuilds/BoxmarkDigital/wp-includes/class-wp-duotone.php&path=/homepages/10/d573043092/htdocs/clickandbuilds/BoxmarkDigital/wp-includes HTTP/1.1" 200 54351 boxmarkdigital.com "-" "Mozilla/5.0 (compatible; MJ12bot/v1.4.8; http://mj12bot.com/)" "-"
20.171.207.0 - - [19/Oct/2025:00:49:49 -0400] "GET /?fileloc=//lib/aspell/canadian-variant_0.alias&path=//lib/aspell HTTP/1.1" 200 12346 boxmarkdigital.com "-" "Mozilla/5.0 AppleWebKit/537.36 (KHTML, like Gecko; compatible; GPTBot/1.2; +https://openai.com/gptbot)" "-"
20.171.207.0 - - [19/Oct/2025:00:49:52 -0400] "GET /?path=//lib/x86_64-linux-gnu/perl/5.32/auto/File/Glob HTTP/1.1" 200 14525 boxmarkdigital.com "-" "Mozilla/5.0 AppleWebKit/537.36 (KHTML, like Gecko; compatible; GPTBot/1.2; +https://openai.com/gptbot)" "-"
65.21.232.0 - - [19/Oct/2025:00:49:52 -0400] "GET /?fileloc=/homepages/10/d573043092/htdocs/clickandbuilds/BoxmarkDigital/wp-includes/class-wp-editor.php&path=/homepages/10/d573043092/htdocs/clickandbuilds/BoxmarkDigital/wp-includes HTTP/1.1" 200 88604 boxmarkdigital.com "-" "Mozilla/5.0 (compatible; MJ12bot/v1.4.8; http://mj12bot.com/)" "-"
20.171.207.0 - - [19/Oct/2025:00:49:55 -0400] "GET /?path=//lib/x86_64-linux-gnu/perl/5.32/auto/File/DosGlob HTTP/1.1" 200 14555 boxmarkdigital.com "-" "Mozilla/5.0 AppleWebKit/537.36 (KHTML, like Gecko; compatible; GPTBot/1.2; +https://openai.com/gptbot)" "-"
65.21.232.0 - - [19/Oct/2025:00:49:57 -0400] "GET /?fileloc=/homepages/10/d573043092/htdocs/clickandbuilds/BoxmarkDigital/wp-includes/class-wp-embed.php&path=/homepages/10/d573043092/htdocs/clickandbuilds/BoxmarkDigital/wp-includes HTTP/1.1" 200 29025 boxmarkdigital.com "-" "Mozilla/5.0 (compatible; MJ12bot/v1.4.8; http://mj12bot.com/)" "-"
20.171.207.0 - - [19/Oct/2025:00:49:58 -0400] "GET /?fileloc=//lib/aspell/canadian-variant_1.alias&path=//lib/aspell HTTP/1.1" 200 12346 boxmarkdigital.com "-" "Mozilla/5.0 AppleWebKit/537.36 (KHTML, like Gecko; compatible; GPTBot/1.2; +https://openai.com/gptbot)" "-"
65.21.232.0 - - [19/Oct/2025:00:50:01 -0400] "GET /?fileloc=/homepages/10/d573043092/htdocs/clickandbuilds/BoxmarkDigital/wp-includes/class-wp-error.php&path=/homepages/10/d573043092/htdocs/clickandbuilds/BoxmarkDigital/wp-includes HTTP/1.1" 200 20321 boxmarkdigital.com "-" "Mozilla/5.0 (compatible; MJ12bot/v1.4.8; http://mj12bot.com/)" "-"
54.39.203.0 - - [19/Oct/2025:00:50:01 -0400] "GET /entity/295129775.shtm?path=/homepages/10/d573043092/htdocs/clickandbuilds/BoxmarkDigital/wp-content HTTP/1.1" 200 25286 boxmarkdigital.com "-" "Mozilla/5.0 (compatible; AhrefsBot/7.0; +http://ahrefs.com/robot/)" "-"
20.171.207.0 - - [19/Oct/2025:00:50:02 -0400] "GET /?fileloc=//lib/aspell/british-variant_0.alias&path=//lib/aspell HTTP/1.1" 200 12345 boxmarkdigital.com "-" "Mozilla/5.0 AppleWebKit/537.36 (KHTML, like Gecko; compatible; GPTBot/1.2; +https://openai.com/gptbot)" "-"
20.171.207.0 - - [19/Oct/2025:00:50:05 -0400] "GET /?fileloc=//lib/aspell/american-variant_0.alias&path=//lib/aspell HTTP/1.1" 200 12346 boxmarkdigital.com "-" "Mozilla/5.0 AppleWebKit/537.36 (KHTML, like Gecko; compatible; GPTBot/1.2; +https://openai.com/gptbot)" "-"
65.21.232.0 - - [19/Oct/2025:00:50:05 -0400] "GET /?fileloc=/homepages/10/d573043092/htdocs/clickandbuilds/BoxmarkDigital/wp-includes/class-wp-exception.php&path=/homepages/10/d573043092/htdocs/clickandbuilds/BoxmarkDigital/wp-includes HTTP/1.1" 200 12974 boxmarkdigital.com "-" "Mozilla/5.0 (compatible; MJ12bot/v1.4.8; http://mj12bot.com/)" "-"
20.171.207.0 - - [19/Oct/2025:00:50:08 -0400] "GET /?fileloc=//lib/aspell/british-variant_1.alias&path=//lib/aspell HTTP/1.1" 200 12345 boxmarkdigital.com "-" "Mozilla/5.0 AppleWebKit/537.36 (KHTML, like Gecko; compatible; GPTBot/1.2; +https://openai.com/gptbot)" "-"
65.21.232.0 - - [19/Oct/2025:00:50:10 -0400] "GET /?fileloc=/homepages/10/d573043092/htdocs/clickandbuilds/BoxmarkDigital/wp-includes/class-wp-fatal-error-handler.php&path=/homepages/10/d573043092/htdocs/clickandbuilds/BoxmarkDigital/wp-includes HTTP/1.1" 200 21027 boxmarkdigital.com "-" "Mozilla/5.0 (compatible; MJ12bot/v1.4.8; http://mj12bot.com/)" "-"
20.171.207.0 - - [19/Oct/2025:00:50:11 -0400] "GET /?fileloc=//lib/aspell/english-variant_0.alias&path=//lib/aspell HTTP/1.1" 200 12342 boxmarkdigital.com "-" "Mozilla/5.0 AppleWebKit/537.36 (KHTML, like Gecko; compatible; GPTBot/1.2; +https://openai.com/gptbot)" "-"
65.21.232.0 - - [19/Oct/2025:00:50:14 -0400] "GET /?fileloc=/homepages/10/d573043092/htdocs/clickandbuilds/BoxmarkDigital/wp-includes/class-wp-object-cache.php&path=/homepages/10/d573043092/htdocs/clickandbuilds/BoxmarkDigital/wp-includes HTTP/1.1" 200 30686 boxmarkdigital.com "-" "Mozilla/5.0 (compatible; MJ12bot/v1.4.8; http://mj12bot.com/)" "-"
20.171.207.0 - - [19/Oct/2025:00:50:14 -0400] "GET /?fileloc=//lib/aspell/american-variant_1.alias&path=//lib/aspell HTTP/1.1" 200 12346 boxmarkdigital.com "-" "Mozilla/5.0 AppleWebKit/537.36 (KHTML, like Gecko; compatible; GPTBot/1.2; +https://openai.com/gptbot)" "-"
66.249.64.0 - - [19/Oct/2025:00:50:16 -0400] "GET /entity/1414163461.shtm HTTP/1.1" 200 204373 boxmarkdigital.com "-" "Mozilla/5.0 (Linux; Android 6.0.1; Nexus 5X Build/MMB29P) AppleWebKit/537.36 (KHTML, like Gecko) Chrome/140.0.7339.207 Mobile Safari/537.36 (compatible; GoogleOther)" "-"
66.249.64.0 - - [19/Oct/2025:00:50:17 -0400] "GET /entity/734099123.shtm HTTP/1.1" 200 202563 boxmarkdigital.com "-" "Mozilla/5.0 (Linux; Android 6.0.1; Nexus 5X Build/MMB29P) AppleWebKit/537.36 (KHTML, like Gecko) Chrome/140.0.7339.207 Mobile Safari/537.36 (compatible; GoogleOther)" "-"
20.171.207.0 - - [19/Oct/2025:00:50:17 -0400] "GET /?fileloc=//lib/aspell/english-variant_1.alias&path=//lib/aspell HTTP/1.1" 200 12342 boxmarkdigital.com "-" "Mozilla/5.0 AppleWebKit/537.36 (KHTML, like Gecko; compatible; GPTBot/1.2; +https://openai.com/gptbot)" "-"
65.21.232.0 - - [19/Oct/2025:00:50:18 -0400] "GET /?fileloc=/homepages/10/d573043092/htdocs/clickandbuilds/BoxmarkDigital/wp-includes/class-wp-oembed-controller.php&path=/homepages/10/d573043092/htdocs/clickandbuilds/BoxmarkDigital/wp-includes HTTP/1.1" 200 19802 boxmarkdigital.com "-" "Mozilla/5.0 (compatible; MJ12bot/v1.4.8; http://mj12bot.com/)" "-"
20.171.207.0 - - [19/Oct/2025:00:50:20 -0400] "GET /?fileloc=//bin/ppmpat&path=//bin HTTP/1.1" 200 12186 boxmarkdigital.com "-" "Mozilla/5.0 AppleWebKit/537.36 (KHTML, like Gecko; compatible; GPTBot/1.2; +https://openai.com/gptbot)" "-"
65.21.232.0 - - [19/Oct/2025:00:50:23 -0400] "GET /?fileloc=/homepages/10/d573043092/htdocs/clickandbuilds/BoxmarkDigital/wp-includes/class-wp-oembed.php&path=/homepages/10/d573043092/htdocs/clickandbuilds/BoxmarkDigital/wp-includes HTTP/1.1" 200 44941 boxmarkdigital.com "-" "Mozilla/5.0 (compatible; MJ12bot/v1.4.8; http://mj12bot.com/)" "-"
20.171.207.0 - - [19/Oct/2025:00:50:24 -0400] "GET /?fileloc=//lib/aspell/english-variant_2.alias&path=//lib/aspell HTTP/1.1" 200 12342 boxmarkdigital.com "-" "Mozilla/5.0 AppleWebKit/537.36 (KHTML, like Gecko; compatible; GPTBot/1.2; +https://openai.com/gptbot)" "-"
20.171.207.0 - - [19/Oct/2025:00:50:27 -0400] "GET /?path=//usr/lib/ruby/2.7.0/bundler/ui HTTP/1.1" 200 17309 boxmarkdigital.com "-" "Mozilla/5.0 AppleWebKit/537.36 (KHTML, like Gecko; compatible; GPTBot/1.2; +https://openai.com/gptbot)" "-"
65.21.232.0 - - [19/Oct/2025:00:50:27 -0400] "GET /?fileloc=/homepages/10/d573043092/htdocs/clickandbuilds/BoxmarkDigital/wp-includes/class-wp-paused-extensions-storage.php&path=/homepages/10/d573043092/htdocs/clickandbuilds/BoxmarkDigital/wp-includes HTTP/1.1" 200 17935 boxmarkdigital.com "-" "Mozilla/5.0 (compatible; MJ12bot/v1.4.8; http://mj12bot.com/)" "-"
20.171.207.0 - - [19/Oct/2025:00:50:30 -0400] "GET /?fileloc=//bin/locale&path=//bin HTTP/1.1" 200 12186 boxmarkdigital.com "-" "Mozilla/5.0 AppleWebKit/537.36 (KHTML, like Gecko; compatible; GPTBot/1.2; +https://openai.com/gptbot)" "-"
65.21.232.0 - - [19/Oct/2025:00:50:31 -0400] "GET /?fileloc=/homepages/10/d573043092/htdocs/clickandbuilds/BoxmarkDigital/wp-includes/class-wp-phpmailer.php&path=/homepages/10/d573043092/htdocs/clickandbuilds/BoxmarkDigital/wp-includes HTTP/1.1" 200 16607 boxmarkdigital.com "-" "Mozilla/5.0 (compatible; MJ12bot/v1.4.8; http://mj12bot.com/)" "-"
20.171.207.0 - - [19/Oct/2025:00:50:33 -0400] "GET /?path=//usr/lib/x86_64-linux-gnu/ldscripts HTTP/1.1" 200 235300 boxmarkdigital.com "-" "Mozilla/5.0 AppleWebKit/537.36 (KHTML, like Gecko; compatible; GPTBot/1.2; +https://openai.com/gptbot)" "-"
65.21.232.0 - - [19/Oct/2025:00:50:35 -0400] "GET /?fileloc=/homepages/10/d573043092/htdocs/clickandbuilds/BoxmarkDigital/wp-includes/class-wp-plugin-dependencies.php&path=/homepages/10/d573043092/htdocs/clickandbuilds/BoxmarkDigital/wp-includes HTTP/1.1" 200 38283 boxmarkdigital.com "-" "Mozilla/5.0 (compatible; MJ12bot/v1.4.8; http://mj12bot.com/)" "-"
20.171.207.0 - - [19/Oct/2025:00:50:36 -0400] "GET /?path=//usr/lib/x86_64-linux-gnu/perl/5.32/auto/Devel HTTP/1.1" 200 14371 boxmarkdigital.com "-" "Mozilla/5.0 AppleWebKit/537.36 (KHTML, like Gecko; compatible; GPTBot/1.2; +https://openai.com/gptbot)" "-"
66.249.64.0 - - [19/Oct/2025:00:50:39 -0400] "GET /entity/465415787.shtm HTTP/1.1" 200 198992 boxmarkdigital.com "-" "Mozilla/5.0 (Linux; Android 6.0.1; Nexus 5X Build/MMB29P) AppleWebKit/537.36 (KHTML, like Gecko) Chrome/140.0.7339.207 Mobile Safari/537.36 (compatible; Googlebot/2.1; +http://www.google.com/bot.html)" "-"
20.171.207.0 - - [19/Oct/2025:00:50:39 -0400] "GET /?fileloc=//lib/aspell/australian-variant_1.alias&path=//lib/aspell HTTP/1.1" 200 12348 boxmarkdigital.com "-" "Mozilla/5.0 AppleWebKit/537.36 (KHTML, like Gecko; compatible; GPTBot/1.2; +https://openai.com/gptbot)" "-"
65.21.232.0 - - [19/Oct/2025:00:50:40 -0400] "GET /?fileloc=/homepages/10/d573043092/htdocs/clickandbuilds/BoxmarkDigital/wp-includes/class-wp-post-type.php&path=/homepages/10/d573043092/htdocs/clickandbuilds/BoxmarkDigital/wp-includes HTTP/1.1" 200 44222 boxmarkdigital.com "-" "Mozilla/5.0 (compatible; MJ12bot/v1.4.8; http://mj12bot.com/)" "-"
20.171.207.0 - - [19/Oct/2025:00:50:42 -0400] "GET /?path=//usr/lib/x86_64-linux-gnu/ImageMagick-6.9.11 HTTP/1.1" 200 15646 boxmarkdigital.com "-" "Mozilla/5.0 AppleWebKit/537.36 (KHTML, like Gecko; compatible; GPTBot/1.2; +https://openai.com/gptbot)" "-"
65.21.232.0 - - [19/Oct/2025:00:50:44 -0400] "GET /?fileloc=/homepages/10/d573043092/htdocs/clickandbuilds/BoxmarkDigital/wp-includes/class-wp-post.php&path=/homepages/10/d573043092/htdocs/clickandbuilds/BoxmarkDigital/wp-includes HTTP/1.1" 200 19285 boxmarkdigital.com "-" "Mozilla/5.0 (compatible; MJ12bot/v1.4.8; http://mj12bot.com/)" "-"
20.171.207.0 - - [19/Oct/2025:00:50:46 -0400] "GET /?fileloc=//usr/include/semaphore.h&path=//usr/include HTTP/1.1" 200 15006 boxmarkdigital.com "-" "Mozilla/5.0 AppleWebKit/537.36 (KHTML, like Gecko; compatible; GPTBot/1.2; +https://openai.com/gptbot)" "-"
65.21.232.0 - - [19/Oct/2025:00:50:48 -0400] "GET /?fileloc=/homepages/10/d573043092/htdocs/clickandbuilds/BoxmarkDigital/wp-includes/class-wp-query.php&path=/homepages/10/d573043092/htdocs/clickandbuilds/BoxmarkDigital/wp-includes HTTP/1.1" 200 175918 boxmarkdigital.com "-" "Mozilla/5.0 (compatible; MJ12bot/v1.4.8; http://mj12bot.com/)" "-"
20.171.207.0 - - [19/Oct/2025:00:50:49 -0400] "GET /?fileloc=//lib/aspell/australian-variant_0.alias&path=//lib/aspell HTTP/1.1" 200 12348 boxmarkdigital.com "-" "Mozilla/5.0 AppleWebKit/537.36 (KHTML, like Gecko; compatible; GPTBot/1.2; +https://openai.com/gptbot)" "-"
66.249.64.0 - - [19/Oct/2025:00:50:51 -0400] "GET /entity/465430115.shtm HTTP/1.1" 200 199305 boxmarkdigital.com "-" "Mozilla/5.0 (Linux; Android 6.0.1; Nexus 5X Build/MMB29P) AppleWebKit/537.36 (KHTML, like Gecko) Chrome/140.0.7339.207 Mobile Safari/537.36 (compatible; GoogleOther)" "-"
20.171.207.0 - - [19/Oct/2025:00:50:52 -0400] "GET /?fileloc=//usr/lib/x86_64-linux-gnu/ldscripts/elf_x86_64.xsw&path=//usr/lib/x86_64-linux-gnu/ldscripts HTTP/1.1" 200 21148 boxmarkdigital.com "-" "Mozilla/5.0 AppleWebKit/537.36 (KHTML, like Gecko; compatible; GPTBot/1.2; +https://openai.com/gptbot)" "-"
66.249.64.0 - - [19/Oct/2025:00:50:53 -0400] "GET /entity/465396683.shtm HTTP/1.1" 200 206047 boxmarkdigital.com "-" "Mozilla/5.0 (Linux; Android 6.0.1; Nexus 5X Build/MMB29P) AppleWebKit/537.36 (KHTML, like Gecko) Chrome/140.0.7339.207 Mobile Safari/537.36 (compatible; GoogleOther)" "-"
65.21.232.0 - - [19/Oct/2025:00:50:53 -0400] "GET /?fileloc=/homepages/10/d573043092/htdocs/clickandbuilds/BoxmarkDigital/wp-includes/class-wp-recovery-mode-cookie-service.php&path=/homepages/10/d573043092/htdocs/clickandbuilds/BoxmarkDigital/wp-includes HTTP/1.1" 200 19657 boxmarkdigital.com "-" "Mozilla/5.0 (compatible; MJ12bot/v1.4.8; http://mj12bot.com/)" "-"
20.171.207.0 - - [19/Oct/2025:00:50:55 -0400] "GET /?fileloc=//usr/lib/x86_64-linux-gnu/ldscripts/elf_x86_64.xsce&path=//usr/lib/x86_64-linux-gnu/ldscripts HTTP/1.1" 200 21485 boxmarkdigital.com "-" "Mozilla/5.0 AppleWebKit/537.36 (KHTML, like Gecko; compatible; GPTBot/1.2; +https://openai.com/gptbot)" "-"
65.21.232.0 - - [19/Oct/2025:00:50:57 -0400] "GET /?fileloc=/homepages/10/d573043092/htdocs/clickandbuilds/BoxmarkDigital/wp-includes/class-wp-recovery-mode-email-service.php&path=/homepages/10/d573043092/htdocs/clickandbuilds/BoxmarkDigital/wp-includes HTTP/1.1" 200 24096 boxmarkdigital.com "-" "Mozilla/5.0 (compatible; MJ12bot/v1.4.8; http://mj12bot.com/)" "-"
20.171.207.0 - - [19/Oct/2025:00:50:58 -0400] "GET /?path=//usr/lib/x86_64-linux-gnu/ImageMagick-6.9.11/modules-Q16 HTTP/1.1" 200 15776 boxmarkdigital.com "-" "Mozilla/5.0 AppleWebKit/537.36 (KHTML, like Gecko; compatible; GPTBot/1.2; +https://openai.com/gptbot)" "-"
65.21.232.0 - - [19/Oct/2025:00:51:01 -0400] "GET /?fileloc=/homepages/10/d573043092/htdocs/clickandbuilds/BoxmarkDigital/wp-includes/class-wp-recovery-mode-key-service.php&path=/homepages/10/d573043092/htdocs/clickandbuilds/BoxmarkDigital/wp-includes HTTP/1.1" 200 17672 boxmarkdigital.com "-" "Mozilla/5.0 (compatible; MJ12bot/v1.4.8; http://mj12bot.com/)" "-"
20.171.207.0 - - [19/Oct/2025:00:51:01 -0400] "GET /?path=//usr/lib/x86_64-linux-gnu/perl/5.32/auto/Devel/Peek HTTP/1.1" 200 14606 boxmarkdigital.com "-" "Mozilla/5.0 AppleWebKit/537.36 (KHTML, like Gecko; compatible; GPTBot/1.2; +https://openai.com/gptbot)" "-"
20.171.207.0 - - [19/Oct/2025:00:51:05 -0400] "GET /?fileloc=//lib/man-db/manconv&path=//lib/man-db HTTP/1.1" 200 12234 boxmarkdigital.com "-" "Mozilla/5.0 AppleWebKit/537.36 (KHTML, like Gecko; compatible; GPTBot/1.2; +https://openai.com/gptbot)" "-"
65.21.232.0 - - [19/Oct/2025:00:51:05 -0400] "GET /?fileloc=/homepages/10/d573043092/htdocs/clickandbuilds/BoxmarkDigital/wp-includes/class-wp-recovery-mode-link-service.php&path=/homepages/10/d573043092/htdocs/clickandbuilds/BoxmarkDigital/wp-includes HTTP/1.1" 200 16243 boxmarkdigital.com "-" "Mozilla/5.0 (compatible; MJ12bot/v1.4.8; http://mj12bot.com/)" "-"
20.171.207.0 - - [19/Oct/2025:00:51:08 -0400] "GET /?path=//lib/x86_64-linux-gnu/perl/5.32/Encode HTTP/1.1" 200 42555 boxmarkdigital.com "-" "Mozilla/5.0 AppleWebKit/537.36 (KHTML, like Gecko; compatible; GPTBot/1.2; +https://openai.com/gptbot)" "-"
65.21.232.0 - - [19/Oct/2025:00:51:10 -0400] "GET /?fileloc=/homepages/10/d573043092/htdocs/clickandbuilds/BoxmarkDigital/wp-includes/class-wp-recovery-mode.php&path=/homepages/10/d573043092/htdocs/clickandbuilds/BoxmarkDigital/wp-includes HTTP/1.1" 200 24379 boxmarkdigital.com "-" "Mozilla/5.0 (compatible; MJ12bot/v1.4.8; http://mj12bot.com/)" "-"
20.171.207.0 - - [19/Oct/2025:00:51:11 -0400] "GET /?path=//usr/lib/x86_64-linux-gnu/ImageMagick-6.9.11/config-Q16 HTTP/1.1" 200 14480 boxmarkdigital.com "-" "Mozilla/5.0 AppleWebKit/537.36 (KHTML, like Gecko; compatible; GPTBot/1.2; +https://openai.com/gptbot)" "-"
20.171.207.0 - - [19/Oct/2025:00:51:14 -0400] "GET /?path=//lib/x86_64-linux-gnu/perl/5.32/Unicode HTTP/1.1" 200 17314 boxmarkdigital.com "-" "Mozilla/5.0 AppleWebKit/537.36 (KHTML, like Gecko; compatible; GPTBot/1.2; +https://openai.com/gptbot)" "-"
65.21.232.0 - - [19/Oct/2025:00:51:14 -0400] "GET /?fileloc=/homepages/10/d573043092/htdocs/clickandbuilds/BoxmarkDigital/wp-includes/class-wp-rewrite.php&path=/homepages/10/d573043092/htdocs/clickandbuilds/BoxmarkDigital/wp-includes HTTP/1.1" 200 77998 boxmarkdigital.com "-" "Mozilla/5.0 (compatible; MJ12bot/v1.4.8; http://mj12bot.com/)" "-"
20.171.207.0 - - [19/Oct/2025:00:51:17 -0400] "GET /?path=//usr/lib/x86_64-linux-gnu/ImageMagick-6.9.11/modules-Q16/filters HTTP/1.1" 200 16231 boxmarkdigital.com "-" "Mozilla/5.0 AppleWebKit/537.36 (KHTML, like Gecko; compatible; GPTBot/1.2; +https://openai.com/gptbot)" "-"
65.21.232.0 - - [19/Oct/2025:00:51:18 -0400] "GET /?fileloc=/homepages/10/d573043092/htdocs/clickandbuilds/BoxmarkDigital/wp-includes/class-wp-role.php&path=/homepages/10/d573043092/htdocs/clickandbuilds/BoxmarkDigital/wp-includes HTTP/1.1" 200 15269 boxmarkdigital.com "-" "Mozilla/5.0 (compatible; MJ12bot/v1.4.8; http://mj12bot.com/)" "-"
20.171.207.0 - - [19/Oct/2025:00:51:20 -0400] "GET /?path=//usr/lib/x86_64-linux-gnu/ImageMagick-6.9.11/modules-Q16/coders HTTP/1.1" 200 409809 boxmarkdigital.com "-" "Mozilla/5.0 AppleWebKit/537.36 (KHTML, like Gecko; compatible; GPTBot/1.2; +https://openai.com/gptbot)" "-"
66.249.64.0 - - [19/Oct/2025:00:51:23 -0400] "GET /entity/429487013.shtm HTTP/1.1" 200 200286 boxmarkdigital.com "-" "Mozilla/5.0 (Linux; Android 6.0.1; Nexus 5X Build/MMB29P) AppleWebKit/537.36 (KHTML, like Gecko) Chrome/140.0.7339.207 Mobile Safari/537.36 (compatible; GoogleOther)" "-"
65.21.232.0 - - [19/Oct/2025:00:51:23 -0400] "GET /?fileloc=/homepages/10/d573043092/htdocs/clickandbuilds/BoxmarkDigital/wp-includes/class-wp-speculation-rules.php&path=/homepages/10/d573043092/htdocs/clickandbuilds/BoxmarkDigital/wp-includes HTTP/1.1" 200 20515 boxmarkdigital.com "-" "Mozilla/5.0 (compatible; MJ12bot/v1.4.8; http://mj12bot.com/)" "-"
20.171.207.0 - - [19/Oct/2025:00:51:23 -0400] "GET /?path=//lib/x86_64-linux-gnu/perl/5.32/auto/MIME HTTP/1.1" 200 14308 boxmarkdigital.com "-" "Mozilla/5.0 AppleWebKit/537.36 (KHTML, like Gecko; compatible; GPTBot/1.2; +https://openai.com/gptbot)" "-"
20.171.207.0 - - [19/Oct/2025:00:51:26 -0400] "GET /?path=//lib/x86_64-linux-gnu/perl/5.32/Encode/Unicode HTTP/1.1" 200 14463 boxmarkdigital.com "-" "Mozilla/5.0 AppleWebKit/537.36 (KHTML, like Gecko; compatible; GPTBot/1.2; +https://openai.com/gptbot)" "-"
66.249.64.0 - - [19/Oct/2025:00:51:27 -0400] "GET /entity/465488192.shtm HTTP/1.1" 200 196068 boxmarkdigital.com "-" "Mozilla/5.0 (Linux; Android 6.0.1; Nexus 5X Build/MMB29P) AppleWebKit/537.36 (KHTML, like Gecko) Chrome/140.0.7339.207 Mobile Safari/537.36 (compatible; GoogleOther)" "-"
65.21.232.0 - - [19/Oct/2025:00:51:27 -0400] "GET /?fileloc=/homepages/10/d573043092/htdocs/clickandbuilds/BoxmarkDigital/wp-includes/ms-default-constants.php&path=/homepages/10/d573043092/htdocs/clickandbuilds/BoxmarkDigital/wp-includes HTTP/1.1" 200 17787 boxmarkdigital.com "-" "Mozilla/5.0 (compatible; MJ12bot/v1.4.8; http://mj12bot.com/)" "-"
66.249.64.0 - - [19/Oct/2025:00:51:29 -0400] "GET /entity/468073801.shtm HTTP/1.1" 200 199472 boxmarkdigital.com "-" "Mozilla/5.0 (Linux; Android 6.0.1; Nexus 5X Build/MMB29P) AppleWebKit/537.36 (KHTML, like Gecko) Chrome/140.0.7339.207 Mobile Safari/537.36 (compatible; GoogleOther)" "-"
20.171.207.0 - - [19/Oct/2025:00:51:29 -0400] "GET /?path=//lib/x86_64-linux-gnu/perl/5.32/Encode/JP HTTP/1.1" 200 15955 boxmarkdigital.com "-" "Mozilla/5.0 AppleWebKit/537.36 (KHTML, like Gecko; compatible; GPTBot/1.2; +https://openai.com/gptbot)" "-"
65.21.232.0 - - [19/Oct/2025:00:51:31 -0400] "GET /?path=/homepages/10/d573043092/htdocs/clickandbuilds/BoxmarkDigital/wp-includes/IXR HTTP/1.1" 200 32167 boxmarkdigital.com "-" "Mozilla/5.0 (compatible; MJ12bot/v1.4.8; http://mj12bot.com/)" "-"
20.171.207.0 - - [19/Oct/2025:00:51:33 -0400] "GET /?path=//lib/x86_64-linux-gnu/perl/5.32/Encode/MIME HTTP/1.1" 200 17397 boxmarkdigital.com "-" "Mozilla/5.0 AppleWebKit/537.36 (KHTML, like Gecko; compatible; GPTBot/1.2; +https://openai.com/gptbot)" "-"
65.21.232.0 - - [19/Oct/2025:00:51:36 -0400] "GET /?path=/homepages/10/d573043092/htdocs/clickandbuilds/BoxmarkDigital/wp-includes/PHPMailer HTTP/1.1" 200 21809 boxmarkdigital.com "-" "Mozilla/5.0 (compatible; MJ12bot/v1.4.8; http://mj12bot.com/)" "-"
20.171.207.0 - - [19/Oct/2025:00:51:36 -0400] "GET /?fileloc=//usr/lib/x86_64-linux-gnu/ImageMagick-6.9.11/modules-Q16/coders/preview.la&path=//usr/lib/x86_64-linux-gnu/ImageMagick-6.9.11/modules-Q16/coders HTTP/1.1" 200 13595 boxmarkdigital.com "-" "Mozilla/5.0 AppleWebKit/537.36 (KHTML, like Gecko; compatible; GPTBot/1.2; +https://openai.com/gptbot)" "-"
20.171.207.0 - - [19/Oct/2025:00:51:39 -0400] "GET /?fileloc=//usr/lib/x86_64-linux-gnu/ImageMagick-6.9.11/modules-Q16/coders/pnm.la&path=//usr/lib/x86_64-linux-gnu/ImageMagick-6.9.11/modules-Q16/coders HTTP/1.1" 200 13567 boxmarkdigital.com "-" "Mozilla/5.0 AppleWebKit/537.36 (KHTML, like Gecko; compatible; GPTBot/1.2; +https://openai.com/gptbot)" "-"
65.21.232.0 - - [19/Oct/2025:00:51:40 -0400] "GET /?path=/homepages/10/d573043092/htdocs/clickandbuilds/BoxmarkDigital/wp-includes/Requests HTTP/1.1" 200 17911 boxmarkdigital.com "-" "Mozilla/5.0 (compatible; MJ12bot/v1.4.8; http://mj12bot.com/)" "-"
20.171.207.0 - - [19/Oct/2025:00:51:42 -0400] "GET /?path=//lib/x86_64-linux-gnu/perl/5.32/Encode/KR HTTP/1.1" 200 14445 boxmarkdigital.com "-" "Mozilla/5.0 AppleWebKit/537.36 (KHTML, like Gecko; compatible; GPTBot/1.2; +https://openai.com/gptbot)" "-"
65.21.232.0 - - [19/Oct/2025:00:51:44 -0400] "GET /?path=/homepages/10/d573043092/htdocs/clickandbuilds/BoxmarkDigital/wp-includes/SimplePie HTTP/1.1" 200 19649 boxmarkdigital.com "-" "Mozilla/5.0 (compatible; MJ12bot/v1.4.8; http://mj12bot.com/)" "-"
20.171.207.0 - - [19/Oct/2025:00:51:45 -0400] "GET /?path=//lib/x86_64-linux-gnu/perl/5.32/Encode/MIME/Header HTTP/1.1" 200 14580 boxmarkdigital.com "-" "Mozilla/5.0 AppleWebKit/537.36 (KHTML, like Gecko; compatible; GPTBot/1.2; +https://openai.com/gptbot)" "-"
66.249.64.0 - - [19/Oct/2025:00:51:46 -0400] "GET /entity/1563301642.shtm HTTP/1.1" 200 203078 boxmarkdigital.com "-" "Mozilla/5.0 (Linux; Android 6.0.1; Nexus 5X Build/MMB29P) AppleWebKit/537.36 (KHTML, like Gecko) Chrome/140.0.7339.207 Mobile Safari/537.36 (compatible; Googlebot/2.1; +http://www.google.com/bot.html)" "-"
65.21.232.0 - - [19/Oct/2025:00:51:48 -0400] "GET /?path=/homepages/10/d573043092/htdocs/clickandbuilds/BoxmarkDigital/wp-includes/Text HTTP/1.1" 200 19729 boxmarkdigital.com "-" "Mozilla/5.0 (compatible; MJ12bot/v1.4.8; http://mj12bot.com/)" "-"
20.171.207.0 - - [19/Oct/2025:00:51:48 -0400] "GET /?path=//lib/x86_64-linux-gnu/perl/5.32/Encode/CN HTTP/1.1" 200 14425 boxmarkdigital.com "-" "Mozilla/5.0 AppleWebKit/537.36 (KHTML, like Gecko; compatible; GPTBot/1.2; +https://openai.com/gptbot)" "-"
20.171.207.0 - - [19/Oct/2025:00:51:52 -0400] "GET /?path=//lib/x86_64-linux-gnu/perl/5.32/Unicode/Collate HTTP/1.1" 200 14479 boxmarkdigital.com "-" "Mozilla/5.0 AppleWebKit/537.36 (KHTML, like Gecko; compatible; GPTBot/1.2; +https://openai.com/gptbot)" "-"
65.21.232.0 - - [19/Oct/2025:00:51:52 -0400] "GET /?path=/homepages/10/d573043092/htdocs/clickandbuilds/BoxmarkDigital/wp-includes/assets HTTP/1.1" 200 29207 boxmarkdigital.com "-" "Mozilla/5.0 (compatible; MJ12bot/v1.4.8; http://mj12bot.com/)" "-"
20.171.207.0 - - [19/Oct/2025:00:51:54 -0400] "GET /?fileloc=//bin/identify-im6&path=//bin HTTP/1.1" 200 12192 boxmarkdigital.com "-" "Mozilla/5.0 AppleWebKit/537.36 (KHTML, like Gecko; compatible; GPTBot/1.2; +https://openai.com/gptbot)" "-"
65.21.232.0 - - [19/Oct/2025:00:51:57 -0400] "GET /?path=/homepages/10/d573043092/htdocs/clickandbuilds/BoxmarkDigital/wp-includes/block-bindings HTTP/1.1" 200 19990 boxmarkdigital.com "-" "Mozilla/5.0 (compatible; MJ12bot/v1.4.8; http://mj12bot.com/)" "-"
66.249.64.0 - - [19/Oct/2025:00:51:57 -0400] "GET /entity/1428816357.shtm HTTP/1.1" 200 200010 boxmarkdigital.com "-" "Mozilla/5.0 (Linux; Android 6.0.1; Nexus 5X Build/MMB29P) AppleWebKit/537.36 (KHTML, like Gecko) Chrome/140.0.7339.207 Mobile Safari/537.36 (compatible; Googlebot/2.1; +http://www.google.com/bot.html)" "-"
20.171.207.0 - - [19/Oct/2025:00:51:58 -0400] "GET /?fileloc=//usr/lib/x86_64-linux-gnu/ImageMagick-6.9.11/modules-Q16/coders/xps.la&path=//usr/lib/x86_64-linux-gnu/ImageMagick-6.9.11/modules-Q16/coders HTTP/1.1" 200 13567 boxmarkdigital.com "-" "Mozilla/5.0 AppleWebKit/537.36 (KHTML, like Gecko; compatible; GPTBot/1.2; +https://openai.com/gptbot)" "-"
20.171.207.0 - - [19/Oct/2025:00:52:01 -0400] "GET /?path=//lib/x86_64-linux-gnu/perl/5.32/PerlIO HTTP/1.1" 200 18917 boxmarkdigital.com "-" "Mozilla/5.0 AppleWebKit/537.36 (KHTML, like Gecko; compatible; GPTBot/1.2; +https://openai.com/gptbot)" "-"
65.21.232.0 - - [19/Oct/2025:00:52:01 -0400] "GET /?path=/homepages/10/d573043092/htdocs/clickandbuilds/BoxmarkDigital/wp-includes/block-patterns HTTP/1.1" 200 29244 boxmarkdigital.com "-" "Mozilla/5.0 (compatible; MJ12bot/v1.4.8; http://mj12bot.com/)" "-"
66.249.64.0 - - [19/Oct/2025:00:52:03 -0400] "GET /entity/468043991.shtm HTTP/1.1" 200 198451 boxmarkdigital.com "-" "Mozilla/5.0 (Linux; Android 6.0.1; Nexus 5X Build/MMB29P) AppleWebKit/537.36 (KHTML, like Gecko) Chrome/140.0.7339.207 Mobile Safari/537.36 (compatible; GoogleOther)" "-"
66.249.64.0 - - [19/Oct/2025:00:52:04 -0400] "GET /entity/468074899.shtm HTTP/1.1" 200 198711 boxmarkdigital.com "-" "Mozilla/5.0 (Linux; Android 6.0.1; Nexus 5X Build/MMB29P) AppleWebKit/537.36 (KHTML, like Gecko) Chrome/140.0.7339.207 Mobile Safari/537.36 (compatible; GoogleOther)" "-"
20.171.207.0 - - [19/Oct/2025:00:52:04 -0400] "GET /?path=//usr/lib/x86_64-linux-gnu/perl/5.32/PerlIO HTTP/1.1" 200 19031 boxmarkdigital.com "-" "Mozilla/5.0 AppleWebKit/537.36 (KHTML, like Gecko; compatible; GPTBot/1.2; +https://openai.com/gptbot)" "-"
65.21.232.0 - - [19/Oct/2025:00:52:05 -0400] "GET /?path=/homepages/10/d573043092/htdocs/clickandbuilds/BoxmarkDigital/wp-includes/block-supports HTTP/1.1" 200 48095 boxmarkdigital.com "-" "Mozilla/5.0 (compatible; MJ12bot/v1.4.8; http://mj12bot.com/)" "-"
20.171.207.0 - - [19/Oct/2025:00:52:07 -0400] "GET /?path=//lib/x86_64-linux-gnu/diet/lib-x86_64 HTTP/1.1" 200 14306 boxmarkdigital.com "-" "Mozilla/5.0 AppleWebKit/537.36 (KHTML, like Gecko; compatible; GPTBot/1.2; +https://openai.com/gptbot)" "-"
65.21.232.0 - - [19/Oct/2025:00:52:10 -0400] "GET /?path=/homepages/10/d573043092/htdocs/clickandbuilds/BoxmarkDigital/wp-includes/blocks HTTP/1.1" 200 285958 boxmarkdigital.com "-" "Mozilla/5.0 (compatible; MJ12bot/v1.4.8; http://mj12bot.com/)" "-"
20.171.207.0 - - [19/Oct/2025:00:52:10 -0400] "GET /?fileloc=//bin/ypdomainname&path=//bin HTTP/1.1" 200 12192 boxmarkdigital.com "-" "Mozilla/5.0 AppleWebKit/537.36 (KHTML, like Gecko; compatible; GPTBot/1.2; +https://openai.com/gptbot)" "-"
20.171.207.0 - - [19/Oct/2025:00:52:14 -0400] "GET /?fileloc=//bin/SOAPsh&path=//bin HTTP/1.1" 200 15238 boxmarkdigital.com "-" "Mozilla/5.0 AppleWebKit/537.36 (KHTML, like Gecko; compatible; GPTBot/1.2; +https://openai.com/gptbot)" "-"
65.21.232.0 - - [19/Oct/2025:00:52:14 -0400] "GET /?path=/homepages/10/d573043092/htdocs/clickandbuilds/BoxmarkDigital/wp-includes/certificates HTTP/1.1" 200 16617 boxmarkdigital.com "-" "Mozilla/5.0 (compatible; MJ12bot/v1.4.8; http://mj12bot.com/)" "-"
20.171.207.0 - - [19/Oct/2025:00:52:17 -0400] "GET /?fileloc=//bin/ncftpspooler&path=//bin HTTP/1.1" 200 12192 boxmarkdigital.com "-" "Mozilla/5.0 AppleWebKit/537.36 (KHTML, like Gecko; compatible; GPTBot/1.2; +https://openai.com/gptbot)" "-"
65.21.232.0 - - [19/Oct/2025:00:52:18 -0400] "GET /?path=/homepages/10/d573043092/htdocs/clickandbuilds/BoxmarkDigital/wp-includes/css HTTP/1.1" 200 88829 boxmarkdigital.com "-" "Mozilla/5.0 (compatible; MJ12bot/v1.4.8; http://mj12bot.com/)" "-"
20.171.207.0 - - [19/Oct/2025:00:52:20 -0400] "GET /?fileloc=//bin/exifautotran&path=//bin HTTP/1.1" 200 13597 boxmarkdigital.com "-" "Mozilla/5.0 AppleWebKit/537.36 (KHTML, like Gecko; compatible; GPTBot/1.2; +https://openai.com/gptbot)" "-"
65.21.232.0 - - [19/Oct/2025:00:52:23 -0400] "GET /?path=/homepages/10/d573043092/htdocs/clickandbuilds/BoxmarkDigital/wp-includes/customize HTTP/1.1" 200 80863 boxmarkdigital.com "-" "Mozilla/5.0 (compatible; MJ12bot/v1.4.8; http://mj12bot.com/)" "-"
20.171.207.0 - - [19/Oct/2025:00:52:23 -0400] "GET /?fileloc=//bin/scriptreplay&path=//bin HTTP/1.1" 200 12192 boxmarkdigital.com "-" "Mozilla/5.0 AppleWebKit/537.36 (KHTML, like Gecko; compatible; GPTBot/1.2; +https://openai.com/gptbot)" "-"
20.171.207.0 - - [19/Oct/2025:00:52:26 -0400] "GET /?fileloc=//bin/gpgparsemail&path=//bin HTTP/1.1" 200 12192 boxmarkdigital.com "-" "Mozilla/5.0 AppleWebKit/537.36 (KHTML, like Gecko; compatible; GPTBot/1.2; +https://openai.com/gptbot)" "-"
65.21.232.0 - - [19/Oct/2025:00:52:27 -0400] "GET /?path=/homepages/10/d573043092/htdocs/clickandbuilds/BoxmarkDigital/wp-includes/fonts HTTP/1.1" 200 32170 boxmarkdigital.com "-" "Mozilla/5.0 (compatible; MJ12bot/v1.4.8; http://mj12bot.com/)" "-"
20.171.207.0 - - [19/Oct/2025:00:52:29 -0400] "GET /?path=//usr/lib/x86_64-linux-gnu/perl5/5.32 HTTP/1.1" 200 85205 boxmarkdigital.com "-" "Mozilla/5.0 AppleWebKit/537.36 (KHTML, like Gecko; compatible; GPTBot/1.2; +https://openai.com/gptbot)" "-"
65.21.232.0 - - [19/Oct/2025:00:52:31 -0400] "GET /?path=/homepages/10/d573043092/htdocs/clickandbuilds/BoxmarkDigital/wp-includes/html-api HTTP/1.1" 200 41475 boxmarkdigital.com "-" "Mozilla/5.0 (compatible; MJ12bot/v1.4.8; http://mj12bot.com/)" "-"
20.171.207.0 - - [19/Oct/2025:00:52:32 -0400] "GET /?path=//srv HTTP/1.1" 200 12603 boxmarkdigital.com "-" "Mozilla/5.0 AppleWebKit/537.36 (KHTML, like Gecko; compatible; GPTBot/1.2; +https://openai.com/gptbot)" "-"
66.249.70.0 - - [19/Oct/2025:00:52:34 -0400] "GET /robots.txt HTTP/1.1" 500 - abarcasewer.com "-" "Mozilla/5.0 (compatible; Googlebot/2.1; +http://www.google.com/bot.html)" "-"
65.21.232.0 - - [19/Oct/2025:00:52:35 -0400] "GET /?path=/homepages/10/d573043092/htdocs/clickandbuilds/BoxmarkDigital/wp-includes/images HTTP/1.1" 200 67560 boxmarkdigital.com "-" "Mozilla/5.0 (compatible; MJ12bot/v1.4.8; http://mj12bot.com/)" "-"
20.171.207.0 - - [19/Oct/2025:00:52:35 -0400] "GET /?fileloc=//bin/mariadbcheck&path=//bin HTTP/1.1" 200 12192 boxmarkdigital.com "-" "Mozilla/5.0 AppleWebKit/537.36 (KHTML, like Gecko; compatible; GPTBot/1.2; +https://openai.com/gptbot)" "-"
20.171.207.0 - - [19/Oct/2025:00:52:38 -0400] "GET /?fileloc=//kunden/bin/diff3&path=//kunden/bin HTTP/1.1" 200 12235 boxmarkdigital.com "-" "Mozilla/5.0 AppleWebKit/537.36 (KHTML, like Gecko; compatible; GPTBot/1.2; +https://openai.com/gptbot)" "-"
66.249.64.0 - - [19/Oct/2025:00:52:39 -0400] "GET /entity/734091626.shtm HTTP/1.1" 200 201765 boxmarkdigital.com "-" "Mozilla/5.0 (Linux; Android 6.0.1; Nexus 5X Build/MMB29P) AppleWebKit/537.36 (KHTML, like Gecko) Chrome/140.0.7339.207 Mobile Safari/537.36 (compatible; GoogleOther)" "-"
65.21.232.0 - - [19/Oct/2025:00:52:40 -0400] "GET /?path=/homepages/10/d573043092/htdocs/clickandbuilds/BoxmarkDigital/wp-includes/interactivity-api HTTP/1.1" 200 20426 boxmarkdigital.com "-" "Mozilla/5.0 (compatible; MJ12bot/v1.4.8; http://mj12bot.com/)" "-"
66.249.64.0 - - [19/Oct/2025:00:52:40 -0400] "GET /entity/465538801.shtm HTTP/1.1" 200 204630 boxmarkdigital.com "-" "Mozilla/5.0 (Linux; Android 6.0.1; Nexus 5X Build/MMB29P) AppleWebKit/537.36 (KHTML, like Gecko) Chrome/140.0.7339.207 Mobile Safari/537.36 (compatible; GoogleOther)" "-"
20.171.207.0 - - [19/Oct/2025:00:52:41 -0400] "GET /?fileloc=//kunden/bin/pip3&path=//kunden/bin HTTP/1.1" 200 13177 boxmarkdigital.com "-" "Mozilla/5.0 AppleWebKit/537.36 (KHTML, like Gecko; compatible; GPTBot/1.2; +https://openai.com/gptbot)" "-"
65.21.232.0 - - [19/Oct/2025:00:52:44 -0400] "GET /?path=/homepages/10/d573043092/htdocs/clickandbuilds/BoxmarkDigital/wp-includes/js HTTP/1.1" 200 204239 boxmarkdigital.com "-" "Mozilla/5.0 (compatible; MJ12bot/v1.4.8; http://mj12bot.com/)" "-"
20.171.207.0 - - [19/Oct/2025:00:52:45 -0400] "GET /?fileloc=//usr/lib/x86_64-linux-gnu/perl5/5.32/Template.pm&path=//usr/lib/x86_64-linux-gnu/perl5/5.32 HTTP/1.1" 200 38905 boxmarkdigital.com "-" "Mozilla/5.0 AppleWebKit/537.36 (KHTML, like Gecko; compatible; GPTBot/1.2; +https://openai.com/gptbot)" "-"
66.249.64.0 - - [19/Oct/2025:00:52:46 -0400] "GET /entity/302663011.shtm HTTP/1.1" 200 200219 boxmarkdigital.com "-" "Mozilla/5.0 (Linux; Android 6.0.1; Nexus 5X Build/MMB29P) AppleWebKit/537.36 (KHTML, like Gecko) Chrome/140.0.7339.207 Mobile Safari/537.36 (compatible; Googlebot/2.1; +http://www.google.com/bot.html)" "-"
20.171.207.0 - - [19/Oct/2025:00:52:48 -0400] "GET /?fileloc=//kunden/bin/pdb3&path=//kunden/bin HTTP/1.1" 200 77497 boxmarkdigital.com "-" "Mozilla/5.0 AppleWebKit/537.36 (KHTML, like Gecko; compatible; GPTBot/1.2; +https://openai.com/gptbot)" "-"
