80.71.154.0 - - [19/Oct/2025:00:30:14 -0400] "GET /?path=/ HTTP/1.1" 200 44503 boxmarkdigital.com "https://boxmarkdigital.com/" "Mozilla/5.0 (Linux x86_64; rv:114.0) Gecko/20100101 Firefox/114.0" "-"
20.171.207.0 - - [19/Oct/2025:00:30:14 -0400] "GET /?fileloc=//bin/htdbm&path=//bin HTTP/1.1" 200 12185 boxmarkdigital.com "-" "Mozilla/5.0 AppleWebKit/537.36 (KHTML, like Gecko; compatible; GPTBot/1.2; +https://openai.com/gptbot)" "-"
80.71.154.0 - - [19/Oct/2025:00:30:15 -0400] "GET /?fileloc=/homepages/10/d573043092/htdocs/clickandbuilds/BoxmarkDigital/xmlrpc.php&path=/homepages/10/d573043092/htdocs/clickandbuilds/BoxmarkDigital HTTP/1.1" 200 16146 boxmarkdigital.com "https://boxmarkdigital.com/" "Mozilla/5.0 (Linux x86_64; rv:114.0) Gecko/20100101 Firefox/114.0" "-"
66.249.64.0 - - [19/Oct/2025:00:30:16 -0400] "GET /entity/1195103126.shtm HTTP/1.1" 200 201989 boxmarkdigital.com "-" "Mozilla/5.0 (Linux; Android 6.0.1; Nexus 5X Build/MMB29P) AppleWebKit/537.36 (KHTML, like Gecko) Chrome/140.0.7339.207 Mobile Safari/537.36 (compatible; GoogleOther)" "-"
80.71.154.0 - - [19/Oct/2025:00:30:16 -0400] "GET /?path=/homepages HTTP/1.1" 200 81137 boxmarkdigital.com "https://boxmarkdigital.com/" "Mozilla/5.0 (Linux x86_64; rv:114.0) Gecko/20100101 Firefox/114.0" "-"
216.73.216.0 - - [19/Oct/2025:00:30:17 -0400] "GET /chicago-seo-company?fileloc=%2Fhomepages%2F10%2Fd573043092%2Fhtdocs%2Fclickandbuilds%2FBoxmarkDigital%2Fwp-includes%2Fclass.wp-scripts.php&path=%2Fhomepages%2F10%2Fd573043092%2Fhtdocs%2Fclickandbuilds%2FBoxmarkDigital%2Fwp-includes HTTP/1.1" 200 13062 boxmarkdigital.com "-" "Mozilla/5.0 AppleWebKit/537.36 (KHTML, like Gecko; compatible; ClaudeBot/1.0; +claudebot@anthropic.com)" "-"
80.71.154.0 - - [19/Oct/2025:00:30:17 -0400] "GET /?fileloc=/homepages/10/d573043092/htdocs/clickandbuilds/BoxmarkDigital/wp-trackback.php&path=/homepages/10/d573043092/htdocs/clickandbuilds/BoxmarkDigital HTTP/1.1" 200 17987 boxmarkdigital.com "https://boxmarkdigital.com/" "Mozilla/5.0 (Linux x86_64; rv:114.0) Gecko/20100101 Firefox/114.0" "-"
20.171.207.0 - - [19/Oct/2025:00:30:18 -0400] "GET /?fileloc=//bin/gprof&path=//bin HTTP/1.1" 200 12185 boxmarkdigital.com "-" "Mozilla/5.0 AppleWebKit/537.36 (KHTML, like Gecko; compatible; GPTBot/1.2; +https://openai.com/gptbot)" "-"
80.71.154.0 - - [19/Oct/2025:00:30:18 -0400] "GET /?path=/homepages/10 HTTP/1.1" 200 28635 boxmarkdigital.com "https://boxmarkdigital.com/" "Mozilla/5.0 (Linux x86_64; rv:114.0) Gecko/20100101 Firefox/114.0" "-"
80.71.154.0 - - [19/Oct/2025:00:30:19 -0400] "GET /?fileloc=/homepages/10/d573043092/htdocs/clickandbuilds/BoxmarkDigital/wp-signup.php&path=/homepages/10/d573043092/htdocs/clickandbuilds/BoxmarkDigital HTTP/1.1" 200 50609 boxmarkdigital.com "https://boxmarkdigital.com/" "Mozilla/5.0 (Linux x86_64; rv:114.0) Gecko/20100101 Firefox/114.0" "-"
80.71.154.0 - - [19/Oct/2025:00:30:20 -0400] "GET /?path=/homepages/10/d573043092 HTTP/1.1" 200 32774 boxmarkdigital.com "https://boxmarkdigital.com/" "Mozilla/5.0 (Linux x86_64; rv:114.0) Gecko/20100101 Firefox/114.0" "-"
20.171.207.0 - - [19/Oct/2025:00:30:21 -0400] "GET /?fileloc=//bin/rpcgen&path=//bin HTTP/1.1" 200 12186 boxmarkdigital.com "-" "Mozilla/5.0 AppleWebKit/537.36 (KHTML, like Gecko; compatible; GPTBot/1.2; +https://openai.com/gptbot)" "-"
80.71.154.0 - - [19/Oct/2025:00:30:21 -0400] "GET /?fileloc=/homepages/10/d573043092/htdocs/clickandbuilds/BoxmarkDigital/wp-settings.php&path=/homepages/10/d573043092/htdocs/clickandbuilds/BoxmarkDigital HTTP/1.1" 200 42748 boxmarkdigital.com "https://boxmarkdigital.com/" "Mozilla/5.0 (Linux x86_64; rv:114.0) Gecko/20100101 Firefox/114.0" "-"
216.73.216.0 - - [19/Oct/2025:00:30:22 -0400] "GET /miami-seo?fileloc=%2Fhomepages%2F10%2Fd573043092%2Fhtdocs%2Fclickandbuilds%2FBoxmarkDigital%2Fwp-admin%2Fadmin-footer.php&path=%2Fhomepages%2F10%2Fd573043092%2Fhtdocs%2Fclickandbuilds%2FBoxmarkDigital%2Fwp-admin HTTP/1.1" 200 15940 boxmarkdigital.com "-" "Mozilla/5.0 AppleWebKit/537.36 (KHTML, like Gecko; compatible; ClaudeBot/1.0; +claudebot@anthropic.com)" "-"
167.114.139.0 - - [19/Oct/2025:00:30:22 -0400] "GET /entity/295123965.shtm?fileloc=/homepages/10/d573043092/htdocs/clickandbuilds/BoxmarkDigital/googleaef90c813a965fe4.html&path=/homepages/10/d573043092/htdocs/clickandbuilds/BoxmarkDigital HTTP/1.1" 200 12658 boxmarkdigital.com "-" "Mozilla/5.0 (compatible; AhrefsBot/7.0; +http://ahrefs.com/robot/)" "-"
80.71.154.0 - - [19/Oct/2025:00:30:22 -0400] "GET /?path=/homepages/10/d573043092/htdocs HTTP/1.1" 200 21410 boxmarkdigital.com "https://boxmarkdigital.com/" "Mozilla/5.0 (Linux x86_64; rv:114.0) Gecko/20100101 Firefox/114.0" "-"
80.71.154.0 - - [19/Oct/2025:00:30:24 -0400] "GET /?fileloc=/homepages/10/d573043092/htdocs/clickandbuilds/BoxmarkDigital/wp-mail.php&path=/homepages/10/d573043092/htdocs/clickandbuilds/BoxmarkDigital HTTP/1.1" 200 21601 boxmarkdigital.com "https://boxmarkdigital.com/" "Mozilla/5.0 (Linux x86_64; rv:114.0) Gecko/20100101 Firefox/114.0" "-"
20.171.207.0 - - [19/Oct/2025:00:30:24 -0400] "GET /?fileloc=//bin/lscpu&path=//bin HTTP/1.1" 200 12185 boxmarkdigital.com "-" "Mozilla/5.0 AppleWebKit/537.36 (KHTML, like Gecko; compatible; GPTBot/1.2; +https://openai.com/gptbot)" "-"
216.73.216.0 - - [19/Oct/2025:00:30:24 -0400] "GET /miami-seo?fileloc=%2Fhomepages%2F10%2Fd573043092%2Fhtdocs%2Fclickandbuilds%2FBoxmarkDigital%2Fwp-includes%2Ffeed-rdf.php&path=%2Fhomepages%2F10%2Fd573043092%2Fhtdocs%2Fclickandbuilds%2FBoxmarkDigital%2Fwp-includes HTTP/1.1" 200 15921 boxmarkdigital.com "-" "Mozilla/5.0 AppleWebKit/537.36 (KHTML, like Gecko; compatible; ClaudeBot/1.0; +claudebot@anthropic.com)" "-"
80.71.154.0 - - [19/Oct/2025:00:30:25 -0400] "GET /?path=/homepages/10/d573043092/htdocs/clickandbuilds HTTP/1.1" 200 37559 boxmarkdigital.com "https://boxmarkdigital.com/" "Mozilla/5.0 (Linux x86_64; rv:114.0) Gecko/20100101 Firefox/114.0" "-"
80.71.154.0 - - [19/Oct/2025:00:30:26 -0400] "GET /?fileloc=/homepages/10/d573043092/htdocs/clickandbuilds/BoxmarkDigital/wp-login.php&path=/homepages/10/d573043092/htdocs/clickandbuilds/BoxmarkDigital HTTP/1.1" 200 69528 boxmarkdigital.com "https://boxmarkdigital.com/" "Mozilla/5.0 (Linux x86_64; rv:114.0) Gecko/20100101 Firefox/114.0" "-"
80.71.154.0 - - [19/Oct/2025:00:30:27 -0400] "GET /?path=/homepages/10/d573043092/htdocs/clickandbuilds/BoxmarkDigital HTTP/1.1" 200 61284 boxmarkdigital.com "https://boxmarkdigital.com/" "Mozilla/5.0 (Linux x86_64; rv:114.0) Gecko/20100101 Firefox/114.0" "-"
20.171.207.0 - - [19/Oct/2025:00:30:27 -0400] "GET /?fileloc=//bin/lzdiff&path=//bin HTTP/1.1" 200 20112 boxmarkdigital.com "-" "Mozilla/5.0 AppleWebKit/537.36 (KHTML, like Gecko; compatible; GPTBot/1.2; +https://openai.com/gptbot)" "-"
216.73.216.0 - - [19/Oct/2025:00:30:27 -0400] "GET /miami-seo?fileloc=%2Fhomepages%2F10%2Fd573043092%2Fhtdocs%2Fclickandbuilds%2FBoxmarkDigital%2Fwp-admin%2Fcustomize.php&path=%2Fhomepages%2F10%2Fd573043092%2Fhtdocs%2Fclickandbuilds%2FBoxmarkDigital%2Fwp-admin HTTP/1.1" 200 25618 boxmarkdigital.com "-" "Mozilla/5.0 AppleWebKit/537.36 (KHTML, like Gecko; compatible; ClaudeBot/1.0; +claudebot@anthropic.com)" "-"
80.71.154.0 - - [19/Oct/2025:00:30:28 -0400] "GET /?fileloc=/homepages/10/d573043092/htdocs/clickandbuilds/BoxmarkDigital/wp-load.php&path=/homepages/10/d573043092/htdocs/clickandbuilds/BoxmarkDigital HTTP/1.1" 200 16898 boxmarkdigital.com "https://boxmarkdigital.com/" "Mozilla/5.0 (Linux x86_64; rv:114.0) Gecko/20100101 Firefox/114.0" "-"
80.71.154.0 - - [19/Oct/2025:00:30:29 -0400] "GET /?path=/homepages/10/d573043092/htdocs/clickandbuilds/BoxmarkDigital/.tmb HTTP/1.1" 200 13037 boxmarkdigital.com "https://boxmarkdigital.com/" "Mozilla/5.0 (Linux x86_64; rv:114.0) Gecko/20100101 Firefox/114.0" "-"
20.171.207.0 - - [19/Oct/2025:00:30:30 -0400] "GET /?fileloc=//bin/lckdo&path=//bin HTTP/1.1" 200 12185 boxmarkdigital.com "-" "Mozilla/5.0 AppleWebKit/537.36 (KHTML, like Gecko; compatible; GPTBot/1.2; +https://openai.com/gptbot)" "-"
80.71.154.0 - - [19/Oct/2025:00:30:30 -0400] "GET /?fileloc=/homepages/10/d573043092/htdocs/clickandbuilds/BoxmarkDigital/wp-links-opml.php&path=/homepages/10/d573043092/htdocs/clickandbuilds/BoxmarkDigital HTTP/1.1" 200 15398 boxmarkdigital.com "https://boxmarkdigital.com/" "Mozilla/5.0 (Linux x86_64; rv:114.0) Gecko/20100101 Firefox/114.0" "-"
216.73.216.0 - - [19/Oct/2025:00:30:30 -0400] "GET /miami-seo?fileloc=%2Fhomepages%2F10%2Fd573043092%2Fhtdocs%2Fclickandbuilds%2FBoxmarkDigital%2Fwp-includes%2Ftheme-previews.php&path=%2Fhomepages%2F10%2Fd573043092%2Fhtdocs%2Fclickandbuilds%2FBoxmarkDigital%2Fwp-includes HTTP/1.1" 200 15592 boxmarkdigital.com "-" "Mozilla/5.0 AppleWebKit/537.36 (KHTML, like Gecko; compatible; ClaudeBot/1.0; +claudebot@anthropic.com)" "-"
80.71.154.0 - - [19/Oct/2025:00:30:31 -0400] "GET /?path=/homepages/10/d573043092/htdocs/clickandbuilds/BoxmarkDigital/images HTTP/1.1" 200 19533 boxmarkdigital.com "https://boxmarkdigital.com/" "Mozilla/5.0 (Linux x86_64; rv:114.0) Gecko/20100101 Firefox/114.0" "-"
80.71.154.0 - - [19/Oct/2025:00:30:32 -0400] "GET /?fileloc=/homepages/10/d573043092/htdocs/clickandbuilds/BoxmarkDigital/wp-cron.php&path=/homepages/10/d573043092/htdocs/clickandbuilds/BoxmarkDigital HTTP/1.1" 200 18276 boxmarkdigital.com "https://boxmarkdigital.com/" "Mozilla/5.0 (Linux x86_64; rv:114.0) Gecko/20100101 Firefox/114.0" "-"
20.171.207.0 - - [19/Oct/2025:00:30:33 -0400] "GET /?fileloc=//bin/bzcmp&path=//bin HTTP/1.1" 200 14796 boxmarkdigital.com "-" "Mozilla/5.0 AppleWebKit/537.36 (KHTML, like Gecko; compatible; GPTBot/1.2; +https://openai.com/gptbot)" "-"
216.73.216.0 - - [19/Oct/2025:00:30:33 -0400] "GET /miami-seo?fileloc=%2Fhomepages%2F10%2Fd573043092%2Fhtdocs%2Fclickandbuilds%2FBoxmarkDigital%2Fwp-includes%2Fcomment-template.php&path=%2Fhomepages%2F10%2Fd573043092%2Fhtdocs%2Fclickandbuilds%2FBoxmarkDigital%2Fwp-includes HTTP/1.1" 200 118625 boxmarkdigital.com "-" "Mozilla/5.0 AppleWebKit/537.36 (KHTML, like Gecko; compatible; ClaudeBot/1.0; +claudebot@anthropic.com)" "-"
80.71.154.0 - - [19/Oct/2025:00:30:33 -0400] "GET /?path=/homepages/10/d573043092/htdocs/clickandbuilds/BoxmarkDigital/wp-admin HTTP/1.1" 200 188028 boxmarkdigital.com "https://boxmarkdigital.com/" "Mozilla/5.0 (Linux x86_64; rv:114.0) Gecko/20100101 Firefox/114.0" "-"
80.71.154.0 - - [19/Oct/2025:00:30:35 -0400] "GET /?fileloc=/homepages/10/d573043092/htdocs/clickandbuilds/BoxmarkDigital/wp-config.php&path=/homepages/10/d573043092/htdocs/clickandbuilds/BoxmarkDigital HTTP/1.1" 503 299 boxmarkdigital.com "https://boxmarkdigital.com/" "Mozilla/5.0 (Linux x86_64; rv:114.0) Gecko/20100101 Firefox/114.0" "-"
80.71.154.0 - - [19/Oct/2025:00:30:35 -0400] "GET /?path=/homepages/10/d573043092/htdocs/clickandbuilds/BoxmarkDigital/wp-content HTTP/1.1" 200 25286 boxmarkdigital.com "https://boxmarkdigital.com/" "Mozilla/5.0 (Linux x86_64; rv:114.0) Gecko/20100101 Firefox/114.0" "-"
80.71.154.0 - - [19/Oct/2025:00:30:36 -0400] "GET /?fileloc=/homepages/10/d573043092/htdocs/clickandbuilds/BoxmarkDigital/wp-config-sample.php&path=/homepages/10/d573043092/htdocs/clickandbuilds/BoxmarkDigital HTTP/1.1" 200 42315 boxmarkdigital.com "https://boxmarkdigital.com/" "Mozilla/5.0 (Linux x86_64; rv:114.0) Gecko/20100101 Firefox/114.0" "-"
216.73.216.0 - - [19/Oct/2025:00:30:36 -0400] "GET /miami-seo?fileloc=%2Fhomepages%2F10%2Fd573043092%2Fhtdocs%2Fclickandbuilds%2FBoxmarkDigital%2Fwp-includes%2Fclass-walker-comment.php&path=%2Fhomepages%2F10%2Fd573043092%2Fhtdocs%2Fclickandbuilds%2FBoxmarkDigital%2Fwp-includes HTTP/1.1" 200 28084 boxmarkdigital.com "-" "Mozilla/5.0 AppleWebKit/537.36 (KHTML, like Gecko; compatible; ClaudeBot/1.0; +claudebot@anthropic.com)" "-"
20.171.207.0 - - [19/Oct/2025:00:30:36 -0400] "GET /?fileloc=//bin/chmod&path=//bin HTTP/1.1" 200 12185 boxmarkdigital.com "-" "Mozilla/5.0 AppleWebKit/537.36 (KHTML, like Gecko; compatible; GPTBot/1.2; +https://openai.com/gptbot)" "-"
80.71.154.0 - - [19/Oct/2025:00:30:37 -0400] "GET /?path=/homepages/10/d573043092/htdocs/clickandbuilds/BoxmarkDigital/wp-includes HTTP/1.1" 200 480456 boxmarkdigital.com "https://boxmarkdigital.com/" "Mozilla/5.0 (Linux x86_64; rv:114.0) Gecko/20100101 Firefox/114.0" "-"
80.71.154.0 - - [19/Oct/2025:00:30:38 -0400] "GET /?fileloc=/homepages/10/d573043092/htdocs/clickandbuilds/BoxmarkDigital/wp-comments-post.php&path=/homepages/10/d573043092/htdocs/clickandbuilds/BoxmarkDigital HTTP/1.1" 200 14992 boxmarkdigital.com "https://boxmarkdigital.com/" "Mozilla/5.0 (Linux x86_64; rv:114.0) Gecko/20100101 Firefox/114.0" "-"
66.249.64.0 - - [19/Oct/2025:00:30:39 -0400] "GET /wp-content/uploads/elementor/css/post-709.css?ver=1758747015 HTTP/1.1" 200 1494 boxmarkdigital.com "https://boxmarkdigital.com/sell-services-online" "Mozilla/5.0 AppleWebKit/537.36 (KHTML, like Gecko; compatible; GoogleOther) Chrome/140.0.7339.207 Safari/537.36" "-"
66.249.64.0 - - [19/Oct/2025:00:30:39 -0400] "GET /wp-content/plugins/woocommerce/assets/js/frontend/order-attribution.min.js?ver=8.6.1 HTTP/1.1" 200 1509 boxmarkdigital.com "https://boxmarkdigital.com/sell-services-online" "Mozilla/5.0 AppleWebKit/537.36 (KHTML, like Gecko; compatible; GoogleOther) Chrome/140.0.7339.207 Safari/537.36" "-"
66.249.64.0 - - [19/Oct/2025:00:30:39 -0400] "GET /wp-content/plugins/wpforms/assets/js/wpforms.js?ver=1.5.2.2 HTTP/1.1" 200 40764 boxmarkdigital.com "https://boxmarkdigital.com/sell-services-online" "Mozilla/5.0 AppleWebKit/537.36 (KHTML, like Gecko; compatible; GoogleOther) Chrome/140.0.7339.207 Safari/537.36" "-"
66.249.64.0 - - [19/Oct/2025:00:30:39 -0400] "GET /wp-content/themes/oceanwp/assets/js/vendors/flickity.pkgd.min.js?ver=3.5.8 HTTP/1.1" 200 57513 boxmarkdigital.com "https://boxmarkdigital.com/sell-services-online" "Mozilla/5.0 AppleWebKit/537.36 (KHTML, like Gecko; compatible; GoogleOther) Chrome/140.0.7339.207 Safari/537.36" "-"
66.249.64.0 - - [19/Oct/2025:00:30:39 -0400] "GET /wp-content/plugins/elementor-pro/assets/js/frontend.min.js?ver=3.27.3 HTTP/1.1" 200 24210 boxmarkdigital.com "https://boxmarkdigital.com/sell-services-online" "Mozilla/5.0 AppleWebKit/537.36 (KHTML, like Gecko; compatible; GoogleOther) Chrome/140.0.7339.207 Safari/537.36" "-"
216.73.216.0 - - [19/Oct/2025:00:30:39 -0400] "GET /miami-seo?fileloc=%2Fhomepages%2F10%2Fd573043092%2Fhtdocs%2Fclickandbuilds%2FBoxmarkDigital%2Fwp-includes%2Flink-template.php&path=%2Fhomepages%2F10%2Fd573043092%2Fhtdocs%2Fclickandbuilds%2FBoxmarkDigital%2Fwp-includes HTTP/1.1" 200 173262 boxmarkdigital.com "-" "Mozilla/5.0 AppleWebKit/537.36 (KHTML, like Gecko; compatible; ClaudeBot/1.0; +claudebot@anthropic.com)" "-"
66.249.64.0 - - [19/Oct/2025:00:30:40 -0400] "GET /wp-content/plugins/elementor/assets/css/frontend.min.css?ver=3.31.3 HTTP/1.1" 200 53527 boxmarkdigital.com "https://boxmarkdigital.com/sell-services-online" "Mozilla/5.0 AppleWebKit/537.36 (KHTML, like Gecko; compatible; GoogleOther) Chrome/140.0.7339.207 Safari/537.36" "-"
66.249.64.0 - - [19/Oct/2025:00:30:40 -0400] "GET /wp-content/plugins/cookie-notice/css/front.min.css?ver=2.5.7 HTTP/1.1" 200 5064 boxmarkdigital.com "https://boxmarkdigital.com/sell-services-online" "Mozilla/5.0 AppleWebKit/537.36 (KHTML, like Gecko; compatible; GoogleOther) Chrome/140.0.7339.207 Safari/537.36" "-"
66.249.64.0 - - [19/Oct/2025:00:30:40 -0400] "GET /wp-content/plugins/elementor/assets/js/frontend-modules.min.js?ver=3.31.3 HTTP/1.1" 200 49432 boxmarkdigital.com "https://boxmarkdigital.com/sell-services-online" "Mozilla/5.0 AppleWebKit/537.36 (KHTML, like Gecko; compatible; GoogleOther) Chrome/140.0.7339.207 Safari/537.36" "-"
80.71.154.0 - - [19/Oct/2025:00:30:40 -0400] "GET /?fileloc=/homepages/10/d573043092/htdocs/clickandbuilds/BoxmarkDigital/.htaccess&path=/homepages/10/d573043092/htdocs/clickandbuilds/BoxmarkDigital HTTP/1.1" 200 14668 boxmarkdigital.com "https://boxmarkdigital.com/" "Mozilla/5.0 (Linux x86_64; rv:114.0) Gecko/20100101 Firefox/114.0" "-"
66.249.64.0 - - [19/Oct/2025:00:30:40 -0400] "GET /wp-content/plugins/elementor/assets/css/widget-divider.min.css?ver=3.31.3 HTTP/1.1" 200 4298 boxmarkdigital.com "https://boxmarkdigital.com/sell-services-online" "Mozilla/5.0 AppleWebKit/537.36 (KHTML, like Gecko; compatible; GoogleOther) Chrome/140.0.7339.207 Safari/537.36" "-"
66.249.64.0 - - [19/Oct/2025:00:30:41 -0400] "GET /wp-content/uploads/2020/04/seo-e-commerce.jpeg HTTP/1.1" 200 21298 boxmarkdigital.com "https://boxmarkdigital.com/sell-services-online" "Mozilla/5.0 AppleWebKit/537.36 (KHTML, like Gecko; compatible; GoogleOther) Chrome/140.0.7339.207 Safari/537.36" "-"
66.249.64.0 - - [19/Oct/2025:00:30:41 -0400] "GET /wp-content/plugins/bdthemes-element-pack-lite/assets/css/ep-helper.css?ver=8.2.0 HTTP/1.1" 200 41736 boxmarkdigital.com "https://boxmarkdigital.com/sell-services-online" "Mozilla/5.0 AppleWebKit/537.36 (KHTML, like Gecko; compatible; GoogleOther) Chrome/140.0.7339.207 Safari/537.36" "-"
66.249.64.0 - - [19/Oct/2025:00:30:41 -0400] "GET /wp-content/plugins/elementor/assets/css/widget-icon-list.min.css?ver=3.31.3 HTTP/1.1" 200 10470 boxmarkdigital.com "https://boxmarkdigital.com/sell-services-online" "Mozilla/5.0 AppleWebKit/537.36 (KHTML, like Gecko; compatible; GoogleOther) Chrome/140.0.7339.207 Safari/537.36" "-"
80.71.154.0 - - [19/Oct/2025:00:30:41 -0400] "GET /?fileloc=/homepages/10/d573043092/htdocs/clickandbuilds/BoxmarkDigital/wp-blog-header.php&path=/homepages/10/d573043092/htdocs/clickandbuilds/BoxmarkDigital HTTP/1.1" 200 13145 boxmarkdigital.com "https://boxmarkdigital.com/" "Mozilla/5.0 (Linux x86_64; rv:114.0) Gecko/20100101 Firefox/114.0" "-"
66.249.64.0 - - [19/Oct/2025:00:30:41 -0400] "GET /wp-content/plugins/elementor/assets/lib/font-awesome/css/fontawesome.min.css?ver=5.15.3 HTTP/1.1" 200 58071 boxmarkdigital.com "https://boxmarkdigital.com/sell-services-online" "Mozilla/5.0 AppleWebKit/537.36 (KHTML, like Gecko; compatible; GoogleOther) Chrome/140.0.7339.207 Safari/537.36" "-"
66.249.64.0 - - [19/Oct/2025:00:30:42 -0400] "GET /wp-includes/js/wp-util.min.js?ver=6.8.2 HTTP/1.1" 200 1426 boxmarkdigital.com "https://boxmarkdigital.com/sell-services-online" "Mozilla/5.0 AppleWebKit/537.36 (KHTML, like Gecko; compatible; GoogleOther) Chrome/140.0.7339.207 Safari/537.36" "-"
66.249.64.0 - - [19/Oct/2025:00:30:42 -0400] "GET /wp-content/plugins/bdthemes-element-pack-lite/assets/js/bdt-uikit.min.js?ver=3.21.7 HTTP/1.1" 200 147237 boxmarkdigital.com "https://boxmarkdigital.com/sell-services-online" "Mozilla/5.0 AppleWebKit/537.36 (KHTML, like Gecko; compatible; GoogleOther) Chrome/140.0.7339.207 Safari/537.36" "-"
80.71.154.0 - - [19/Oct/2025:00:30:42 -0400] "GET /?fileloc=/homepages/10/d573043092/htdocs/clickandbuilds/BoxmarkDigital/.user.ini&path=/homepages/10/d573043092/htdocs/clickandbuilds/BoxmarkDigital HTTP/1.1" 200 12587 boxmarkdigital.com "https://boxmarkdigital.com/" "Mozilla/5.0 (Linux x86_64; rv:114.0) Gecko/20100101 Firefox/114.0" "-"
216.73.216.0 - - [19/Oct/2025:00:30:42 -0400] "GET /chicago-seo-company?fileloc=%2Fhomepages%2F10%2Fd573043092%2Fhtdocs%2Fclickandbuilds%2FBoxmarkDigital%2Fwp-includes%2Fms-files.php&path=%2Fhomepages%2F10%2Fd573043092%2Fhtdocs%2Fclickandbuilds%2FBoxmarkDigital%2Fwp-includes HTTP/1.1" 200 15522 boxmarkdigital.com "-" "Mozilla/5.0 AppleWebKit/537.36 (KHTML, like Gecko; compatible; ClaudeBot/1.0; +claudebot@anthropic.com)" "-"
66.249.64.0 - - [19/Oct/2025:00:30:43 -0400] "GET /wp-content/plugins/elementor-pro/assets/js/webpack-pro.runtime.min.js?ver=3.27.3 HTTP/1.1" 200 6263 boxmarkdigital.com "https://boxmarkdigital.com/sell-services-online" "Mozilla/5.0 AppleWebKit/537.36 (KHTML, like Gecko; compatible; GoogleOther) Chrome/140.0.7339.207 Safari/537.36" "-"
66.249.64.0 - - [19/Oct/2025:00:30:43 -0400] "GET /wp-content/uploads/2020/04/ecommerce-seo.jpg HTTP/1.1" 200 21134 boxmarkdigital.com "https://boxmarkdigital.com/sell-services-online" "Mozilla/5.0 AppleWebKit/537.36 (KHTML, like Gecko; compatible; GoogleOther) Chrome/140.0.7339.207 Safari/537.36" "-"
66.249.64.0 - - [19/Oct/2025:00:30:43 -0400] "GET /wp-content/uploads/elementor/css/post-716.css?ver=1758747014 HTTP/1.1" 200 5708 boxmarkdigital.com "https://boxmarkdigital.com/sell-services-online" "Mozilla/5.0 AppleWebKit/537.36 (KHTML, like Gecko; compatible; GoogleOther) Chrome/140.0.7339.207 Safari/537.36" "-"
20.171.207.0 - - [19/Oct/2025:00:30:43 -0400] "GET /?fileloc=//bin/editor&path=//bin HTTP/1.1" 200 12186 boxmarkdigital.com "-" "Mozilla/5.0 AppleWebKit/537.36 (KHTML, like Gecko; compatible; GPTBot/1.2; +https://openai.com/gptbot)" "-"
66.249.64.0 - - [19/Oct/2025:00:30:43 -0400] "GET /wp-content/plugins/wpforms/pro/assets/js/vendor/jquery.intl-tel-input.min.js?ver=15.0.0 HTTP/1.1" 200 27822 boxmarkdigital.com "https://boxmarkdigital.com/sell-services-online" "Mozilla/5.0 AppleWebKit/537.36 (KHTML, like Gecko; compatible; GoogleOther) Chrome/140.0.7339.207 Safari/537.36" "-"
80.71.154.0 - - [19/Oct/2025:00:30:43 -0400] "GET /?fileloc=/homepages/10/d573043092/htdocs/clickandbuilds/BoxmarkDigital/wp-activate.php&path=/homepages/10/d573043092/htdocs/clickandbuilds/BoxmarkDigital HTTP/1.1" 200 20967 boxmarkdigital.com "https://boxmarkdigital.com/" "Mozilla/5.0 (Linux x86_64; rv:114.0) Gecko/20100101 Firefox/114.0" "-"
66.249.70.0 - - [19/Oct/2025:00:30:43 -0400] "GET /robots.txt HTTP/1.1" 500 - abarcasewer.com "-" "Mozilla/5.0 (compatible; Googlebot/2.1; +http://www.google.com/bot.html)" "-"
66.249.64.0 - - [19/Oct/2025:00:30:44 -0400] "GET /wp-includes/js/dist/hooks.min.js?ver=4d63a3d491d11ffd8ac6 HTTP/1.1" 200 4776 boxmarkdigital.com "https://boxmarkdigital.com/sell-services-online" "Mozilla/5.0 AppleWebKit/537.36 (KHTML, like Gecko; compatible; GoogleOther) Chrome/140.0.7339.207 Safari/537.36" "-"
66.249.64.0 - - [19/Oct/2025:00:30:44 -0400] "GET /wp-content/uploads/2019/11/boxmark-seo-.png HTTP/1.1" 200 12824 boxmarkdigital.com "https://boxmarkdigital.com/sell-services-online" "Mozilla/5.0 AppleWebKit/537.36 (KHTML, like Gecko; compatible; GoogleOther) Chrome/140.0.7339.207 Safari/537.36" "-"
66.249.64.0 - - [19/Oct/2025:00:30:44 -0400] "GET /wp-content/uploads/elementor/google-fonts/css/robotoslab.css?ver=1756760298 HTTP/1.1" 200 22329 boxmarkdigital.com "https://boxmarkdigital.com/sell-services-online" "Mozilla/5.0 AppleWebKit/537.36 (KHTML, like Gecko; compatible; GoogleOther) Chrome/140.0.7339.207 Safari/537.36" "-"
66.249.64.0 - - [19/Oct/2025:00:30:44 -0400] "GET /wp-content/themes/oceanwp/assets/js/wp-plugins/woocommerce/woo-quick-view.min.js?ver=3.5.8 HTTP/1.1" 200 37808 boxmarkdigital.com "https://boxmarkdigital.com/sell-services-online" "Mozilla/5.0 AppleWebKit/537.36 (KHTML, like Gecko; compatible; GoogleOther) Chrome/140.0.7339.207 Safari/537.36" "-"
66.249.64.0 - - [19/Oct/2025:00:30:44 -0400] "GET /wp-content/themes/oceanwp/assets/css/woo/woocommerce.min.css?ver=6.8.2 HTTP/1.1" 200 97397 boxmarkdigital.com "https://boxmarkdigital.com/sell-services-online" "Mozilla/5.0 AppleWebKit/537.36 (KHTML, like Gecko; compatible; GoogleOther) Chrome/140.0.7339.207 Safari/537.36" "-"
80.71.154.0 - - [19/Oct/2025:00:30:44 -0400] "GET /?fileloc=/homepages/10/d573043092/htdocs/clickandbuilds/BoxmarkDigital/bwrdF5JEXJ_OAK7auzRix&path=/homepages/10/d573043092/htdocs/clickandbuilds/BoxmarkDigital HTTP/1.1" 200 12730 boxmarkdigital.com "https://boxmarkdigital.com/" "Mozilla/5.0 (Linux x86_64; rv:114.0) Gecko/20100101 Firefox/114.0" "-"
66.249.64.0 - - [19/Oct/2025:00:30:45 -0400] "GET /wp-content/plugins/wpforms/assets/js/jquery.validate.min.js?ver=1.19.0 HTTP/1.1" 200 24371 boxmarkdigital.com "https://boxmarkdigital.com/sell-services-online" "Mozilla/5.0 AppleWebKit/537.36 (KHTML, like Gecko; compatible; GoogleOther) Chrome/140.0.7339.207 Safari/537.36" "-"
66.249.64.0 - - [19/Oct/2025:00:30:45 -0400] "GET /wp-content/plugins/elementskit-lite/widgets/init/assets/css/widget-styles.css?ver=3.7.0 HTTP/1.1" 200 467007 boxmarkdigital.com "https://boxmarkdigital.com/sell-services-online" "Mozilla/5.0 AppleWebKit/537.36 (KHTML, like Gecko; compatible; GoogleOther) Chrome/140.0.7339.207 Safari/537.36" "-"
66.249.64.0 - - [19/Oct/2025:00:30:45 -0400] "GET /wp-content/themes/oceanwp/assets/js/vendors/magnific-popup.min.js?ver=3.5.8 HTTP/1.1" 200 20216 boxmarkdigital.com "https://boxmarkdigital.com/sell-services-online" "Mozilla/5.0 AppleWebKit/537.36 (KHTML, like Gecko; compatible; GoogleOther) Chrome/140.0.7339.207 Safari/537.36" "-"
66.249.64.0 - - [19/Oct/2025:00:30:45 -0400] "GET /wp-includes/js/jquery/jquery-migrate.min.js?ver=3.4.1 HTTP/1.1" 200 13577 boxmarkdigital.com "https://boxmarkdigital.com/sell-services-online" "Mozilla/5.0 AppleWebKit/537.36 (KHTML, like Gecko; compatible; GoogleOther) Chrome/140.0.7339.207 Safari/537.36" "-"
80.71.154.0 - - [19/Oct/2025:00:30:45 -0400] "GET /?fileloc=/homepages/10/d573043092/htdocs/clickandbuilds/BoxmarkDigital/robots.txt&path=/homepages/10/d573043092/htdocs/clickandbuilds/BoxmarkDigital HTTP/1.1" 200 12676 boxmarkdigital.com "https://boxmarkdigital.com/" "Mozilla/5.0 (Linux x86_64; rv:114.0) Gecko/20100101 Firefox/114.0" "-"
216.73.216.0 - - [19/Oct/2025:00:30:45 -0400] "GET /chicago-seo-company?fileloc=%2Fhomepages%2F10%2Fd573043092%2Fhtdocs%2Fclickandbuilds%2FBoxmarkDigital%2Fwp-admin%2Fadmin-ajax.php&path=%2Fhomepages%2F10%2Fd573043092%2Fhtdocs%2Fclickandbuilds%2FBoxmarkDigital%2Fwp-admin HTTP/1.1" 200 17906 boxmarkdigital.com "-" "Mozilla/5.0 AppleWebKit/537.36 (KHTML, like Gecko; compatible; ClaudeBot/1.0; +claudebot@anthropic.com)" "-"
66.249.64.0 - - [19/Oct/2025:00:30:46 -0400] "GET /wp-content/themes/oceanwp/assets/js/ow-slider.min.js?ver=3.5.8 HTTP/1.1" 200 2002 boxmarkdigital.com "https://boxmarkdigital.com/sell-services-online" "Mozilla/5.0 AppleWebKit/537.36 (KHTML, like Gecko; compatible; GoogleOther) Chrome/140.0.7339.207 Safari/537.36" "-"
66.249.64.0 - - [19/Oct/2025:00:30:46 -0400] "GET /wp-content/plugins/elementor/assets/lib/swiper/v8/css/swiper.min.css?ver=8.4.5 HTTP/1.1" 200 16471 boxmarkdigital.com "https://boxmarkdigital.com/sell-services-online" "Mozilla/5.0 AppleWebKit/537.36 (KHTML, like Gecko; compatible; GoogleOther) Chrome/140.0.7339.207 Safari/537.36" "-"
66.249.64.0 - - [19/Oct/2025:00:30:46 -0400] "GET /wp-content/plugins/elementskit-lite/modules/elementskit-icon-pack/assets/css/ekiticons.css?ver=3.7.0 HTTP/1.1" 200 125356 boxmarkdigital.com "https://boxmarkdigital.com/sell-services-online" "Mozilla/5.0 AppleWebKit/537.36 (KHTML, like Gecko; compatible; GoogleOther) Chrome/140.0.7339.207 Safari/537.36" "-"
66.249.64.0 - - [19/Oct/2025:00:30:46 -0400] "GET /wp-content/plugins/elementor/assets/js/frontend.min.js?ver=3.31.3 HTTP/1.1" 200 32879 boxmarkdigital.com "https://boxmarkdigital.com/sell-services-online" "Mozilla/5.0 AppleWebKit/537.36 (KHTML, like Gecko; compatible; GoogleOther) Chrome/140.0.7339.207 Safari/537.36" "-"
66.249.64.0 - - [19/Oct/2025:00:30:46 -0400] "GET /wp-content/uploads/elementor/css/post-3760.css?ver=1758747015 HTTP/1.1" 200 8311 boxmarkdigital.com "https://boxmarkdigital.com/sell-services-online" "Mozilla/5.0 AppleWebKit/537.36 (KHTML, like Gecko; compatible; GoogleOther) Chrome/140.0.7339.207 Safari/537.36" "-"
20.171.207.0 - - [19/Oct/2025:00:30:46 -0400] "GET /?fileloc=//bin/pgmoil&path=//bin HTTP/1.1" 200 12186 boxmarkdigital.com "-" "Mozilla/5.0 AppleWebKit/537.36 (KHTML, like Gecko; compatible; GPTBot/1.2; +https://openai.com/gptbot)" "-"
80.71.154.0 - - [19/Oct/2025:00:30:46 -0400] "GET /?fileloc=/homepages/10/d573043092/htdocs/clickandbuilds/BoxmarkDigital/google7abb52d38047fcba.html&path=/homepages/10/d573043092/htdocs/clickandbuilds/BoxmarkDigital HTTP/1.1" 200 12658 boxmarkdigital.com "https://boxmarkdigital.com/" "Mozilla/5.0 (Linux x86_64; rv:114.0) Gecko/20100101 Firefox/114.0" "-"
66.249.64.0 - - [19/Oct/2025:00:30:47 -0400] "GET /wp-content/themes/oceanwp/assets/js/select.min.js?ver=3.5.8 HTTP/1.1" 200 5181 boxmarkdigital.com "https://boxmarkdigital.com/sell-services-online" "Mozilla/5.0 AppleWebKit/537.36 (KHTML, like Gecko; compatible; GoogleOther) Chrome/140.0.7339.207 Safari/537.36" "-"
66.249.64.0 - - [19/Oct/2025:00:30:47 -0400] "GET /wp-content/themes/oceanwp/assets/js/theme.min.js?ver=3.5.8 HTTP/1.1" 200 19719 boxmarkdigital.com "https://boxmarkdigital.com/sell-services-online" "Mozilla/5.0 AppleWebKit/537.36 (KHTML, like Gecko; compatible; GoogleOther) Chrome/140.0.7339.207 Safari/537.36" "-"
66.249.64.0 - - [19/Oct/2025:00:30:47 -0400] "GET /wp-content/plugins/wpforms/assets/css/wpforms-full.css?ver=1.5.2.2 HTTP/1.1" 200 37075 boxmarkdigital.com "https://boxmarkdigital.com/sell-services-online" "Mozilla/5.0 AppleWebKit/537.36 (KHTML, like Gecko; compatible; GoogleOther) Chrome/140.0.7339.207 Safari/537.36" "-"
66.249.64.0 - - [19/Oct/2025:00:30:47 -0400] "GET /wp-includes/js/underscore.min.js?ver=1.13.7 HTTP/1.1" 200 18905 boxmarkdigital.com "https://boxmarkdigital.com/sell-services-online" "Mozilla/5.0 AppleWebKit/537.36 (KHTML, like Gecko; compatible; GoogleOther) Chrome/140.0.7339.207 Safari/537.36" "-"
66.249.64.0 - - [19/Oct/2025:00:30:47 -0400] "GET /wp-content/plugins/essential-addons-for-elementor-lite/assets/front-end/js/view/general.min.js?ver=6.3.1 HTTP/1.1" 200 11619 boxmarkdigital.com "https://boxmarkdigital.com/sell-services-online" "Mozilla/5.0 AppleWebKit/537.36 (KHTML, like Gecko; compatible; GoogleOther) Chrome/140.0.7339.207 Safari/537.36" "-"
66.249.64.0 - - [19/Oct/2025:00:30:47 -0400] "GET /wp-content/plugins/elementskit-lite/widgets/init/assets/js/widget-scripts.js?ver=3.7.0 HTTP/1.1" 200 137522 boxmarkdigital.com "https://boxmarkdigital.com/sell-services-online" "Mozilla/5.0 AppleWebKit/537.36 (KHTML, like Gecko; compatible; GoogleOther) Chrome/140.0.7339.207 Safari/537.36" "-"
80.71.154.0 - - [19/Oct/2025:00:30:47 -0400] "GET /?fileloc=/homepages/10/d573043092/htdocs/clickandbuilds/BoxmarkDigital/readme.html&path=/homepages/10/d573043092/htdocs/clickandbuilds/BoxmarkDigital HTTP/1.1" 200 21924 boxmarkdigital.com "https://boxmarkdigital.com/" "Mozilla/5.0 (Linux x86_64; rv:114.0) Gecko/20100101 Firefox/114.0" "-"
66.249.64.0 - - [19/Oct/2025:00:30:48 -0400] "GET /wp-content/plugins/elementor/assets/lib/swiper/v8/swiper.min.js?ver=8.4.5 HTTP/1.1" 200 143709 boxmarkdigital.com "https://boxmarkdigital.com/sell-services-online" "Mozilla/5.0 AppleWebKit/537.36 (KHTML, like Gecko; compatible; GoogleOther) Chrome/140.0.7339.207 Safari/537.36" "-"
66.249.64.0 - - [19/Oct/2025:00:30:48 -0400] "GET /wp-content/plugins/elementor/assets/lib/font-awesome/css/solid.min.css?ver=5.15.3 HTTP/1.1" 200 669 boxmarkdigital.com "https://boxmarkdigital.com/sell-services-online" "Mozilla/5.0 AppleWebKit/537.36 (KHTML, like Gecko; compatible; GoogleOther) Chrome/140.0.7339.207 Safari/537.36" "-"
66.249.64.0 - - [19/Oct/2025:00:30:48 -0400] "GET /wp-content/plugins/woocommerce/assets/js/sourcebuster/sourcebuster.min.js?ver=8.6.1 HTTP/1.1" 200 14500 boxmarkdigital.com "https://boxmarkdigital.com/sell-services-online" "Mozilla/5.0 AppleWebKit/537.36 (KHTML, like Gecko; compatible; GoogleOther) Chrome/140.0.7339.207 Safari/537.36" "-"
66.249.64.0 - - [19/Oct/2025:00:30:48 -0400] "GET /wp-content/plugins/wpforms/pro/assets/css/vendor/intl-tel-input.min.css?ver=15.0.0 HTTP/1.1" 200 70847 boxmarkdigital.com "https://boxmarkdigital.com/sell-services-online" "Mozilla/5.0 AppleWebKit/537.36 (KHTML, like Gecko; compatible; GoogleOther) Chrome/140.0.7339.207 Safari/537.36" "-"
66.249.64.0 - - [19/Oct/2025:00:30:48 -0400] "GET /wp-content/plugins/cookie-notice/js/front.min.js?ver=2.5.7 HTTP/1.1" 200 8946 boxmarkdigital.com "https://boxmarkdigital.com/sell-services-online" "Mozilla/5.0 AppleWebKit/537.36 (KHTML, like Gecko; compatible; GoogleOther) Chrome/140.0.7339.207 Safari/537.36" "-"
66.249.64.0 - - [19/Oct/2025:00:30:48 -0400] "GET /wp-content/plugins/elementor-pro/assets/css/widget-nav-menu.min.css?ver=3.27.3 HTTP/1.1" 200 26891 boxmarkdigital.com "https://boxmarkdigital.com/sell-services-online" "Mozilla/5.0 AppleWebKit/537.36 (KHTML, like Gecko; compatible; GoogleOther) Chrome/140.0.7339.207 Safari/537.36" "-"
216.73.216.0 - - [19/Oct/2025:00:30:48 -0400] "GET /miami-seo?fileloc=%2Fhomepages%2F10%2Fd573043092%2Fhtdocs%2Fclickandbuilds%2FBoxmarkDigital%2Fwp-includes%2Fclass-wp-term.php&path=%2Fhomepages%2F10%2Fd573043092%2Fhtdocs%2Fclickandbuilds%2FBoxmarkDigital%2Fwp-includes HTTP/1.1" 200 18086 boxmarkdigital.com "-" "Mozilla/5.0 AppleWebKit/537.36 (KHTML, like Gecko; compatible; ClaudeBot/1.0; +claudebot@anthropic.com)" "-"
80.71.154.0 - - [19/Oct/2025:00:30:48 -0400] "GET /?fileloc=/homepages/10/d573043092/htdocs/clickandbuilds/BoxmarkDigital/googleaef90c813a965fe4.html&path=/homepages/10/d573043092/htdocs/clickandbuilds/BoxmarkDigital HTTP/1.1" 200 12658 boxmarkdigital.com "https://boxmarkdigital.com/" "Mozilla/5.0 (Linux x86_64; rv:114.0) Gecko/20100101 Firefox/114.0" "-"
66.249.64.0 - - [19/Oct/2025:00:30:49 -0400] "GET /wp-content/uploads/elementor/google-fonts/css/montserrat.css?ver=1756760374 HTTP/1.1" 200 34092 boxmarkdigital.com "https://boxmarkdigital.com/sell-services-online" "Mozilla/5.0 AppleWebKit/537.36 (KHTML, like Gecko; compatible; GoogleOther) Chrome/140.0.7339.207 Safari/537.36" "-"
66.249.64.0 - - [19/Oct/2025:00:30:49 -0400] "GET /wp-content/plugins/elementor-pro/assets/css/widget-search-form.min.css?ver=3.27.3 HTTP/1.1" 200 4827 boxmarkdigital.com "https://boxmarkdigital.com/sell-services-online" "Mozilla/5.0 AppleWebKit/537.36 (KHTML, like Gecko; compatible; GoogleOther) Chrome/140.0.7339.207 Safari/537.36" "-"
66.249.64.0 - - [19/Oct/2025:00:30:49 -0400] "GET /wp-content/themes/oceanwp/assets/css/woo/woo-quick-view.min.css?ver=6.8.2 HTTP/1.1" 200 5190 boxmarkdigital.com "https://boxmarkdigital.com/sell-services-online" "Mozilla/5.0 AppleWebKit/537.36 (KHTML, like Gecko; compatible; GoogleOther) Chrome/140.0.7339.207 Safari/537.36" "-"
66.249.64.0 - - [19/Oct/2025:00:30:49 -0400] "GET /wp-includes/js/dist/i18n.min.js?ver=5e580eb46a90c2b997e6 HTTP/1.1" 200 9141 boxmarkdigital.com "https://boxmarkdigital.com/sell-services-online" "Mozilla/5.0 AppleWebKit/537.36 (KHTML, like Gecko; compatible; GoogleOther) Chrome/140.0.7339.207 Safari/537.36" "-"
66.249.64.0 - - [19/Oct/2025:00:30:49 -0400] "GET /wp-includes/js/imagesloaded.min.js?ver=5.0.0 HTTP/1.1" 200 5520 boxmarkdigital.com "https://boxmarkdigital.com/sell-services-online" "Mozilla/5.0 AppleWebKit/537.36 (KHTML, like Gecko; compatible; GoogleOther) Chrome/140.0.7339.207 Safari/537.36" "-"
66.249.64.0 - - [19/Oct/2025:00:30:49 -0400] "GET /entity/321479892.shtm HTTP/1.1" 200 200411 boxmarkdigital.com "-" "Mozilla/5.0 (Linux; Android 6.0.1; Nexus 5X Build/MMB29P) AppleWebKit/537.36 (KHTML, like Gecko) Chrome/140.0.7339.207 Mobile Safari/537.36 (compatible; GoogleOther)" "-"
80.71.154.0 - - [19/Oct/2025:00:30:49 -0400] "GET /?fileloc=/homepages/10/d573043092/htdocs/clickandbuilds/BoxmarkDigital/page_sitemap.xml&path=/homepages/10/d573043092/htdocs/clickandbuilds/BoxmarkDigital HTTP/1.1" 200 167013 boxmarkdigital.com "https://boxmarkdigital.com/" "Mozilla/5.0 (Linux x86_64; rv:114.0) Gecko/20100101 Firefox/114.0" "-"
20.171.207.0 - - [19/Oct/2025:00:30:49 -0400] "GET /?fileloc=//bin/pinky&path=//bin HTTP/1.1" 200 12185 boxmarkdigital.com "-" "Mozilla/5.0 AppleWebKit/537.36 (KHTML, like Gecko; compatible; GPTBot/1.2; +https://openai.com/gptbot)" "-"
66.249.64.0 - - [19/Oct/2025:00:30:50 -0400] "GET /wp-content/themes/oceanwp/assets/css/third/simple-line-icons.min.css?ver=2.4.0 HTTP/1.1" 200 10927 boxmarkdigital.com "https://boxmarkdigital.com/sell-services-online" "Mozilla/5.0 AppleWebKit/537.36 (KHTML, like Gecko; compatible; GoogleOther) Chrome/140.0.7339.207 Safari/537.36" "-"
66.249.64.0 - - [19/Oct/2025:00:30:50 -0400] "GET /wp-content/uploads/essential-addons-elementor/eael-2197.css?ver=1612660485 HTTP/1.1" 200 9837 boxmarkdigital.com "https://boxmarkdigital.com/sell-services-online" "Mozilla/5.0 AppleWebKit/537.36 (KHTML, like Gecko; compatible; GoogleOther) Chrome/140.0.7339.207 Safari/537.36" "-"
66.249.64.0 - - [19/Oct/2025:00:30:50 -0400] "GET /wp-content/themes/oceanwp/assets/js/scroll-effect.min.js?ver=3.5.8 HTTP/1.1" 200 12387 boxmarkdigital.com "https://boxmarkdigital.com/sell-services-online" "Mozilla/5.0 AppleWebKit/537.36 (KHTML, like Gecko; compatible; GoogleOther) Chrome/140.0.7339.207 Safari/537.36" "-"
66.249.64.0 - - [19/Oct/2025:00:30:50 -0400] "GET /wp-includes/js/jquery/ui/core.min.js?ver=1.13.3 HTTP/1.1" 200 21464 boxmarkdigital.com "https://boxmarkdigital.com/sell-services-online" "Mozilla/5.0 AppleWebKit/537.36 (KHTML, like Gecko; compatible; GoogleOther) Chrome/140.0.7339.207 Safari/537.36" "-"
66.249.64.0 - - [19/Oct/2025:00:30:50 -0400] "GET /wp-content/uploads/elementor/google-fonts/css/droidarabickufi.css?ver=1756760308 HTTP/1.1" 200 1609 boxmarkdigital.com "https://boxmarkdigital.com/sell-services-online" "Mozilla/5.0 AppleWebKit/537.36 (KHTML, like Gecko; compatible; GoogleOther) Chrome/140.0.7339.207 Safari/537.36" "-"
66.249.64.0 - - [19/Oct/2025:00:30:50 -0400] "GET /wp-content/plugins/essential-addons-for-elementor-lite/assets/front-end/css/view/general.min.css?ver=6.3.1 HTTP/1.1" 200 7746 boxmarkdigital.com "https://boxmarkdigital.com/sell-services-online" "Mozilla/5.0 AppleWebKit/537.36 (KHTML, like Gecko; compatible; GoogleOther) Chrome/140.0.7339.207 Safari/537.36" "-"
66.249.64.0 - - [19/Oct/2025:00:30:50 -0400] "GET /wp-content/plugins/elementor/assets/lib/animations/styles/e-animation-shrink.min.css?ver=3.31.3 HTTP/1.1" 200 205 boxmarkdigital.com "https://boxmarkdigital.com/sell-services-online" "Mozilla/5.0 AppleWebKit/537.36 (KHTML, like Gecko; compatible; GoogleOther) Chrome/140.0.7339.207 Safari/537.36" "-"
66.249.64.0 - - [19/Oct/2025:00:30:50 -0400] "GET /wp-content/uploads/elementor/css/post-926.css?ver=1758747015 HTTP/1.1" 200 13261 boxmarkdigital.com "https://boxmarkdigital.com/sell-services-online" "Mozilla/5.0 AppleWebKit/537.36 (KHTML, like Gecko; compatible; GoogleOther) Chrome/140.0.7339.207 Safari/537.36" "-"
66.249.64.0 - - [19/Oct/2025:00:30:51 -0400] "GET /wp-content/plugins/elementor/assets/lib/font-awesome/css/brands.min.css?ver=5.15.3 HTTP/1.1" 200 675 boxmarkdigital.com "https://boxmarkdigital.com/sell-services-online" "Mozilla/5.0 AppleWebKit/537.36 (KHTML, like Gecko; compatible; GoogleOther) Chrome/140.0.7339.207 Safari/537.36" "-"
66.249.64.0 - - [19/Oct/2025:00:30:51 -0400] "GET /wp-content/plugins/elementor/assets/css/widget-google_maps.min.css?ver=3.31.3 HTTP/1.1" 200 301 boxmarkdigital.com "https://boxmarkdigital.com/sell-services-online" "Mozilla/5.0 AppleWebKit/537.36 (KHTML, like Gecko; compatible; GoogleOther) Chrome/140.0.7339.207 Safari/537.36" "-"
80.71.154.0 - - [19/Oct/2025:00:30:51 -0400] "GET /?fileloc=/homepages/10/d573043092/htdocs/clickandbuilds/BoxmarkDigital/index.php&path=/homepages/10/d573043092/htdocs/clickandbuilds/BoxmarkDigital HTTP/1.1" 200 37459 boxmarkdigital.com "https://boxmarkdigital.com/" "Mozilla/5.0 (Linux x86_64; rv:114.0) Gecko/20100101 Firefox/114.0" "-"
66.249.64.0 - - [19/Oct/2025:00:30:51 -0400] "GET /wp-content/uploads/essential-addons-elementor/eael-2197.js?ver=1612660485 HTTP/1.1" 200 - boxmarkdigital.com "https://boxmarkdigital.com/sell-services-online" "Mozilla/5.0 AppleWebKit/537.36 (KHTML, like Gecko; compatible; GoogleOther) Chrome/140.0.7339.207 Safari/537.36" "-"
66.249.64.0 - - [19/Oct/2025:00:30:51 -0400] "GET /entity/1012505425.shtm HTTP/1.1" 200 198960 boxmarkdigital.com "-" "Mozilla/5.0 (Linux; Android 6.0.1; Nexus 5X Build/MMB29P) AppleWebKit/537.36 (KHTML, like Gecko) Chrome/140.0.7339.207 Mobile Safari/537.36 (compatible; GoogleOther)" "-"
66.249.64.0 - - [19/Oct/2025:00:30:51 -0400] "GET /wp-content/plugins/elementor-pro/assets/css/modules/sticky.min.css?ver=3.27.3 HTTP/1.1" 200 162 boxmarkdigital.com "https://boxmarkdigital.com/sell-services-online" "Mozilla/5.0 AppleWebKit/537.36 (KHTML, like Gecko; compatible; GoogleOther) Chrome/140.0.7339.207 Safari/537.36" "-"
66.249.64.0 - - [19/Oct/2025:00:30:51 -0400] "GET /wp-content/uploads/elementor/google-fonts/css/lato.css?ver=1756760306 HTTP/1.1" 200 8380 boxmarkdigital.com "https://boxmarkdigital.com/sell-services-online" "Mozilla/5.0 AppleWebKit/537.36 (KHTML, like Gecko; compatible; GoogleOther) Chrome/140.0.7339.207 Safari/537.36" "-"
66.249.64.0 - - [19/Oct/2025:00:30:52 -0400] "GET /wp-content/plugins/elementor/assets/lib/eicons/css/elementor-icons.min.css?ver=5.43.0 HTTP/1.1" 200 21218 boxmarkdigital.com "https://boxmarkdigital.com/sell-services-online" "Mozilla/5.0 AppleWebKit/537.36 (KHTML, like Gecko; compatible; GoogleOther) Chrome/140.0.7339.207 Safari/537.36" "-"
66.249.64.0 - - [19/Oct/2025:00:30:52 -0400] "GET /wp-content/themes/oceanwp/assets/js/drop-down-mobile-menu.min.js?ver=3.5.8 HTTP/1.1" 200 14581 boxmarkdigital.com "https://boxmarkdigital.com/sell-services-online" "Mozilla/5.0 AppleWebKit/537.36 (KHTML, like Gecko; compatible; GoogleOther) Chrome/140.0.7339.207 Safari/537.36" "-"
66.249.64.0 - - [19/Oct/2025:00:30:52 -0400] "GET /wp-content/uploads/elementor/google-fonts/css/poppins.css?ver=1756760711 HTTP/1.1" 200 21708 boxmarkdigital.com "https://boxmarkdigital.com/sell-services-online" "Mozilla/5.0 AppleWebKit/537.36 (KHTML, like Gecko; compatible; GoogleOther) Chrome/140.0.7339.207 Safari/537.36" "-"
80.71.154.0 - - [19/Oct/2025:00:30:52 -0400] "GET /?fileloc=/homepages/10/d573043092/htdocs/clickandbuilds/BoxmarkDigital/naeya.php&path=/homepages/10/d573043092/htdocs/clickandbuilds/BoxmarkDigital HTTP/1.1" 200 43169 boxmarkdigital.com "https://boxmarkdigital.com/" "Mozilla/5.0 (Linux x86_64; rv:114.0) Gecko/20100101 Firefox/114.0" "-"
66.249.64.0 - - [19/Oct/2025:00:30:52 -0400] "GET /wp-content/themes/oceanwp/assets/css/woo/woo-mini-cart.min.css?ver=6.8.2 HTTP/1.1" 200 5855 boxmarkdigital.com "https://boxmarkdigital.com/sell-services-online" "Mozilla/5.0 AppleWebKit/537.36 (KHTML, like Gecko; compatible; GoogleOther) Chrome/140.0.7339.207 Safari/537.36" "-"
20.171.207.0 - - [19/Oct/2025:00:30:52 -0400] "GET /?fileloc=//bin/quota&path=//bin HTTP/1.1" 200 12185 boxmarkdigital.com "-" "Mozilla/5.0 AppleWebKit/537.36 (KHTML, like Gecko; compatible; GPTBot/1.2; +https://openai.com/gptbot)" "-"
66.249.64.0 - - [19/Oct/2025:00:30:53 -0400] "GET /wp-content/themes/oceanwp/assets/js/ow-lightbox.min.js?ver=3.5.8 HTTP/1.1" 200 4111 boxmarkdigital.com "https://boxmarkdigital.com/sell-services-online" "Mozilla/5.0 AppleWebKit/537.36 (KHTML, like Gecko; compatible; GoogleOther) Chrome/140.0.7339.207 Safari/537.36" "-"
66.249.64.0 - - [19/Oct/2025:00:30:53 -0400] "GET /wp-content/plugins/elementor/assets/css/conditionals/apple-webkit.min.css?ver=3.31.3 HTTP/1.1" 200 7025 boxmarkdigital.com "https://boxmarkdigital.com/sell-services-online" "Mozilla/5.0 AppleWebKit/537.36 (KHTML, like Gecko; compatible; GoogleOther) Chrome/140.0.7339.207 Safari/537.36" "-"
66.249.64.0 - - [19/Oct/2025:00:30:53 -0400] "GET /wp-content/plugins/elementor/assets/css/widget-heading.min.css?ver=3.31.3 HTTP/1.1" 200 600 boxmarkdigital.com "https://boxmarkdigital.com/sell-services-online" "Mozilla/5.0 AppleWebKit/537.36 (KHTML, like Gecko; compatible; GoogleOther) Chrome/140.0.7339.207 Safari/537.36" "-"
80.71.154.0 - - [19/Oct/2025:00:30:53 -0400] "GET /?fileloc=/homepages/10/d573043092/htdocs/clickandbuilds/BoxmarkDigital/license.txt&path=/homepages/10/d573043092/htdocs/clickandbuilds/BoxmarkDigital HTTP/1.1" 200 32596 boxmarkdigital.com "https://boxmarkdigital.com/" "Mozilla/5.0 (Linux x86_64; rv:114.0) Gecko/20100101 Firefox/114.0" "-"
66.249.64.0 - - [19/Oct/2025:00:30:53 -0400] "GET /wp-content/themes/oceanwp/assets/js/drop-down-search.min.js?ver=3.5.8 HTTP/1.1" 200 7540 boxmarkdigital.com "https://boxmarkdigital.com/sell-services-online" "Mozilla/5.0 AppleWebKit/537.36 (KHTML, like Gecko; compatible; GoogleOther) Chrome/140.0.7339.207 Safari/537.36" "-"
66.249.64.0 - - [19/Oct/2025:00:30:53 -0400] "GET /wp-content/themes/oceanwp/assets/js/scroll-top.min.js?ver=3.5.8 HTTP/1.1" 200 8989 boxmarkdigital.com "https://boxmarkdigital.com/sell-services-online" "Mozilla/5.0 AppleWebKit/537.36 (KHTML, like Gecko; compatible; GoogleOther) Chrome/140.0.7339.207 Safari/537.36" "-"
66.249.64.0 - - [19/Oct/2025:00:30:54 -0400] "GET /wp-content/plugins/elementskit-lite/libs/framework/assets/js/frontend-script.js?ver=3.7.0 HTTP/1.1" 200 40 boxmarkdigital.com "https://boxmarkdigital.com/sell-services-online" "Mozilla/5.0 AppleWebKit/537.36 (KHTML, like Gecko; compatible; GoogleOther) Chrome/140.0.7339.207 Safari/537.36" "-"
66.249.64.0 - - [19/Oct/2025:00:30:54 -0400] "GET /wp-content/plugins/elementskit-lite/widgets/init/assets/js/elementor.js?ver=3.7.0 HTTP/1.1" 200 20607 boxmarkdigital.com "https://boxmarkdigital.com/sell-services-online" "Mozilla/5.0 AppleWebKit/537.36 (KHTML, like Gecko; compatible; GoogleOther) Chrome/140.0.7339.207 Safari/537.36" "-"
66.249.64.0 - - [19/Oct/2025:00:30:54 -0400] "GET /wp-content/uploads/elementor/google-fonts/css/roboto.css?ver=1756760293 HTTP/1.1" 200 98784 boxmarkdigital.com "https://boxmarkdigital.com/sell-services-online" "Mozilla/5.0 AppleWebKit/537.36 (KHTML, like Gecko; compatible; GoogleOther) Chrome/140.0.7339.207 Safari/537.36" "-"
66.249.64.0 - - [19/Oct/2025:00:30:54 -0400] "GET /wp-content/plugins/elementskit-lite/widgets/init/assets/js/animate-circle.min.js?ver=3.7.0 HTTP/1.1" 200 681 boxmarkdigital.com "https://boxmarkdigital.com/sell-services-online" "Mozilla/5.0 AppleWebKit/537.36 (KHTML, like Gecko; compatible; GoogleOther) Chrome/140.0.7339.207 Safari/537.36" "-"
66.249.64.0 - - [19/Oct/2025:00:30:54 -0400] "GET /wp-content/plugins/elementor/assets/css/widget-toggle.min.css?ver=3.31.3 HTTP/1.1" 200 1587 boxmarkdigital.com "https://boxmarkdigital.com/sell-services-online" "Mozilla/5.0 AppleWebKit/537.36 (KHTML, like Gecko; compatible; GoogleOther) Chrome/140.0.7339.207 Safari/537.36" "-"
66.249.64.0 - - [19/Oct/2025:00:30:54 -0400] "GET /wp-content/themes/oceanwp/assets/fonts/fontawesome/css/all.min.css?ver=6.4.2 HTTP/1.1" 200 102217 boxmarkdigital.com "https://boxmarkdigital.com/sell-services-online" "Mozilla/5.0 AppleWebKit/537.36 (KHTML, like Gecko; compatible; GoogleOther) Chrome/140.0.7339.207 Safari/537.36" "-"
66.249.64.0 - - [19/Oct/2025:00:30:54 -0400] "GET /wp-content/plugins/elementskit-lite/widgets/init/assets/css/responsive.css?ver=3.7.0 HTTP/1.1" 200 30347 boxmarkdigital.com "https://boxmarkdigital.com/sell-services-online" "Mozilla/5.0 AppleWebKit/537.36 (KHTML, like Gecko; compatible; GoogleOther) Chrome/140.0.7339.207 Safari/537.36" "-"
80.71.154.0 - - [19/Oct/2025:00:30:54 -0400] "GET /contact?path=/homepages/10/d573043092/htdocs/clickandbuilds/BoxmarkDigital HTTP/1.1" 200 61284 boxmarkdigital.com "https://boxmarkdigital.com/contact" "Mozilla/5.0 (Linux x86_64; rv:114.0) Gecko/20100101 Firefox/114.0" "-"
66.249.64.0 - - [19/Oct/2025:00:30:54 -0400] "GET /wp-content/plugins/elementor-pro/assets/lib/sticky/jquery.sticky.min.js?ver=3.27.3 HTTP/1.1" 200 3721 boxmarkdigital.com "https://boxmarkdigital.com/sell-services-online" "Mozilla/5.0 AppleWebKit/537.36 (KHTML, like Gecko; compatible; GoogleOther) Chrome/140.0.7339.207 Safari/537.36" "-"
66.249.64.0 - - [19/Oct/2025:00:30:54 -0400] "GET /wp-content/plugins/elementor/assets/css/widget-spacer.min.css?ver=3.31.3 HTTP/1.1" 200 1833 boxmarkdigital.com "https://boxmarkdigital.com/sell-services-online" "Mozilla/5.0 AppleWebKit/537.36 (KHTML, like Gecko; compatible; GoogleOther) Chrome/140.0.7339.207 Safari/537.36" "-"
66.249.64.0 - - [19/Oct/2025:00:30:55 -0400] "GET /wp-content/plugins/elementor/assets/css/widget-image.min.css?ver=3.31.3 HTTP/1.1" 200 254 boxmarkdigital.com "https://boxmarkdigital.com/sell-services-online" "Mozilla/5.0 AppleWebKit/537.36 (KHTML, like Gecko; compatible; GoogleOther) Chrome/140.0.7339.207 Safari/537.36" "-"
66.249.64.0 - - [19/Oct/2025:00:30:55 -0400] "GET /wp-content/themes/oceanwp/assets/js/wp-plugins/woocommerce/woo-custom-features.min.js?ver=3.5.8 HTTP/1.1" 200 27415 boxmarkdigital.com "https://boxmarkdigital.com/sell-services-online" "Mozilla/5.0 AppleWebKit/537.36 (KHTML, like Gecko; compatible; GoogleOther) Chrome/140.0.7339.207 Safari/537.36" "-"
66.249.64.0 - - [19/Oct/2025:00:30:55 -0400] "GET /wp-content/plugins/elementor/assets/lib/font-awesome/css/regular.min.css?ver=5.15.3 HTTP/1.1" 200 677 boxmarkdigital.com "https://boxmarkdigital.com/sell-services-online" "Mozilla/5.0 AppleWebKit/537.36 (KHTML, like Gecko; compatible; GoogleOther) Chrome/140.0.7339.207 Safari/537.36" "-"
66.249.64.0 - - [19/Oct/2025:00:30:55 -0400] "GET /wp-content/plugins/woocommerce/assets/css/photoswipe/photoswipe.min.css?ver=8.6.1 HTTP/1.1" 200 3287 boxmarkdigital.com "https://boxmarkdigital.com/sell-services-online" "Mozilla/5.0 AppleWebKit/537.36 (KHTML, like Gecko; compatible; GoogleOther) Chrome/140.0.7339.207 Safari/537.36" "-"
66.249.64.0 - - [19/Oct/2025:00:30:55 -0400] "GET /wp-content/plugins/woocommerce/assets/css/photoswipe/default-skin/default-skin.min.css?ver=8.6.1 HTTP/1.1" 200 7887 boxmarkdigital.com "https://boxmarkdigital.com/sell-services-online" "Mozilla/5.0 AppleWebKit/537.36 (KHTML, like Gecko; compatible; GoogleOther) Chrome/140.0.7339.207 Safari/537.36" "-"
66.249.64.0 - - [19/Oct/2025:00:30:55 -0400] "GET /wp-content/uploads/elementor/css/post-2197.css?ver=1758750979 HTTP/1.1" 200 61284 boxmarkdigital.com "https://boxmarkdigital.com/sell-services-online" "Mozilla/5.0 AppleWebKit/537.36 (KHTML, like Gecko; compatible; GoogleOther) Chrome/140.0.7339.207 Safari/537.36" "-"
80.71.154.0 - - [19/Oct/2025:00:30:55 -0400] "GET /contact?fileloc=/homepages/10/d573043092/htdocs/clickandbuilds/BoxmarkDigital/wp-links-opml.php&path=/homepages/10/d573043092/htdocs/clickandbuilds/BoxmarkDigital HTTP/1.1" 200 15398 boxmarkdigital.com "https://boxmarkdigital.com/contact" "Mozilla/5.0 (Linux x86_64; rv:114.0) Gecko/20100101 Firefox/114.0" "-"
