20.171.207.0 - - [19/Oct/2025:00:35:20 -0400] "GET /?fileloc=//bin/sqldiff&path=//bin HTTP/1.1" 200 12187 boxmarkdigital.com "-" "Mozilla/5.0 AppleWebKit/537.36 (KHTML, like Gecko; compatible; GPTBot/1.2; +https://openai.com/gptbot)" "-"
216.73.216.0 - - [19/Oct/2025:00:35:22 -0400] "GET /chicago-seo-company?fileloc=%2Fhomepages%2F10%2Fd573043092%2Fhtdocs%2Fclickandbuilds%2FBoxmarkDigital%2Fwp-includes%2Fbookmark-template.php&path=%2Fhomepages%2F10%2Fd573043092%2Fhtdocs%2Fclickandbuilds%2FBoxmarkDigital%2Fwp-includes HTTP/1.1" 200 26049 boxmarkdigital.com "-" "Mozilla/5.0 AppleWebKit/537.36 (KHTML, like Gecko; compatible; ClaudeBot/1.0; +claudebot@anthropic.com)" "-"
20.171.207.0 - - [19/Oct/2025:00:35:23 -0400] "GET /?fileloc=//bin/chartex&path=//bin HTTP/1.1" 200 12187 boxmarkdigital.com "-" "Mozilla/5.0 AppleWebKit/537.36 (KHTML, like Gecko; compatible; GPTBot/1.2; +https://openai.com/gptbot)" "-"
216.73.216.0 - - [19/Oct/2025:00:35:25 -0400] "GET /chicago-seo-company?path=%2Fhomepages%2F10%2Fd573043092%2Fhtdocs%2Fclickandbuilds%2FBoxmarkDigital%2Fwp-content%2Flanguages HTTP/1.1" 200 149145 boxmarkdigital.com "-" "Mozilla/5.0 AppleWebKit/537.36 (KHTML, like Gecko; compatible; ClaudeBot/1.0; +claudebot@anthropic.com)" "-"
20.171.207.0 - - [19/Oct/2025:00:35:26 -0400] "GET /?fileloc=//bin/hexdump&path=//bin HTTP/1.1" 200 12187 boxmarkdigital.com "-" "Mozilla/5.0 AppleWebKit/537.36 (KHTML, like Gecko; compatible; GPTBot/1.2; +https://openai.com/gptbot)" "-"
216.73.216.0 - - [19/Oct/2025:00:35:28 -0400] "GET /miami-seo?path=%2Fhomepages%2F10%2Fd573043092%2Fhtdocs%2Fclickandbuilds%2FBoxmarkDigital%2Fwp-includes%2Fpomo HTTP/1.1" 200 24991 boxmarkdigital.com "-" "Mozilla/5.0 AppleWebKit/537.36 (KHTML, like Gecko; compatible; ClaudeBot/1.0; +claudebot@anthropic.com)" "-"
20.171.207.0 - - [19/Oct/2025:00:35:30 -0400] "GET /?fileloc=//bin/kbxutil&path=//bin HTTP/1.1" 200 12187 boxmarkdigital.com "-" "Mozilla/5.0 AppleWebKit/537.36 (KHTML, like Gecko; compatible; GPTBot/1.2; +https://openai.com/gptbot)" "-"
216.73.216.0 - - [19/Oct/2025:00:35:31 -0400] "GET /chicago-seo-company?fileloc=%2Fhomepages%2F10%2Fd573043092%2Fhtdocs%2Fclickandbuilds%2FBoxmarkDigital%2Fwp-admin%2Fpost.php&path=%2Fhomepages%2F10%2Fd573043092%2Fhtdocs%2Fclickandbuilds%2FBoxmarkDigital%2Fwp-admin HTTP/1.1" 200 23131 boxmarkdigital.com "-" "Mozilla/5.0 AppleWebKit/537.36 (KHTML, like Gecko; compatible; ClaudeBot/1.0; +claudebot@anthropic.com)" "-"
20.171.207.0 - - [19/Oct/2025:00:35:33 -0400] "GET /?fileloc=//bin/gpasswd&path=//bin HTTP/1.1" 200 12187 boxmarkdigital.com "-" "Mozilla/5.0 AppleWebKit/537.36 (KHTML, like Gecko; compatible; GPTBot/1.2; +https://openai.com/gptbot)" "-"
216.73.216.0 - - [19/Oct/2025:00:35:34 -0400] "GET /chicago-seo-company?fileloc=%2Fhomepages%2F10%2Fd573043092%2Fhtdocs%2Fclickandbuilds%2FBoxmarkDigital%2Fwp-admin%2Ferase-personal-data.php&path=%2Fhomepages%2F10%2Fd573043092%2Fhtdocs%2Fclickandbuilds%2FBoxmarkDigital%2Fwp-admin HTTP/1.1" 200 21472 boxmarkdigital.com "-" "Mozilla/5.0 AppleWebKit/537.36 (KHTML, like Gecko; compatible; ClaudeBot/1.0; +claudebot@anthropic.com)" "-"
20.171.207.0 - - [19/Oct/2025:00:35:36 -0400] "GET /?fileloc=//bin/perldoc&path=//bin HTTP/1.1" 200 12482 boxmarkdigital.com "-" "Mozilla/5.0 AppleWebKit/537.36 (KHTML, like Gecko; compatible; GPTBot/1.2; +https://openai.com/gptbot)" "-"
216.73.216.0 - - [19/Oct/2025:00:35:38 -0400] "GET /chicago-seo-company?path=%2F%2Fhome HTTP/1.1" 200 12605 boxmarkdigital.com "-" "Mozilla/5.0 AppleWebKit/537.36 (KHTML, like Gecko; compatible; ClaudeBot/1.0; +claudebot@anthropic.com)" "-"
15.235.96.0 - - [19/Oct/2025:00:35:38 -0400] "GET /entity/295123965.shtm?fileloc=/homepages/10/d573043092/htdocs/clickandbuilds/BoxmarkDigital/.user.ini&path=/homepages/10/d573043092/htdocs/clickandbuilds/BoxmarkDigital HTTP/1.1" 200 12587 boxmarkdigital.com "-" "Mozilla/5.0 (compatible; AhrefsBot/7.0; +http://ahrefs.com/robot/)" "-"
20.171.207.0 - - [19/Oct/2025:00:35:39 -0400] "GET /?fileloc=//bin/ppmmake&path=//bin HTTP/1.1" 200 12187 boxmarkdigital.com "-" "Mozilla/5.0 AppleWebKit/537.36 (KHTML, like Gecko; compatible; GPTBot/1.2; +https://openai.com/gptbot)" "-"
216.73.216.0 - - [19/Oct/2025:00:35:41 -0400] "GET /miami-seo?path=%2Fhomepages%2F10%2Fd717855826 HTTP/1.1" 200 25501 boxmarkdigital.com "-" "Mozilla/5.0 AppleWebKit/537.36 (KHTML, like Gecko; compatible; ClaudeBot/1.0; +claudebot@anthropic.com)" "-"
20.171.207.0 - - [19/Oct/2025:00:35:42 -0400] "GET /?fileloc=//bin/objdump&path=//bin HTTP/1.1" 200 12187 boxmarkdigital.com "-" "Mozilla/5.0 AppleWebKit/537.36 (KHTML, like Gecko; compatible; GPTBot/1.2; +https://openai.com/gptbot)" "-"
216.73.216.0 - - [19/Oct/2025:00:35:44 -0400] "GET /miami-seo?path=%2Fhomepages%2F20 HTTP/1.1" 200 37959 boxmarkdigital.com "-" "Mozilla/5.0 AppleWebKit/537.36 (KHTML, like Gecko; compatible; ClaudeBot/1.0; +claudebot@anthropic.com)" "-"
20.171.207.0 - - [19/Oct/2025:00:35:45 -0400] "GET /?fileloc=//bin/conjure&path=//bin HTTP/1.1" 200 12187 boxmarkdigital.com "-" "Mozilla/5.0 AppleWebKit/537.36 (KHTML, like Gecko; compatible; GPTBot/1.2; +https://openai.com/gptbot)" "-"
216.73.216.0 - - [19/Oct/2025:00:35:47 -0400] "GET /chicago-seo-company?path=%2Fhomepages%2F10%2Fd573043092%2Fhtdocs%2Fclickandbuilds%2FRos HTTP/1.1" 200 42747 boxmarkdigital.com "-" "Mozilla/5.0 AppleWebKit/537.36 (KHTML, like Gecko; compatible; ClaudeBot/1.0; +claudebot@anthropic.com)" "-"
20.171.207.0 - - [19/Oct/2025:00:35:49 -0400] "GET /?fileloc=//bin/dulwich&path=//bin HTTP/1.1" 200 13256 boxmarkdigital.com "-" "Mozilla/5.0 AppleWebKit/537.36 (KHTML, like Gecko; compatible; GPTBot/1.2; +https://openai.com/gptbot)" "-"
66.249.64.0 - - [19/Oct/2025:00:35:50 -0400] "GET /entity/1529668657.shtm HTTP/1.1" 200 213815 boxmarkdigital.com "-" "Mozilla/5.0 (Linux; Android 6.0.1; Nexus 5X Build/MMB29P) AppleWebKit/537.36 (KHTML, like Gecko) Chrome/140.0.7339.207 Mobile Safari/537.36 (compatible; GoogleOther)" "-"
216.73.216.0 - - [19/Oct/2025:00:35:50 -0400] "GET /miami-seo?path=%2Fhomepages%2F35 HTTP/1.1" 200 41955 boxmarkdigital.com "-" "Mozilla/5.0 AppleWebKit/537.36 (KHTML, like Gecko; compatible; ClaudeBot/1.0; +claudebot@anthropic.com)" "-"
20.171.207.0 - - [19/Oct/2025:00:35:52 -0400] "GET /?fileloc=//bin/fstopgm&path=//bin HTTP/1.1" 200 12187 boxmarkdigital.com "-" "Mozilla/5.0 AppleWebKit/537.36 (KHTML, like Gecko; compatible; GPTBot/1.2; +https://openai.com/gptbot)" "-"
216.73.216.0 - - [19/Oct/2025:00:35:53 -0400] "GET /miami-seo?path=%2Fhomepages%2F1 HTTP/1.1" 200 27268 boxmarkdigital.com "-" "Mozilla/5.0 AppleWebKit/537.36 (KHTML, like Gecko; compatible; ClaudeBot/1.0; +claudebot@anthropic.com)" "-"
66.249.64.0 - - [19/Oct/2025:00:35:54 -0400] "GET /entity/274455090.shtm HTTP/1.1" 200 202564 boxmarkdigital.com "-" "Mozilla/5.0 (Linux; Android 6.0.1; Nexus 5X Build/MMB29P) AppleWebKit/537.36 (KHTML, like Gecko) Chrome/140.0.7339.207 Mobile Safari/537.36 (compatible; Googlebot/2.1; +http://www.google.com/bot.html)" "-"
20.171.207.0 - - [19/Oct/2025:00:35:55 -0400] "GET /?fileloc=//bin/pnmpsnr&path=//bin HTTP/1.1" 200 12187 boxmarkdigital.com "-" "Mozilla/5.0 AppleWebKit/537.36 (KHTML, like Gecko; compatible; GPTBot/1.2; +https://openai.com/gptbot)" "-"
216.73.216.0 - - [19/Oct/2025:00:35:56 -0400] "GET /miami-seo?path=%2Fhomepages%2F10%2Fd573043092%2Fhtdocs%2Fclickandbuilds%2FBoxmarkDigital%2Fimages%2Fimages HTTP/1.1" 200 21408 boxmarkdigital.com "-" "Mozilla/5.0 AppleWebKit/537.36 (KHTML, like Gecko; compatible; ClaudeBot/1.0; +claudebot@anthropic.com)" "-"
2a09:bac5:d400:: - - [19/Oct/2025:00:35:58 -0400] "GET /wp-login.php HTTP/1.1" 200 61284 boxmarkdigital.com "https://boxmarkdigital.com/wp-login.php" "Mozilla/5.0 (Windows NT 10.0; Win64; x64) AppleWebKit/537.36 (KHTML, like Gecko) Chrome/124.0.0.0 Safari/537.36" "-"
20.171.207.0 - - [19/Oct/2025:00:35:58 -0400] "GET /?fileloc=//bin/rcsdiff&path=//bin HTTP/1.1" 200 13045 boxmarkdigital.com "-" "Mozilla/5.0 AppleWebKit/537.36 (KHTML, like Gecko; compatible; GPTBot/1.2; +https://openai.com/gptbot)" "-"
216.73.216.0 - - [19/Oct/2025:00:35:59 -0400] "GET /miami-seo?path=%2Fhomepages%2F25 HTTP/1.1" 200 24639 boxmarkdigital.com "-" "Mozilla/5.0 AppleWebKit/537.36 (KHTML, like Gecko; compatible; ClaudeBot/1.0; +claudebot@anthropic.com)" "-"
20.171.207.0 - - [19/Oct/2025:00:36:01 -0400] "GET /?fileloc=//bin/setarch&path=//bin HTTP/1.1" 200 12187 boxmarkdigital.com "-" "Mozilla/5.0 AppleWebKit/537.36 (KHTML, like Gecko; compatible; GPTBot/1.2; +https://openai.com/gptbot)" "-"
66.249.64.0 - - [19/Oct/2025:00:36:02 -0400] "GET /entity/1413016452.shtm HTTP/1.1" 200 201056 boxmarkdigital.com "-" "Mozilla/5.0 (Linux; Android 6.0.1; Nexus 5X Build/MMB29P) AppleWebKit/537.36 (KHTML, like Gecko) Chrome/140.0.7339.207 Mobile Safari/537.36 (compatible; GoogleOther)" "-"
216.73.216.0 - - [19/Oct/2025:00:36:02 -0400] "GET /miami-seo?path=%2Fhomepages%2F10%2Fd573043092%2F.oneclick HTTP/1.1" 200 12772 boxmarkdigital.com "-" "Mozilla/5.0 AppleWebKit/537.36 (KHTML, like Gecko; compatible; ClaudeBot/1.0; +claudebot@anthropic.com)" "-"
66.249.64.0 - - [19/Oct/2025:00:36:03 -0400] "GET /entity/466823555.shtm HTTP/1.1" 200 201025 boxmarkdigital.com "-" "Mozilla/5.0 (Linux; Android 6.0.1; Nexus 5X Build/MMB29P) AppleWebKit/537.36 (KHTML, like Gecko) Chrome/140.0.7339.207 Mobile Safari/537.36 (compatible; GoogleOther)" "-"
66.249.70.0 - - [19/Oct/2025:00:36:05 -0400] "GET /robots.txt HTTP/1.1" 500 - abarcasewer.com "-" "Mozilla/5.0 (compatible; Googlebot/2.1; +http://www.google.com/bot.html)" "-"
20.171.207.0 - - [19/Oct/2025:00:36:05 -0400] "GET /?fileloc=//bin/pgmhist&path=//bin HTTP/1.1" 200 12187 boxmarkdigital.com "-" "Mozilla/5.0 AppleWebKit/537.36 (KHTML, like Gecko; compatible; GPTBot/1.2; +https://openai.com/gptbot)" "-"
216.73.216.0 - - [19/Oct/2025:00:36:05 -0400] "GET /miami-seo?path=%2Fhomepages%2F26 HTTP/1.1" 200 47283 boxmarkdigital.com "-" "Mozilla/5.0 AppleWebKit/537.36 (KHTML, like Gecko; compatible; ClaudeBot/1.0; +claudebot@anthropic.com)" "-"
66.249.64.0 - - [19/Oct/2025:00:36:06 -0400] "GET /entity/761588755.shtm HTTP/1.1" 200 200172 boxmarkdigital.com "-" "Mozilla/5.0 (Linux; Android 6.0.1; Nexus 5X Build/MMB29P) AppleWebKit/537.36 (KHTML, like Gecko) Chrome/140.0.7339.207 Mobile Safari/537.36 (compatible; Googlebot/2.1; +http://www.google.com/bot.html)" "-"
66.249.64.0 - - [19/Oct/2025:00:36:08 -0400] "GET /entity/1428816357.shtm HTTP/1.1" 200 200010 boxmarkdigital.com "-" "Mozilla/5.0 (Linux; Android 6.0.1; Nexus 5X Build/MMB29P) AppleWebKit/537.36 (KHTML, like Gecko) Chrome/140.0.7339.207 Mobile Safari/537.36 (compatible; GoogleOther)" "-"
20.171.207.0 - - [19/Oct/2025:00:36:08 -0400] "GET /?fileloc=//bin/pgmnorm&path=//bin HTTP/1.1" 200 12187 boxmarkdigital.com "-" "Mozilla/5.0 AppleWebKit/537.36 (KHTML, like Gecko; compatible; GPTBot/1.2; +https://openai.com/gptbot)" "-"
216.73.216.0 - - [19/Oct/2025:00:36:08 -0400] "GET /miami-seo?path=%2Fhomepages%2F41 HTTP/1.1" 200 23307 boxmarkdigital.com "-" "Mozilla/5.0 AppleWebKit/537.36 (KHTML, like Gecko; compatible; ClaudeBot/1.0; +claudebot@anthropic.com)" "-"
20.171.207.0 - - [19/Oct/2025:00:36:11 -0400] "GET /?fileloc=//bin/convert&path=//bin HTTP/1.1" 200 12187 boxmarkdigital.com "-" "Mozilla/5.0 AppleWebKit/537.36 (KHTML, like Gecko; compatible; GPTBot/1.2; +https://openai.com/gptbot)" "-"
216.73.216.0 - - [19/Oct/2025:00:36:11 -0400] "GET /miami-seo?path=%2Fhomepages%2F4 HTTP/1.1" 200 32584 boxmarkdigital.com "-" "Mozilla/5.0 AppleWebKit/537.36 (KHTML, like Gecko; compatible; ClaudeBot/1.0; +claudebot@anthropic.com)" "-"
216.73.216.0 - - [19/Oct/2025:00:36:14 -0400] "GET /miami-seo?path=%2Fhomepages%2F43 HTTP/1.1" 200 33963 boxmarkdigital.com "-" "Mozilla/5.0 AppleWebKit/537.36 (KHTML, like Gecko; compatible; ClaudeBot/1.0; +claudebot@anthropic.com)" "-"
20.171.207.0 - - [19/Oct/2025:00:36:14 -0400] "GET /?fileloc=//bin/lexgrog&path=//bin HTTP/1.1" 200 12187 boxmarkdigital.com "-" "Mozilla/5.0 AppleWebKit/537.36 (KHTML, like Gecko; compatible; GPTBot/1.2; +https://openai.com/gptbot)" "-"
216.73.216.0 - - [19/Oct/2025:00:36:17 -0400] "GET /miami-seo?path=%2Fhomepages%2F30 HTTP/1.1" 200 33959 boxmarkdigital.com "-" "Mozilla/5.0 AppleWebKit/537.36 (KHTML, like Gecko; compatible; ClaudeBot/1.0; +claudebot@anthropic.com)" "-"
20.171.207.0 - - [19/Oct/2025:00:36:17 -0400] "GET /?fileloc=//bin/zstdcat&path=//bin HTTP/1.1" 200 12187 boxmarkdigital.com "-" "Mozilla/5.0 AppleWebKit/537.36 (KHTML, like Gecko; compatible; GPTBot/1.2; +https://openai.com/gptbot)" "-"
216.73.216.0 - - [19/Oct/2025:00:36:20 -0400] "GET /miami-seo?path=%2Fhomepages%2F24 HTTP/1.1" 200 36627 boxmarkdigital.com "-" "Mozilla/5.0 AppleWebKit/537.36 (KHTML, like Gecko; compatible; ClaudeBot/1.0; +claudebot@anthropic.com)" "-"
20.171.207.0 - - [19/Oct/2025:00:36:21 -0400] "GET /?fileloc=//bin/pgmedge&path=//bin HTTP/1.1" 200 12187 boxmarkdigital.com "-" "Mozilla/5.0 AppleWebKit/537.36 (KHTML, like Gecko; compatible; GPTBot/1.2; +https://openai.com/gptbot)" "-"
207.46.13.0 - - [19/Oct/2025:00:36:21 -0400] "GET /how-the-digital-revolution-changed-marketing-forever HTTP/1.1" 200 196500 boxmarkdigital.com "-" "Mozilla/5.0 AppleWebKit/537.36 (KHTML, like Gecko; compatible; bingbot/2.0; +http://www.bing.com/bingbot.htm) Chrome/116.0.1938.76 Safari/537.36" "-"
66.249.64.0 - - [19/Oct/2025:00:36:23 -0400] "GET /entity/465537008.shtm HTTP/1.1" 200 197365 boxmarkdigital.com "-" "Mozilla/5.0 (Linux; Android 6.0.1; Nexus 5X Build/MMB29P) AppleWebKit/537.36 (KHTML, like Gecko) Chrome/140.0.7339.207 Mobile Safari/537.36 (compatible; GoogleOther)" "-"
216.73.216.0 - - [19/Oct/2025:00:36:23 -0400] "GET /miami-seo?path=%2Fhomepages%2F15 HTTP/1.1" 200 31299 boxmarkdigital.com "-" "Mozilla/5.0 AppleWebKit/537.36 (KHTML, like Gecko; compatible; ClaudeBot/1.0; +claudebot@anthropic.com)" "-"
66.249.64.0 - - [19/Oct/2025:00:36:24 -0400] "GET /entity/465415787.shtm HTTP/1.1" 200 198992 boxmarkdigital.com "-" "Mozilla/5.0 (Linux; Android 6.0.1; Nexus 5X Build/MMB29P) AppleWebKit/537.36 (KHTML, like Gecko) Chrome/140.0.7339.207 Mobile Safari/537.36 (compatible; GoogleOther)" "-"
20.171.207.0 - - [19/Oct/2025:00:36:24 -0400] "GET /?fileloc=//bin/xzfgrep&path=//bin HTTP/1.1" 200 18904 boxmarkdigital.com "-" "Mozilla/5.0 AppleWebKit/537.36 (KHTML, like Gecko; compatible; GPTBot/1.2; +https://openai.com/gptbot)" "-"
216.73.216.0 - - [19/Oct/2025:00:36:26 -0400] "GET /miami-seo?path=%2Fhomepages%2F6 HTTP/1.1" 200 37900 boxmarkdigital.com "-" "Mozilla/5.0 AppleWebKit/537.36 (KHTML, like Gecko; compatible; ClaudeBot/1.0; +claudebot@anthropic.com)" "-"
44.217.255.0 - - [19/Oct/2025:00:36:27 -0400] "GET /are-monthly-seo-services-right-for-your-business HTTP/1.1" 200 61284 boxmarkdigital.com "-" "Mozilla/5.0 AppleWebKit/537.36 (KHTML, like Gecko; compatible; Amazonbot/0.1; +https://developer.amazon.com/support/amazonbot) Chrome/119.0.6045.214 Safari/537.36" "-"
20.171.207.0 - - [19/Oct/2025:00:36:27 -0400] "GET /?fileloc=//bin/mariadb&path=//bin HTTP/1.1" 200 12187 boxmarkdigital.com "-" "Mozilla/5.0 AppleWebKit/537.36 (KHTML, like Gecko; compatible; GPTBot/1.2; +https://openai.com/gptbot)" "-"
216.73.216.0 - - [19/Oct/2025:00:36:29 -0400] "GET /miami-seo?path=%2Fhomepages%2F27 HTTP/1.1" 200 35295 boxmarkdigital.com "-" "Mozilla/5.0 AppleWebKit/537.36 (KHTML, like Gecko; compatible; ClaudeBot/1.0; +claudebot@anthropic.com)" "-"
20.171.207.0 - - [19/Oct/2025:00:36:30 -0400] "GET /?fileloc=//bin/unshare&path=//bin HTTP/1.1" 200 12187 boxmarkdigital.com "-" "Mozilla/5.0 AppleWebKit/537.36 (KHTML, like Gecko; compatible; GPTBot/1.2; +https://openai.com/gptbot)" "-"
216.73.216.0 - - [19/Oct/2025:00:36:32 -0400] "GET /miami-seo?path=%2Fhomepages%2F8 HTTP/1.1" 200 35242 boxmarkdigital.com "-" "Mozilla/5.0 AppleWebKit/537.36 (KHTML, like Gecko; compatible; ClaudeBot/1.0; +claudebot@anthropic.com)" "-"
20.171.207.0 - - [19/Oct/2025:00:36:33 -0400] "GET /?fileloc=//bin/ppmfade&path=//bin HTTP/1.1" 200 25128 boxmarkdigital.com "-" "Mozilla/5.0 AppleWebKit/537.36 (KHTML, like Gecko; compatible; GPTBot/1.2; +https://openai.com/gptbot)" "-"
216.73.216.0 - - [19/Oct/2025:00:36:35 -0400] "GET /miami-seo?path=%2Fhomepages%2F31 HTTP/1.1" 200 31299 boxmarkdigital.com "-" "Mozilla/5.0 AppleWebKit/537.36 (KHTML, like Gecko; compatible; ClaudeBot/1.0; +claudebot@anthropic.com)" "-"
20.171.207.0 - - [19/Oct/2025:00:36:37 -0400] "GET /?fileloc=//bin/setterm&path=//bin HTTP/1.1" 200 12187 boxmarkdigital.com "-" "Mozilla/5.0 AppleWebKit/537.36 (KHTML, like Gecko; compatible; GPTBot/1.2; +https://openai.com/gptbot)" "-"
124.236.100.0 - - [19/Oct/2025:00:36:37 -0400] "GET / HTTP/1.1" 200 61284 boxmarkdigital.com "-" "Mozilla/5.0 (Macintosh; Intel Mac OS X 10_10_5) AppleWebKit/603.3.8 (KHTML, like Gecko) Version/10.1.2 Safari/603.3.8" "-"
216.73.216.0 - - [19/Oct/2025:00:36:38 -0400] "GET /miami-seo?path=%2Fhomepages%2F22 HTTP/1.1" 200 43287 boxmarkdigital.com "-" "Mozilla/5.0 AppleWebKit/537.36 (KHTML, like Gecko; compatible; ClaudeBot/1.0; +claudebot@anthropic.com)" "-"
20.171.207.0 - - [19/Oct/2025:00:36:40 -0400] "GET /?fileloc=//bin/ppmqvga&path=//bin HTTP/1.1" 200 12187 boxmarkdigital.com "-" "Mozilla/5.0 AppleWebKit/537.36 (KHTML, like Gecko; compatible; GPTBot/1.2; +https://openai.com/gptbot)" "-"
216.73.216.0 - - [19/Oct/2025:00:36:41 -0400] "GET /miami-seo?path=%2Fhomepages%2F38 HTTP/1.1" 200 33963 boxmarkdigital.com "-" "Mozilla/5.0 AppleWebKit/537.36 (KHTML, like Gecko; compatible; ClaudeBot/1.0; +claudebot@anthropic.com)" "-"
20.171.207.0 - - [19/Oct/2025:00:36:43 -0400] "GET /?fileloc=//bin/bashbug&path=//bin HTTP/1.1" 200 19757 boxmarkdigital.com "-" "Mozilla/5.0 AppleWebKit/537.36 (KHTML, like Gecko; compatible; GPTBot/1.2; +https://openai.com/gptbot)" "-"
216.73.216.0 - - [19/Oct/2025:00:36:44 -0400] "GET /miami-seo?path=%2Fhomepages%2F33 HTTP/1.1" 200 41951 boxmarkdigital.com "-" "Mozilla/5.0 AppleWebKit/537.36 (KHTML, like Gecko; compatible; ClaudeBot/1.0; +claudebot@anthropic.com)" "-"
20.171.207.0 - - [19/Oct/2025:00:36:46 -0400] "GET /?fileloc=//bin/pbmmask&path=//bin HTTP/1.1" 200 12187 boxmarkdigital.com "-" "Mozilla/5.0 AppleWebKit/537.36 (KHTML, like Gecko; compatible; GPTBot/1.2; +https://openai.com/gptbot)" "-"
216.73.216.0 - - [19/Oct/2025:00:36:47 -0400] "GET /miami-seo?path=%2Fhomepages%2F34 HTTP/1.1" 200 33963 boxmarkdigital.com "-" "Mozilla/5.0 AppleWebKit/537.36 (KHTML, like Gecko; compatible; ClaudeBot/1.0; +claudebot@anthropic.com)" "-"
20.171.207.0 - - [19/Oct/2025:00:36:49 -0400] "GET /?fileloc=//bin/lzfgrep&path=//bin HTTP/1.1" 200 18904 boxmarkdigital.com "-" "Mozilla/5.0 AppleWebKit/537.36 (KHTML, like Gecko; compatible; GPTBot/1.2; +https://openai.com/gptbot)" "-"
216.73.216.0 - - [19/Oct/2025:00:36:50 -0400] "GET /chicago-seo-company?path=%2Fhomepages%2Foneclick HTTP/1.1" 200 27385 boxmarkdigital.com "-" "Mozilla/5.0 AppleWebKit/537.36 (KHTML, like Gecko; compatible; ClaudeBot/1.0; +claudebot@anthropic.com)" "-"
20.171.207.0 - - [19/Oct/2025:00:36:53 -0400] "GET /?fileloc=//bin/dirname&path=//bin HTTP/1.1" 200 12187 boxmarkdigital.com "-" "Mozilla/5.0 AppleWebKit/537.36 (KHTML, like Gecko; compatible; GPTBot/1.2; +https://openai.com/gptbot)" "-"
216.73.216.0 - - [19/Oct/2025:00:36:53 -0400] "GET /miami-seo?path=%2Fhomepages%2F37 HTTP/1.1" 200 37959 boxmarkdigital.com "-" "Mozilla/5.0 AppleWebKit/537.36 (KHTML, like Gecko; compatible; ClaudeBot/1.0; +claudebot@anthropic.com)" "-"
95.108.213.0 - - [19/Oct/2025:00:36:54 -0400] "GET /robots.txt HTTP/1.1" 429 227 myboxmark.com "-" "Mozilla/5.0 (compatible; YandexBot/3.0; +http://yandex.com/bots)" "-"
66.249.64.0 - - [19/Oct/2025:00:36:56 -0400] "GET /entity/734065837.shtm HTTP/1.1" 200 201510 boxmarkdigital.com "-" "Mozilla/5.0 (Linux; Android 6.0.1; Nexus 5X Build/MMB29P) AppleWebKit/537.36 (KHTML, like Gecko) Chrome/140.0.7339.207 Mobile Safari/537.36 (compatible; GoogleOther)" "-"
20.171.207.0 - - [19/Oct/2025:00:36:56 -0400] "GET /?fileloc=//bin/debsums&path=//bin HTTP/1.1" 200 39267 boxmarkdigital.com "-" "Mozilla/5.0 AppleWebKit/537.36 (KHTML, like Gecko; compatible; GPTBot/1.2; +https://openai.com/gptbot)" "-"
216.73.216.0 - - [19/Oct/2025:00:36:56 -0400] "GET /miami-seo?path=%2Fhomepages%2F46 HTTP/1.1" 200 31299 boxmarkdigital.com "-" "Mozilla/5.0 AppleWebKit/537.36 (KHTML, like Gecko; compatible; ClaudeBot/1.0; +claudebot@anthropic.com)" "-"
66.249.64.0 - - [19/Oct/2025:00:36:57 -0400] "GET /entity/465400740.shtm HTTP/1.1" 200 194768 boxmarkdigital.com "-" "Mozilla/5.0 (Linux; Android 6.0.1; Nexus 5X Build/MMB29P) AppleWebKit/537.36 (KHTML, like Gecko) Chrome/140.0.7339.207 Mobile Safari/537.36 (compatible; GoogleOther)" "-"
20.171.207.0 - - [19/Oct/2025:00:36:59 -0400] "GET /?fileloc=//bin/svnlook&path=//bin HTTP/1.1" 200 12187 boxmarkdigital.com "-" "Mozilla/5.0 AppleWebKit/537.36 (KHTML, like Gecko; compatible; GPTBot/1.2; +https://openai.com/gptbot)" "-"
216.73.216.0 - - [19/Oct/2025:00:36:59 -0400] "GET /miami-seo?path=%2Fhomepages%2F19 HTTP/1.1" 200 51279 boxmarkdigital.com "-" "Mozilla/5.0 AppleWebKit/537.36 (KHTML, like Gecko; compatible; ClaudeBot/1.0; +claudebot@anthropic.com)" "-"
66.249.64.0 - - [19/Oct/2025:00:37:00 -0400] "GET /entity/1183835907.shtm HTTP/1.1" 200 204620 boxmarkdigital.com "-" "Mozilla/5.0 (Linux; Android 6.0.1; Nexus 5X Build/MMB29P) AppleWebKit/537.36 (KHTML, like Gecko) Chrome/140.0.7339.207 Mobile Safari/537.36 (compatible; Googlebot/2.1; +http://www.google.com/bot.html)" "-"
20.171.207.0 - - [19/Oct/2025:00:37:02 -0400] "GET /?fileloc=//bin/gdtopng&path=//bin HTTP/1.1" 200 12187 boxmarkdigital.com "-" "Mozilla/5.0 AppleWebKit/537.36 (KHTML, like Gecko; compatible; GPTBot/1.2; +https://openai.com/gptbot)" "-"
216.73.216.0 - - [19/Oct/2025:00:37:02 -0400] "GET /miami-seo?path=%2Fhomepages%2F10%2Fd573043092%2Fmanaged HTTP/1.1" 200 12768 boxmarkdigital.com "-" "Mozilla/5.0 AppleWebKit/537.36 (KHTML, like Gecko; compatible; ClaudeBot/1.0; +claudebot@anthropic.com)" "-"
2405:1200:6000:: - - [19/Oct/2025:00:37:03 -0400] "GET /entity/213855687.shtm HTTP/1.1" 200 1082 boxmarkdigital.com "https://www.google.com/" "Mozilla/5.0 (iPhone; CPU iPhone OS 18_7_1 like Mac OS X) AppleWebKit/605.1.15 (KHTML, like Gecko) Version/18.7 Mobile/15E148 Safari/604.1" "-"
20.171.207.0 - - [19/Oct/2025:00:37:05 -0400] "GET /?fileloc=//bin/montage&path=//bin HTTP/1.1" 200 12187 boxmarkdigital.com "-" "Mozilla/5.0 AppleWebKit/537.36 (KHTML, like Gecko; compatible; GPTBot/1.2; +https://openai.com/gptbot)" "-"
216.73.216.0 - - [19/Oct/2025:00:37:05 -0400] "GET /miami-seo?path=%2Fhomepages%2F36 HTTP/1.1" 200 36627 boxmarkdigital.com "-" "Mozilla/5.0 AppleWebKit/537.36 (KHTML, like Gecko; compatible; ClaudeBot/1.0; +claudebot@anthropic.com)" "-"
216.73.216.0 - - [19/Oct/2025:00:37:08 -0400] "GET /miami-seo?path=%2Fhomepages%2F14 HTTP/1.1" 200 31299 boxmarkdigital.com "-" "Mozilla/5.0 AppleWebKit/537.36 (KHTML, like Gecko; compatible; ClaudeBot/1.0; +claudebot@anthropic.com)" "-"
20.171.207.0 - - [19/Oct/2025:00:37:08 -0400] "GET /?fileloc=//bin/xzegrep&path=//bin HTTP/1.1" 200 18904 boxmarkdigital.com "-" "Mozilla/5.0 AppleWebKit/537.36 (KHTML, like Gecko; compatible; GPTBot/1.2; +https://openai.com/gptbot)" "-"
2a03:2880:f800:: - - [19/Oct/2025:00:37:10 -0400] "GET /sewer-cleaning-evanston-il HTTP/1.1" 500 - abarcasewer.com "-" "meta-externalagent/1.1 (+https://developers.facebook.com/docs/sharing/webmasters/crawler)" "-"
216.73.216.0 - - [19/Oct/2025:00:37:11 -0400] "GET /miami-seo?path=%2Fhomepages%2F45 HTTP/1.1" 200 33963 boxmarkdigital.com "-" "Mozilla/5.0 AppleWebKit/537.36 (KHTML, like Gecko; compatible; ClaudeBot/1.0; +claudebot@anthropic.com)" "-"
20.171.207.0 - - [19/Oct/2025:00:37:11 -0400] "GET /?fileloc=//bin/setpriv&path=//bin HTTP/1.1" 200 12187 boxmarkdigital.com "-" "Mozilla/5.0 AppleWebKit/537.36 (KHTML, like Gecko; compatible; GPTBot/1.2; +https://openai.com/gptbot)" "-"
216.73.216.0 - - [19/Oct/2025:00:37:14 -0400] "GET /miami-seo?path=%2Fhomepages%2Fconfig HTTP/1.1" 200 12659 boxmarkdigital.com "-" "Mozilla/5.0 AppleWebKit/537.36 (KHTML, like Gecko; compatible; ClaudeBot/1.0; +claudebot@anthropic.com)" "-"
20.171.207.0 - - [19/Oct/2025:00:37:15 -0400] "GET /?fileloc=//bin/lzegrep&path=//bin HTTP/1.1" 200 18904 boxmarkdigital.com "-" "Mozilla/5.0 AppleWebKit/537.36 (KHTML, like Gecko; compatible; GPTBot/1.2; +https://openai.com/gptbot)" "-"
216.73.216.0 - - [19/Oct/2025:00:37:17 -0400] "GET /miami-seo?path=%2F%2Fusr HTTP/1.1" 200 28051 boxmarkdigital.com "-" "Mozilla/5.0 AppleWebKit/537.36 (KHTML, like Gecko; compatible; ClaudeBot/1.0; +claudebot@anthropic.com)" "-"
20.171.207.0 - - [19/Oct/2025:00:37:18 -0400] "GET /?fileloc=//bin/display&path=//bin HTTP/1.1" 200 12187 boxmarkdigital.com "-" "Mozilla/5.0 AppleWebKit/537.36 (KHTML, like Gecko; compatible; GPTBot/1.2; +https://openai.com/gptbot)" "-"
216.73.216.0 - - [19/Oct/2025:00:37:20 -0400] "GET /chicago-seo-company?fileloc=%2Fhomepages%2F10%2Fd573043092%2FDASTOOLSTART&path=%2Fhomepages%2F10%2Fd573043092 HTTP/1.1" 200 12315 boxmarkdigital.com "-" "Mozilla/5.0 AppleWebKit/537.36 (KHTML, like Gecko; compatible; ClaudeBot/1.0; +claudebot@anthropic.com)" "-"
66.249.70.0 - - [19/Oct/2025:00:37:21 -0400] "GET /robots.txt HTTP/1.1" 500 - abarcasewer.com "-" "Mozilla/5.0 (compatible; Googlebot/2.1; +http://www.google.com/bot.html)" "-"
20.171.207.0 - - [19/Oct/2025:00:37:21 -0400] "GET /?fileloc=//bin/peardev&path=//bin HTTP/1.1" 200 13184 boxmarkdigital.com "-" "Mozilla/5.0 AppleWebKit/537.36 (KHTML, like Gecko; compatible; GPTBot/1.2; +https://openai.com/gptbot)" "-"
2001:4ca0:100:: - - [19/Oct/2025:00:37:22 -0400] "GET /robots.txt HTTP/1.1" 404 1271 happybearchilddc.com "-" "Mozilla/5.0 (Windows NT 10.0; Win64; x64) AppleWebKit/537.36 (KHTML, like Gecko) Chrome/103.0.5060.134 Safari/537.36" "-"
216.73.216.0 - - [19/Oct/2025:00:37:23 -0400] "GET /miami-seo?path=%2Fhomepages%2F16 HTTP/1.1" 200 41955 boxmarkdigital.com "-" "Mozilla/5.0 AppleWebKit/537.36 (KHTML, like Gecko; compatible; ClaudeBot/1.0; +claudebot@anthropic.com)" "-"
89.251.0.0 - - [19/Oct/2025:00:37:24 -0400] "GET /contact HTTP/1.1" 404 1271 happybearchilddc.com "-" "Mozilla/5.0 (Windows NT 10.0; Win64; x64) AppleWebKit/537.36 (KHTML, like Gecko) Chrome/114.0.0.0 Safari/537.36 Edg/114.0.1264.71" "-"
89.251.0.0 - - [19/Oct/2025:00:37:24 -0400] "GET / HTTP/1.1" 404 1271 happybearchilddc.com "-" "Mozilla/5.0 (Windows NT 10.0; Win64; x64) AppleWebKit/537.36 (KHTML, like Gecko) Chrome/114.0.0.0 Safari/537.36 Edg/114.0.1264.71" "-"
66.249.64.0 - - [19/Oct/2025:00:37:24 -0400] "GET /entity/1526240651.shtm HTTP/1.1" 200 203263 boxmarkdigital.com "-" "Mozilla/5.0 (Linux; Android 6.0.1; Nexus 5X Build/MMB29P) AppleWebKit/537.36 (KHTML, like Gecko) Chrome/140.0.7339.207 Mobile Safari/537.36 (compatible; Googlebot/2.1; +http://www.google.com/bot.html)" "-"
20.171.207.0 - - [19/Oct/2025:00:37:24 -0400] "GET /?fileloc=//bin/lesskey&path=//bin HTTP/1.1" 200 12187 boxmarkdigital.com "-" "Mozilla/5.0 AppleWebKit/537.36 (KHTML, like Gecko; compatible; GPTBot/1.2; +https://openai.com/gptbot)" "-"
216.73.216.0 - - [19/Oct/2025:00:37:26 -0400] "GET /miami-seo?path=%2Fhomepages%2F39 HTTP/1.1" 200 29967 boxmarkdigital.com "-" "Mozilla/5.0 AppleWebKit/537.36 (KHTML, like Gecko; compatible; ClaudeBot/1.0; +claudebot@anthropic.com)" "-"
20.171.207.0 - - [19/Oct/2025:00:37:27 -0400] "GET /?fileloc=//bin/dirmngr&path=//bin HTTP/1.1" 200 12187 boxmarkdigital.com "-" "Mozilla/5.0 AppleWebKit/537.36 (KHTML, like Gecko; compatible; GPTBot/1.2; +https://openai.com/gptbot)" "-"
66.249.64.0 - - [19/Oct/2025:00:37:29 -0400] "GET /entity/734080718.shtm HTTP/1.1" 200 198211 boxmarkdigital.com "-" "Mozilla/5.0 (Linux; Android 6.0.1; Nexus 5X Build/MMB29P) AppleWebKit/537.36 (KHTML, like Gecko) Chrome/140.0.7339.207 Mobile Safari/537.36 (compatible; GoogleOther)" "-"
20.171.207.0 - - [19/Oct/2025:00:37:30 -0400] "GET /?fileloc=//bin/ebrowse&path=//bin HTTP/1.1" 200 12187 boxmarkdigital.com "-" "Mozilla/5.0 AppleWebKit/537.36 (KHTML, like Gecko; compatible; GPTBot/1.2; +https://openai.com/gptbot)" "-"
66.249.64.0 - - [19/Oct/2025:00:37:31 -0400] "GET /entity/465468533.shtm HTTP/1.1" 200 199286 boxmarkdigital.com "-" "Mozilla/5.0 (Linux; Android 6.0.1; Nexus 5X Build/MMB29P) AppleWebKit/537.36 (KHTML, like Gecko) Chrome/140.0.7339.207 Mobile Safari/537.36 (compatible; GoogleOther)" "-"
114.119.151.0 - - [19/Oct/2025:00:37:32 -0400] "GET /wp-content/uploads/2020/07/Hoarder-Clean-up-La-Grange-1-300x157.jpg HTTP/1.1" 200 16388 lagrangejunkremoval.com "https://lagrangejunkremoval.com/debris-removal-la-grange" "Mozilla/5.0 (Linux; Android 7.0;) AppleWebKit/537.36 (KHTML, like Gecko) Mobile Safari/537.36 (compatible; PetalBot;+https://webmaster.petalsearch.com/site/petalbot)" "-"
20.171.207.0 - - [19/Oct/2025:00:37:34 -0400] "GET /?fileloc=//bin/svnmucc&path=//bin HTTP/1.1" 200 12187 boxmarkdigital.com "-" "Mozilla/5.0 AppleWebKit/537.36 (KHTML, like Gecko; compatible; GPTBot/1.2; +https://openai.com/gptbot)" "-"
20.171.207.0 - - [19/Oct/2025:00:37:37 -0400] "GET /?fileloc=//bin/pgmramp&path=//bin HTTP/1.1" 200 12187 boxmarkdigital.com "-" "Mozilla/5.0 AppleWebKit/537.36 (KHTML, like Gecko; compatible; GPTBot/1.2; +https://openai.com/gptbot)" "-"
216.73.216.0 - - [19/Oct/2025:00:37:38 -0400] "GET /miami-seo?fileloc=%2Fhomepages%2F10%2Fd573043092%2Fhtdocs%2Fclickandbuilds%2FBoxmarkDigital%2Fwp-includes%2Fauthor-template.php&path=%2Fhomepages%2F10%2Fd573043092%2Fhtdocs%2Fclickandbuilds%2FBoxmarkDigital%2Fwp-includes HTTP/1.1" 200 32087 boxmarkdigital.com "-" "Mozilla/5.0 AppleWebKit/537.36 (KHTML, like Gecko; compatible; ClaudeBot/1.0; +claudebot@anthropic.com)" "-"
20.171.207.0 - - [19/Oct/2025:00:37:40 -0400] "GET /?fileloc=//bin/whereis&path=//bin HTTP/1.1" 200 12187 boxmarkdigital.com "-" "Mozilla/5.0 AppleWebKit/537.36 (KHTML, like Gecko; compatible; GPTBot/1.2; +https://openai.com/gptbot)" "-"
216.73.216.0 - - [19/Oct/2025:00:37:40 -0400] "GET /chicago-seo-company?fileloc=%2Fhomepages%2F10%2Fd573043092%2Fhtdocs%2Fclickandbuilds%2FBoxmarkDigital%2Fwp-includes%2Fclass-walker-page.php&path=%2Fhomepages%2F10%2Fd573043092%2Fhtdocs%2Fclickandbuilds%2FBoxmarkDigital%2Fwp-includes HTTP/1.1" 200 20644 boxmarkdigital.com "-" "Mozilla/5.0 AppleWebKit/537.36 (KHTML, like Gecko; compatible; ClaudeBot/1.0; +claudebot@anthropic.com)" "-"
66.249.64.0 - - [19/Oct/2025:00:37:42 -0400] "GET /entity/466736393.shtm HTTP/1.1" 200 197382 boxmarkdigital.com "-" "Mozilla/5.0 (Linux; Android 6.0.1; Nexus 5X Build/MMB29P) AppleWebKit/537.36 (KHTML, like Gecko) Chrome/140.0.7339.207 Mobile Safari/537.36 (compatible; GoogleOther)" "-"
66.249.64.0 - - [19/Oct/2025:00:37:43 -0400] "GET /entity/466656988.shtm HTTP/1.1" 200 199761 boxmarkdigital.com "-" "Mozilla/5.0 (Linux; Android 6.0.1; Nexus 5X Build/MMB29P) AppleWebKit/537.36 (KHTML, like Gecko) Chrome/140.0.7339.207 Mobile Safari/537.36 (compatible; GoogleOther)" "-"
66.249.64.0 - - [19/Oct/2025:00:37:43 -0400] "GET /entity/466919710.shtm HTTP/1.1" 200 201423 boxmarkdigital.com "-" "Mozilla/5.0 (Linux; Android 6.0.1; Nexus 5X Build/MMB29P) AppleWebKit/537.36 (KHTML, like Gecko) Chrome/140.0.7339.207 Mobile Safari/537.36 (compatible; GoogleOther)" "-"
20.171.207.0 - - [19/Oct/2025:00:37:43 -0400] "GET /?fileloc=//bin/delpart&path=//bin HTTP/1.1" 200 12187 boxmarkdigital.com "-" "Mozilla/5.0 AppleWebKit/537.36 (KHTML, like Gecko; compatible; GPTBot/1.2; +https://openai.com/gptbot)" "-"
216.73.216.0 - - [19/Oct/2025:00:37:43 -0400] "GET /chicago-seo-company?fileloc=%2Fhomepages%2F10%2Fd573043092%2Fhtdocs%2Fclickandbuilds%2FBoxmarkDigital%2Fwp-includes%2Fclass-wp-duotone.php&path=%2Fhomepages%2F10%2Fd573043092%2Fhtdocs%2Fclickandbuilds%2FBoxmarkDigital%2Fwp-includes HTTP/1.1" 200 54351 boxmarkdigital.com "-" "Mozilla/5.0 AppleWebKit/537.36 (KHTML, like Gecko; compatible; ClaudeBot/1.0; +claudebot@anthropic.com)" "-"
20.171.207.0 - - [19/Oct/2025:00:37:46 -0400] "GET /?fileloc=//bin/compare&path=//bin HTTP/1.1" 200 12187 boxmarkdigital.com "-" "Mozilla/5.0 AppleWebKit/537.36 (KHTML, like Gecko; compatible; GPTBot/1.2; +https://openai.com/gptbot)" "-"
216.73.216.0 - - [19/Oct/2025:00:37:46 -0400] "GET /miami-seo?path=%2Fhomepages%2F10%2Fd573043092%2Fhtdocs%2Fclickandbuilds%2FBoxmarkDigital%2Fwp-content%2Flanguages HTTP/1.1" 200 149145 boxmarkdigital.com "-" "Mozilla/5.0 AppleWebKit/537.36 (KHTML, like Gecko; compatible; ClaudeBot/1.0; +claudebot@anthropic.com)" "-"
20.171.207.0 - - [19/Oct/2025:00:37:49 -0400] "GET /?fileloc=//bin/bdftogd&path=//bin HTTP/1.1" 200 16478 boxmarkdigital.com "-" "Mozilla/5.0 AppleWebKit/537.36 (KHTML, like Gecko; compatible; GPTBot/1.2; +https://openai.com/gptbot)" "-"
216.73.216.0 - - [19/Oct/2025:00:37:49 -0400] "GET /chicago-seo-company?fileloc=%2Fhomepages%2F10%2Fd573043092%2Fhtdocs%2Fclickandbuilds%2FBoxmarkDigital%2Fwp-includes%2Fvars.php&path=%2Fhomepages%2F10%2Fd573043092%2Fhtdocs%2Fclickandbuilds%2FBoxmarkDigital%2Fwp-includes HTTP/1.1" 200 19326 boxmarkdigital.com "-" "Mozilla/5.0 AppleWebKit/537.36 (KHTML, like Gecko; compatible; ClaudeBot/1.0; +claudebot@anthropic.com)" "-"
47.128.111.0 - - [19/Oct/2025:00:37:50 -0400] "GET /what-are-some-creative-ways-to-recycle-plastic-bottles HTTP/1.1" 404 1271 lagrangejunkremoval.com "-" "Mozilla/5.0 (Linux; Android 5.0) AppleWebKit/537.36 (KHTML, like Gecko) Mobile Safari/537.36 (compatible; TikTokSpider; ttspider-feedback@tiktok.com)" "-"
216.73.216.0 - - [19/Oct/2025:00:37:52 -0400] "GET /chicago-seo-company?fileloc=%2Fhomepages%2F10%2Fd573043092%2Fhtdocs%2Fclickandbuilds%2FBoxmarkDigital%2Fwp-admin%2Fupdate-core.php&path=%2Fhomepages%2F10%2Fd573043092%2Fhtdocs%2Fclickandbuilds%2FBoxmarkDigital%2Fwp-admin HTTP/1.1" 200 64150 boxmarkdigital.com "-" "Mozilla/5.0 AppleWebKit/537.36 (KHTML, like Gecko; compatible; ClaudeBot/1.0; +claudebot@anthropic.com)" "-"
20.171.207.0 - - [19/Oct/2025:00:37:53 -0400] "GET /?fileloc=//bin/ppmdist&path=//bin HTTP/1.1" 200 12187 boxmarkdigital.com "-" "Mozilla/5.0 AppleWebKit/537.36 (KHTML, like Gecko; compatible; GPTBot/1.2; +https://openai.com/gptbot)" "-"
216.73.216.0 - - [19/Oct/2025:00:37:55 -0400] "GET /miami-seo?fileloc=%2Fhomepages%2F10%2Fd573043092%2Fhtdocs%2Fclickandbuilds%2FBoxmarkDigital%2Fwp-admin%2Foptions-head.php&path=%2Fhomepages%2F10%2Fd573043092%2Fhtdocs%2Fclickandbuilds%2FBoxmarkDigital%2Fwp-admin HTTP/1.1" 200 13335 boxmarkdigital.com "-" "Mozilla/5.0 AppleWebKit/537.36 (KHTML, like Gecko; compatible; ClaudeBot/1.0; +claudebot@anthropic.com)" "-"
20.171.207.0 - - [19/Oct/2025:00:37:56 -0400] "GET /?fileloc=//bin/bzfgrep&path=//bin HTTP/1.1" 200 16519 boxmarkdigital.com "-" "Mozilla/5.0 AppleWebKit/537.36 (KHTML, like Gecko; compatible; GPTBot/1.2; +https://openai.com/gptbot)" "-"
216.73.216.0 - - [19/Oct/2025:00:37:58 -0400] "GET /miami-seo?fileloc=%2Fhomepages%2F10%2Fd573043092%2Fhtdocs%2Fclickandbuilds%2FBoxmarkDigital%2Fwp-admin%2Foptions-general.php&path=%2Fhomepages%2F10%2Fd573043092%2Fhtdocs%2Fclickandbuilds%2FBoxmarkDigital%2Fwp-admin HTTP/1.1" 200 39178 boxmarkdigital.com "-" "Mozilla/5.0 AppleWebKit/537.36 (KHTML, like Gecko; compatible; ClaudeBot/1.0; +claudebot@anthropic.com)" "-"
20.171.207.0 - - [19/Oct/2025:00:37:59 -0400] "GET /?fileloc=//bin/bzegrep&path=//bin HTTP/1.1" 200 16519 boxmarkdigital.com "-" "Mozilla/5.0 AppleWebKit/537.36 (KHTML, like Gecko; compatible; GPTBot/1.2; +https://openai.com/gptbot)" "-"
66.249.64.0 - - [19/Oct/2025:00:38:01 -0400] "GET /entity/1207494450.shtm HTTP/1.1" 200 201293 boxmarkdigital.com "-" "Mozilla/5.0 (Linux; Android 6.0.1; Nexus 5X Build/MMB29P) AppleWebKit/537.36 (KHTML, like Gecko) Chrome/140.0.7339.207 Mobile Safari/537.36 (compatible; Googlebot/2.1; +http://www.google.com/bot.html)" "-"
216.73.216.0 - - [19/Oct/2025:00:38:01 -0400] "GET /chicago-seo-company?fileloc=%2Fhomepages%2F10%2Fd573043092%2Fhtdocs%2Fclickandbuilds%2FBoxmarkDigital%2Fwp-admin%2Flink-add.php&path=%2Fhomepages%2F10%2Fd573043092%2Fhtdocs%2Fclickandbuilds%2FBoxmarkDigital%2Fwp-admin HTTP/1.1" 200 13636 boxmarkdigital.com "-" "Mozilla/5.0 AppleWebKit/537.36 (KHTML, like Gecko; compatible; ClaudeBot/1.0; +claudebot@anthropic.com)" "-"
54.39.6.0 - - [19/Oct/2025:00:38:02 -0400] "GET /sitemap_index.xml HTTP/1.1" 200 11304 boxmarkdigital.com "-" "Mozilla/5.0 (compatible; AhrefsBot/7.0; +http://ahrefs.com/robot/)" "-"
20.171.207.0 - - [19/Oct/2025:00:38:02 -0400] "GET /?fileloc=//bin/addpart&path=//bin HTTP/1.1" 200 12187 boxmarkdigital.com "-" "Mozilla/5.0 AppleWebKit/537.36 (KHTML, like Gecko; compatible; GPTBot/1.2; +https://openai.com/gptbot)" "-"
66.249.64.0 - - [19/Oct/2025:00:38:03 -0400] "GET /entity/468072487.shtm HTTP/1.1" 200 201087 boxmarkdigital.com "-" "Mozilla/5.0 (Linux; Android 6.0.1; Nexus 5X Build/MMB29P) AppleWebKit/537.36 (KHTML, like Gecko) Chrome/140.0.7339.207 Mobile Safari/537.36 (compatible; GoogleOther)" "-"
66.249.64.0 - - [19/Oct/2025:00:38:04 -0400] "GET /entity/1414145104.shtm HTTP/1.1" 200 201037 boxmarkdigital.com "-" "Mozilla/5.0 (Linux; Android 6.0.1; Nexus 5X Build/MMB29P) AppleWebKit/537.36 (KHTML, like Gecko) Chrome/140.0.7339.207 Mobile Safari/537.36 (compatible; GoogleOther)" "-"
216.73.216.0 - - [19/Oct/2025:00:38:04 -0400] "GET /chicago-seo-company?fileloc=%2Fhomepages%2F10%2Fd573043092%2Fhtdocs%2Fclickandbuilds%2FBoxmarkDigital%2Fwp-includes%2Fcanonical.php&path=%2Fhomepages%2F10%2Fd573043092%2Fhtdocs%2Fclickandbuilds%2FBoxmarkDigital%2Fwp-includes HTTP/1.1" 200 48373 boxmarkdigital.com "-" "Mozilla/5.0 AppleWebKit/537.36 (KHTML, like Gecko; compatible; ClaudeBot/1.0; +claudebot@anthropic.com)" "-"
54.39.6.0 - - [19/Oct/2025:00:38:05 -0400] "GET /sitemap-child-304.xml HTTP/1.1" 200 166112 boxmarkdigital.com "-" "Mozilla/5.0 (compatible; AhrefsBot/7.0; +http://ahrefs.com/robot/)" "-"
20.171.207.0 - - [19/Oct/2025:00:38:05 -0400] "GET /?path=//lib/x86_64-linux-gnu/ldscripts HTTP/1.1" 200 232922 boxmarkdigital.com "-" "Mozilla/5.0 AppleWebKit/537.36 (KHTML, like Gecko; compatible; GPTBot/1.2; +https://openai.com/gptbot)" "-"
216.73.216.0 - - [19/Oct/2025:00:38:07 -0400] "GET /chicago-seo-company?fileloc=%2Fhomepages%2F10%2Fd573043092%2Fhtdocs%2Fclickandbuilds%2FBoxmarkDigital%2Fwp-includes%2Fnav-menu-template.php&path=%2Fhomepages%2F10%2Fd573043092%2Fhtdocs%2Fclickandbuilds%2FBoxmarkDigital%2Fwp-includes HTTP/1.1" 200 39723 boxmarkdigital.com "-" "Mozilla/5.0 AppleWebKit/537.36 (KHTML, like Gecko; compatible; ClaudeBot/1.0; +claudebot@anthropic.com)" "-"
20.171.207.0 - - [19/Oct/2025:00:38:08 -0400] "GET /?path=//lib/x86_64-linux-gnu/pkgconfig HTTP/1.1" 200 36691 boxmarkdigital.com "-" "Mozilla/5.0 AppleWebKit/537.36 (KHTML, like Gecko; compatible; GPTBot/1.2; +https://openai.com/gptbot)" "-"
54.39.210.0 - - [19/Oct/2025:00:38:09 -0400] "GET /sitemap-child-369.xml HTTP/1.1" 200 167013 boxmarkdigital.com "-" "Mozilla/5.0 (compatible; AhrefsBot/7.0; +http://ahrefs.com/robot/)" "-"
216.73.216.0 - - [19/Oct/2025:00:38:10 -0400] "GET /miami-seo?fileloc=%2Fhomepages%2F10%2Fd573043092%2Fhtdocs%2Fclickandbuilds%2FBoxmarkDigital%2Fwp-admin%2Fprivacy.php&path=%2Fhomepages%2F10%2Fd573043092%2Fhtdocs%2Fclickandbuilds%2FBoxmarkDigital%2Fwp-admin HTTP/1.1" 200 15861 boxmarkdigital.com "-" "Mozilla/5.0 AppleWebKit/537.36 (KHTML, like Gecko; compatible; ClaudeBot/1.0; +claudebot@anthropic.com)" "-"
20.171.207.0 - - [19/Oct/2025:00:38:11 -0400] "GET /?path=//usr/lib/x86_64-linux-gnu/perl/5.32/auto/Filter/Util/Call HTTP/1.1" 200 14717 boxmarkdigital.com "-" "Mozilla/5.0 AppleWebKit/537.36 (KHTML, like Gecko; compatible; GPTBot/1.2; +https://openai.com/gptbot)" "-"
54.39.0.0 - - [19/Oct/2025:00:38:13 -0400] "GET /sitemap-child-381.xml HTTP/1.1" 200 166112 boxmarkdigital.com "-" "Mozilla/5.0 (compatible; AhrefsBot/7.0; +http://ahrefs.com/robot/)" "-"
124.236.100.0 - - [19/Oct/2025:00:38:13 -0400] "GET / HTTP/1.1" 403 1271 lagrangejunkremoval.com "-" "Mozilla/5.0 (Windows NT 6.1; Win64; x64) AppleWebKit/537.36 (KHTML, like Gecko) Chrome/61.0.3163.100 Safari/537.36" "-"
20.171.207.0 - - [19/Oct/2025:00:38:14 -0400] "GET /?fileloc=//lib/cgi-bin/php8.0exe&path=//lib/cgi-bin HTTP/1.1" 200 12239 boxmarkdigital.com "-" "Mozilla/5.0 AppleWebKit/537.36 (KHTML, like Gecko; compatible; GPTBot/1.2; +https://openai.com/gptbot)" "-"
124.236.100.0 - - [19/Oct/2025:00:38:14 -0400] "GET / HTTP/1.1" 403 1271 lagrangejunkremoval.com "-" "Mozilla/5.0 (X11; Linux x86_64; rv:52.0) Gecko/20100101 Firefox/52.0" "-"
142.44.225.0 - - [19/Oct/2025:00:38:16 -0400] "GET /sitemap-child-390.xml HTTP/1.1" 200 167013 boxmarkdigital.com "-" "Mozilla/5.0 (compatible; AhrefsBot/7.0; +http://ahrefs.com/robot/)" "-"
20.171.207.0 - - [19/Oct/2025:00:38:18 -0400] "GET /?path=//usr/lib/x86_64-linux-gnu/pkgconfig HTTP/1.1" 200 36989 boxmarkdigital.com "-" "Mozilla/5.0 AppleWebKit/537.36 (KHTML, like Gecko; compatible; GPTBot/1.2; +https://openai.com/gptbot)" "-"
142.44.225.0 - - [19/Oct/2025:00:38:20 -0400] "GET /sitemap-child-411.xml HTTP/1.1" 200 167013 boxmarkdigital.com "-" "Mozilla/5.0 (compatible; AhrefsBot/7.0; +http://ahrefs.com/robot/)" "-"
20.171.207.0 - - [19/Oct/2025:00:38:21 -0400] "GET /?fileloc=//lib/x86_64-linux-gnu/pkgconfig/libnsl.pc&path=//lib/x86_64-linux-gnu/pkgconfig HTTP/1.1" 200 12648 boxmarkdigital.com "-" "Mozilla/5.0 AppleWebKit/537.36 (KHTML, like Gecko; compatible; GPTBot/1.2; +https://openai.com/gptbot)" "-"
15.235.96.0 - - [19/Oct/2025:00:38:23 -0400] "GET /sitemap-child-442.xml HTTP/1.1" 200 167013 boxmarkdigital.com "-" "Mozilla/5.0 (compatible; AhrefsBot/7.0; +http://ahrefs.com/robot/)" "-"
20.171.207.0 - - [19/Oct/2025:00:38:24 -0400] "GET /?path=//usr/lib/python3 HTTP/1.1" 200 14039 boxmarkdigital.com "-" "Mozilla/5.0 AppleWebKit/537.36 (KHTML, like Gecko; compatible; GPTBot/1.2; +https://openai.com/gptbot)" "-"
114.119.150.0 - - [19/Oct/2025:00:38:26 -0400] "GET /product-category/graphic_design__media?products-per-page=12 HTTP/1.1" 200 4 myboxmark.com "-" "Mozilla/5.0 (Linux; Android 7.0;) AppleWebKit/537.36 (KHTML, like Gecko) Mobile Safari/537.36 (compatible; PetalBot;+https://webmaster.petalsearch.com/site/petalbot)" "-"
142.44.220.0 - - [19/Oct/2025:00:38:27 -0400] "GET /sitemap-child-466.xml HTTP/1.1" 200 166112 boxmarkdigital.com "-" "Mozilla/5.0 (compatible; AhrefsBot/7.0; +http://ahrefs.com/robot/)" "-"
20.171.207.0 - - [19/Oct/2025:00:38:27 -0400] "GET /?fileloc=//lib/x86_64-linux-gnu/ldscripts/elf32_x86_64.xs&path=//lib/x86_64-linux-gnu/ldscripts HTTP/1.1" 200 21627 boxmarkdigital.com "-" "Mozilla/5.0 AppleWebKit/537.36 (KHTML, like Gecko; compatible; GPTBot/1.2; +https://openai.com/gptbot)" "-"
20.171.207.0 - - [19/Oct/2025:00:38:30 -0400] "GET /?fileloc=//lib/x86_64-linux-gnu/ldscripts/i386pe.xu&path=//lib/x86_64-linux-gnu/ldscripts HTTP/1.1" 200 17825 boxmarkdigital.com "-" "Mozilla/5.0 AppleWebKit/537.36 (KHTML, like Gecko; compatible; GPTBot/1.2; +https://openai.com/gptbot)" "-"
54.39.0.0 - - [19/Oct/2025:00:38:31 -0400] "GET /sitemap-child-556.xml HTTP/1.1" 200 167013 boxmarkdigital.com "-" "Mozilla/5.0 (compatible; AhrefsBot/7.0; +http://ahrefs.com/robot/)" "-"
20.171.207.0 - - [19/Oct/2025:00:38:33 -0400] "GET /?fileloc=//lib/x86_64-linux-gnu/ldscripts/elf_i386.xdc&path=//lib/x86_64-linux-gnu/ldscripts HTTP/1.1" 200 21078 boxmarkdigital.com "-" "Mozilla/5.0 AppleWebKit/537.36 (KHTML, like Gecko; compatible; GPTBot/1.2; +https://openai.com/gptbot)" "-"
142.44.220.0 - - [19/Oct/2025:00:38:34 -0400] "GET /sitemap-child-628.xml HTTP/1.1" 200 167013 boxmarkdigital.com "-" "Mozilla/5.0 (compatible; AhrefsBot/7.0; +http://ahrefs.com/robot/)" "-"
66.249.64.0 - - [19/Oct/2025:00:38:36 -0400] "GET /entity/467969785.shtm HTTP/1.1" 200 203685 boxmarkdigital.com "-" "Mozilla/5.0 (Linux; Android 6.0.1; Nexus 5X Build/MMB29P) AppleWebKit/537.36 (KHTML, like Gecko) Chrome/140.0.7339.207 Mobile Safari/537.36 (compatible; GoogleOther)" "-"
20.171.207.0 - - [19/Oct/2025:00:38:36 -0400] "GET /?path=//usr/lib/x86_64-linux-gnu/perl/5.32/auto/Fcntl HTTP/1.1" 200 14512 boxmarkdigital.com "-" "Mozilla/5.0 AppleWebKit/537.36 (KHTML, like Gecko; compatible; GPTBot/1.2; +https://openai.com/gptbot)" "-"
66.249.64.0 - - [19/Oct/2025:00:38:37 -0400] "GET /entity/465444475.shtm HTTP/1.1" 200 198655 boxmarkdigital.com "-" "Mozilla/5.0 (Linux; Android 6.0.1; Nexus 5X Build/MMB29P) AppleWebKit/537.36 (KHTML, like Gecko) Chrome/140.0.7339.207 Mobile Safari/537.36 (compatible; GoogleOther)" "-"
54.39.136.0 - - [19/Oct/2025:00:38:38 -0400] "GET /sitemap-child-712.xml HTTP/1.1" 200 167013 boxmarkdigital.com "-" "Mozilla/5.0 (compatible; AhrefsBot/7.0; +http://ahrefs.com/robot/)" "-"
20.171.207.0 - - [19/Oct/2025:00:38:39 -0400] "GET /?fileloc=//lib/aspell/en-variant_2.rws&path=//lib/aspell HTTP/1.1" 200 12243 boxmarkdigital.com "-" "Mozilla/5.0 AppleWebKit/537.36 (KHTML, like Gecko; compatible; GPTBot/1.2; +https://openai.com/gptbot)" "-"
20.171.207.0 - - [19/Oct/2025:00:38:43 -0400] "GET /?fileloc=//lib/aspell/en-variant_0.rws&path=//lib/aspell HTTP/1.1" 200 12243 boxmarkdigital.com "-" "Mozilla/5.0 AppleWebKit/537.36 (KHTML, like Gecko; compatible; GPTBot/1.2; +https://openai.com/gptbot)" "-"
20.171.207.0 - - [19/Oct/2025:00:38:46 -0400] "GET /?fileloc=//lib/aspell/en-variant_1.rws&path=//lib/aspell HTTP/1.1" 200 12243 boxmarkdigital.com "-" "Mozilla/5.0 AppleWebKit/537.36 (KHTML, like Gecko; compatible; GPTBot/1.2; +https://openai.com/gptbot)" "-"
51.161.65.0 - - [19/Oct/2025:00:38:48 -0400] "GET /sitemap-child-736.xml HTTP/1.1" 200 164310 boxmarkdigital.com "-" "Mozilla/5.0 (compatible; AhrefsBot/7.0; +http://ahrefs.com/robot/)" "-"
20.171.207.0 - - [19/Oct/2025:00:38:49 -0400] "GET /?fileloc=//bin/xsubpp&path=//bin HTTP/1.1" 200 17699 boxmarkdigital.com "-" "Mozilla/5.0 AppleWebKit/537.36 (KHTML, like Gecko; compatible; GPTBot/1.2; +https://openai.com/gptbot)" "-"
142.44.233.0 - - [19/Oct/2025:00:38:52 -0400] "GET /sitemap-child-738.xml HTTP/1.1" 200 167013 boxmarkdigital.com "-" "Mozilla/5.0 (compatible; AhrefsBot/7.0; +http://ahrefs.com/robot/)" "-"
20.171.207.0 - - [19/Oct/2025:00:38:52 -0400] "GET /?fileloc=//bin/rrdcgi&path=//bin HTTP/1.1" 200 12186 boxmarkdigital.com "-" "Mozilla/5.0 AppleWebKit/537.36 (KHTML, like Gecko; compatible; GPTBot/1.2; +https://openai.com/gptbot)" "-"
167.114.139.0 - - [19/Oct/2025:00:38:55 -0400] "GET /sitemap-child-764.xml HTTP/1.1" 200 166112 boxmarkdigital.com "-" "Mozilla/5.0 (compatible; AhrefsBot/7.0; +http://ahrefs.com/robot/)" "-"
20.171.207.0 - - [19/Oct/2025:00:38:55 -0400] "GET /?fileloc=//usr/sbin/usermod&path=//usr/sbin HTTP/1.1" 200 12228 boxmarkdigital.com "-" "Mozilla/5.0 AppleWebKit/537.36 (KHTML, like Gecko; compatible; GPTBot/1.2; +https://openai.com/gptbot)" "-"
43.173.182.0 - - [19/Oct/2025:00:38:55 -0400] "GET /shop?products-per-page=24 HTTP/1.1" 200 61284 boxmarkdigital.com "-" "Mozilla/5.0 (Windows NT 6.1; Win64; x64) AppleWebKit/537.36 (KHTML, like Gecko) Chrome/126.0.6478.114 Safari/537.36" "-"
20.171.207.0 - - [19/Oct/2025:00:38:58 -0400] "GET /?fileloc=//bin/dmesg&path=//bin HTTP/1.1" 200 12185 boxmarkdigital.com "-" "Mozilla/5.0 AppleWebKit/537.36 (KHTML, like Gecko; compatible; GPTBot/1.2; +https://openai.com/gptbot)" "-"
66.249.64.0 - - [19/Oct/2025:00:38:59 -0400] "GET /entity/338499565.shtm HTTP/1.1" 200 197741 boxmarkdigital.com "-" "Mozilla/5.0 (Linux; Android 6.0.1; Nexus 5X Build/MMB29P) AppleWebKit/537.36 (KHTML, like Gecko) Chrome/140.0.7339.207 Mobile Safari/537.36 (compatible; Googlebot/2.1; +http://www.google.com/bot.html)" "-"
15.235.27.0 - - [19/Oct/2025:00:38:59 -0400] "GET /sitemap-child-800.xml HTTP/1.1" 200 167013 boxmarkdigital.com "-" "Mozilla/5.0 (compatible; AhrefsBot/7.0; +http://ahrefs.com/robot/)" "-"
66.249.64.0 - - [19/Oct/2025:00:39:00 -0400] "GET /entity/1010009973.shtm HTTP/1.1" 200 203238 boxmarkdigital.com "-" "Mozilla/5.0 (Linux; Android 6.0.1; Nexus 5X Build/MMB29P) AppleWebKit/537.36 (KHTML, like Gecko) Chrome/140.0.7339.207 Mobile Safari/537.36 (compatible; Googlebot/2.1; +http://www.google.com/bot.html)" "-"
20.171.207.0 - - [19/Oct/2025:00:39:01 -0400] "GET /?fileloc=//bin/zstdmt&path=//bin HTTP/1.1" 200 12186 boxmarkdigital.com "-" "Mozilla/5.0 AppleWebKit/537.36 (KHTML, like Gecko; compatible; GPTBot/1.2; +https://openai.com/gptbot)" "-"
142.44.233.0 - - [19/Oct/2025:00:39:03 -0400] "GET /sitemap-child-839.xml HTTP/1.1" 200 166112 boxmarkdigital.com "-" "Mozilla/5.0 (compatible; AhrefsBot/7.0; +http://ahrefs.com/robot/)" "-"
20.171.207.0 - - [19/Oct/2025:00:39:04 -0400] "GET /?fileloc=//bin/stdbuf&path=//bin HTTP/1.1" 200 12186 boxmarkdigital.com "-" "Mozilla/5.0 AppleWebKit/537.36 (KHTML, like Gecko; compatible; GPTBot/1.2; +https://openai.com/gptbot)" "-"
148.113.128.0 - - [19/Oct/2025:00:39:06 -0400] "GET /sitemap-child-851.xml HTTP/1.1" 200 167013 boxmarkdigital.com "-" "Mozilla/5.0 (compatible; AhrefsBot/7.0; +http://ahrefs.com/robot/)" "-"
20.171.207.0 - - [19/Oct/2025:00:39:08 -0400] "GET /?fileloc=//bin/rmdir&path=//bin HTTP/1.1" 200 12185 boxmarkdigital.com "-" "Mozilla/5.0 AppleWebKit/537.36 (KHTML, like Gecko; compatible; GPTBot/1.2; +https://openai.com/gptbot)" "-"
66.249.64.0 - - [19/Oct/2025:00:39:09 -0400] "GET /entity/468065177.shtm HTTP/1.1" 200 207414 boxmarkdigital.com "-" "Mozilla/5.0 (Linux; Android 6.0.1; Nexus 5X Build/MMB29P) AppleWebKit/537.36 (KHTML, like Gecko) Chrome/140.0.7339.207 Mobile Safari/537.36 (compatible; GoogleOther)" "-"
51.161.37.0 - - [19/Oct/2025:00:39:10 -0400] "GET /sitemap-child-854.xml HTTP/1.1" 200 166112 boxmarkdigital.com "-" "Mozilla/5.0 (compatible; AhrefsBot/7.0; +http://ahrefs.com/robot/)" "-"
66.249.64.0 - - [19/Oct/2025:00:39:11 -0400] "GET /entity/467975164.shtm HTTP/1.1" 200 201180 boxmarkdigital.com "-" "Mozilla/5.0 (Linux; Android 6.0.1; Nexus 5X Build/MMB29P) AppleWebKit/537.36 (KHTML, like Gecko) Chrome/140.0.7339.207 Mobile Safari/537.36 (compatible; GoogleOther)" "-"
