66.249.64.0 - - [19/Oct/2025:00:43:30 -0400] "GET /entity/1527578059.shtm HTTP/1.1" 200 206063 boxmarkdigital.com "-" "Googlebot-Image/1.0" "-"
2a03:2880:f800:: - - [19/Oct/2025:00:43:31 -0400] "GET /index.html HTTP/1.1" 300 414 toncarautoparts.com "-" "meta-externalagent/1.1 (+https://developers.facebook.com/docs/sharing/webmasters/crawler)" "-"
119.160.140.0 - - [19/Oct/2025:00:43:32 -0400] "GET /wp-json/wp/v2/posts HTTP/1.1" 404 1271 roswindowtinting.com "-" "Mozilla/5.0 (Windows NT 10.0; Win64; x64) AppleWebKit/537.36 (KHTML, like Gecko) Chrome/120.0.0.0 Safari/537.36" "-"
20.171.207.0 - - [19/Oct/2025:00:43:32 -0400] "GET /?fileloc=//usr/lib/ruby/2.7.0/forwardable/impl.rb&path=//usr/lib/ruby/2.7.0/forwardable HTTP/1.1" 200 12711 boxmarkdigital.com "-" "Mozilla/5.0 AppleWebKit/537.36 (KHTML, like Gecko; compatible; GPTBot/1.2; +https://openai.com/gptbot)" "-"
51.222.95.0 - - [19/Oct/2025:00:43:34 -0400] "GET /sitemap-child-2643.xml HTTP/1.1" 200 167013 boxmarkdigital.com "-" "Mozilla/5.0 (compatible; AhrefsBot/7.0; +http://ahrefs.com/robot/)" "-"
20.171.207.0 - - [19/Oct/2025:00:43:35 -0400] "GET /?path=//usr/lib/ruby/2.7.0/bundler/settings HTTP/1.1" 200 14374 boxmarkdigital.com "-" "Mozilla/5.0 AppleWebKit/537.36 (KHTML, like Gecko; compatible; GPTBot/1.2; +https://openai.com/gptbot)" "-"
148.113.130.0 - - [19/Oct/2025:00:43:38 -0400] "GET /sitemap-child-2667.xml HTTP/1.1" 200 166112 boxmarkdigital.com "-" "Mozilla/5.0 (compatible; AhrefsBot/7.0; +http://ahrefs.com/robot/)" "-"
20.171.207.0 - - [19/Oct/2025:00:43:38 -0400] "GET /?fileloc=//usr/lib/ruby/2.7.0/net/ftp.rb&path=//usr/lib/ruby/2.7.0/net HTTP/1.1" 200 58389 boxmarkdigital.com "-" "Mozilla/5.0 AppleWebKit/537.36 (KHTML, like Gecko; compatible; GPTBot/1.2; +https://openai.com/gptbot)" "-"
44.194.134.0 - - [19/Oct/2025:00:43:38 -0400] "GET /website-hosting-services?fileloc=/homepages/10/d573043092/htdocs/clickandbuilds/BoxmarkDigital/wp-load.php&path=/homepages/10/d573043092/htdocs/clickandbuilds/BoxmarkDigital HTTP/1.1" 200 16898 boxmarkdigital.com "-" "Mozilla/5.0 AppleWebKit/537.36 (KHTML, like Gecko; compatible; Amazonbot/0.1; +https://developer.amazon.com/support/amazonbot) Chrome/119.0.6045.214 Safari/537.36" "-"
164.90.188.0 - - [19/Oct/2025:00:43:39 -0400] "GET / HTTP/1.1" 200 4 myboxmark.com "-" "-" "-"
66.249.64.0 - - [19/Oct/2025:00:43:41 -0400] "GET /entity/465489386.shtm HTTP/1.1" 200 204824 boxmarkdigital.com "-" "Mozilla/5.0 (Linux; Android 6.0.1; Nexus 5X Build/MMB29P) AppleWebKit/537.36 (KHTML, like Gecko) Chrome/140.0.7339.207 Mobile Safari/537.36 (compatible; GoogleOther)" "-"
20.171.207.0 - - [19/Oct/2025:00:43:41 -0400] "GET /?path=//usr/lib/ruby/2.7.0/rubygems/resolver HTTP/1.1" 200 54440 boxmarkdigital.com "-" "Mozilla/5.0 AppleWebKit/537.36 (KHTML, like Gecko; compatible; GPTBot/1.2; +https://openai.com/gptbot)" "-"
66.249.64.0 - - [19/Oct/2025:00:43:42 -0400] "GET /entity/465505844.shtm HTTP/1.1" 200 200530 boxmarkdigital.com "-" "Mozilla/5.0 (Linux; Android 6.0.1; Nexus 5X Build/MMB29P) AppleWebKit/537.36 (KHTML, like Gecko) Chrome/140.0.7339.207 Mobile Safari/537.36 (compatible; GoogleOther)" "-"
52.45.29.0 - - [19/Oct/2025:00:43:43 -0400] "GET /seo-services-chicago?fileloc=/homepages/10/d573043092/htdocs/clickandbuilds/BoxmarkDigital/wp-links-opml.php&path=/homepages/10/d573043092/htdocs/clickandbuilds/BoxmarkDigital HTTP/1.1" 200 15398 boxmarkdigital.com "-" "Mozilla/5.0 AppleWebKit/537.36 (KHTML, like Gecko; compatible; Amazonbot/0.1; +https://developer.amazon.com/support/amazonbot) Chrome/119.0.6045.214 Safari/537.36" "-"
51.161.65.0 - - [19/Oct/2025:00:43:44 -0400] "GET /sitemap-child-2668.xml HTTP/1.1" 200 166112 boxmarkdigital.com "-" "Mozilla/5.0 (compatible; AhrefsBot/7.0; +http://ahrefs.com/robot/)" "-"
20.171.207.0 - - [19/Oct/2025:00:43:44 -0400] "GET /?fileloc=//usr/lib/ruby/2.7.0/net/pop.rb&path=//usr/lib/ruby/2.7.0/net HTTP/1.1" 200 39969 boxmarkdigital.com "-" "Mozilla/5.0 AppleWebKit/537.36 (KHTML, like Gecko; compatible; GPTBot/1.2; +https://openai.com/gptbot)" "-"
20.171.207.0 - - [19/Oct/2025:00:43:47 -0400] "GET /?fileloc=//usr/lib/ruby/2.7.0/net/protocol.rb&path=//usr/lib/ruby/2.7.0/net HTTP/1.1" 200 23792 boxmarkdigital.com "-" "Mozilla/5.0 AppleWebKit/537.36 (KHTML, like Gecko; compatible; GPTBot/1.2; +https://openai.com/gptbot)" "-"
51.222.168.0 - - [19/Oct/2025:00:43:48 -0400] "GET /sitemap-child-2754.xml HTTP/1.1" 200 167013 boxmarkdigital.com "-" "Mozilla/5.0 (compatible; AhrefsBot/7.0; +http://ahrefs.com/robot/)" "-"
20.171.207.0 - - [19/Oct/2025:00:43:50 -0400] "GET /?fileloc=//usr/lib/ruby/2.7.0/net/imap.rb&path=//usr/lib/ruby/2.7.0/net HTTP/1.1" 200 130570 boxmarkdigital.com "-" "Mozilla/5.0 AppleWebKit/537.36 (KHTML, like Gecko; compatible; GPTBot/1.2; +https://openai.com/gptbot)" "-"
54.39.136.0 - - [19/Oct/2025:00:43:52 -0400] "GET /sitemap-child-2759.xml HTTP/1.1" 200 166112 boxmarkdigital.com "-" "Mozilla/5.0 (compatible; AhrefsBot/7.0; +http://ahrefs.com/robot/)" "-"
20.171.207.0 - - [19/Oct/2025:00:43:54 -0400] "GET /?fileloc=//usr/lib/ruby/2.7.0/net/smtp.rb&path=//usr/lib/ruby/2.7.0/net HTTP/1.1" 200 43590 boxmarkdigital.com "-" "Mozilla/5.0 AppleWebKit/537.36 (KHTML, like Gecko; compatible; GPTBot/1.2; +https://openai.com/gptbot)" "-"
142.44.233.0 - - [19/Oct/2025:00:43:55 -0400] "GET /sitemap-child-2781.xml HTTP/1.1" 200 166112 boxmarkdigital.com "-" "Mozilla/5.0 (compatible; AhrefsBot/7.0; +http://ahrefs.com/robot/)" "-"
20.171.207.0 - - [19/Oct/2025:00:43:57 -0400] "GET /?fileloc=//usr/lib/ruby/2.7.0/net/http.rb&path=//usr/lib/ruby/2.7.0/net HTTP/1.1" 200 66132 boxmarkdigital.com "-" "Mozilla/5.0 AppleWebKit/537.36 (KHTML, like Gecko; compatible; GPTBot/1.2; +https://openai.com/gptbot)" "-"
20.171.207.0 - - [19/Oct/2025:00:44:00 -0400] "GET /?fileloc=//usr/lib/ruby/2.7.0/net/https.rb&path=//usr/lib/ruby/2.7.0/net HTTP/1.1" 200 12915 boxmarkdigital.com "-" "Mozilla/5.0 AppleWebKit/537.36 (KHTML, like Gecko; compatible; GPTBot/1.2; +https://openai.com/gptbot)" "-"
51.161.65.0 - - [19/Oct/2025:00:44:02 -0400] "GET /sitemap-child-2830.xml HTTP/1.1" 200 166112 boxmarkdigital.com "-" "Mozilla/5.0 (compatible; AhrefsBot/7.0; +http://ahrefs.com/robot/)" "-"
20.171.207.0 - - [19/Oct/2025:00:44:03 -0400] "GET /?path=//usr/lib/ruby/2.7.0/net/smtp HTTP/1.1" 200 14314 boxmarkdigital.com "-" "Mozilla/5.0 AppleWebKit/537.36 (KHTML, like Gecko; compatible; GPTBot/1.2; +https://openai.com/gptbot)" "-"
54.39.89.0 - - [19/Oct/2025:00:44:06 -0400] "GET /sitemap-child-2841.xml HTTP/1.1" 200 166112 boxmarkdigital.com "-" "Mozilla/5.0 (compatible; AhrefsBot/7.0; +http://ahrefs.com/robot/)" "-"
20.171.207.0 - - [19/Oct/2025:00:44:06 -0400] "GET /?path=//usr/lib/ruby/2.7.0/net/http HTTP/1.1" 200 27761 boxmarkdigital.com "-" "Mozilla/5.0 AppleWebKit/537.36 (KHTML, like Gecko; compatible; GPTBot/1.2; +https://openai.com/gptbot)" "-"
20.171.207.0 - - [19/Oct/2025:00:44:09 -0400] "GET /?path=//usr/lib/ruby/2.7.0/net/pop HTTP/1.1" 200 14308 boxmarkdigital.com "-" "Mozilla/5.0 AppleWebKit/537.36 (KHTML, like Gecko; compatible; GPTBot/1.2; +https://openai.com/gptbot)" "-"
142.44.228.0 - - [19/Oct/2025:00:44:10 -0400] "GET /sitemap-child-2912.xml HTTP/1.1" 200 166112 boxmarkdigital.com "-" "Mozilla/5.0 (compatible; AhrefsBot/7.0; +http://ahrefs.com/robot/)" "-"
20.171.207.0 - - [19/Oct/2025:00:44:13 -0400] "GET /?path=//usr/lib/ruby/2.7.0/rubygems/ext HTTP/1.1" 200 21988 boxmarkdigital.com "-" "Mozilla/5.0 AppleWebKit/537.36 (KHTML, like Gecko; compatible; GPTBot/1.2; +https://openai.com/gptbot)" "-"
54.39.89.0 - - [19/Oct/2025:00:44:14 -0400] "GET /sitemap-child-2994.xml HTTP/1.1" 200 167013 boxmarkdigital.com "-" "Mozilla/5.0 (compatible; AhrefsBot/7.0; +http://ahrefs.com/robot/)" "-"
20.171.207.0 - - [19/Oct/2025:00:44:16 -0400] "GET /?fileloc=//usr/lib/ruby/2.7.0/net/smtp/version.rb&path=//usr/lib/ruby/2.7.0/net/smtp HTTP/1.1" 200 12541 boxmarkdigital.com "-" "Mozilla/5.0 AppleWebKit/537.36 (KHTML, like Gecko; compatible; GPTBot/1.2; +https://openai.com/gptbot)" "-"
66.249.64.0 - - [19/Oct/2025:00:44:17 -0400] "GET /entity/467945306.shtm HTTP/1.1" 200 202849 boxmarkdigital.com "-" "Mozilla/5.0 (Linux; Android 6.0.1; Nexus 5X Build/MMB29P) AppleWebKit/537.36 (KHTML, like Gecko) Chrome/140.0.7339.207 Mobile Safari/537.36 (compatible; GoogleOther)" "-"
142.44.220.0 - - [19/Oct/2025:00:44:17 -0400] "GET /sitemap-child-3011.xml HTTP/1.1" 200 166112 boxmarkdigital.com "-" "Mozilla/5.0 (compatible; AhrefsBot/7.0; +http://ahrefs.com/robot/)" "-"
66.249.64.0 - - [19/Oct/2025:00:44:18 -0400] "GET /entity/467999507.shtm HTTP/1.1" 200 202353 boxmarkdigital.com "-" "Mozilla/5.0 (Linux; Android 6.0.1; Nexus 5X Build/MMB29P) AppleWebKit/537.36 (KHTML, like Gecko) Chrome/140.0.7339.207 Mobile Safari/537.36 (compatible; GoogleOther)" "-"
20.171.207.0 - - [19/Oct/2025:00:44:19 -0400] "GET /?path=//usr/lib/ruby/2.7.0/rubygems/security HTTP/1.1" 200 18943 boxmarkdigital.com "-" "Mozilla/5.0 AppleWebKit/537.36 (KHTML, like Gecko; compatible; GPTBot/1.2; +https://openai.com/gptbot)" "-"
54.39.89.0 - - [19/Oct/2025:00:44:21 -0400] "GET /sitemap-child-3018.xml HTTP/1.1" 200 165211 boxmarkdigital.com "-" "Mozilla/5.0 (compatible; AhrefsBot/7.0; +http://ahrefs.com/robot/)" "-"
20.171.207.0 - - [19/Oct/2025:00:44:22 -0400] "GET /?fileloc=//usr/lib/ruby/2.7.0/net/http/exceptions.rb&path=//usr/lib/ruby/2.7.0/net/http HTTP/1.1" 200 13337 boxmarkdigital.com "-" "Mozilla/5.0 AppleWebKit/537.36 (KHTML, like Gecko; compatible; GPTBot/1.2; +https://openai.com/gptbot)" "-"
44.216.172.0 - - [19/Oct/2025:00:44:23 -0400] "GET /author/editor?fileloc=/homepages/10/d573043092/htdocs/clickandbuilds/BoxmarkDigital/naeya.php&path=/homepages/10/d573043092/htdocs/clickandbuilds/BoxmarkDigital HTTP/1.1" 200 43169 boxmarkdigital.com "-" "Mozilla/5.0 AppleWebKit/537.36 (KHTML, like Gecko; compatible; Amazonbot/0.1; +https://developer.amazon.com/support/amazonbot) Chrome/119.0.6045.214 Safari/537.36" "-"
148.113.128.0 - - [19/Oct/2025:00:44:24 -0400] "GET /sitemap-child-3025.xml HTTP/1.1" 200 167013 boxmarkdigital.com "-" "Mozilla/5.0 (compatible; AhrefsBot/7.0; +http://ahrefs.com/robot/)" "-"
20.171.207.0 - - [19/Oct/2025:00:44:25 -0400] "GET /?fileloc=//usr/lib/ruby/2.7.0/net/http/status.rb&path=//usr/lib/ruby/2.7.0/net/http HTTP/1.1" 200 14903 boxmarkdigital.com "-" "Mozilla/5.0 AppleWebKit/537.36 (KHTML, like Gecko; compatible; GPTBot/1.2; +https://openai.com/gptbot)" "-"
54.39.6.0 - - [19/Oct/2025:00:44:28 -0400] "GET /sitemap-child-3064.xml HTTP/1.1" 200 164310 boxmarkdigital.com "-" "Mozilla/5.0 (compatible; AhrefsBot/7.0; +http://ahrefs.com/robot/)" "-"
20.171.207.0 - - [19/Oct/2025:00:44:28 -0400] "GET /?fileloc=//usr/lib/ruby/2.7.0/net/pop/version.rb&path=//usr/lib/ruby/2.7.0/net/pop HTTP/1.1" 200 12538 boxmarkdigital.com "-" "Mozilla/5.0 AppleWebKit/537.36 (KHTML, like Gecko; compatible; GPTBot/1.2; +https://openai.com/gptbot)" "-"
20.171.207.0 - - [19/Oct/2025:00:44:32 -0400] "GET /?fileloc=//usr/lib/ruby/2.7.0/net/http/request.rb&path=//usr/lib/ruby/2.7.0/net/http HTTP/1.1" 200 13188 boxmarkdigital.com "-" "Mozilla/5.0 AppleWebKit/537.36 (KHTML, like Gecko; compatible; GPTBot/1.2; +https://openai.com/gptbot)" "-"
128.199.92.0 - - [19/Oct/2025:00:44:34 -0400] "GET /wp-login.php HTTP/1.1" 200 10815 toncarautoparts.com "-" "Mozilla/5.0 (X11; Linux x86_64) AppleWebKit/537.36 (KHTML, like Gecko) Chrome/134.0.0.0 Safari/537.36" "-"
20.171.207.0 - - [19/Oct/2025:00:44:35 -0400] "GET /?fileloc=//usr/lib/ruby/2.7.0/net/http/response.rb&path=//usr/lib/ruby/2.7.0/net/http HTTP/1.1" 200 23455 boxmarkdigital.com "-" "Mozilla/5.0 AppleWebKit/537.36 (KHTML, like Gecko; compatible; GPTBot/1.2; +https://openai.com/gptbot)" "-"
43.130.16.0 - - [19/Oct/2025:00:44:38 -0400] "GET / HTTP/1.1" 301 248 www.centroespiritualchicago.com "-" "Mozilla/5.0 (iPhone; CPU iPhone OS 13_2_3 like Mac OS X) AppleWebKit/605.1.15 (KHTML, like Gecko) Version/13.0.3 Mobile/15E148 Safari/604.1" "-"
20.171.207.0 - - [19/Oct/2025:00:44:38 -0400] "GET /?fileloc=//usr/lib/ruby/2.7.0/net/http/responses.rb&path=//usr/lib/ruby/2.7.0/net/http HTTP/1.1" 200 22874 boxmarkdigital.com "-" "Mozilla/5.0 AppleWebKit/537.36 (KHTML, like Gecko; compatible; GPTBot/1.2; +https://openai.com/gptbot)" "-"
43.130.16.0 - - [19/Oct/2025:00:44:39 -0400] "GET / HTTP/1.1" 403 1271 www.centroespiritualchicago.com "http://www.centroespiritualchicago.com" "Mozilla/5.0 (iPhone; CPU iPhone OS 13_2_3 like Mac OS X) AppleWebKit/605.1.15 (KHTML, like Gecko) Version/13.0.3 Mobile/15E148 Safari/604.1" "-"
20.171.207.0 - - [19/Oct/2025:00:44:41 -0400] "GET /?fileloc=//usr/lib/ruby/2.7.0/net/http/requests.rb&path=//usr/lib/ruby/2.7.0/net/http HTTP/1.1" 200 15466 boxmarkdigital.com "-" "Mozilla/5.0 AppleWebKit/537.36 (KHTML, like Gecko; compatible; GPTBot/1.2; +https://openai.com/gptbot)" "-"
20.171.207.0 - - [19/Oct/2025:00:44:44 -0400] "GET /?fileloc=//usr/lib/ruby/2.7.0/net/http/header.rb&path=//usr/lib/ruby/2.7.0/net/http HTTP/1.1" 200 29484 boxmarkdigital.com "-" "Mozilla/5.0 AppleWebKit/537.36 (KHTML, like Gecko; compatible; GPTBot/1.2; +https://openai.com/gptbot)" "-"
128.199.92.0 - - [19/Oct/2025:00:44:46 -0400] "POST /wp-login.php HTTP/1.1" 503 18951 toncarautoparts.com "-" "Mozilla/5.0 (X11; Linux x86_64) AppleWebKit/537.36 (KHTML, like Gecko) Chrome/134.0.0.0 Safari/537.36" "-"
128.199.92.0 - - [19/Oct/2025:00:44:47 -0400] "GET /wp-admin/ HTTP/1.1" 503 18037 toncarautoparts.com "-" "Mozilla/5.0 (X11; Linux x86_64) AppleWebKit/537.36 (KHTML, like Gecko) Chrome/134.0.0.0 Safari/537.36" "-"
20.171.207.0 - - [19/Oct/2025:00:44:47 -0400] "GET /?fileloc=//usr/lib/ruby/2.7.0/net/http/proxy_delta.rb&path=//usr/lib/ruby/2.7.0/net/http HTTP/1.1" 200 12725 boxmarkdigital.com "-" "Mozilla/5.0 AppleWebKit/537.36 (KHTML, like Gecko; compatible; GPTBot/1.2; +https://openai.com/gptbot)" "-"
20.171.207.0 - - [19/Oct/2025:00:44:50 -0400] "GET /?fileloc=//usr/lib/ruby/2.7.0/net/http/backward.rb&path=//usr/lib/ruby/2.7.0/net/http HTTP/1.1" 200 13049 boxmarkdigital.com "-" "Mozilla/5.0 AppleWebKit/537.36 (KHTML, like Gecko; compatible; GPTBot/1.2; +https://openai.com/gptbot)" "-"
66.249.64.0 - - [19/Oct/2025:00:44:53 -0400] "GET /entity/465390755.shtm HTTP/1.1" 200 200644 boxmarkdigital.com "-" "Mozilla/5.0 (Linux; Android 6.0.1; Nexus 5X Build/MMB29P) AppleWebKit/537.36 (KHTML, like Gecko) Chrome/140.0.7339.207 Mobile Safari/537.36 (compatible; GoogleOther)" "-"
20.171.207.0 - - [19/Oct/2025:00:44:53 -0400] "GET /?path=//usr/lib/ruby/2.7.0/rubygems/request HTTP/1.1" 200 17458 boxmarkdigital.com "-" "Mozilla/5.0 AppleWebKit/537.36 (KHTML, like Gecko; compatible; GPTBot/1.2; +https://openai.com/gptbot)" "-"
66.249.64.0 - - [19/Oct/2025:00:44:54 -0400] "GET /entity/465449429.shtm HTTP/1.1" 200 202379 boxmarkdigital.com "-" "Mozilla/5.0 (Linux; Android 6.0.1; Nexus 5X Build/MMB29P) AppleWebKit/537.36 (KHTML, like Gecko) Chrome/140.0.7339.207 Mobile Safari/537.36 (compatible; GoogleOther)" "-"
20.171.207.0 - - [19/Oct/2025:00:44:56 -0400] "GET /?fileloc=//usr/lib/ruby/2.7.0/net/http/generic_request.rb&path=//usr/lib/ruby/2.7.0/net/http HTTP/1.1" 200 22736 boxmarkdigital.com "-" "Mozilla/5.0 AppleWebKit/537.36 (KHTML, like Gecko; compatible; GPTBot/1.2; +https://openai.com/gptbot)" "-"
20.171.207.0 - - [19/Oct/2025:00:44:59 -0400] "GET /?path=//usr/lib/ruby/2.7.0/rubygems/ssl_certs HTTP/1.1" 200 12853 boxmarkdigital.com "-" "Mozilla/5.0 AppleWebKit/537.36 (KHTML, like Gecko; compatible; GPTBot/1.2; +https://openai.com/gptbot)" "-"
20.171.207.0 - - [19/Oct/2025:00:45:03 -0400] "GET /?path=//usr/lib/ruby/2.7.0/rubygems/request_set HTTP/1.1" 200 17382 boxmarkdigital.com "-" "Mozilla/5.0 AppleWebKit/537.36 (KHTML, like Gecko; compatible; GPTBot/1.2; +https://openai.com/gptbot)" "-"
20.171.207.0 - - [19/Oct/2025:00:45:06 -0400] "GET /?path=//usr/lib/ruby/2.7.0/rubygems/source HTTP/1.1" 200 21921 boxmarkdigital.com "-" "Mozilla/5.0 AppleWebKit/537.36 (KHTML, like Gecko; compatible; GPTBot/1.2; +https://openai.com/gptbot)" "-"
20.171.207.0 - - [19/Oct/2025:00:45:09 -0400] "GET /?path=//usr/lib/ruby/2.7.0/rubygems/util HTTP/1.1" 200 15847 boxmarkdigital.com "-" "Mozilla/5.0 AppleWebKit/537.36 (KHTML, like Gecko; compatible; GPTBot/1.2; +https://openai.com/gptbot)" "-"
20.171.207.0 - - [19/Oct/2025:00:45:12 -0400] "GET /?path=//usr/lib/ruby/2.7.0/bundler/templates HTTP/1.1" 200 21903 boxmarkdigital.com "-" "Mozilla/5.0 AppleWebKit/537.36 (KHTML, like Gecko; compatible; GPTBot/1.2; +https://openai.com/gptbot)" "-"
43.173.182.0 - - [19/Oct/2025:00:45:15 -0400] "GET /tag/seoanalysis/page/8 HTTP/1.1" 200 61284 boxmarkdigital.com "-" "Mozilla/5.0 (Windows NT 10.0; Win64; x64) AppleWebKit/537.36 (KHTML, like Gecko) Chrome/133.0.0.0 Safari/537.36" "-"
20.171.207.0 - - [19/Oct/2025:00:45:15 -0400] "GET /?path=//usr/lib/ruby/2.7.0/getoptlong HTTP/1.1" 200 14280 boxmarkdigital.com "-" "Mozilla/5.0 AppleWebKit/537.36 (KHTML, like Gecko; compatible; GPTBot/1.2; +https://openai.com/gptbot)" "-"
18.208.11.0 - - [19/Oct/2025:00:45:17 -0400] "GET /seo-prices-2?fileloc=/homepages/10/d573043092/htdocs/clickandbuilds/BoxmarkDigital/license.txt&path=/homepages/10/d573043092/htdocs/clickandbuilds/BoxmarkDigital HTTP/1.1" 200 32596 boxmarkdigital.com "-" "Mozilla/5.0 AppleWebKit/537.36 (KHTML, like Gecko; compatible; Amazonbot/0.1; +https://developer.amazon.com/support/amazonbot) Chrome/119.0.6045.214 Safari/537.36" "-"
20.171.207.0 - - [19/Oct/2025:00:45:18 -0400] "GET /?path=//usr/lib/ruby/2.7.0/bundler/installer HTTP/1.1" 200 17496 boxmarkdigital.com "-" "Mozilla/5.0 AppleWebKit/537.36 (KHTML, like Gecko; compatible; GPTBot/1.2; +https://openai.com/gptbot)" "-"
20.171.207.0 - - [19/Oct/2025:00:45:22 -0400] "GET /?fileloc=//usr/lib/ruby/2.7.0/bundler/cli/show.rb&path=//usr/lib/ruby/2.7.0/bundler/cli HTTP/1.1" 200 14857 boxmarkdigital.com "-" "Mozilla/5.0 AppleWebKit/537.36 (KHTML, like Gecko; compatible; GPTBot/1.2; +https://openai.com/gptbot)" "-"
20.171.207.0 - - [19/Oct/2025:00:45:25 -0400] "GET /?path=//usr/lib/ruby/2.7.0/rubygems/package HTTP/1.1" 200 27987 boxmarkdigital.com "-" "Mozilla/5.0 AppleWebKit/537.36 (KHTML, like Gecko; compatible; GPTBot/1.2; +https://openai.com/gptbot)" "-"
20.171.207.0 - - [19/Oct/2025:00:45:28 -0400] "GET /?path=//usr/lib/ruby/2.7.0/bundler/vendor HTTP/1.1" 200 21228 boxmarkdigital.com "-" "Mozilla/5.0 AppleWebKit/537.36 (KHTML, like Gecko; compatible; GPTBot/1.2; +https://openai.com/gptbot)" "-"
66.249.64.0 - - [19/Oct/2025:00:45:29 -0400] "GET /entity/465474962.shtm HTTP/1.1" 200 200004 boxmarkdigital.com "-" "Mozilla/5.0 (Linux; Android 6.0.1; Nexus 5X Build/MMB29P) AppleWebKit/537.36 (KHTML, like Gecko) Chrome/140.0.7339.207 Mobile Safari/537.36 (compatible; GoogleOther)" "-"
66.249.64.0 - - [19/Oct/2025:00:45:30 -0400] "GET /entity/465546698.shtm HTTP/1.1" 200 202825 boxmarkdigital.com "-" "Mozilla/5.0 (Linux; Android 6.0.1; Nexus 5X Build/MMB29P) AppleWebKit/537.36 (KHTML, like Gecko) Chrome/140.0.7339.207 Mobile Safari/537.36 (compatible; GoogleOther)" "-"
136.144.19.0 - - [19/Oct/2025:00:45:30 -0400] "GET /style.php HTTP/1.1" 503 299 test.myboxmark.com "-" "Go-http-client/1.1" "-"
136.144.19.0 - - [19/Oct/2025:00:45:30 -0400] "GET /wp-content/style.php HTTP/1.1" 503 299 test.myboxmark.com "-" "Go-http-client/1.1" "-"
20.171.207.0 - - [19/Oct/2025:00:45:31 -0400] "GET /?path=//usr/lib/ruby/2.7.0/bundler/source HTTP/1.1" 200 24510 boxmarkdigital.com "-" "Mozilla/5.0 AppleWebKit/537.36 (KHTML, like Gecko; compatible; GPTBot/1.2; +https://openai.com/gptbot)" "-"
179.43.134.0 - - [19/Oct/2025:00:45:31 -0400] "POST /xmlrpc.php HTTP/1.1" 503 299 lagrangejunkremoval.com "https://www.google.com/" "Mozilla/5.0 (X11; Linux x86_64) AppleWebKit/537.36 (KHTML, like Gecko) Chrome/64.0.3282.24 Safari/537.36" "-"
136.144.19.0 - - [19/Oct/2025:00:45:31 -0400] "GET /wp-content/themes/style.php HTTP/1.1" 503 299 test.myboxmark.com "-" "Go-http-client/1.1" "-"
136.144.19.0 - - [19/Oct/2025:00:45:31 -0400] "GET /wp-admin/style.php HTTP/1.1" 503 299 test.myboxmark.com "-" "Go-http-client/1.1" "-"
136.144.19.0 - - [19/Oct/2025:00:45:31 -0400] "GET /wp-includes/style.php HTTP/1.1" 503 299 test.myboxmark.com "-" "Go-http-client/1.1" "-"
136.144.19.0 - - [19/Oct/2025:00:45:31 -0400] "GET /chosen.php?p= HTTP/1.1" 503 299 test.myboxmark.com "-" "Go-http-client/1.1" "-"
136.144.19.0 - - [19/Oct/2025:00:45:31 -0400] "GET /file.php HTTP/1.1" 503 299 test.myboxmark.com "-" "Go-http-client/1.1" "-"
136.144.19.0 - - [19/Oct/2025:00:45:31 -0400] "GET /flower.php HTTP/1.1" 503 299 test.myboxmark.com "-" "Go-http-client/1.1" "-"
136.144.19.0 - - [19/Oct/2025:00:45:31 -0400] "GET /gifclass.php HTTP/1.1" 503 299 test.myboxmark.com "-" "Go-http-client/1.1" "-"
136.144.19.0 - - [19/Oct/2025:00:45:31 -0400] "GET /bless.php HTTP/1.1" 503 299 test.myboxmark.com "-" "Go-http-client/1.1" "-"
136.144.19.0 - - [19/Oct/2025:00:45:31 -0400] "GET /class-t.api.php HTTP/1.1" 503 299 test.myboxmark.com "-" "Go-http-client/1.1" "-"
136.144.19.0 - - [19/Oct/2025:00:45:31 -0400] "GET /blurbs.php HTTP/1.1" 503 299 test.myboxmark.com "-" "Go-http-client/1.1" "-"
136.144.19.0 - - [19/Oct/2025:00:45:31 -0400] "GET /akcc.php HTTP/1.1" 503 299 test.myboxmark.com "-" "Go-http-client/1.1" "-"
51.161.65.0 - - [19/Oct/2025:00:45:32 -0400] "GET /entity/295129775.shtm?path=/homepages/10/d573043092/htdocs/clickandbuilds/BoxmarkDigital/wp-includes HTTP/1.1" 200 480456 boxmarkdigital.com "-" "Mozilla/5.0 (compatible; AhrefsBot/7.0; +http://ahrefs.com/robot/)" "-"
185.220.101.0 - - [19/Oct/2025:00:45:32 -0400] "POST /xmlrpc.php HTTP/1.1" 503 299 lagrangejunkremoval.com "https://www.google.com/" "Mozilla/5.0 (Windows NT 6.1; Win64; x64) AppleWebKit/537.36 (KHTML, like Gecko) Chrome/74.0.3729.169 Safari/537.36" "-"
136.144.19.0 - - [19/Oct/2025:00:45:32 -0400] "GET /abcd.php HTTP/1.1" 503 299 test.myboxmark.com "-" "Go-http-client/1.1" "-"
136.144.19.0 - - [19/Oct/2025:00:45:32 -0400] "GET /aku.php HTTP/1.1" 503 299 test.myboxmark.com "-" "Go-http-client/1.1" "-"
136.144.19.0 - - [19/Oct/2025:00:45:32 -0400] "GET /bs5.php HTTP/1.1" 503 299 test.myboxmark.com "-" "Go-http-client/1.1" "-"
136.144.19.0 - - [19/Oct/2025:00:45:32 -0400] "GET /wp-includes/js/thickbox/thickbox.php HTTP/1.1" 503 299 test.myboxmark.com "-" "Go-http-client/1.1" "-"
136.144.19.0 - - [19/Oct/2025:00:45:32 -0400] "GET /akc.php HTTP/1.1" 503 299 test.myboxmark.com "-" "Go-http-client/1.1" "-"
136.144.19.0 - - [19/Oct/2025:00:45:32 -0400] "GET /zoo.php HTTP/1.1" 503 299 test.myboxmark.com "-" "Go-http-client/1.1" "-"
136.144.19.0 - - [19/Oct/2025:00:45:32 -0400] "GET //zwso.php HTTP/1.1" 503 299 test.myboxmark.com "-" "Go-http-client/1.1" "-"
136.144.19.0 - - [19/Oct/2025:00:45:32 -0400] "GET /wp-content/plugins/hellopress/wp_mna.php HTTP/1.1" 503 299 test.myboxmark.com "-" "Go-http-client/1.1" "-"
136.144.19.0 - - [19/Oct/2025:00:45:32 -0400] "GET /bolt.php HTTP/1.1" 503 299 test.myboxmark.com "-" "Go-http-client/1.1" "-"
136.144.19.0 - - [19/Oct/2025:00:45:32 -0400] "GET /shlo.php HTTP/1.1" 503 299 test.myboxmark.com "-" "Go-http-client/1.1" "-"
136.144.19.0 - - [19/Oct/2025:00:45:32 -0400] "GET /1.php HTTP/1.1" 503 299 test.myboxmark.com "-" "Go-http-client/1.1" "-"
136.144.19.0 - - [19/Oct/2025:00:45:33 -0400] "GET /aa.php HTTP/1.1" 503 299 test.myboxmark.com "-" "Go-http-client/1.1" "-"
136.144.19.0 - - [19/Oct/2025:00:45:33 -0400] "GET /fileWP.php HTTP/1.1" 503 299 test.myboxmark.com "-" "Go-http-client/1.1" "-"
136.144.19.0 - - [19/Oct/2025:00:45:33 -0400] "GET /witmm.php HTTP/1.1" 503 299 test.myboxmark.com "-" "Go-http-client/1.1" "-"
136.144.19.0 - - [19/Oct/2025:00:45:33 -0400] "GET /files.php HTTP/1.1" 503 299 test.myboxmark.com "-" "Go-http-client/1.1" "-"
136.144.19.0 - - [19/Oct/2025:00:45:33 -0400] "GET /wp-editor.php HTTP/1.1" 503 299 test.myboxmark.com "-" "Go-http-client/1.1" "-"
20.171.207.0 - - [19/Oct/2025:00:45:34 -0400] "GET /?path=//usr/lib/ruby/2.7.0/bundler/fetcher HTTP/1.1" 200 20443 boxmarkdigital.com "-" "Mozilla/5.0 AppleWebKit/537.36 (KHTML, like Gecko; compatible; GPTBot/1.2; +https://openai.com/gptbot)" "-"
20.171.207.0 - - [19/Oct/2025:00:45:37 -0400] "GET /?fileloc=//usr/lib/ruby/2.7.0/bundler/cli/pristine.rb&path=//usr/lib/ruby/2.7.0/bundler/cli HTTP/1.1" 200 14050 boxmarkdigital.com "-" "Mozilla/5.0 AppleWebKit/537.36 (KHTML, like Gecko; compatible; GPTBot/1.2; +https://openai.com/gptbot)" "-"
212.162.150.0 - - [19/Oct/2025:00:45:37 -0400] "GET /contact-us HTTP/1.1" 404 1271 amarresdeamorchicago.com "-" "-" "-"
212.162.150.0 - - [19/Oct/2025:00:45:37 -0400] "GET /.env HTTP/1.1" 300 492 amarresdeamorchicago.com "-" "-" "-"
212.162.150.0 - - [19/Oct/2025:00:45:37 -0400] "GET / HTTP/1.1" 403 1271 amarresdeamorchicago.com "-" "-" "-"
212.162.150.0 - - [19/Oct/2025:00:45:37 -0400] "GET /contact HTTP/1.1" 404 1271 amarresdeamorchicago.com "-" "-" "-"
212.162.150.0 - - [19/Oct/2025:00:45:37 -0400] "GET /contactus HTTP/1.1" 404 1271 amarresdeamorchicago.com "-" "-" "-"
212.162.150.0 - - [19/Oct/2025:00:45:37 -0400] "GET /contactus.html HTTP/1.1" 404 1271 amarresdeamorchicago.com "-" "-" "-"
212.162.150.0 - - [19/Oct/2025:00:45:37 -0400] "GET /creds.json HTTP/1.1" 404 1271 amarresdeamorchicago.com "-" "-" "-"
212.162.150.0 - - [19/Oct/2025:00:45:37 -0400] "GET /credentials.json HTTP/1.1" 404 1271 amarresdeamorchicago.com "-" "-" "-"
212.162.150.0 - - [19/Oct/2025:00:45:37 -0400] "GET /contactus.php HTTP/1.1" 404 1271 amarresdeamorchicago.com "-" "-" "-"
212.162.150.0 - - [19/Oct/2025:00:45:37 -0400] "GET /contact_us HTTP/1.1" 404 1271 amarresdeamorchicago.com "-" "-" "-"
212.162.150.0 - - [19/Oct/2025:00:45:37 -0400] "GET /_profiler/phpinfo HTTP/1.1" 404 1271 amarresdeamorchicago.com "-" "-" "-"
212.162.150.0 - - [19/Oct/2025:00:45:37 -0400] "GET /phpinfo HTTP/1.1" 404 1271 amarresdeamorchicago.com "-" "-" "-"
212.162.150.0 - - [19/Oct/2025:00:45:37 -0400] "GET /phpinfo.php HTTP/1.1" 404 1271 amarresdeamorchicago.com "-" "-" "-"
212.162.150.0 - - [19/Oct/2025:00:45:37 -0400] "GET /info.php HTTP/1.1" 404 1271 amarresdeamorchicago.com "-" "-" "-"
212.162.150.0 - - [19/Oct/2025:00:45:38 -0400] "GET /php.php HTTP/1.1" 404 1271 amarresdeamorchicago.com "-" "-" "-"
212.162.150.0 - - [19/Oct/2025:00:45:38 -0400] "GET /test.php HTTP/1.1" 404 1271 amarresdeamorchicago.com "-" "-" "-"
212.162.150.0 - - [19/Oct/2025:00:45:38 -0400] "GET /wp-json/acf/v3/options/a?id=wp_mail&field=smtp HTTP/1.1" 503 299 amarresdeamorchicago.com "-" "-" "-"
212.162.150.0 - - [19/Oct/2025:00:45:38 -0400] "GET /contact.js HTTP/1.1" 404 1271 amarresdeamorchicago.com "-" "-" "-"
212.162.150.0 - - [19/Oct/2025:00:45:38 -0400] "GET /message.js HTTP/1.1" 404 1271 amarresdeamorchicago.com "-" "-" "-"
20.171.207.0 - - [19/Oct/2025:00:45:40 -0400] "GET /?path=//usr/lib/ruby/2.7.0/bigdecimal HTTP/1.1" 200 20229 boxmarkdigital.com "-" "Mozilla/5.0 AppleWebKit/537.36 (KHTML, like Gecko; compatible; GPTBot/1.2; +https://openai.com/gptbot)" "-"
20.171.207.0 - - [19/Oct/2025:00:45:43 -0400] "GET /?path=//usr/lib/ruby/2.7.0/bundler/vendor/net-http-persistent HTTP/1.1" 200 14370 boxmarkdigital.com "-" "Mozilla/5.0 AppleWebKit/537.36 (KHTML, like Gecko; compatible; GPTBot/1.2; +https://openai.com/gptbot)" "-"
20.171.207.0 - - [19/Oct/2025:00:45:47 -0400] "GET /?path=//usr/lib/ruby/2.7.0/bundler/source/path HTTP/1.1" 200 14448 boxmarkdigital.com "-" "Mozilla/5.0 AppleWebKit/537.36 (KHTML, like Gecko; compatible; GPTBot/1.2; +https://openai.com/gptbot)" "-"
20.171.207.0 - - [19/Oct/2025:00:45:50 -0400] "GET /?fileloc=//usr/lib/ruby/2.7.0/bundler/fetcher/base.rb&path=//usr/lib/ruby/2.7.0/bundler/fetcher HTTP/1.1" 200 13486 boxmarkdigital.com "-" "Mozilla/5.0 AppleWebKit/537.36 (KHTML, like Gecko; compatible; GPTBot/1.2; +https://openai.com/gptbot)" "-"
20.171.207.0 - - [19/Oct/2025:00:45:53 -0400] "GET /?path=//usr/lib/ruby/2.7.0/webrick/httpauth HTTP/1.1" 200 23522 boxmarkdigital.com "-" "Mozilla/5.0 AppleWebKit/537.36 (KHTML, like Gecko; compatible; GPTBot/1.2; +https://openai.com/gptbot)" "-"
20.171.207.0 - - [19/Oct/2025:00:45:56 -0400] "GET /?path=//usr/lib/ruby/2.7.0/bundler/vendor/thor HTTP/1.1" 200 14295 boxmarkdigital.com "-" "Mozilla/5.0 AppleWebKit/537.36 (KHTML, like Gecko; compatible; GPTBot/1.2; +https://openai.com/gptbot)" "-"
20.171.207.0 - - [19/Oct/2025:00:45:59 -0400] "GET /?fileloc=//bin/gdparttopng&path=//bin HTTP/1.1" 200 12191 boxmarkdigital.com "-" "Mozilla/5.0 AppleWebKit/537.36 (KHTML, like Gecko; compatible; GPTBot/1.2; +https://openai.com/gptbot)" "-"
114.119.158.0 - - [19/Oct/2025:00:46:00 -0400] "GET /tag/userinterface/page/1 HTTP/1.1" 200 61284 boxmarkdigital.com "https://boxmarkdigital.com/tag/userinterface/page/3" "Mozilla/5.0 (Linux; Android 7.0;) AppleWebKit/537.36 (KHTML, like Gecko) Mobile Safari/537.36 (compatible; PetalBot;+https://webmaster.petalsearch.com/site/petalbot)" "-"
20.171.207.0 - - [19/Oct/2025:00:46:02 -0400] "GET /?path=//usr/lib/ruby/2.7.0/bundler/vendor/net-http-persistent/lib HTTP/1.1" 200 14466 boxmarkdigital.com "-" "Mozilla/5.0 AppleWebKit/537.36 (KHTML, like Gecko; compatible; GPTBot/1.2; +https://openai.com/gptbot)" "-"
51.222.168.0 - - [19/Oct/2025:00:46:03 -0400] "GET /robots.txt HTTP/1.1" 404 1271 happybearchilddc.com "-" "Mozilla/5.0 (compatible; AhrefsBot/7.0; +http://ahrefs.com/robot/)" "-"
148.113.130.0 - - [19/Oct/2025:00:46:04 -0400] "GET /the-crucial-role-of-daycare-and-child-development-centers HTTP/1.1" 404 1271 happybearchilddc.com "-" "Mozilla/5.0 (compatible; AhrefsBot/7.0; +http://ahrefs.com/robot/)" "-"
66.249.64.0 - - [19/Oct/2025:00:46:05 -0400] "GET /entity/467979780.shtm HTTP/1.1" 200 198007 boxmarkdigital.com "-" "Mozilla/5.0 (Linux; Android 6.0.1; Nexus 5X Build/MMB29P) AppleWebKit/537.36 (KHTML, like Gecko) Chrome/140.0.7339.207 Mobile Safari/537.36 (compatible; GoogleOther)" "-"
20.171.207.0 - - [19/Oct/2025:00:46:05 -0400] "GET /?fileloc=//bin/infobrowser&path=//bin HTTP/1.1" 200 12191 boxmarkdigital.com "-" "Mozilla/5.0 AppleWebKit/537.36 (KHTML, like Gecko; compatible; GPTBot/1.2; +https://openai.com/gptbot)" "-"
66.249.64.0 - - [19/Oct/2025:00:46:06 -0400] "GET /entity/468000677.shtm HTTP/1.1" 200 208692 boxmarkdigital.com "-" "Mozilla/5.0 (Linux; Android 6.0.1; Nexus 5X Build/MMB29P) AppleWebKit/537.36 (KHTML, like Gecko) Chrome/140.0.7339.207 Mobile Safari/537.36 (compatible; GoogleOther)" "-"
20.171.207.0 - - [19/Oct/2025:00:46:08 -0400] "GET /?fileloc=//bin/xvminitoppm&path=//bin HTTP/1.1" 200 12191 boxmarkdigital.com "-" "Mozilla/5.0 AppleWebKit/537.36 (KHTML, like Gecko; compatible; GPTBot/1.2; +https://openai.com/gptbot)" "-"
20.171.207.0 - - [19/Oct/2025:00:46:12 -0400] "GET /?path=//usr/lib/ruby/2.7.0/bundler/vendor/thor/lib HTTP/1.1" 200 15915 boxmarkdigital.com "-" "Mozilla/5.0 AppleWebKit/537.36 (KHTML, like Gecko; compatible; GPTBot/1.2; +https://openai.com/gptbot)" "-"
20.171.207.0 - - [19/Oct/2025:00:46:15 -0400] "GET /?fileloc=//bin/ppmquantall&path=//bin HTTP/1.1" 200 14311 boxmarkdigital.com "-" "Mozilla/5.0 AppleWebKit/537.36 (KHTML, like Gecko; compatible; GPTBot/1.2; +https://openai.com/gptbot)" "-"
20.171.207.0 - - [19/Oct/2025:00:46:18 -0400] "GET /?fileloc=//bin/pnmcolormap&path=//bin HTTP/1.1" 200 12191 boxmarkdigital.com "-" "Mozilla/5.0 AppleWebKit/537.36 (KHTML, like Gecko; compatible; GPTBot/1.2; +https://openai.com/gptbot)" "-"
20.171.207.0 - - [19/Oct/2025:00:46:21 -0400] "GET /?path=//usr/lib/ruby/2.7.0/bundler/vendor/net-http-persistent/lib/net HTTP/1.1" 200 14570 boxmarkdigital.com "-" "Mozilla/5.0 AppleWebKit/537.36 (KHTML, like Gecko; compatible; GPTBot/1.2; +https://openai.com/gptbot)" "-"
20.171.207.0 - - [19/Oct/2025:00:46:24 -0400] "GET /?fileloc=//bin/fcgistarter&path=//bin HTTP/1.1" 200 12191 boxmarkdigital.com "-" "Mozilla/5.0 AppleWebKit/537.36 (KHTML, like Gecko; compatible; GPTBot/1.2; +https://openai.com/gptbot)" "-"
20.171.207.0 - - [19/Oct/2025:00:46:27 -0400] "GET /?fileloc=//bin/dbilogstrip&path=//bin HTTP/1.1" 200 13667 boxmarkdigital.com "-" "Mozilla/5.0 AppleWebKit/537.36 (KHTML, like Gecko; compatible; GPTBot/1.2; +https://openai.com/gptbot)" "-"
20.171.207.0 - - [19/Oct/2025:00:46:31 -0400] "GET /?path=//usr/lib/x86_64-linux-gnu/perl/5.32/auto/DB_File HTTP/1.1" 200 14532 boxmarkdigital.com "-" "Mozilla/5.0 AppleWebKit/537.36 (KHTML, like Gecko; compatible; GPTBot/1.2; +https://openai.com/gptbot)" "-"
20.171.207.0 - - [19/Oct/2025:00:46:34 -0400] "GET /?path=//usr/lib/ruby/2.7.0/bundler/vendor/net-http-persistent/lib/net/http HTTP/1.1" 200 16357 boxmarkdigital.com "-" "Mozilla/5.0 AppleWebKit/537.36 (KHTML, like Gecko; compatible; GPTBot/1.2; +https://openai.com/gptbot)" "-"
20.171.207.0 - - [19/Oct/2025:00:46:37 -0400] "GET /?fileloc=//bin/ghostscript&path=//bin HTTP/1.1" 200 12191 boxmarkdigital.com "-" "Mozilla/5.0 AppleWebKit/537.36 (KHTML, like Gecko; compatible; GPTBot/1.2; +https://openai.com/gptbot)" "-"
66.249.64.0 - - [19/Oct/2025:00:46:40 -0400] "GET /entity/465505507.shtm HTTP/1.1" 200 200426 boxmarkdigital.com "-" "Mozilla/5.0 (Linux; Android 6.0.1; Nexus 5X Build/MMB29P) AppleWebKit/537.36 (KHTML, like Gecko) Chrome/140.0.7339.207 Mobile Safari/537.36 (compatible; GoogleOther)" "-"
20.171.207.0 - - [19/Oct/2025:00:46:40 -0400] "GET /?path=//lib/x86_64-linux-gnu/perl/5.32/auto/Math HTTP/1.1" 200 14308 boxmarkdigital.com "-" "Mozilla/5.0 AppleWebKit/537.36 (KHTML, like Gecko; compatible; GPTBot/1.2; +https://openai.com/gptbot)" "-"
66.249.64.0 - - [19/Oct/2025:00:46:42 -0400] "GET /entity/465513737.shtm HTTP/1.1" 200 198969 boxmarkdigital.com "-" "Mozilla/5.0 (Linux; Android 6.0.1; Nexus 5X Build/MMB29P) AppleWebKit/537.36 (KHTML, like Gecko) Chrome/140.0.7339.207 Mobile Safari/537.36 (compatible; GoogleOther)" "-"
20.171.207.0 - - [19/Oct/2025:00:46:43 -0400] "GET /?path=//usr/lib/x86_64-linux-gnu/perl/5.32/Math HTTP/1.1" 200 14287 boxmarkdigital.com "-" "Mozilla/5.0 AppleWebKit/537.36 (KHTML, like Gecko; compatible; GPTBot/1.2; +https://openai.com/gptbot)" "-"
167.71.214.0 - - [19/Oct/2025:00:46:46 -0400] "GET /wp-login.php HTTP/1.1" 200 4 myboxmark.com "-" "Mozilla/5.0" "-"
20.171.207.0 - - [19/Oct/2025:00:46:46 -0400] "GET /?path=//lib/x86_64-linux-gnu/perl/5.32/auto/PerlIO/encoding HTTP/1.1" 200 14579 boxmarkdigital.com "-" "Mozilla/5.0 AppleWebKit/537.36 (KHTML, like Gecko; compatible; GPTBot/1.2; +https://openai.com/gptbot)" "-"
20.171.207.0 - - [19/Oct/2025:00:46:50 -0400] "GET /?path=//usr/lib/ruby/2.7.0/bundler/vendor/net-http-persistent/lib/net/http/persistent HTTP/1.1" 200 18412 boxmarkdigital.com "-" "Mozilla/5.0 AppleWebKit/537.36 (KHTML, like Gecko; compatible; GPTBot/1.2; +https://openai.com/gptbot)" "-"
20.171.207.0 - - [19/Oct/2025:00:46:53 -0400] "GET /?path=//usr/lib/ruby/2.7.0/bundler/vendor/uri HTTP/1.1" 200 14290 boxmarkdigital.com "-" "Mozilla/5.0 AppleWebKit/537.36 (KHTML, like Gecko; compatible; GPTBot/1.2; +https://openai.com/gptbot)" "-"
20.171.207.0 - - [19/Oct/2025:00:46:56 -0400] "GET /?path=//lib/x86_64-linux-gnu/perl/5.32/auto/Math/BigInt HTTP/1.1" 200 14414 boxmarkdigital.com "-" "Mozilla/5.0 AppleWebKit/537.36 (KHTML, like Gecko; compatible; GPTBot/1.2; +https://openai.com/gptbot)" "-"
20.171.207.0 - - [19/Oct/2025:00:46:59 -0400] "GET /?fileloc=//usr/lib/ruby/2.7.0/bundler/vendor/net-http-persistent/lib/net/http/persistent.rb&path=//usr/lib/ruby/2.7.0/bundler/vendor/net-http-persistent/lib/net/http HTTP/1.1" 200 44510 boxmarkdigital.com "-" "Mozilla/5.0 AppleWebKit/537.36 (KHTML, like Gecko; compatible; GPTBot/1.2; +https://openai.com/gptbot)" "-"
20.171.207.0 - - [19/Oct/2025:00:47:02 -0400] "GET /?path=//usr/lib/x86_64-linux-gnu/perl/5.32/Math/BigInt HTTP/1.1" 200 14529 boxmarkdigital.com "-" "Mozilla/5.0 AppleWebKit/537.36 (KHTML, like Gecko; compatible; GPTBot/1.2; +https://openai.com/gptbot)" "-"
20.171.207.0 - - [19/Oct/2025:00:47:05 -0400] "GET /?fileloc=//usr/lib/ruby/2.7.0/bundler/vendor/net-http-persistent/lib/net/http/persistent/pool.rb&path=//usr/lib/ruby/2.7.0/bundler/vendor/net-http-persistent/lib/net/http/persistent HTTP/1.1" 200 14153 boxmarkdigital.com "-" "Mozilla/5.0 AppleWebKit/537.36 (KHTML, like Gecko; compatible; GPTBot/1.2; +https://openai.com/gptbot)" "-"
20.171.207.0 - - [19/Oct/2025:00:47:08 -0400] "GET /?fileloc=//usr/lib/ruby/2.7.0/bundler/vendor/net-http-persistent/lib/net/http/persistent/connection.rb&path=//usr/lib/ruby/2.7.0/bundler/vendor/net-http-persistent/lib/net/http/persistent HTTP/1.1" 200 13693 boxmarkdigital.com "-" "Mozilla/5.0 AppleWebKit/537.36 (KHTML, like Gecko; compatible; GPTBot/1.2; +https://openai.com/gptbot)" "-"
65.21.232.0 - - [19/Oct/2025:00:47:09 -0400] "GET /robots.txt HTTP/1.1" 200 88 boxmarkdigital.com "-" "Mozilla/5.0 (compatible; MJ12bot/v1.4.8; http://mj12bot.com/)" "-"
20.171.207.0 - - [19/Oct/2025:00:47:11 -0400] "GET /?fileloc=//usr/lib/ruby/2.7.0/bundler/vendor/net-http-persistent/lib/net/http/persistent/timed_stack_multi.rb&path=//usr/lib/ruby/2.7.0/bundler/vendor/net-http-persistent/lib/net/http/persistent HTTP/1.1" 200 14663 boxmarkdigital.com "-" "Mozilla/5.0 AppleWebKit/537.36 (KHTML, like Gecko; compatible; GPTBot/1.2; +https://openai.com/gptbot)" "-"
39.36.238.0 - - [19/Oct/2025:00:47:11 -0400] "POST /xmlrpc.php HTTP/1.1" 404 1271 lagrangejunkremoval.com "-" "Mozilla/5.0 (X11; Ubuntu; Linux x86_64; x86) AppleWebKit/537.36 (KHTML, like Gecko) Edge/91.0.0.0 Safari/537.36" "-"
65.21.232.0 - - [19/Oct/2025:00:47:13 -0400] "GET /?fileloc=/homepages/10/d573043092/htdocs/clickandbuilds/BoxmarkDigital/wp-includes/class-phpass.php&path=/homepages/10/d573043092/htdocs/clickandbuilds/BoxmarkDigital/wp-includes HTTP/1.1" 200 19773 boxmarkdigital.com "-" "Mozilla/5.0 (compatible; MJ12bot/v1.4.8; http://mj12bot.com/)" "-"
20.171.207.0 - - [19/Oct/2025:00:47:14 -0400] "GET /?path=//usr/lib/ruby/2.7.0/bundler/plugin HTTP/1.1" 200 24648 boxmarkdigital.com "-" "Mozilla/5.0 AppleWebKit/537.36 (KHTML, like Gecko; compatible; GPTBot/1.2; +https://openai.com/gptbot)" "-"
66.249.64.0 - - [19/Oct/2025:00:47:16 -0400] "GET /entity/1414132279.shtm HTTP/1.1" 200 206357 boxmarkdigital.com "-" "Mozilla/5.0 (Linux; Android 6.0.1; Nexus 5X Build/MMB29P) AppleWebKit/537.36 (KHTML, like Gecko) Chrome/140.0.7339.207 Mobile Safari/537.36 (compatible; GoogleOther)" "-"
98.80.130.0 - - [19/Oct/2025:00:47:16 -0400] "GET /adwords-management-company-chicago?fileloc=/homepages/10/d573043092/htdocs/clickandbuilds/BoxmarkDigital/wp-config.php&path=/homepages/10/d573043092/htdocs/clickandbuilds/BoxmarkDigital HTTP/1.1" 503 299 boxmarkdigital.com "-" "Mozilla/5.0 AppleWebKit/537.36 (KHTML, like Gecko; compatible; Amazonbot/0.1; +https://developer.amazon.com/support/amazonbot) Chrome/119.0.6045.214 Safari/537.36" "-"
65.21.232.0 - - [19/Oct/2025:00:47:17 -0400] "GET /?fileloc=/homepages/10/d573043092/htdocs/clickandbuilds/BoxmarkDigital/wp-includes/class-pop3.php&path=/homepages/10/d573043092/htdocs/clickandbuilds/BoxmarkDigital/wp-includes HTTP/1.1" 200 35757 boxmarkdigital.com "-" "Mozilla/5.0 (compatible; MJ12bot/v1.4.8; http://mj12bot.com/)" "-"
66.249.64.0 - - [19/Oct/2025:00:47:18 -0400] "GET /entity/468033672.shtm HTTP/1.1" 200 201674 boxmarkdigital.com "-" "Mozilla/5.0 (Linux; Android 6.0.1; Nexus 5X Build/MMB29P) AppleWebKit/537.36 (KHTML, like Gecko) Chrome/140.0.7339.207 Mobile Safari/537.36 (compatible; GoogleOther)" "-"
20.171.207.0 - - [19/Oct/2025:00:47:18 -0400] "GET /?fileloc=//bin/mariadb-admin&path=//bin HTTP/1.1" 200 12193 boxmarkdigital.com "-" "Mozilla/5.0 AppleWebKit/537.36 (KHTML, like Gecko; compatible; GPTBot/1.2; +https://openai.com/gptbot)" "-"
114.119.138.0 - - [19/Oct/2025:00:47:18 -0400] "GET /essential-aspects-of-responsive-web-design?path=/homepages/10/d573043092/htdocs HTTP/1.1" 200 21410 boxmarkdigital.com "https://boxmarkdigital.com/essential-aspects-of-responsive-web-design" "Mozilla/5.0 (Linux; Android 7.0;) AppleWebKit/537.36 (KHTML, like Gecko) Mobile Safari/537.36 (compatible; PetalBot;+https://webmaster.petalsearch.com/site/petalbot)" "-"
20.171.207.0 - - [19/Oct/2025:00:47:21 -0400] "GET /?fileloc=//bin/db5.3_checkpoint&path=//bin HTTP/1.1" 200 12196 boxmarkdigital.com "-" "Mozilla/5.0 AppleWebKit/537.36 (KHTML, like Gecko; compatible; GPTBot/1.2; +https://openai.com/gptbot)" "-"
65.21.232.0 - - [19/Oct/2025:00:47:21 -0400] "GET /?fileloc=/homepages/10/d573043092/htdocs/clickandbuilds/BoxmarkDigital/wp-includes/class-requests.php&path=/homepages/10/d573043092/htdocs/clickandbuilds/BoxmarkDigital/wp-includes HTTP/1.1" 200 14954 boxmarkdigital.com "-" "Mozilla/5.0 (compatible; MJ12bot/v1.4.8; http://mj12bot.com/)" "-"
52.70.123.0 - - [19/Oct/2025:00:47:22 -0400] "GET /san-francisco-digital-marketing-agency-2?fileloc=/homepages/10/d573043092/htdocs/clickandbuilds/BoxmarkDigital/.user.ini&path=/homepages/10/d573043092/htdocs/clickandbuilds/BoxmarkDigital HTTP/1.1" 200 12587 boxmarkdigital.com "-" "Mozilla/5.0 AppleWebKit/537.36 (KHTML, like Gecko; compatible; Amazonbot/0.1; +https://developer.amazon.com/support/amazonbot) Chrome/119.0.6045.214 Safari/537.36" "-"
20.171.207.0 - - [19/Oct/2025:00:47:24 -0400] "GET /?fileloc=//lib/aspell/spell&path=//lib/aspell HTTP/1.1" 200 12363 boxmarkdigital.com "-" "Mozilla/5.0 AppleWebKit/537.36 (KHTML, like Gecko; compatible; GPTBot/1.2; +https://openai.com/gptbot)" "-"
65.21.232.0 - - [19/Oct/2025:00:47:25 -0400] "GET /?fileloc=/homepages/10/d573043092/htdocs/clickandbuilds/BoxmarkDigital/wp-includes/class-simplepie.php&path=/homepages/10/d573043092/htdocs/clickandbuilds/BoxmarkDigital/wp-includes HTTP/1.1" 200 13171 boxmarkdigital.com "-" "Mozilla/5.0 (compatible; MJ12bot/v1.4.8; http://mj12bot.com/)" "-"
20.171.207.0 - - [19/Oct/2025:00:47:27 -0400] "GET /?fileloc=//bin/db5.3_replicate&path=//bin HTTP/1.1" 200 12195 boxmarkdigital.com "-" "Mozilla/5.0 AppleWebKit/537.36 (KHTML, like Gecko; compatible; GPTBot/1.2; +https://openai.com/gptbot)" "-"
65.21.232.0 - - [19/Oct/2025:00:47:30 -0400] "GET /?fileloc=/homepages/10/d573043092/htdocs/clickandbuilds/BoxmarkDigital/wp-includes/class-smtp.php&path=/homepages/10/d573043092/htdocs/clickandbuilds/BoxmarkDigital/wp-includes HTTP/1.1" 200 13170 boxmarkdigital.com "-" "Mozilla/5.0 (compatible; MJ12bot/v1.4.8; http://mj12bot.com/)" "-"
20.171.207.0 - - [19/Oct/2025:00:47:30 -0400] "GET /?fileloc=//lib/aspell/ispell&path=//lib/aspell HTTP/1.1" 200 13387 boxmarkdigital.com "-" "Mozilla/5.0 AppleWebKit/537.36 (KHTML, like Gecko; compatible; GPTBot/1.2; +https://openai.com/gptbot)" "-"
20.171.207.0 - - [19/Oct/2025:00:47:33 -0400] "GET /?path=//usr/lib/ruby/2.7.0/bundler/plugin/api HTTP/1.1" 200 14431 boxmarkdigital.com "-" "Mozilla/5.0 AppleWebKit/537.36 (KHTML, like Gecko; compatible; GPTBot/1.2; +https://openai.com/gptbot)" "-"
65.21.232.0 - - [19/Oct/2025:00:47:34 -0400] "GET /?fileloc=/homepages/10/d573043092/htdocs/clickandbuilds/BoxmarkDigital/wp-includes/class-snoopy.php&path=/homepages/10/d573043092/htdocs/clickandbuilds/BoxmarkDigital/wp-includes HTTP/1.1" 200 55014 boxmarkdigital.com "-" "Mozilla/5.0 (compatible; MJ12bot/v1.4.8; http://mj12bot.com/)" "-"
20.171.207.0 - - [19/Oct/2025:00:47:36 -0400] "GET /?fileloc=//lib/git-core/git-checkout-index&path=//lib/git-core HTTP/1.1" 200 12251 boxmarkdigital.com "-" "Mozilla/5.0 AppleWebKit/537.36 (KHTML, like Gecko; compatible; GPTBot/1.2; +https://openai.com/gptbot)" "-"
65.21.232.0 - - [19/Oct/2025:00:47:38 -0400] "GET /?fileloc=/homepages/10/d573043092/htdocs/clickandbuilds/BoxmarkDigital/wp-includes/class-walker-category-dropdown.php&path=/homepages/10/d573043092/htdocs/clickandbuilds/BoxmarkDigital/wp-includes HTTP/1.1" 200 15309 boxmarkdigital.com "-" "Mozilla/5.0 (compatible; MJ12bot/v1.4.8; http://mj12bot.com/)" "-"
20.171.207.0 - - [19/Oct/2025:00:47:39 -0400] "GET /?fileloc=//usr/bin/fc-conflist&path=//usr/bin HTTP/1.1" 200 12229 boxmarkdigital.com "-" "Mozilla/5.0 AppleWebKit/537.36 (KHTML, like Gecko; compatible; GPTBot/1.2; +https://openai.com/gptbot)" "-"
65.21.232.0 - - [19/Oct/2025:00:47:42 -0400] "GET /?fileloc=/homepages/10/d573043092/htdocs/clickandbuilds/BoxmarkDigital/wp-includes/class-walker-category.php&path=/homepages/10/d573043092/htdocs/clickandbuilds/BoxmarkDigital/wp-includes HTTP/1.1" 200 21559 boxmarkdigital.com "-" "Mozilla/5.0 (compatible; MJ12bot/v1.4.8; http://mj12bot.com/)" "-"
20.171.207.0 - - [19/Oct/2025:00:47:42 -0400] "GET /?fileloc=//usr/bin/prezip-bin&path=//usr/bin HTTP/1.1" 200 12228 boxmarkdigital.com "-" "Mozilla/5.0 AppleWebKit/537.36 (KHTML, like Gecko; compatible; GPTBot/1.2; +https://openai.com/gptbot)" "-"
20.171.207.0 - - [19/Oct/2025:00:47:46 -0400] "GET /?fileloc=//bin/gem2.7&path=//bin HTTP/1.1" 200 12757 boxmarkdigital.com "-" "Mozilla/5.0 AppleWebKit/537.36 (KHTML, like Gecko; compatible; GPTBot/1.2; +https://openai.com/gptbot)" "-"
65.21.232.0 - - [19/Oct/2025:00:47:47 -0400] "GET /?fileloc=/homepages/10/d573043092/htdocs/clickandbuilds/BoxmarkDigital/wp-includes/class-walker-comment.php&path=/homepages/10/d573043092/htdocs/clickandbuilds/BoxmarkDigital/wp-includes HTTP/1.1" 200 28084 boxmarkdigital.com "-" "Mozilla/5.0 (compatible; MJ12bot/v1.4.8; http://mj12bot.com/)" "-"
20.171.207.0 - - [19/Oct/2025:00:47:49 -0400] "GET /?fileloc=//usr/sbin/pivot_root&path=//usr/sbin HTTP/1.1" 200 12231 boxmarkdigital.com "-" "Mozilla/5.0 AppleWebKit/537.36 (KHTML, like Gecko; compatible; GPTBot/1.2; +https://openai.com/gptbot)" "-"
65.21.232.0 - - [19/Oct/2025:00:47:51 -0400] "GET /?fileloc=/homepages/10/d573043092/htdocs/clickandbuilds/BoxmarkDigital/wp-includes/class-walker-nav-menu.php&path=/homepages/10/d573043092/htdocs/clickandbuilds/BoxmarkDigital/wp-includes HTTP/1.1" 200 25192 boxmarkdigital.com "-" "Mozilla/5.0 (compatible; MJ12bot/v1.4.8; http://mj12bot.com/)" "-"
66.249.64.0 - - [19/Oct/2025:00:47:52 -0400] "GET /entity/465542818.shtm HTTP/1.1" 200 200555 boxmarkdigital.com "-" "Mozilla/5.0 (Linux; Android 6.0.1; Nexus 5X Build/MMB29P) AppleWebKit/537.36 (KHTML, like Gecko) Chrome/140.0.7339.207 Mobile Safari/537.36 (compatible; GoogleOther)" "-"
20.171.207.0 - - [19/Oct/2025:00:47:52 -0400] "GET /?fileloc=//usr/sbin/add-shell&path=//usr/sbin HTTP/1.1" 200 13387 boxmarkdigital.com "-" "Mozilla/5.0 AppleWebKit/537.36 (KHTML, like Gecko; compatible; GPTBot/1.2; +https://openai.com/gptbot)" "-"
66.249.64.0 - - [19/Oct/2025:00:47:53 -0400] "GET /entity/467949026.shtm HTTP/1.1" 200 201665 boxmarkdigital.com "-" "Mozilla/5.0 (Linux; Android 6.0.1; Nexus 5X Build/MMB29P) AppleWebKit/537.36 (KHTML, like Gecko) Chrome/140.0.7339.207 Mobile Safari/537.36 (compatible; GoogleOther)" "-"
20.171.207.0 - - [19/Oct/2025:00:47:55 -0400] "GET /?fileloc=//usr/lib/browscap.ini&path=//usr/lib HTTP/1.1" 200 716952 boxmarkdigital.com "-" "Mozilla/5.0 AppleWebKit/537.36 (KHTML, like Gecko; compatible; GPTBot/1.2; +https://openai.com/gptbot)" "-"
65.21.232.0 - - [19/Oct/2025:00:47:55 -0400] "GET /?fileloc=/homepages/10/d573043092/htdocs/clickandbuilds/BoxmarkDigital/wp-includes/class-walker-page.php&path=/homepages/10/d573043092/htdocs/clickandbuilds/BoxmarkDigital/wp-includes HTTP/1.1" 200 20644 boxmarkdigital.com "-" "Mozilla/5.0 (compatible; MJ12bot/v1.4.8; http://mj12bot.com/)" "-"
20.171.207.0 - - [19/Oct/2025:00:47:58 -0400] "GET /?fileloc=//lib/man-db/libman.so&path=//lib/man-db HTTP/1.1" 200 12236 boxmarkdigital.com "-" "Mozilla/5.0 AppleWebKit/537.36 (KHTML, like Gecko; compatible; GPTBot/1.2; +https://openai.com/gptbot)" "-"
65.21.232.0 - - [19/Oct/2025:00:47:59 -0400] "GET /?fileloc=/homepages/10/d573043092/htdocs/clickandbuilds/BoxmarkDigital/wp-includes/class-wp-admin-bar.php&path=/homepages/10/d573043092/htdocs/clickandbuilds/BoxmarkDigital/wp-includes HTTP/1.1" 200 31689 boxmarkdigital.com "-" "Mozilla/5.0 (compatible; MJ12bot/v1.4.8; http://mj12bot.com/)" "-"
20.171.207.0 - - [19/Oct/2025:00:48:01 -0400] "GET /?fileloc=//usr/sbin/mii-tool&path=//usr/sbin HTTP/1.1" 200 12229 boxmarkdigital.com "-" "Mozilla/5.0 AppleWebKit/537.36 (KHTML, like Gecko; compatible; GPTBot/1.2; +https://openai.com/gptbot)" "-"
65.21.232.0 - - [19/Oct/2025:00:48:04 -0400] "GET /?fileloc=/homepages/10/d573043092/htdocs/clickandbuilds/BoxmarkDigital/wp-includes/class-wp-ajax-response.php&path=/homepages/10/d573043092/htdocs/clickandbuilds/BoxmarkDigital/wp-includes HTTP/1.1" 200 18396 boxmarkdigital.com "-" "Mozilla/5.0 (compatible; MJ12bot/v1.4.8; http://mj12bot.com/)" "-"
20.171.207.0 - - [19/Oct/2025:00:48:04 -0400] "GET /?fileloc=//usr/sbin/mkfs.bfs&path=//usr/sbin HTTP/1.1" 200 12229 boxmarkdigital.com "-" "Mozilla/5.0 AppleWebKit/537.36 (KHTML, like Gecko; compatible; GPTBot/1.2; +https://openai.com/gptbot)" "-"
20.171.207.0 - - [19/Oct/2025:00:48:07 -0400] "GET /?fileloc=//usr/bin/gcc-ranlib&path=//usr/bin HTTP/1.1" 200 12228 boxmarkdigital.com "-" "Mozilla/5.0 AppleWebKit/537.36 (KHTML, like Gecko; compatible; GPTBot/1.2; +https://openai.com/gptbot)" "-"
65.21.232.0 - - [19/Oct/2025:00:48:08 -0400] "GET /?fileloc=/homepages/10/d573043092/htdocs/clickandbuilds/BoxmarkDigital/wp-includes/class-wp-application-passwords.php&path=/homepages/10/d573043092/htdocs/clickandbuilds/BoxmarkDigital/wp-includes HTTP/1.1" 200 29881 boxmarkdigital.com "-" "Mozilla/5.0 (compatible; MJ12bot/v1.4.8; http://mj12bot.com/)" "-"
20.171.207.0 - - [19/Oct/2025:00:48:11 -0400] "GET /?fileloc=//usr/bin/bash-static&path=//usr/bin HTTP/1.1" 200 12229 boxmarkdigital.com "-" "Mozilla/5.0 AppleWebKit/537.36 (KHTML, like Gecko; compatible; GPTBot/1.2; +https://openai.com/gptbot)" "-"
65.21.232.0 - - [19/Oct/2025:00:48:12 -0400] "GET /?fileloc=/homepages/10/d573043092/htdocs/clickandbuilds/BoxmarkDigital/wp-includes/class-wp-block-bindings-registry.php&path=/homepages/10/d573043092/htdocs/clickandbuilds/BoxmarkDigital/wp-includes HTTP/1.1" 200 21325 boxmarkdigital.com "-" "Mozilla/5.0 (compatible; MJ12bot/v1.4.8; http://mj12bot.com/)" "-"
20.171.207.0 - - [19/Oct/2025:00:48:14 -0400] "GET /?fileloc=//usr/sbin/fsck.nfs&path=//usr/sbin HTTP/1.1" 200 12229 boxmarkdigital.com "-" "Mozilla/5.0 AppleWebKit/537.36 (KHTML, like Gecko; compatible; GPTBot/1.2; +https://openai.com/gptbot)" "-"
