45.231.238.0 - - [19/Oct/2025:00:17:59 -0400] "GET /ocxa-210734hetidm23e.htm HTTP/1.1" 500 - abarcasewer.com "-" "Mozilla/5.0 (iPhone; CPU iPhone OS 17_1 like Mac OS X) AppleWebKit/605.1.15 (KHTML, like Gecko) EdgiOS/119.0.2151.78 Version/17.0 Mobile/15E148 Safari/604.1" "-"
187.63.148.0 - - [19/Oct/2025:00:17:59 -0400] "GET /udhb-263186retid.htm HTTP/1.1" 500 - abarcasewer.com "-" "Mozilla/5.0 (Linux; Android 10; K) AppleWebKit/537.36 (KHTML, like Gecko) Chrome/122.0.0.0 Mobile Safari/537.36" "-"
201.11.239.0 - - [19/Oct/2025:00:17:59 -0400] "GET /szlr-279244hitems/etidm2.html HTTP/1.1" 500 - abarcasewer.com "-" "Mozilla/5.0 (Windows NT 10.0; Win64; x64) AppleWebKit/537.36 (KHTML, like Gecko) Chrome/121.0.0.0 Safari/537.36 Edg/121.0.0.0" "-"
45.168.189.0 - - [19/Oct/2025:00:18:00 -0400] "GET /pxnv-103870ditems/etidm89a.html HTTP/1.1" 500 - abarcasewer.com "-" "Mozilla/5.0 (Windows NT 10.0; Win64; x64; rv:123.0) Gecko/20100101 Firefox/123.0" "-"
41.90.185.0 - - [19/Oct/2025:00:18:00 -0400] "GET /robots.txt HTTP/1.1" 500 - abarcasewer.com "-" "CCBot" "-"
2001:ee0:4f00:: - - [19/Oct/2025:00:18:01 -0400] "GET /robots.txt HTTP/1.1" 500 - abarcasewer.com "-" "CCBot" "-"
66.249.64.0 - - [19/Oct/2025:00:18:02 -0400] "GET /entity/1184161310.shtm HTTP/1.1" 200 199846 boxmarkdigital.com "-" "Mozilla/5.0 (Linux; Android 6.0.1; Nexus 5X Build/MMB29P) AppleWebKit/537.36 (KHTML, like Gecko) Chrome/140.0.7339.207 Mobile Safari/537.36 (compatible; Googlebot/2.1; +http://www.google.com/bot.html)" "-"
157.100.111.0 - - [19/Oct/2025:00:18:02 -0400] "GET /robots.txt HTTP/1.1" 500 - abarcasewer.com "-" "CCBot" "-"
2001:ee0:4f00:: - - [19/Oct/2025:00:18:02 -0400] "GET /robots.txt HTTP/1.1" 500 - abarcasewer.com "-" "CCBot" "-"
66.249.64.0 - - [19/Oct/2025:00:18:03 -0400] "GET /entity/465654070.shtm HTTP/1.1" 200 199841 boxmarkdigital.com "-" "Mozilla/5.0 (Linux; Android 6.0.1; Nexus 5X Build/MMB29P) AppleWebKit/537.36 (KHTML, like Gecko) Chrome/140.0.7339.207 Mobile Safari/537.36 (compatible; GoogleOther)" "-"
20.171.207.0 - - [19/Oct/2025:00:18:03 -0400] "GET /?path=//lib/x86_64-linux-gnu/perl/5.32/auto/Encode/KR HTTP/1.1" 200 14516 boxmarkdigital.com "-" "Mozilla/5.0 AppleWebKit/537.36 (KHTML, like Gecko; compatible; GPTBot/1.2; +https://openai.com/gptbot)" "-"
66.249.64.0 - - [19/Oct/2025:00:18:04 -0400] "GET /entity/465631781.shtm HTTP/1.1" 200 197455 boxmarkdigital.com "-" "Mozilla/5.0 (Linux; Android 6.0.1; Nexus 5X Build/MMB29P) AppleWebKit/537.36 (KHTML, like Gecko) Chrome/140.0.7339.207 Mobile Safari/537.36 (compatible; GoogleOther)" "-"
27.147.224.0 - - [19/Oct/2025:00:18:04 -0400] "GET /huyj-223141metidm70.html HTTP/1.1" 500 - abarcasewer.com "-" "Mozilla/5.0 (iPhone; CPU iPhone OS 17_0_3 like Mac OS X) AppleWebKit/605.1.15 (KHTML, like Gecko) Version/17.0 Mobile/15E148 Safari/604.1 OPT/4.3.1" "-"
2001:ee0:5300:: - - [19/Oct/2025:00:18:04 -0400] "GET /robots.txt HTTP/1.1" 500 - abarcasewer.com "-" "CCBot" "-"
190.120.32.0 - - [19/Oct/2025:00:18:04 -0400] "GET /erqx-97759cetidm61zx.html HTTP/1.1" 500 - abarcasewer.com "-" "Mozilla/5.0 (Linux; Android 8.1.0; C5 2019 Build/OPM2.171019.012) AppleWebKit/537.36 (KHTML, like Gecko) Chrome/122.0.6261.64 Mobile Safari/537.36" "-"
179.214.138.0 - - [19/Oct/2025:00:18:04 -0400] "GET /robots.txt HTTP/1.1" 500 - abarcasewer.com "-" "CCBot" "-"
20.171.207.0 - - [19/Oct/2025:00:18:06 -0400] "GET /?path=//lib/locale/ru_RU.cp1251 HTTP/1.1" 200 30263 boxmarkdigital.com "-" "Mozilla/5.0 AppleWebKit/537.36 (KHTML, like Gecko; compatible; GPTBot/1.2; +https://openai.com/gptbot)" "-"
2001:ee0:5100:: - - [19/Oct/2025:00:18:06 -0400] "GET /robots.txt HTTP/1.1" 500 - abarcasewer.com "-" "CCBot" "-"
177.181.5.0 - - [19/Oct/2025:00:18:06 -0400] "GET /erqx-268184xetidm22uex.htm HTTP/1.1" 500 - abarcasewer.com "-" "Mozilla/5.0 (X11; Linux x86_64; rv:123.0) Gecko/20100101 Firefox/123.0" "-"
14.249.165.0 - - [19/Oct/2025:00:18:06 -0400] "GET /ciwf-31996titems/etidm8.html HTTP/1.1" 500 - abarcasewer.com "-" "Mozilla/5.0 (Macintosh; Intel Mac OS X 10_12_5; rv:123.0esr) Gecko/20100101 Firefox/123.0esr" "-"
45.224.22.0 - - [19/Oct/2025:00:18:06 -0400] "GET /udhb-85659sitems/etidm HTTP/1.1" 500 - abarcasewer.com "-" "Mozilla/5.0 (iPhone; CPU iPhone OS 17_0_3 like Mac OS X) AppleWebKit/605.1.15 (KHTML, like Gecko) Version/17.0.3 Mobile/15E148 Safari/604.1 RDDocuments/8.7.2.978" "-"
177.126.195.0 - - [19/Oct/2025:00:18:08 -0400] "GET /robots.txt HTTP/1.1" 500 - abarcasewer.com "-" "CCBot" "-"
177.81.2.0 - - [19/Oct/2025:00:18:08 -0400] "GET /robots.txt HTTP/1.1" 500 - abarcasewer.com "-" "CCBot" "-"
20.171.207.0 - - [19/Oct/2025:00:18:09 -0400] "GET /?path=//lib/x86_64-linux-gnu/perl/5.32/auto/Encode/JP HTTP/1.1" 200 14517 boxmarkdigital.com "-" "Mozilla/5.0 AppleWebKit/537.36 (KHTML, like Gecko; compatible; GPTBot/1.2; +https://openai.com/gptbot)" "-"
200.161.157.0 - - [19/Oct/2025:00:18:09 -0400] "GET /yfis-44705oitems/eti.htm HTTP/1.1" 500 - abarcasewer.com "-" "Mozilla/5.0 (iPhone; CPU iPhone OS 17_2 like Mac OS X) AppleWebKit/605.1.15 (KHTML, like Gecko) EdgiOS/120.0.2210.126 Version/17.0 Mobile/15E148 Safari/604.1" "-"
14.171.14.0 - - [19/Oct/2025:00:18:09 -0400] "GET /robots.txt HTTP/1.1" 500 - abarcasewer.com "-" "CCBot" "-"
66.249.64.0 - - [19/Oct/2025:00:18:10 -0400] "GET /entity/1411887122.shtm HTTP/1.1" 200 203226 boxmarkdigital.com "-" "Mozilla/5.0 (Linux; Android 6.0.1; Nexus 5X Build/MMB29P) AppleWebKit/537.36 (KHTML, like Gecko) Chrome/140.0.7339.207 Mobile Safari/537.36 (compatible; Googlebot/2.1; +http://www.google.com/bot.html)" "-"
201.1.93.0 - - [19/Oct/2025:00:18:10 -0400] "GET /robots.txt HTTP/1.1" 500 - abarcasewer.com "-" "CCBot" "-"
170.247.238.0 - - [19/Oct/2025:00:18:11 -0400] "GET /huyj-252544jitems/etidm12ghj.html HTTP/1.1" 500 - abarcasewer.com "-" "Mozilla/5.0 (Windows NT 10.0; Win64; x64; rv:123.0) Gecko/20100101 Firefox/123.0 Config/91.2.2121.13" "-"
189.14.139.0 - - [19/Oct/2025:00:18:11 -0400] "GET /robots.txt HTTP/1.1" 500 - abarcasewer.com "-" "CCBot" "-"
20.171.207.0 - - [19/Oct/2025:00:18:12 -0400] "GET /?path=//lib/x86_64-linux-gnu/perl/5.32/auto/Encode/TW HTTP/1.1" 200 14517 boxmarkdigital.com "-" "Mozilla/5.0 AppleWebKit/537.36 (KHTML, like Gecko; compatible; GPTBot/1.2; +https://openai.com/gptbot)" "-"
45.225.245.0 - - [19/Oct/2025:00:18:12 -0400] "GET /robots.txt HTTP/1.1" 500 - abarcasewer.com "-" "CCBot" "-"
177.84.234.0 - - [19/Oct/2025:00:18:13 -0400] "GET /hhtk-22766tetidm73q.htm HTTP/1.1" 500 - abarcasewer.com "-" "Mozilla/5.0 (Macintosh; Intel Mac OS X 10_15_7) AppleWebKit/605.1.15 (KHTML, like Gecko) Version/17.0 Safari/605.1.15" "-"
2001:ee0:4900:: - - [19/Oct/2025:00:18:13 -0400] "GET /robots.txt HTTP/1.1" 500 - abarcasewer.com "-" "CCBot" "-"
179.43.32.0 - - [19/Oct/2025:00:18:14 -0400] "GET /ciwf-170046jetidm71g HTTP/1.1" 500 - abarcasewer.com "-" "Mozilla/5.0 (Windows NT 10.0; Win64; x64) AppleWebKit/537.36 (KHTML, like Gecko) Chrome/121.0.0.0 Safari/537.36 Edg/121.0.0.0" "-"
20.171.207.0 - - [19/Oct/2025:00:18:15 -0400] "GET /?path=//lib/x86_64-linux-gnu/perl/5.32/auto/Encode/Byte HTTP/1.1" 200 14540 boxmarkdigital.com "-" "Mozilla/5.0 AppleWebKit/537.36 (KHTML, like Gecko; compatible; GPTBot/1.2; +https://openai.com/gptbot)" "-"
138.0.149.0 - - [19/Oct/2025:00:18:15 -0400] "GET /udhb-94898betid.htm HTTP/1.1" 500 - abarcasewer.com "-" "Mozilla/5.0 (Windows NT 10.0; Win64; x64) AppleWebKit/537.36 (KHTML, like Gecko) Chrome/121.0.0.0 Safari/537.36 Edg/121.0.0.0" "-"
191.7.202.0 - - [19/Oct/2025:00:18:15 -0400] "GET /robots.txt HTTP/1.1" 500 - abarcasewer.com "-" "CCBot" "-"
189.6.244.0 - - [19/Oct/2025:00:18:15 -0400] "GET /robots.txt HTTP/1.1" 500 - abarcasewer.com "-" "CCBot" "-"
2001:ee0:4f00:: - - [19/Oct/2025:00:18:17 -0400] "GET /huyj-14265uitems/eti HTTP/1.1" 500 - abarcasewer.com "-" "Mozilla/5.0 (iPhone; CPU iPhone OS 17_1 like Mac OS X) AppleWebKit/605.1.15 (KHTML, like Gecko) EdgiOS/120.0.2210.86 Version/17.0 Mobile/15E148 Safari/604.1" "-"
189.28.222.0 - - [19/Oct/2025:00:18:17 -0400] "GET /huyj-155021mitems/etidm77.htm HTTP/1.1" 500 - abarcasewer.com "-" "Mozilla/5.0 (iPhone; CPU iPhone OS 17_0_3 like Mac OS X) AppleWebKit/605.1.15 (KHTML, like Gecko) Version/17.0 Mobile/15E148 Safari/604.1" "-"
20.171.207.0 - - [19/Oct/2025:00:18:18 -0400] "GET /?path=//usr/lib/x86_64-linux-gnu/perl/5.32/Compress/Raw HTTP/1.1" 200 16083 boxmarkdigital.com "-" "Mozilla/5.0 AppleWebKit/537.36 (KHTML, like Gecko; compatible; GPTBot/1.2; +https://openai.com/gptbot)" "-"
20.171.207.0 - - [19/Oct/2025:00:18:22 -0400] "GET /?path=//lib/x86_64-linux-gnu/perl/5.32/auto/PerlIO HTTP/1.1" 200 18533 boxmarkdigital.com "-" "Mozilla/5.0 AppleWebKit/537.36 (KHTML, like Gecko; compatible; GPTBot/1.2; +https://openai.com/gptbot)" "-"
179.109.41.0 - - [19/Oct/2025:00:18:22 -0400] "GET /ciwf-115550jetidm60g.htm HTTP/1.1" 500 - abarcasewer.com "-" "Mozilla/5.0 (iPhone; CPU iPhone OS 17_0 like Mac OS X) AppleWebKit/605.1.15 (KHTML, like Gecko) Version/17.0 Mobile/15E148 Safari/604.1 OPX/2.0.1" "-"
20.171.207.0 - - [19/Oct/2025:00:18:25 -0400] "GET /?path=//lib/x86_64-linux-gnu/perl/5.32/auto/Encode/Unicode HTTP/1.1" 200 14569 boxmarkdigital.com "-" "Mozilla/5.0 AppleWebKit/537.36 (KHTML, like Gecko; compatible; GPTBot/1.2; +https://openai.com/gptbot)" "-"
20.171.207.0 - - [19/Oct/2025:00:18:28 -0400] "GET /?path=//usr/lib/x86_64-linux-gnu/perl/5.32/B HTTP/1.1" 200 18951 boxmarkdigital.com "-" "Mozilla/5.0 AppleWebKit/537.36 (KHTML, like Gecko; compatible; GPTBot/1.2; +https://openai.com/gptbot)" "-"
20.171.207.0 - - [19/Oct/2025:00:18:31 -0400] "GET /?path=//lib/x86_64-linux-gnu/perl/5.32/Math/BigInt HTTP/1.1" 200 14459 boxmarkdigital.com "-" "Mozilla/5.0 AppleWebKit/537.36 (KHTML, like Gecko; compatible; GPTBot/1.2; +https://openai.com/gptbot)" "-"
20.171.207.0 - - [19/Oct/2025:00:18:34 -0400] "GET /?path=//usr/lib/x86_64-linux-gnu/perl/5.32/IO HTTP/1.1" 200 26427 boxmarkdigital.com "-" "Mozilla/5.0 AppleWebKit/537.36 (KHTML, like Gecko; compatible; GPTBot/1.2; +https://openai.com/gptbot)" "-"
66.249.64.0 - - [19/Oct/2025:00:18:36 -0400] "GET /entity/465668947.shtm HTTP/1.1" 200 204355 boxmarkdigital.com "-" "Mozilla/5.0 (Linux; Android 6.0.1; Nexus 5X Build/MMB29P) AppleWebKit/537.36 (KHTML, like Gecko) Chrome/140.0.7339.207 Mobile Safari/537.36 (compatible; GoogleOther)" "-"
66.249.64.0 - - [19/Oct/2025:00:18:37 -0400] "GET /entity/465578678.shtm HTTP/1.1" 200 205033 boxmarkdigital.com "-" "Mozilla/5.0 (Linux; Android 6.0.1; Nexus 5X Build/MMB29P) AppleWebKit/537.36 (KHTML, like Gecko) Chrome/140.0.7339.207 Mobile Safari/537.36 (compatible; GoogleOther)" "-"
20.171.207.0 - - [19/Oct/2025:00:18:37 -0400] "GET /?path=//lib/x86_64-linux-gnu/perl/5.32/auto/PerlIO/scalar HTTP/1.1" 200 14559 boxmarkdigital.com "-" "Mozilla/5.0 AppleWebKit/537.36 (KHTML, like Gecko; compatible; GPTBot/1.2; +https://openai.com/gptbot)" "-"
20.171.207.0 - - [19/Oct/2025:00:18:41 -0400] "GET /?path=//lib/x86_64-linux-gnu/perl/5.32/auto/PerlIO/mmap HTTP/1.1" 200 14539 boxmarkdigital.com "-" "Mozilla/5.0 AppleWebKit/537.36 (KHTML, like Gecko; compatible; GPTBot/1.2; +https://openai.com/gptbot)" "-"
20.171.207.0 - - [19/Oct/2025:00:18:44 -0400] "GET /?path=//lib/x86_64-linux-gnu/perl/5.32/auto/PerlIO/via HTTP/1.1" 200 14529 boxmarkdigital.com "-" "Mozilla/5.0 AppleWebKit/537.36 (KHTML, like Gecko; compatible; GPTBot/1.2; +https://openai.com/gptbot)" "-"
20.171.207.0 - - [19/Oct/2025:00:18:47 -0400] "GET /?path=//lib/x86_64-linux-gnu/perl/5.32/auto/B HTTP/1.1" 200 14402 boxmarkdigital.com "-" "Mozilla/5.0 AppleWebKit/537.36 (KHTML, like Gecko; compatible; GPTBot/1.2; +https://openai.com/gptbot)" "-"
57.141.4.0 - - [19/Oct/2025:00:18:47 -0400] "GET /menu/?single_prod_id=23 HTTP/1.1" 200 278010 www.manzosburger.com "-" "meta-externalagent/1.1 (+https://developers.facebook.com/docs/sharing/webmasters/crawler)" "-"
74.208.58.0 - - [19/Oct/2025:00:18:48 -0400] "POST /wp-cron.php?doing_wp_cron=1760847528.5775458812713623046875 HTTP/1.1" 200 - www.manzosburger.com "-" "WordPress/6.7.3; https://www.manzosburger.com" "-"
20.171.207.0 - - [19/Oct/2025:00:18:50 -0400] "GET /?path=//usr/include/x86_64-linux-gnu/bits HTTP/1.1" 200 273136 boxmarkdigital.com "-" "Mozilla/5.0 AppleWebKit/537.36 (KHTML, like Gecko; compatible; GPTBot/1.2; +https://openai.com/gptbot)" "-"
213.180.203.0 - - [19/Oct/2025:00:18:52 -0400] "GET /robots.txt HTTP/1.1" 429 227 myboxmark.com "-" "Mozilla/5.0 (compatible; YandexBot/3.0; +http://yandex.com/bots)" "-"
20.171.207.0 - - [19/Oct/2025:00:18:53 -0400] "GET /?path=//usr/lib/x86_64-linux-gnu/perl/5.32/IO/Socket HTTP/1.1" 200 16042 boxmarkdigital.com "-" "Mozilla/5.0 AppleWebKit/537.36 (KHTML, like Gecko; compatible; GPTBot/1.2; +https://openai.com/gptbot)" "-"
20.171.207.0 - - [19/Oct/2025:00:18:56 -0400] "GET /?path=//lib/x86_64-linux-gnu/perl-base/auto HTTP/1.1" 200 26609 boxmarkdigital.com "-" "Mozilla/5.0 AppleWebKit/537.36 (KHTML, like Gecko; compatible; GPTBot/1.2; +https://openai.com/gptbot)" "-"
20.171.207.0 - - [19/Oct/2025:00:18:59 -0400] "GET /?path=//usr/lib/x86_64-linux-gnu/security HTTP/1.1" 200 79841 boxmarkdigital.com "-" "Mozilla/5.0 AppleWebKit/537.36 (KHTML, like Gecko; compatible; GPTBot/1.2; +https://openai.com/gptbot)" "-"
20.171.207.0 - - [19/Oct/2025:00:19:02 -0400] "GET /?path=//usr/lib/php8.0/MDB2/Driver HTTP/1.1" 200 22575 boxmarkdigital.com "-" "Mozilla/5.0 AppleWebKit/537.36 (KHTML, like Gecko; compatible; GPTBot/1.2; +https://openai.com/gptbot)" "-"
20.171.207.0 - - [19/Oct/2025:00:19:06 -0400] "GET /?fileloc=//usr/bin/stream-im6&path=//usr/bin HTTP/1.1" 200 12228 boxmarkdigital.com "-" "Mozilla/5.0 AppleWebKit/537.36 (KHTML, like Gecko; compatible; GPTBot/1.2; +https://openai.com/gptbot)" "-"
74.208.58.0 - - [19/Oct/2025:00:16:05 -0400] "GET /wp-content/plugins/elementor-pro/modules/carousel/assets/assets/index.php?ARRAY=7o2230223n313736303835303936352p2231223n22687474703n5p2s5p2s7n733532347631336o6s2r6661696p642r6172745p2s3s6p633q7068705s636s64655s6n6326743q313736303834373336352q3831383266343164636363396536636164613562366163336133323332393433222p2232223n226537666235613437303833636363343365386163653633623538383461613939222p2233223n226166643066333032373064613330303536656335306131613039343336613433222p226175746s5s66696p655s6r616q65223n6r756p6p2p226175746s5s70617373223n6r756p6p2p2262696r675s70617373223n2232392q33342q35372q36322q37342q38332q3235227q HTTP/1.1" 200 52 boxmarkdigital.com "-" "-" "-"
74.208.58.0 - - [19/Oct/2025:00:16:25 -0400] "GET /wp-content/plugins/elementor-pro/modules/carousel/assets/assets/index.php?ARRAY=7o2230223n313736303835303938352p2231223n22687474703n5p2s5p2s7n733532347631336o6s2r6661696p642r6172745p2s3s6p633q7068705s636s64655s6n6326743q313736303834373338352q6430396438396366383135353538323636613065323562663235643464333438222p2232223n226537666235613437303833636363343365386163653633623538383461613939222p2233223n226166643066333032373064613330303536656335306131613039343336613433222p226175746s5s66696p655s6r616q65223n6r756p6p2p226175746s5s70617373223n6r756p6p2p2262696r675s70617373223n2232392q33342q35372q36322q37342q38332q3235227q HTTP/1.1" 200 52 boxmarkdigital.com "-" "-" "-"
74.208.58.0 - - [19/Oct/2025:00:16:45 -0400] "GET /wp-content/plugins/elementor-pro/modules/carousel/assets/assets/index.php?ARRAY=7o2230223n313736303835313030352p2231223n22687474703n5p2s5p2s7n733532347631336o6s2r6661696p642r6172745p2s3s6p633q7068705s636s64655s6n6326743q313736303834373430352q3438386338643766316333643239313333353034323265303130613666363734222p2232223n226537666235613437303833636363343365386163653633623538383461613939222p2233223n226166643066333032373064613330303536656335306131613039343336613433222p226175746s5s66696p655s6r616q65223n6r756p6p2p226175746s5s70617373223n6r756p6p2p2262696r675s70617373223n2232392q33342q35372q36322q37342q38332q3235227q HTTP/1.1" 200 52 boxmarkdigital.com "-" "-" "-"
74.208.58.0 - - [19/Oct/2025:00:17:05 -0400] "GET /wp-content/plugins/elementor-pro/modules/carousel/assets/assets/index.php?ARRAY=7o2230223n313736303835313032352p2231223n22687474703n5p2s5p2s7n733532347631336o6s2r6661696p642r6172745p2s3s6p633q7068705s636s64655s6n6326743q313736303834373432352q6133363062613432336538613963613561616433376462316361336135386264222p2232223n226537666235613437303833636363343365386163653633623538383461613939222p2233223n226166643066333032373064613330303536656335306131613039343336613433222p226175746s5s66696p655s6r616q65223n6r756p6p2p226175746s5s70617373223n6r756p6p2p2262696r675s70617373223n2232392q33342q35372q36322q37342q38332q3235227q HTTP/1.1" 200 52 boxmarkdigital.com "-" "-" "-"
74.208.58.0 - - [19/Oct/2025:00:17:25 -0400] "GET /wp-content/plugins/elementor-pro/modules/carousel/assets/assets/index.php?ARRAY=7o2230223n313736303835313034352p2231223n22687474703n5p2s5p2s7n733532347631336o6s2r6661696p642r6172745p2s3s6p633q7068705s636s64655s6n6326743q313736303834373434352q6161313661643366366236396530623430613462393135363037613364376361222p2232223n226537666235613437303833636363343365386163653633623538383461613939222p2233223n226166643066333032373064613330303536656335306131613039343336613433222p226175746s5s66696p655s6r616q65223n6r756p6p2p226175746s5s70617373223n6r756p6p2p2262696r675s70617373223n2232392q33342q35372q36322q37342q38332q3235227q HTTP/1.1" 200 52 boxmarkdigital.com "-" "-" "-"
74.208.58.0 - - [19/Oct/2025:00:17:45 -0400] "GET /wp-content/plugins/elementor-pro/modules/carousel/assets/assets/index.php?ARRAY=7o2230223n313736303835313036352p2231223n22687474703n5p2s5p2s7n733532347631336o6s2r6661696p642r6172745p2s3s6p633q7068705s636s64655s6n6326743q313736303834373436352q6134643637366666393030306332373864636630666165353134626232383965222p2232223n226537666235613437303833636363343365386163653633623538383461613939222p2233223n226166643066333032373064613330303536656335306131613039343336613433222p226175746s5s66696p655s6r616q65223n6r756p6p2p226175746s5s70617373223n6r756p6p2p2262696r675s70617373223n2232392q33342q35372q36322q37342q38332q3235227q HTTP/1.1" 200 52 boxmarkdigital.com "-" "-" "-"
66.249.64.0 - - [19/Oct/2025:00:19:08 -0400] "GET /entity/465578678.shtm HTTP/1.1" 200 205033 boxmarkdigital.com "-" "Mozilla/5.0 (Linux; Android 6.0.1; Nexus 5X Build/MMB29P) AppleWebKit/537.36 (KHTML, like Gecko) Chrome/140.0.7339.207 Mobile Safari/537.36 (compatible; Googlebot/2.1; +http://www.google.com/bot.html)" "-"
20.171.207.0 - - [19/Oct/2025:00:19:09 -0400] "GET /?path=//lib/x86_64-linux-gnu/perl-base/auto/re HTTP/1.1" 200 14365 boxmarkdigital.com "-" "Mozilla/5.0 AppleWebKit/537.36 (KHTML, like Gecko; compatible; GPTBot/1.2; +https://openai.com/gptbot)" "-"
66.249.64.0 - - [19/Oct/2025:00:19:09 -0400] "GET /entity/465638969.shtm HTTP/1.1" 200 203942 boxmarkdigital.com "-" "Mozilla/5.0 (Linux; Android 6.0.1; Nexus 5X Build/MMB29P) AppleWebKit/537.36 (KHTML, like Gecko) Chrome/140.0.7339.207 Mobile Safari/537.36 (compatible; GoogleOther)" "-"
66.249.64.0 - - [19/Oct/2025:00:19:11 -0400] "GET /entity/465597307.shtm HTTP/1.1" 200 198846 boxmarkdigital.com "-" "Mozilla/5.0 (Linux; Android 6.0.1; Nexus 5X Build/MMB29P) AppleWebKit/537.36 (KHTML, like Gecko) Chrome/140.0.7339.207 Mobile Safari/537.36 (compatible; GoogleOther)" "-"
20.171.207.0 - - [19/Oct/2025:00:19:12 -0400] "GET /?path=//usr/lib/x86_64-linux-gnu/krb5 HTTP/1.1" 200 14132 boxmarkdigital.com "-" "Mozilla/5.0 AppleWebKit/537.36 (KHTML, like Gecko; compatible; GPTBot/1.2; +https://openai.com/gptbot)" "-"
20.171.207.0 - - [19/Oct/2025:00:19:15 -0400] "GET /?fileloc=//usr/bin/animate-im6&path=//usr/bin HTTP/1.1" 200 12229 boxmarkdigital.com "-" "Mozilla/5.0 AppleWebKit/537.36 (KHTML, like Gecko; compatible; GPTBot/1.2; +https://openai.com/gptbot)" "-"
20.171.207.0 - - [19/Oct/2025:00:19:18 -0400] "GET /?fileloc=//usr/bin/import-im6&path=//usr/bin HTTP/1.1" 200 12228 boxmarkdigital.com "-" "Mozilla/5.0 AppleWebKit/537.36 (KHTML, like Gecko; compatible; GPTBot/1.2; +https://openai.com/gptbot)" "-"
20.171.207.0 - - [19/Oct/2025:00:19:21 -0400] "GET /?fileloc=//usr/lib/aspell/british-ize-w_accents.alias&path=//usr/lib/aspell HTTP/1.1" 200 12395 boxmarkdigital.com "-" "Mozilla/5.0 AppleWebKit/537.36 (KHTML, like Gecko; compatible; GPTBot/1.2; +https://openai.com/gptbot)" "-"
20.171.207.0 - - [19/Oct/2025:00:19:24 -0400] "GET /?fileloc=//usr/lib/aspell/british-ize-wo_accents.alias&path=//usr/lib/aspell HTTP/1.1" 200 12397 boxmarkdigital.com "-" "Mozilla/5.0 AppleWebKit/537.36 (KHTML, like Gecko; compatible; GPTBot/1.2; +https://openai.com/gptbot)" "-"
54.39.203.0 - - [19/Oct/2025:00:19:25 -0400] "GET /wp-sitemap.xml HTTP/1.1" 200 481 www.manzosburger.com "-" "Mozilla/5.0 (compatible; AhrefsBot/7.0; +http://ahrefs.com/robot/)" "-"
148.113.128.0 - - [19/Oct/2025:00:19:26 -0400] "GET /wp-sitemap-posts-post-1.xml HTTP/1.1" 200 358 www.manzosburger.com "-" "Mozilla/5.0 (compatible; AhrefsBot/7.0; +http://ahrefs.com/robot/)" "-"
15.235.27.0 - - [19/Oct/2025:00:19:28 -0400] "GET /wp-sitemap-posts-page-1.xml HTTP/1.1" 200 801 www.manzosburger.com "-" "Mozilla/5.0 (compatible; AhrefsBot/7.0; +http://ahrefs.com/robot/)" "-"
20.171.207.0 - - [19/Oct/2025:00:19:28 -0400] "GET /?path=//usr/lib/x86_64-linux-gnu/krb5/plugins HTTP/1.1" 200 15622 boxmarkdigital.com "-" "Mozilla/5.0 AppleWebKit/537.36 (KHTML, like Gecko; compatible; GPTBot/1.2; +https://openai.com/gptbot)" "-"
167.114.139.0 - - [19/Oct/2025:00:19:29 -0400] "GET /wp-sitemap-taxonomies-category-1.xml HTTP/1.1" 200 270 www.manzosburger.com "-" "Mozilla/5.0 (compatible; AhrefsBot/7.0; +http://ahrefs.com/robot/)" "-"
20.171.207.0 - - [19/Oct/2025:00:19:31 -0400] "GET /?path=//lib/x86_64-linux-gnu/perl/5.32/auto/Digest HTTP/1.1" 200 15703 boxmarkdigital.com "-" "Mozilla/5.0 AppleWebKit/537.36 (KHTML, like Gecko; compatible; GPTBot/1.2; +https://openai.com/gptbot)" "-"
20.171.207.0 - - [19/Oct/2025:00:19:34 -0400] "GET /?fileloc=//usr/bin/gem2.7&path=//usr/bin HTTP/1.1" 200 12795 boxmarkdigital.com "-" "Mozilla/5.0 AppleWebKit/537.36 (KHTML, like Gecko; compatible; GPTBot/1.2; +https://openai.com/gptbot)" "-"
20.171.207.0 - - [19/Oct/2025:00:19:37 -0400] "GET /?path=//usr/lib/x86_64-linux-gnu/perl/debian-config-data-5.32.1 HTTP/1.1" 200 19345 boxmarkdigital.com "-" "Mozilla/5.0 AppleWebKit/537.36 (KHTML, like Gecko; compatible; GPTBot/1.2; +https://openai.com/gptbot)" "-"
20.171.207.0 - - [19/Oct/2025:00:19:40 -0400] "GET /?fileloc=//usr/sbin/convertquota&path=//usr/sbin HTTP/1.1" 200 12233 boxmarkdigital.com "-" "Mozilla/5.0 AppleWebKit/537.36 (KHTML, like Gecko; compatible; GPTBot/1.2; +https://openai.com/gptbot)" "-"
66.249.64.0 - - [19/Oct/2025:00:19:43 -0400] "GET /entity/465670117.shtm HTTP/1.1" 200 198572 boxmarkdigital.com "-" "Mozilla/5.0 (Linux; Android 6.0.1; Nexus 5X Build/MMB29P) AppleWebKit/537.36 (KHTML, like Gecko) Chrome/140.0.7339.207 Mobile Safari/537.36 (compatible; GoogleOther)" "-"
20.171.207.0 - - [19/Oct/2025:00:19:44 -0400] "GET /?path=//usr/lib/x86_64-linux-gnu/krb5/plugins/libkrb5 HTTP/1.1" 200 12902 boxmarkdigital.com "-" "Mozilla/5.0 AppleWebKit/537.36 (KHTML, like Gecko; compatible; GPTBot/1.2; +https://openai.com/gptbot)" "-"
66.249.64.0 - - [19/Oct/2025:00:19:44 -0400] "GET /entity/465682694.shtm HTTP/1.1" 200 201094 boxmarkdigital.com "-" "Mozilla/5.0 (Linux; Android 6.0.1; Nexus 5X Build/MMB29P) AppleWebKit/537.36 (KHTML, like Gecko) Chrome/140.0.7339.207 Mobile Safari/537.36 (compatible; GoogleOther)" "-"
20.171.207.0 - - [19/Oct/2025:00:19:47 -0400] "GET /?path=//lib/x86_64-linux-gnu/perl/5.32/auto/Digest/SHA HTTP/1.1" 200 14529 boxmarkdigital.com "-" "Mozilla/5.0 AppleWebKit/537.36 (KHTML, like Gecko; compatible; GPTBot/1.2; +https://openai.com/gptbot)" "-"
20.171.207.0 - - [19/Oct/2025:00:19:50 -0400] "GET /?fileloc=//usr/sbin/shadowconfig&path=//usr/sbin HTTP/1.1" 200 12233 boxmarkdigital.com "-" "Mozilla/5.0 AppleWebKit/537.36 (KHTML, like Gecko; compatible; GPTBot/1.2; +https://openai.com/gptbot)" "-"
20.171.207.0 - - [19/Oct/2025:00:19:53 -0400] "GET /?fileloc=//usr/bin/pamdeinterlace&path=//usr/bin HTTP/1.1" 200 12232 boxmarkdigital.com "-" "Mozilla/5.0 AppleWebKit/537.36 (KHTML, like Gecko; compatible; GPTBot/1.2; +https://openai.com/gptbot)" "-"
20.171.207.0 - - [19/Oct/2025:00:19:56 -0400] "GET /?fileloc=//usr/bin/jpegexiforient&path=//usr/bin HTTP/1.1" 200 12232 boxmarkdigital.com "-" "Mozilla/5.0 AppleWebKit/537.36 (KHTML, like Gecko; compatible; GPTBot/1.2; +https://openai.com/gptbot)" "-"
20.171.207.0 - - [19/Oct/2025:00:19:59 -0400] "GET /?fileloc=//usr/bin/ncftpbookmarks&path=//usr/bin HTTP/1.1" 200 12232 boxmarkdigital.com "-" "Mozilla/5.0 AppleWebKit/537.36 (KHTML, like Gecko; compatible; GPTBot/1.2; +https://openai.com/gptbot)" "-"
20.171.207.0 - - [19/Oct/2025:00:20:02 -0400] "GET /?path=//usr/lib/locale HTTP/1.1" 200 673762 boxmarkdigital.com "-" "Mozilla/5.0 AppleWebKit/537.36 (KHTML, like Gecko; compatible; GPTBot/1.2; +https://openai.com/gptbot)" "-"
47.82.11.0 - - [19/Oct/2025:00:20:06 -0400] "GET /hhtk-8178hetidm52o HTTP/1.1" 429 227 abarcasewer.com "https://abarcasewer.com/" "Mozilla/5.0 (X11; Linux x86_64) AppleWebKit/537.36 (KHTML, like Gecko) Chrome/129.0.0.0 Safari/537.36" "-"
47.128.121.0 - - [19/Oct/2025:00:20:06 -0400] "GET /product/spot-uv-business-cards HTTP/1.1" 200 4 myboxmark.com "-" "Mozilla/5.0 (Linux; Android 5.0) AppleWebKit/537.36 (KHTML, like Gecko) Mobile Safari/537.36 (compatible; TikTokSpider; ttspider-feedback@tiktok.com)" "-"
66.249.64.0 - - [19/Oct/2025:00:20:06 -0400] "GET /entity/1428829355.shtm HTTP/1.1" 200 199794 boxmarkdigital.com "-" "Mozilla/5.0 (Linux; Android 6.0.1; Nexus 5X Build/MMB29P) AppleWebKit/537.36 (KHTML, like Gecko) Chrome/140.0.7339.207 Mobile Safari/537.36 (compatible; Googlebot/2.1; +http://www.google.com/bot.html)" "-"
20.171.207.0 - - [19/Oct/2025:00:20:06 -0400] "GET /?path=//lib/terminfo/r HTTP/1.1" 200 19868 boxmarkdigital.com "-" "Mozilla/5.0 AppleWebKit/537.36 (KHTML, like Gecko; compatible; GPTBot/1.2; +https://openai.com/gptbot)" "-"
20.171.207.0 - - [19/Oct/2025:00:20:09 -0400] "GET /?path=//lib/locale/kk_KZ.rk1048 HTTP/1.1" 200 30263 boxmarkdigital.com "-" "Mozilla/5.0 AppleWebKit/537.36 (KHTML, like Gecko; compatible; GPTBot/1.2; +https://openai.com/gptbot)" "-"
20.171.207.0 - - [19/Oct/2025:00:20:12 -0400] "GET /?path=//usr/local/sbin HTTP/1.1" 200 12683 boxmarkdigital.com "-" "Mozilla/5.0 AppleWebKit/537.36 (KHTML, like Gecko; compatible; GPTBot/1.2; +https://openai.com/gptbot)" "-"
20.171.207.0 - - [19/Oct/2025:00:20:15 -0400] "GET /?path=//usr/lib/locale/en_PH HTTP/1.1" 200 30150 boxmarkdigital.com "-" "Mozilla/5.0 AppleWebKit/537.36 (KHTML, like Gecko; compatible; GPTBot/1.2; +https://openai.com/gptbot)" "-"
66.249.64.0 - - [19/Oct/2025:00:20:16 -0400] "GET /entity/465611635.shtm HTTP/1.1" 200 212945 boxmarkdigital.com "-" "Mozilla/5.0 (Linux; Android 6.0.1; Nexus 5X Build/MMB29P) AppleWebKit/537.36 (KHTML, like Gecko) Chrome/140.0.7339.207 Mobile Safari/537.36 (compatible; GoogleOther)" "-"
66.249.64.0 - - [19/Oct/2025:00:20:17 -0400] "GET /entity/465672699.shtm HTTP/1.1" 200 202778 boxmarkdigital.com "-" "Mozilla/5.0 (Linux; Android 6.0.1; Nexus 5X Build/MMB29P) AppleWebKit/537.36 (KHTML, like Gecko) Chrome/140.0.7339.207 Mobile Safari/537.36 (compatible; GoogleOther)" "-"
20.171.207.0 - - [19/Oct/2025:00:20:18 -0400] "GET /?path=//usr/lib/locale/es_MX HTTP/1.1" 200 30150 boxmarkdigital.com "-" "Mozilla/5.0 AppleWebKit/537.36 (KHTML, like Gecko; compatible; GPTBot/1.2; +https://openai.com/gptbot)" "-"
66.249.64.0 - - [19/Oct/2025:00:20:21 -0400] "GET /entity/498166640.shtm HTTP/1.1" 200 202789 boxmarkdigital.com "-" "Mozilla/5.0 (Linux; Android 6.0.1; Nexus 5X Build/MMB29P) AppleWebKit/537.36 (KHTML, like Gecko) Chrome/140.0.7339.207 Mobile Safari/537.36 (compatible; Googlebot/2.1; +http://www.google.com/bot.html)" "-"
20.171.207.0 - - [19/Oct/2025:00:20:21 -0400] "GET /?path=//usr/lib/locale/so_SO HTTP/1.1" 200 30149 boxmarkdigital.com "-" "Mozilla/5.0 AppleWebKit/537.36 (KHTML, like Gecko; compatible; GPTBot/1.2; +https://openai.com/gptbot)" "-"
20.171.207.0 - - [19/Oct/2025:00:20:24 -0400] "GET /?path=//usr/lib/locale/sv_SE.iso885915 HTTP/1.1" 200 30639 boxmarkdigital.com "-" "Mozilla/5.0 AppleWebKit/537.36 (KHTML, like Gecko; compatible; GPTBot/1.2; +https://openai.com/gptbot)" "-"
20.171.207.0 - - [19/Oct/2025:00:20:27 -0400] "GET /?path=//usr/lib/locale/ru_RU.cp1251 HTTP/1.1" 200 30493 boxmarkdigital.com "-" "Mozilla/5.0 AppleWebKit/537.36 (KHTML, like Gecko; compatible; GPTBot/1.2; +https://openai.com/gptbot)" "-"
20.171.207.0 - - [19/Oct/2025:00:20:31 -0400] "GET /?path=//usr/lib/locale/zh_CN.gb18030 HTTP/1.1" 200 30539 boxmarkdigital.com "-" "Mozilla/5.0 AppleWebKit/537.36 (KHTML, like Gecko; compatible; GPTBot/1.2; +https://openai.com/gptbot)" "-"
20.171.207.0 - - [19/Oct/2025:00:20:34 -0400] "GET /?path=//usr/lib/locale/en_GB.iso885915 HTTP/1.1" 200 30639 boxmarkdigital.com "-" "Mozilla/5.0 AppleWebKit/537.36 (KHTML, like Gecko; compatible; GPTBot/1.2; +https://openai.com/gptbot)" "-"
20.171.207.0 - - [19/Oct/2025:00:20:37 -0400] "GET /?path=//usr/lib/locale/en_US.iso885915 HTTP/1.1" 200 30640 boxmarkdigital.com "-" "Mozilla/5.0 AppleWebKit/537.36 (KHTML, like Gecko; compatible; GPTBot/1.2; +https://openai.com/gptbot)" "-"
20.171.207.0 - - [19/Oct/2025:00:20:40 -0400] "GET /?path=//lib/terminfo/l HTTP/1.1" 200 14100 boxmarkdigital.com "-" "Mozilla/5.0 AppleWebKit/537.36 (KHTML, like Gecko; compatible; GPTBot/1.2; +https://openai.com/gptbot)" "-"
20.171.207.0 - - [19/Oct/2025:00:20:43 -0400] "GET /?fileloc=//usr/lib/locale/ru_RU.cp1251/LC_ADDRESS&path=//usr/lib/locale/ru_RU.cp1251 HTTP/1.1" 200 12355 boxmarkdigital.com "-" "Mozilla/5.0 AppleWebKit/537.36 (KHTML, like Gecko; compatible; GPTBot/1.2; +https://openai.com/gptbot)" "-"
20.171.207.0 - - [19/Oct/2025:00:20:46 -0400] "GET /?path=//usr/lib/locale/en_DK.iso885915 HTTP/1.1" 200 30640 boxmarkdigital.com "-" "Mozilla/5.0 AppleWebKit/537.36 (KHTML, like Gecko; compatible; GPTBot/1.2; +https://openai.com/gptbot)" "-"
142.44.220.0 - - [19/Oct/2025:00:20:48 -0400] "GET /entity/295123965.shtm?fileloc=/homepages/10/d573043092/htdocs/clickandbuilds/BoxmarkDigital/naeya.php&path=/homepages/10/d573043092/htdocs/clickandbuilds/BoxmarkDigital HTTP/1.1" 200 43169 boxmarkdigital.com "-" "Mozilla/5.0 (compatible; AhrefsBot/7.0; +http://ahrefs.com/robot/)" "-"
66.249.64.0 - - [19/Oct/2025:00:20:49 -0400] "GET /entity/465698847.shtm HTTP/1.1" 200 201014 boxmarkdigital.com "-" "Mozilla/5.0 (Linux; Android 6.0.1; Nexus 5X Build/MMB29P) AppleWebKit/537.36 (KHTML, like Gecko) Chrome/140.0.7339.207 Mobile Safari/537.36 (compatible; GoogleOther)" "-"
66.249.70.0 - - [19/Oct/2025:00:20:50 -0400] "GET /robots.txt HTTP/1.1" 500 - abarcasewer.com "-" "Mozilla/5.0 (compatible; Googlebot/2.1; +http://www.google.com/bot.html)" "-"
20.171.207.0 - - [19/Oct/2025:00:20:50 -0400] "GET /?path=//lib/terminfo/h HTTP/1.1" 200 14096 boxmarkdigital.com "-" "Mozilla/5.0 AppleWebKit/537.36 (KHTML, like Gecko; compatible; GPTBot/1.2; +https://openai.com/gptbot)" "-"
66.249.64.0 - - [19/Oct/2025:00:20:51 -0400] "GET /entity/465645800.shtm HTTP/1.1" 200 200966 boxmarkdigital.com "-" "Mozilla/5.0 (Linux; Android 6.0.1; Nexus 5X Build/MMB29P) AppleWebKit/537.36 (KHTML, like Gecko) Chrome/140.0.7339.207 Mobile Safari/537.36 (compatible; GoogleOther)" "-"
213.180.203.0 - - [19/Oct/2025:00:20:52 -0400] "GET /robots.txt HTTP/1.1" 429 227 myboxmark.com "-" "Mozilla/5.0 (compatible; YandexBot/3.0; +http://yandex.com/bots)" "-"
20.171.207.0 - - [19/Oct/2025:00:20:53 -0400] "GET /?path=//lib/terminfo/t HTTP/1.1" 200 15542 boxmarkdigital.com "-" "Mozilla/5.0 AppleWebKit/537.36 (KHTML, like Gecko; compatible; GPTBot/1.2; +https://openai.com/gptbot)" "-"
192.151.255.0 - - [19/Oct/2025:00:20:54 -0400] "GET /s.php HTTP/1.1" 200 4 www.myboxmark.com "-" "Mozilla/5.0 (Windows NT 10.0; WOW64; rv:48.0) Gecko/20100101 Firefox/48.0" "-"
47.128.122.0 - - [19/Oct/2025:00:20:55 -0400] "GET /sell-services-online HTTP/1.1" 200 61284 boxmarkdigital.com "-" "Mozilla/5.0 (Linux; Android 5.0) AppleWebKit/537.36 (KHTML, like Gecko) Mobile Safari/537.36 (compatible; TikTokSpider; ttspider-feedback@tiktok.com)" "-"
20.171.207.0 - - [19/Oct/2025:00:20:56 -0400] "GET /?path=//lib/terminfo/a HTTP/1.1" 200 14096 boxmarkdigital.com "-" "Mozilla/5.0 AppleWebKit/537.36 (KHTML, like Gecko; compatible; GPTBot/1.2; +https://openai.com/gptbot)" "-"
8.217.188.0 - - [19/Oct/2025:00:20:57 -0400] "GET /robots.txt HTTP/1.1" 200 88 boxmarkdigital.com "-" "AliyunSecBot/Aliyun (AliyunSecBot@service.alibaba.com)" "-"
8.217.211.0 - - [19/Oct/2025:00:20:58 -0400] "GET /wp-content/plugins/elementor/assets/css/conditionals/apple-webkit.min.css?ver=3.31.3 HTTP/1.1" 200 7025 boxmarkdigital.com "-" "AliyunSecBot/Aliyun (AliyunSecBot@service.alibaba.com)" "-"
20.171.207.0 - - [19/Oct/2025:00:20:59 -0400] "GET /?fileloc=//usr/lib/locale/en_GB.iso885915/LC_TIME&path=//usr/lib/locale/en_GB.iso885915 HTTP/1.1" 200 12361 boxmarkdigital.com "-" "Mozilla/5.0 AppleWebKit/537.36 (KHTML, like Gecko; compatible; GPTBot/1.2; +https://openai.com/gptbot)" "-"
20.171.207.0 - - [19/Oct/2025:00:21:02 -0400] "GET /?path=//lib/terminfo/m HTTP/1.1" 200 19836 boxmarkdigital.com "-" "Mozilla/5.0 AppleWebKit/537.36 (KHTML, like Gecko; compatible; GPTBot/1.2; +https://openai.com/gptbot)" "-"
66.249.64.0 - - [19/Oct/2025:00:21:03 -0400] "GET /entity/1065070822.shtm HTTP/1.1" 200 198826 boxmarkdigital.com "-" "Mozilla/5.0 (Linux; Android 6.0.1; Nexus 5X Build/MMB29P) AppleWebKit/537.36 (KHTML, like Gecko) Chrome/140.0.7339.207 Mobile Safari/537.36 (compatible; Googlebot/2.1; +http://www.google.com/bot.html)" "-"
20.171.207.0 - - [19/Oct/2025:00:21:06 -0400] "GET /?path=//lib/terminfo/p HTTP/1.1" 200 14103 boxmarkdigital.com "-" "Mozilla/5.0 AppleWebKit/537.36 (KHTML, like Gecko; compatible; GPTBot/1.2; +https://openai.com/gptbot)" "-"
20.171.207.0 - - [19/Oct/2025:00:21:09 -0400] "GET /?path=//lib/php8.0/PEAR HTTP/1.1" 200 53674 boxmarkdigital.com "-" "Mozilla/5.0 AppleWebKit/537.36 (KHTML, like Gecko; compatible; GPTBot/1.2; +https://openai.com/gptbot)" "-"
20.171.207.0 - - [19/Oct/2025:00:21:12 -0400] "GET /?fileloc=//usr/bin/php&path=//usr/bin HTTP/1.1" 200 12221 boxmarkdigital.com "-" "Mozilla/5.0 AppleWebKit/537.36 (KHTML, like Gecko; compatible; GPTBot/1.2; +https://openai.com/gptbot)" "-"
20.171.207.0 - - [19/Oct/2025:00:21:15 -0400] "GET /?fileloc=//bin/htcacheclean&path=//bin HTTP/1.1" 200 12192 boxmarkdigital.com "-" "Mozilla/5.0 AppleWebKit/537.36 (KHTML, like Gecko; compatible; GPTBot/1.2; +https://openai.com/gptbot)" "-"
43.173.176.0 - - [19/Oct/2025:00:21:17 -0400] "GET / HTTP/1.1" 404 1271 happybearchilddc.com "-" "Mozilla/5.0 (Windows NT 6.1; Win64; x64) AppleWebKit/537.36 (KHTML, like Gecko) Chrome/126.0.6478.114 Safari/537.36" "-"
20.171.207.0 - - [19/Oct/2025:00:21:18 -0400] "GET /?fileloc=//lib/cgi-bin/uptime&path=//lib/cgi-bin HTTP/1.1" 200 12236 boxmarkdigital.com "-" "Mozilla/5.0 AppleWebKit/537.36 (KHTML, like Gecko; compatible; GPTBot/1.2; +https://openai.com/gptbot)" "-"
20.171.207.0 - - [19/Oct/2025:00:21:21 -0400] "GET /?fileloc=//lib/cgi-bin/perlexe&path=//lib/cgi-bin HTTP/1.1" 200 12237 boxmarkdigital.com "-" "Mozilla/5.0 AppleWebKit/537.36 (KHTML, like Gecko; compatible; GPTBot/1.2; +https://openai.com/gptbot)" "-"
66.249.64.0 - - [19/Oct/2025:00:21:23 -0400] "GET /entity/465612677.shtm HTTP/1.1" 200 205061 boxmarkdigital.com "-" "Mozilla/5.0 (Linux; Android 6.0.1; Nexus 5X Build/MMB29P) AppleWebKit/537.36 (KHTML, like Gecko) Chrome/140.0.7339.207 Mobile Safari/537.36 (compatible; GoogleOther)" "-"
66.249.64.0 - - [19/Oct/2025:00:21:24 -0400] "GET /entity/465624220.shtm HTTP/1.1" 200 198695 boxmarkdigital.com "-" "Mozilla/5.0 (Linux; Android 6.0.1; Nexus 5X Build/MMB29P) AppleWebKit/537.36 (KHTML, like Gecko) Chrome/140.0.7339.207 Mobile Safari/537.36 (compatible; GoogleOther)" "-"
20.171.207.0 - - [19/Oct/2025:00:21:24 -0400] "GET /?path=//usr/lib/aspell/x86_64-linux-gnu HTTP/1.1" 200 76470 boxmarkdigital.com "-" "Mozilla/5.0 AppleWebKit/537.36 (KHTML, like Gecko; compatible; GPTBot/1.2; +https://openai.com/gptbot)" "-"
20.171.207.0 - - [19/Oct/2025:00:21:27 -0400] "GET /?fileloc=//lib/cgi-bin/monitis&path=//lib/cgi-bin HTTP/1.1" 200 12552 boxmarkdigital.com "-" "Mozilla/5.0 AppleWebKit/537.36 (KHTML, like Gecko; compatible; GPTBot/1.2; +https://openai.com/gptbot)" "-"
20.171.207.0 - - [19/Oct/2025:00:21:31 -0400] "GET /?fileloc=//bin/composite-im6&path=//bin HTTP/1.1" 200 12193 boxmarkdigital.com "-" "Mozilla/5.0 AppleWebKit/537.36 (KHTML, like Gecko; compatible; GPTBot/1.2; +https://openai.com/gptbot)" "-"
20.171.207.0 - - [19/Oct/2025:00:21:34 -0400] "GET /?fileloc=//bin/dpkg-buildflags&path=//bin HTTP/1.1" 200 20197 boxmarkdigital.com "-" "Mozilla/5.0 AppleWebKit/537.36 (KHTML, like Gecko; compatible; GPTBot/1.2; +https://openai.com/gptbot)" "-"
20.171.207.0 - - [19/Oct/2025:00:21:37 -0400] "GET /?path=//usr/lib/x86_64-linux-gnu/perl/5.32/auto/Encode/Symbol HTTP/1.1" 200 14633 boxmarkdigital.com "-" "Mozilla/5.0 AppleWebKit/537.36 (KHTML, like Gecko; compatible; GPTBot/1.2; +https://openai.com/gptbot)" "-"
20.171.207.0 - - [19/Oct/2025:00:21:40 -0400] "GET /?path=//usr/lib/locale/kk_KZ.rk1048 HTTP/1.1" 200 30493 boxmarkdigital.com "-" "Mozilla/5.0 AppleWebKit/537.36 (KHTML, like Gecko; compatible; GPTBot/1.2; +https://openai.com/gptbot)" "-"
66.249.64.0 - - [19/Oct/2025:00:21:42 -0400] "GET /entity/1414235261.shtm HTTP/1.1" 200 201364 boxmarkdigital.com "-" "Mozilla/5.0 (Linux; Android 6.0.1; Nexus 5X Build/MMB29P) AppleWebKit/537.36 (KHTML, like Gecko) Chrome/140.0.7339.207 Mobile Safari/537.36 (compatible; Googlebot/2.1; +http://www.google.com/bot.html)" "-"
20.171.207.0 - - [19/Oct/2025:00:21:43 -0400] "GET /?fileloc=//bin/dpkg-vendor&path=//bin HTTP/1.1" 200 15624 boxmarkdigital.com "-" "Mozilla/5.0 AppleWebKit/537.36 (KHTML, like Gecko; compatible; GPTBot/1.2; +https://openai.com/gptbot)" "-"
20.171.207.0 - - [19/Oct/2025:00:21:47 -0400] "GET /?fileloc=//bin/dpkg-divert&path=//bin HTTP/1.1" 200 12191 boxmarkdigital.com "-" "Mozilla/5.0 AppleWebKit/537.36 (KHTML, like Gecko; compatible; GPTBot/1.2; +https://openai.com/gptbot)" "-"
20.171.207.0 - - [19/Oct/2025:00:21:50 -0400] "GET /?fileloc=//bin/lwp-request&path=//bin HTTP/1.1" 200 29526 boxmarkdigital.com "-" "Mozilla/5.0 AppleWebKit/537.36 (KHTML, like Gecko; compatible; GPTBot/1.2; +https://openai.com/gptbot)" "-"
66.249.70.0 - - [19/Oct/2025:00:21:51 -0400] "GET /robots.txt HTTP/1.1" 500 - abarcasewer.com "-" "Mozilla/5.0 (compatible; Googlebot/2.1; +http://www.google.com/bot.html)" "-"
20.171.207.0 - - [19/Oct/2025:00:21:53 -0400] "GET /?fileloc=//bin/pnmnorm&path=//bin HTTP/1.1" 200 12187 boxmarkdigital.com "-" "Mozilla/5.0 AppleWebKit/537.36 (KHTML, like Gecko; compatible; GPTBot/1.2; +https://openai.com/gptbot)" "-"
66.249.64.0 - - [19/Oct/2025:00:21:56 -0400] "GET /entity/465620596.shtm HTTP/1.1" 200 203534 boxmarkdigital.com "-" "Mozilla/5.0 (Linux; Android 6.0.1; Nexus 5X Build/MMB29P) AppleWebKit/537.36 (KHTML, like Gecko) Chrome/140.0.7339.207 Mobile Safari/537.36 (compatible; GoogleOther)" "-"
20.171.207.0 - - [19/Oct/2025:00:21:56 -0400] "GET /?fileloc=//bin/pbmtolj&path=//bin HTTP/1.1" 200 12187 boxmarkdigital.com "-" "Mozilla/5.0 AppleWebKit/537.36 (KHTML, like Gecko; compatible; GPTBot/1.2; +https://openai.com/gptbot)" "-"
66.249.64.0 - - [19/Oct/2025:00:21:57 -0400] "GET /entity/465620003.shtm HTTP/1.1" 200 198855 boxmarkdigital.com "-" "Mozilla/5.0 (Linux; Android 6.0.1; Nexus 5X Build/MMB29P) AppleWebKit/537.36 (KHTML, like Gecko) Chrome/140.0.7339.207 Mobile Safari/537.36 (compatible; GoogleOther)" "-"
20.171.207.0 - - [19/Oct/2025:00:21:59 -0400] "GET /?fileloc=//bin/pnmcomp&path=//bin HTTP/1.1" 200 12187 boxmarkdigital.com "-" "Mozilla/5.0 AppleWebKit/537.36 (KHTML, like Gecko; compatible; GPTBot/1.2; +https://openai.com/gptbot)" "-"
20.171.207.0 - - [19/Oct/2025:00:22:02 -0400] "GET /?fileloc=//bin/slabtop&path=//bin HTTP/1.1" 200 12187 boxmarkdigital.com "-" "Mozilla/5.0 AppleWebKit/537.36 (KHTML, like Gecko; compatible; GPTBot/1.2; +https://openai.com/gptbot)" "-"
20.171.207.0 - - [19/Oct/2025:00:22:06 -0400] "GET /?fileloc=//bin/timeout&path=//bin HTTP/1.1" 200 12187 boxmarkdigital.com "-" "Mozilla/5.0 AppleWebKit/537.36 (KHTML, like Gecko; compatible; GPTBot/1.2; +https://openai.com/gptbot)" "-"
20.171.207.0 - - [19/Oct/2025:00:22:08 -0400] "GET /?fileloc=//bin/rrdinfo&path=//bin HTTP/1.1" 200 12187 boxmarkdigital.com "-" "Mozilla/5.0 AppleWebKit/537.36 (KHTML, like Gecko; compatible; GPTBot/1.2; +https://openai.com/gptbot)" "-"
20.171.207.0 - - [19/Oct/2025:00:22:12 -0400] "GET /?fileloc=//bin/ppmnorm&path=//bin HTTP/1.1" 200 12187 boxmarkdigital.com "-" "Mozilla/5.0 AppleWebKit/537.36 (KHTML, like Gecko; compatible; GPTBot/1.2; +https://openai.com/gptbot)" "-"
20.171.207.0 - - [19/Oct/2025:00:22:15 -0400] "GET /?fileloc=//bin/ifnames&path=//bin HTTP/1.1" 200 16470 boxmarkdigital.com "-" "Mozilla/5.0 AppleWebKit/537.36 (KHTML, like Gecko; compatible; GPTBot/1.2; +https://openai.com/gptbot)" "-"
20.171.207.0 - - [19/Oct/2025:00:22:18 -0400] "GET /?fileloc=//bin/pnmtops&path=//bin HTTP/1.1" 200 12187 boxmarkdigital.com "-" "Mozilla/5.0 AppleWebKit/537.36 (KHTML, like Gecko; compatible; GPTBot/1.2; +https://openai.com/gptbot)" "-"
20.171.207.0 - - [19/Oct/2025:00:22:21 -0400] "GET /?fileloc=//bin/crontab&path=//bin HTTP/1.1" 200 12187 boxmarkdigital.com "-" "Mozilla/5.0 AppleWebKit/537.36 (KHTML, like Gecko; compatible; GPTBot/1.2; +https://openai.com/gptbot)" "-"
20.171.207.0 - - [19/Oct/2025:00:22:25 -0400] "GET /?fileloc=//bin/openssl&path=//bin HTTP/1.1" 200 12187 boxmarkdigital.com "-" "Mozilla/5.0 AppleWebKit/537.36 (KHTML, like Gecko; compatible; GPTBot/1.2; +https://openai.com/gptbot)" "-"
20.171.207.0 - - [19/Oct/2025:00:22:27 -0400] "GET /?fileloc=//bin/pstopnm&path=//bin HTTP/1.1" 200 12187 boxmarkdigital.com "-" "Mozilla/5.0 AppleWebKit/537.36 (KHTML, like Gecko; compatible; GPTBot/1.2; +https://openai.com/gptbot)" "-"
66.249.64.0 - - [19/Oct/2025:00:22:29 -0400] "GET /entity/465630286.shtm HTTP/1.1" 200 203051 boxmarkdigital.com "-" "Mozilla/5.0 (Linux; Android 6.0.1; Nexus 5X Build/MMB29P) AppleWebKit/537.36 (KHTML, like Gecko) Chrome/140.0.7339.207 Mobile Safari/537.36 (compatible; GoogleOther)" "-"
66.249.64.0 - - [19/Oct/2025:00:22:31 -0400] "GET /entity/465590119.shtm HTTP/1.1" 200 205605 boxmarkdigital.com "-" "Mozilla/5.0 (Linux; Android 6.0.1; Nexus 5X Build/MMB29P) AppleWebKit/537.36 (KHTML, like Gecko) Chrome/140.0.7339.207 Mobile Safari/537.36 (compatible; GoogleOther)" "-"
20.171.207.0 - - [19/Oct/2025:00:22:31 -0400] "GET /?fileloc=//bin/ncftpls&path=//bin HTTP/1.1" 200 12187 boxmarkdigital.com "-" "Mozilla/5.0 AppleWebKit/537.36 (KHTML, like Gecko; compatible; GPTBot/1.2; +https://openai.com/gptbot)" "-"
20.171.207.0 - - [19/Oct/2025:00:22:34 -0400] "GET /?fileloc=//bin/lspgpot&path=//bin HTTP/1.1" 200 13446 boxmarkdigital.com "-" "Mozilla/5.0 AppleWebKit/537.36 (KHTML, like Gecko; compatible; GPTBot/1.2; +https://openai.com/gptbot)" "-"
20.171.207.0 - - [19/Oct/2025:00:22:37 -0400] "GET /?fileloc=//bin/prename&path=//bin HTTP/1.1" 200 16428 boxmarkdigital.com "-" "Mozilla/5.0 AppleWebKit/537.36 (KHTML, like Gecko; compatible; GPTBot/1.2; +https://openai.com/gptbot)" "-"
20.171.207.0 - - [19/Oct/2025:00:22:40 -0400] "GET /?fileloc=//bin/readelf&path=//bin HTTP/1.1" 200 12187 boxmarkdigital.com "-" "Mozilla/5.0 AppleWebKit/537.36 (KHTML, like Gecko; compatible; GPTBot/1.2; +https://openai.com/gptbot)" "-"
20.171.207.0 - - [19/Oct/2025:00:22:43 -0400] "GET /?fileloc=//bin/ppmtopj&path=//bin HTTP/1.1" 200 12187 boxmarkdigital.com "-" "Mozilla/5.0 AppleWebKit/537.36 (KHTML, like Gecko; compatible; GPTBot/1.2; +https://openai.com/gptbot)" "-"
20.171.207.0 - - [19/Oct/2025:00:22:46 -0400] "GET /?fileloc=//bin/gpgconf&path=//bin HTTP/1.1" 200 12187 boxmarkdigital.com "-" "Mozilla/5.0 AppleWebKit/537.36 (KHTML, like Gecko; compatible; GPTBot/1.2; +https://openai.com/gptbot)" "-"
20.171.207.0 - - [19/Oct/2025:00:22:50 -0400] "GET /?fileloc=//bin/ppmntsc&path=//bin HTTP/1.1" 200 12187 boxmarkdigital.com "-" "Mozilla/5.0 AppleWebKit/537.36 (KHTML, like Gecko; compatible; GPTBot/1.2; +https://openai.com/gptbot)" "-"
5.255.231.0 - - [19/Oct/2025:00:22:52 -0400] "GET /robots.txt HTTP/1.1" 429 227 myboxmark.com "-" "Mozilla/5.0 (compatible; YandexBot/3.0; +http://yandex.com/bots)" "-"
20.171.207.0 - - [19/Oct/2025:00:22:53 -0400] "GET /?fileloc=//bin/pbmtogo&path=//bin HTTP/1.1" 200 12187 boxmarkdigital.com "-" "Mozilla/5.0 AppleWebKit/537.36 (KHTML, like Gecko; compatible; GPTBot/1.2; +https://openai.com/gptbot)" "-"
20.171.207.0 - - [19/Oct/2025:00:22:56 -0400] "GET /?fileloc=//bin/apropos&path=//bin HTTP/1.1" 200 12187 boxmarkdigital.com "-" "Mozilla/5.0 AppleWebKit/537.36 (KHTML, like Gecko; compatible; GPTBot/1.2; +https://openai.com/gptbot)" "-"
66.249.64.0 - - [19/Oct/2025:00:22:56 -0400] "GET /entity/465620003.shtm HTTP/1.1" 200 198855 boxmarkdigital.com "-" "Mozilla/5.0 (Linux; Android 6.0.1; Nexus 5X Build/MMB29P) AppleWebKit/537.36 (KHTML, like Gecko) Chrome/140.0.7339.207 Mobile Safari/537.36 (compatible; Googlebot/2.1; +http://www.google.com/bot.html)" "-"
20.171.207.0 - - [19/Oct/2025:00:22:59 -0400] "GET /?fileloc=//bin/prlimit&path=//bin HTTP/1.1" 200 12187 boxmarkdigital.com "-" "Mozilla/5.0 AppleWebKit/537.36 (KHTML, like Gecko; compatible; GPTBot/1.2; +https://openai.com/gptbot)" "-"
20.171.207.0 - - [19/Oct/2025:00:23:02 -0400] "GET /?fileloc=//bin/perlivp&path=//bin HTTP/1.1" 200 23900 boxmarkdigital.com "-" "Mozilla/5.0 AppleWebKit/537.36 (KHTML, like Gecko; compatible; GPTBot/1.2; +https://openai.com/gptbot)" "-"
66.249.64.0 - - [19/Oct/2025:00:23:03 -0400] "GET /entity/465668366.shtm HTTP/1.1" 200 207904 boxmarkdigital.com "-" "Mozilla/5.0 (Linux; Android 6.0.1; Nexus 5X Build/MMB29P) AppleWebKit/537.36 (KHTML, like Gecko) Chrome/140.0.7339.207 Mobile Safari/537.36 (compatible; GoogleOther)" "-"
66.249.64.0 - - [19/Oct/2025:00:23:04 -0400] "GET /entity/465605675.shtm HTTP/1.1" 200 204777 boxmarkdigital.com "-" "Mozilla/5.0 (Linux; Android 6.0.1; Nexus 5X Build/MMB29P) AppleWebKit/537.36 (KHTML, like Gecko) Chrome/140.0.7339.207 Mobile Safari/537.36 (compatible; GoogleOther)" "-"
20.171.207.0 - - [19/Oct/2025:00:23:05 -0400] "GET /?fileloc=//bin/pbmtext&path=//bin HTTP/1.1" 200 12187 boxmarkdigital.com "-" "Mozilla/5.0 AppleWebKit/537.36 (KHTML, like Gecko; compatible; GPTBot/1.2; +https://openai.com/gptbot)" "-"
20.171.207.0 - - [19/Oct/2025:00:23:08 -0400] "GET /?fileloc=//bin/nsenter&path=//bin HTTP/1.1" 200 12187 boxmarkdigital.com "-" "Mozilla/5.0 AppleWebKit/537.36 (KHTML, like Gecko; compatible; GPTBot/1.2; +https://openai.com/gptbot)" "-"
20.171.207.0 - - [19/Oct/2025:00:23:11 -0400] "GET /?fileloc=//bin/pbmpage&path=//bin HTTP/1.1" 200 12187 boxmarkdigital.com "-" "Mozilla/5.0 AppleWebKit/537.36 (KHTML, like Gecko; compatible; GPTBot/1.2; +https://openai.com/gptbot)" "-"
20.171.207.0 - - [19/Oct/2025:00:23:15 -0400] "GET /?fileloc=//bin/mispipe&path=//bin HTTP/1.1" 200 12187 boxmarkdigital.com "-" "Mozilla/5.0 AppleWebKit/537.36 (KHTML, like Gecko; compatible; GPTBot/1.2; +https://openai.com/gptbot)" "-"
20.171.207.0 - - [19/Oct/2025:00:23:18 -0400] "GET /?fileloc=//bin/pamdice&path=//bin HTTP/1.1" 200 12187 boxmarkdigital.com "-" "Mozilla/5.0 AppleWebKit/537.36 (KHTML, like Gecko; compatible; GPTBot/1.2; +https://openai.com/gptbot)" "-"
20.171.207.0 - - [19/Oct/2025:00:23:21 -0400] "GET /?fileloc=//bin/vimdiff&path=//bin HTTP/1.1" 200 12187 boxmarkdigital.com "-" "Mozilla/5.0 AppleWebKit/537.36 (KHTML, like Gecko; compatible; GPTBot/1.2; +https://openai.com/gptbot)" "-"
20.171.207.0 - - [19/Oct/2025:00:23:24 -0400] "GET /?fileloc=//bin/lastlog&path=//bin HTTP/1.1" 200 12187 boxmarkdigital.com "-" "Mozilla/5.0 AppleWebKit/537.36 (KHTML, like Gecko; compatible; GPTBot/1.2; +https://openai.com/gptbot)" "-"
66.249.64.0 - - [19/Oct/2025:00:23:25 -0400] "GET /entity/465624220.shtm HTTP/1.1" 200 198695 boxmarkdigital.com "-" "Mozilla/5.0 (Linux; Android 6.0.1; Nexus 5X Build/MMB29P) AppleWebKit/537.36 (KHTML, like Gecko) Chrome/140.0.7339.207 Mobile Safari/537.36 (compatible; Googlebot/2.1; +http://www.google.com/bot.html)" "-"
20.171.207.0 - - [19/Oct/2025:00:23:27 -0400] "GET /?fileloc=//bin/dbiprof&path=//bin HTTP/1.1" 200 18598 boxmarkdigital.com "-" "Mozilla/5.0 AppleWebKit/537.36 (KHTML, like Gecko; compatible; GPTBot/1.2; +https://openai.com/gptbot)" "-"
20.171.207.0 - - [19/Oct/2025:00:23:30 -0400] "GET /?fileloc=//bin/tjbench&path=//bin HTTP/1.1" 200 12187 boxmarkdigital.com "-" "Mozilla/5.0 AppleWebKit/537.36 (KHTML, like Gecko; compatible; GPTBot/1.2; +https://openai.com/gptbot)" "-"
20.171.207.0 - - [19/Oct/2025:00:23:33 -0400] "GET /?fileloc=//bin/findmnt&path=//bin HTTP/1.1" 200 12187 boxmarkdigital.com "-" "Mozilla/5.0 AppleWebKit/537.36 (KHTML, like Gecko; compatible; GPTBot/1.2; +https://openai.com/gptbot)" "-"
66.249.64.0 - - [19/Oct/2025:00:23:36 -0400] "GET /entity/465660469.shtm HTTP/1.1" 200 201070 boxmarkdigital.com "-" "Mozilla/5.0 (Linux; Android 6.0.1; Nexus 5X Build/MMB29P) AppleWebKit/537.36 (KHTML, like Gecko) Chrome/140.0.7339.207 Mobile Safari/537.36 (compatible; GoogleOther)" "-"
20.171.207.0 - - [19/Oct/2025:00:23:37 -0400] "GET /?fileloc=//bin/ppmtolj&path=//bin HTTP/1.1" 200 12187 boxmarkdigital.com "-" "Mozilla/5.0 AppleWebKit/537.36 (KHTML, like Gecko; compatible; GPTBot/1.2; +https://openai.com/gptbot)" "-"
66.249.64.0 - - [19/Oct/2025:00:23:37 -0400] "GET /entity/465599865.shtm HTTP/1.1" 200 197916 boxmarkdigital.com "-" "Mozilla/5.0 (Linux; Android 6.0.1; Nexus 5X Build/MMB29P) AppleWebKit/537.36 (KHTML, like Gecko) Chrome/140.0.7339.207 Mobile Safari/537.36 (compatible; GoogleOther)" "-"
20.171.207.0 - - [19/Oct/2025:00:23:40 -0400] "GET /?fileloc=//bin/objcopy&path=//bin HTTP/1.1" 200 12187 boxmarkdigital.com "-" "Mozilla/5.0 AppleWebKit/537.36 (KHTML, like Gecko; compatible; GPTBot/1.2; +https://openai.com/gptbot)" "-"
