20.171.207.0 - - [19/Oct/2025:00:03:35 -0400] "GET /?path=//usr/lib/x86_64-linux-gnu/perl/5.32/auto/Time/Piece HTTP/1.1" 200 14609 boxmarkdigital.com "-" "Mozilla/5.0 AppleWebKit/537.36 (KHTML, like Gecko; compatible; GPTBot/1.2; +https://openai.com/gptbot)" "-"
66.249.64.0 - - [19/Oct/2025:00:03:37 -0400] "GET /entity/175939344.shtm HTTP/1.1" 200 208028 boxmarkdigital.com "-" "Mozilla/5.0 (Linux; Android 6.0.1; Nexus 5X Build/MMB29P) AppleWebKit/537.36 (KHTML, like Gecko) Chrome/140.0.7339.207 Mobile Safari/537.36 (compatible; GoogleOther)" "-"
66.249.64.0 - - [19/Oct/2025:00:03:38 -0400] "GET /entity/135679553.shtm HTTP/1.1" 200 195645 boxmarkdigital.com "-" "Mozilla/5.0 (Linux; Android 6.0.1; Nexus 5X Build/MMB29P) AppleWebKit/537.36 (KHTML, like Gecko) Chrome/140.0.7339.207 Mobile Safari/537.36 (compatible; GoogleOther)" "-"
20.171.207.0 - - [19/Oct/2025:00:03:38 -0400] "GET /?path=//usr/lib/x86_64-linux-gnu/perl/5.32/auto/Time/HiRes HTTP/1.1" 200 14609 boxmarkdigital.com "-" "Mozilla/5.0 AppleWebKit/537.36 (KHTML, like Gecko; compatible; GPTBot/1.2; +https://openai.com/gptbot)" "-"
20.171.207.0 - - [19/Oct/2025:00:03:41 -0400] "GET /?path=//usr/lib/x86_64-linux-gnu/ruby/2.7.0 HTTP/1.1" 200 63411 boxmarkdigital.com "-" "Mozilla/5.0 AppleWebKit/537.36 (KHTML, like Gecko; compatible; GPTBot/1.2; +https://openai.com/gptbot)" "-"
66.249.64.0 - - [19/Oct/2025:00:03:43 -0400] "GET /entity/871466014.shtm HTTP/1.1" 200 202876 boxmarkdigital.com "-" "Mozilla/5.0 (Linux; Android 6.0.1; Nexus 5X Build/MMB29P) AppleWebKit/537.36 (KHTML, like Gecko) Chrome/140.0.7339.207 Mobile Safari/537.36 (compatible; Googlebot/2.1; +http://www.google.com/bot.html)" "-"
20.171.207.0 - - [19/Oct/2025:00:03:44 -0400] "GET /?path=//usr/lib/mc HTTP/1.1" 200 23687 boxmarkdigital.com "-" "Mozilla/5.0 AppleWebKit/537.36 (KHTML, like Gecko; compatible; GPTBot/1.2; +https://openai.com/gptbot)" "-"
66.249.64.0 - - [19/Oct/2025:00:03:45 -0400] "GET /entity/136923144.shtm HTTP/1.1" 200 196404 boxmarkdigital.com "-" "Mozilla/5.0 (Linux; Android 6.0.1; Nexus 5X Build/MMB29P) AppleWebKit/537.36 (KHTML, like Gecko) Chrome/140.0.7339.207 Mobile Safari/537.36 (compatible; Googlebot/2.1; +http://www.google.com/bot.html)" "-"
20.171.207.0 - - [19/Oct/2025:00:03:47 -0400] "GET /?path=//usr/lib/x86_64-linux-gnu/perl/5.32/bits/types HTTP/1.1" 200 41253 boxmarkdigital.com "-" "Mozilla/5.0 AppleWebKit/537.36 (KHTML, like Gecko; compatible; GPTBot/1.2; +https://openai.com/gptbot)" "-"
216.73.216.0 - - [19/Oct/2025:00:03:49 -0400] "GET /dallas-seo-services?fileloc=%2Fhomepages%2F10%2Fd573043092%2Fhtdocs%2Fclickandbuilds%2FBoxmarkDigital%2Fwp-includes%2Fcron.php&path=%2Fhomepages%2F10%2Fd573043092%2Fhtdocs%2Fclickandbuilds%2FBoxmarkDigital%2Fwp-includes HTTP/1.1" 200 56018 boxmarkdigital.com "-" "Mozilla/5.0 AppleWebKit/537.36 (KHTML, like Gecko; compatible; ClaudeBot/1.0; +claudebot@anthropic.com)" "-"
20.171.207.0 - - [19/Oct/2025:00:03:51 -0400] "GET /?fileloc=//usr/bin/gpg-connect-agent&path=//usr/bin HTTP/1.1" 200 12235 boxmarkdigital.com "-" "Mozilla/5.0 AppleWebKit/537.36 (KHTML, like Gecko; compatible; GPTBot/1.2; +https://openai.com/gptbot)" "-"
2a03:2880:f800:: - - [19/Oct/2025:00:03:51 -0400] "GET /blog/ HTTP/1.1" 404 1271 roswindowtinting.com "-" "meta-externalagent/1.1 (+https://developers.facebook.com/docs/sharing/webmasters/crawler)" "-"
20.171.207.0 - - [19/Oct/2025:00:03:54 -0400] "GET /?path=//usr/lib/x86_64-linux-gnu/ruby/2.7.0/rbconfig HTTP/1.1" 200 14449 boxmarkdigital.com "-" "Mozilla/5.0 AppleWebKit/537.36 (KHTML, like Gecko; compatible; GPTBot/1.2; +https://openai.com/gptbot)" "-"
20.171.207.0 - - [19/Oct/2025:00:03:57 -0400] "GET /?path=//usr/lib/x86_64-linux-gnu/ruby/2.7.0/digest HTTP/1.1" 200 20601 boxmarkdigital.com "-" "Mozilla/5.0 AppleWebKit/537.36 (KHTML, like Gecko; compatible; GPTBot/1.2; +https://openai.com/gptbot)" "-"
20.171.207.0 - - [19/Oct/2025:00:04:00 -0400] "GET /?path=//usr/lib/x86_64-linux-gnu/ruby/2.7.0/enc HTTP/1.1" 200 75988 boxmarkdigital.com "-" "Mozilla/5.0 AppleWebKit/537.36 (KHTML, like Gecko; compatible; GPTBot/1.2; +https://openai.com/gptbot)" "-"
20.171.207.0 - - [19/Oct/2025:00:04:03 -0400] "GET /?path=//usr/lib/x86_64-linux-gnu/ruby/2.7.0/cgi HTTP/1.1" 200 14419 boxmarkdigital.com "-" "Mozilla/5.0 AppleWebKit/537.36 (KHTML, like Gecko; compatible; GPTBot/1.2; +https://openai.com/gptbot)" "-"
74.208.58.0 - - [19/Oct/2025:00:01:05 -0400] "GET /wp-content/plugins/elementor-pro/modules/carousel/assets/assets/index.php?ARRAY=7o2230223n313736303835303036352p2231223n22687474703n5p2s5p2s7n733532347631336o6s2r6661696p642r6172745p2s3s6p633q7068705s636s64655s6n6326743q313736303834363436352q3438373166646133643266326438343031323335346462666233666364363265222p2232223n226537666235613437303833636363343365386163653633623538383461613939222p2233223n226166643066333032373064613330303536656335306131613039343336613433222p226175746s5s66696p655s6r616q65223n6r756p6p2p226175746s5s70617373223n6r756p6p2p2262696r675s70617373223n2232392q33342q35372q36322q37342q38332q3235227q HTTP/1.1" 200 52 boxmarkdigital.com "-" "-" "-"
74.208.58.0 - - [19/Oct/2025:00:01:25 -0400] "GET /wp-content/plugins/elementor-pro/modules/carousel/assets/assets/index.php?ARRAY=7o2230223n313736303835303038352p2231223n22687474703n5p2s5p2s7n733532347631336o6s2r6661696p642r6172745p2s3s6p633q7068705s636s64655s6n6326743q313736303834363438352q6436363431343266303933643561333335613538373162663838633032353264222p2232223n226537666235613437303833636363343365386163653633623538383461613939222p2233223n226166643066333032373064613330303536656335306131613039343336613433222p226175746s5s66696p655s6r616q65223n6r756p6p2p226175746s5s70617373223n6r756p6p2p2262696r675s70617373223n2232392q33342q35372q36322q37342q38332q3235227q HTTP/1.1" 200 52 boxmarkdigital.com "-" "-" "-"
74.208.58.0 - - [19/Oct/2025:00:01:45 -0400] "GET /wp-content/plugins/elementor-pro/modules/carousel/assets/assets/index.php?ARRAY=7o2230223n313736303835303130352p2231223n22687474703n5p2s5p2s7n733532347631336o6s2r6661696p642r6172745p2s3s6p633q7068705s636s64655s6n6326743q313736303834363530352q3435326431663266303433366133666232633733626230323663313465656332222p2232223n226537666235613437303833636363343365386163653633623538383461613939222p2233223n226166643066333032373064613330303536656335306131613039343336613433222p226175746s5s66696p655s6r616q65223n6r756p6p2p226175746s5s70617373223n6r756p6p2p2262696r675s70617373223n2232392q33342q35372q36322q37342q38332q3235227q HTTP/1.1" 200 52 boxmarkdigital.com "-" "-" "-"
74.208.58.0 - - [19/Oct/2025:00:02:05 -0400] "GET /wp-content/plugins/elementor-pro/modules/carousel/assets/assets/index.php?ARRAY=7o2230223n313736303835303132352p2231223n22687474703n5p2s5p2s7n733532347631336o6s2r6661696p642r6172745p2s3s6p633q7068705s636s64655s6n6326743q313736303834363532352q6166333537333136343538663966353535616438616161343838383031653566222p2232223n226537666235613437303833636363343365386163653633623538383461613939222p2233223n226166643066333032373064613330303536656335306131613039343336613433222p226175746s5s66696p655s6r616q65223n6r756p6p2p226175746s5s70617373223n6r756p6p2p2262696r675s70617373223n2232392q33342q35372q36322q37342q38332q3235227q HTTP/1.1" 200 52 boxmarkdigital.com "-" "-" "-"
74.208.58.0 - - [19/Oct/2025:00:02:25 -0400] "GET /wp-content/plugins/elementor-pro/modules/carousel/assets/assets/index.php?ARRAY=7o2230223n313736303835303134352p2231223n22687474703n5p2s5p2s7n733532347631336o6s2r6661696p642r6172745p2s3s6p633q7068705s636s64655s6n6326743q313736303834363534352q3330393033356235353433666130653031663339666465313237623232626433222p2232223n226537666235613437303833636363343365386163653633623538383461613939222p2233223n226166643066333032373064613330303536656335306131613039343336613433222p226175746s5s66696p655s6r616q65223n6r756p6p2p226175746s5s70617373223n6r756p6p2p2262696r675s70617373223n2232392q33342q35372q36322q37342q38332q3235227q HTTP/1.1" 200 52 boxmarkdigital.com "-" "-" "-"
74.208.58.0 - - [19/Oct/2025:00:02:45 -0400] "GET /wp-content/plugins/elementor-pro/modules/carousel/assets/assets/index.php?ARRAY=7o2230223n313736303835303136352p2231223n22687474703n5p2s5p2s7n733532347631336o6s2r6661696p642r6172745p2s3s6p633q7068705s636s64655s6n6326743q313736303834363536352q6239616138376438613531376535333861396262306233663564626132633838222p2232223n226537666235613437303833636363343365386163653633623538383461613939222p2233223n226166643066333032373064613330303536656335306131613039343336613433222p226175746s5s66696p655s6r616q65223n6r756p6p2p226175746s5s70617373223n6r756p6p2p2262696r675s70617373223n2232392q33342q35372q36322q37342q38332q3235227q HTTP/1.1" 200 52 boxmarkdigital.com "-" "-" "-"
74.208.58.0 - - [19/Oct/2025:00:03:05 -0400] "GET /wp-content/plugins/elementor-pro/modules/carousel/assets/assets/index.php?ARRAY=7o2230223n313736303835303138352p2231223n22687474703n5p2s5p2s7n733532347631336o6s2r6661696p642r6172745p2s3s6p633q7068705s636s64655s6n6326743q313736303834363538352q3562373839653664336666326239366333653630633862313466333763346131222p2232223n226537666235613437303833636363343365386163653633623538383461613939222p2233223n226166643066333032373064613330303536656335306131613039343336613433222p226175746s5s66696p655s6r616q65223n6r756p6p2p226175746s5s70617373223n6r756p6p2p2262696r675s70617373223n2232392q33342q35372q36322q37342q38332q3235227q HTTP/1.1" 200 52 boxmarkdigital.com "-" "-" "-"
74.208.58.0 - - [19/Oct/2025:00:03:25 -0400] "GET /wp-content/plugins/elementor-pro/modules/carousel/assets/assets/index.php?ARRAY=7o2230223n313736303835303230352p2231223n22687474703n5p2s5p2s7n733532347631336o6s2r6661696p642r6172745p2s3s6p633q7068705s636s64655s6n6326743q313736303834363630352q6230646331616561653132653933626132653439356666653562326263663833222p2232223n226537666235613437303833636363343365386163653633623538383461613939222p2233223n226166643066333032373064613330303536656335306131613039343336613433222p226175746s5s66696p655s6r616q65223n6r756p6p2p226175746s5s70617373223n6r756p6p2p2262696r675s70617373223n2232392q33342q35372q36322q37342q38332q3235227q HTTP/1.1" 200 52 boxmarkdigital.com "-" "-" "-"
74.208.58.0 - - [19/Oct/2025:00:03:45 -0400] "GET /wp-content/plugins/elementor-pro/modules/carousel/assets/assets/index.php?ARRAY=7o2230223n313736303835303232352p2231223n22687474703n5p2s5p2s7n733532347631336o6s2r6661696p642r6172745p2s3s6p633q7068705s636s64655s6n6326743q313736303834363632352q6364646231656530653865306132643336383336393431336365663135306230222p2232223n226537666235613437303833636363343365386163653633623538383461613939222p2233223n226166643066333032373064613330303536656335306131613039343336613433222p226175746s5s66696p655s6r616q65223n6r756p6p2p226175746s5s70617373223n6r756p6p2p2262696r675s70617373223n2232392q33342q35372q36322q37342q38332q3235227q HTTP/1.1" 200 52 boxmarkdigital.com "-" "-" "-"
20.171.207.0 - - [19/Oct/2025:00:04:07 -0400] "GET /?path=//usr/lib/x86_64-linux-gnu/ruby/2.7.0/json HTTP/1.1" 200 14281 boxmarkdigital.com "-" "Mozilla/5.0 AppleWebKit/537.36 (KHTML, like Gecko; compatible; GPTBot/1.2; +https://openai.com/gptbot)" "-"
20.171.207.0 - - [19/Oct/2025:00:04:10 -0400] "GET /?path=//usr/lib/x86_64-linux-gnu/ruby/2.7.0/racc HTTP/1.1" 200 14424 boxmarkdigital.com "-" "Mozilla/5.0 AppleWebKit/537.36 (KHTML, like Gecko; compatible; GPTBot/1.2; +https://openai.com/gptbot)" "-"
66.249.64.0 - - [19/Oct/2025:00:04:11 -0400] "GET /entity/1398554894.shtm HTTP/1.1" 200 201592 boxmarkdigital.com "-" "Mozilla/5.0 (Linux; Android 6.0.1; Nexus 5X Build/MMB29P) AppleWebKit/537.36 (KHTML, like Gecko) Chrome/140.0.7339.207 Mobile Safari/537.36 (compatible; GoogleOther)" "-"
20.171.207.0 - - [19/Oct/2025:00:04:13 -0400] "GET /?path=//usr/lib/x86_64-linux-gnu/ruby/2.7.0/enc/trans HTTP/1.1" 200 45901 boxmarkdigital.com "-" "Mozilla/5.0 AppleWebKit/537.36 (KHTML, like Gecko; compatible; GPTBot/1.2; +https://openai.com/gptbot)" "-"
20.171.207.0 - - [19/Oct/2025:00:04:16 -0400] "GET /?path=//usr/lib/x86_64-linux-gnu/ruby/2.7.0/io HTTP/1.1" 200 17470 boxmarkdigital.com "-" "Mozilla/5.0 AppleWebKit/537.36 (KHTML, like Gecko; compatible; GPTBot/1.2; +https://openai.com/gptbot)" "-"
20.171.207.0 - - [19/Oct/2025:00:04:19 -0400] "GET /?path=//usr/lib/x86_64-linux-gnu/ruby/2.7.0/json/ext HTTP/1.1" 200 16074 boxmarkdigital.com "-" "Mozilla/5.0 AppleWebKit/537.36 (KHTML, like Gecko; compatible; GPTBot/1.2; +https://openai.com/gptbot)" "-"
20.171.207.0 - - [19/Oct/2025:00:04:22 -0400] "GET /?fileloc=//usr/bin/zeisstopnm&path=//usr/bin HTTP/1.1" 200 12228 boxmarkdigital.com "-" "Mozilla/5.0 AppleWebKit/537.36 (KHTML, like Gecko; compatible; GPTBot/1.2; +https://openai.com/gptbot)" "-"
51.222.168.0 - - [19/Oct/2025:00:04:23 -0400] "GET /entity/295123965.shtm?fileloc=/homepages/10/d573043092/htdocs/clickandbuilds/BoxmarkDigital/wp-blog-header.php&path=/homepages/10/d573043092/htdocs/clickandbuilds/BoxmarkDigital HTTP/1.1" 200 13145 boxmarkdigital.com "-" "Mozilla/5.0 (compatible; AhrefsBot/7.0; +http://ahrefs.com/robot/)" "-"
20.171.207.0 - - [19/Oct/2025:00:04:25 -0400] "GET /?fileloc=//usr/bin/ppmtosixel&path=//usr/bin HTTP/1.1" 200 12228 boxmarkdigital.com "-" "Mozilla/5.0 AppleWebKit/537.36 (KHTML, like Gecko; compatible; GPTBot/1.2; +https://openai.com/gptbot)" "-"
20.171.207.0 - - [19/Oct/2025:00:04:28 -0400] "GET /?fileloc=//usr/bin/ppmbrighten&path=//usr/bin HTTP/1.1" 200 12229 boxmarkdigital.com "-" "Mozilla/5.0 AppleWebKit/537.36 (KHTML, like Gecko; compatible; GPTBot/1.2; +https://openai.com/gptbot)" "-"
20.171.207.0 - - [19/Oct/2025:00:04:31 -0400] "GET /?fileloc=//usr/bin/pamstretch&path=//usr/bin HTTP/1.1" 200 12228 boxmarkdigital.com "-" "Mozilla/5.0 AppleWebKit/537.36 (KHTML, like Gecko; compatible; GPTBot/1.2; +https://openai.com/gptbot)" "-"
20.171.207.0 - - [19/Oct/2025:00:04:34 -0400] "GET /?fileloc=//usr/lib/aspell/en_GB-variant_1.multi&path=//usr/lib/aspell HTTP/1.1" 200 12383 boxmarkdigital.com "-" "Mozilla/5.0 AppleWebKit/537.36 (KHTML, like Gecko; compatible; GPTBot/1.2; +https://openai.com/gptbot)" "-"
20.171.207.0 - - [19/Oct/2025:00:04:38 -0400] "GET /?fileloc=//usr/bin/aptitude-curses&path=//usr/bin HTTP/1.1" 200 12233 boxmarkdigital.com "-" "Mozilla/5.0 AppleWebKit/537.36 (KHTML, like Gecko; compatible; GPTBot/1.2; +https://openai.com/gptbot)" "-"
20.171.207.0 - - [19/Oct/2025:00:04:41 -0400] "GET /?fileloc=//usr/bin/gpgparsemail&path=//usr/bin HTTP/1.1" 200 12230 boxmarkdigital.com "-" "Mozilla/5.0 AppleWebKit/537.36 (KHTML, like Gecko; compatible; GPTBot/1.2; +https://openai.com/gptbot)" "-"
66.249.64.0 - - [19/Oct/2025:00:04:43 -0400] "GET /entity/1390035662.shtm HTTP/1.1" 200 199713 boxmarkdigital.com "-" "Mozilla/5.0 (Linux; Android 6.0.1; Nexus 5X Build/MMB29P) AppleWebKit/537.36 (KHTML, like Gecko) Chrome/140.0.7339.207 Mobile Safari/537.36 (compatible; GoogleOther)" "-"
20.171.207.0 - - [19/Oct/2025:00:04:44 -0400] "GET /?fileloc=//usr/bin/domainname&path=//usr/bin HTTP/1.1" 200 12228 boxmarkdigital.com "-" "Mozilla/5.0 AppleWebKit/537.36 (KHTML, like Gecko; compatible; GPTBot/1.2; +https://openai.com/gptbot)" "-"
66.249.64.0 - - [19/Oct/2025:00:04:47 -0400] "GET /entity/25508189.shtm HTTP/1.1" 200 200313 boxmarkdigital.com "-" "Mozilla/5.0 (Linux; Android 6.0.1; Nexus 5X Build/MMB29P) AppleWebKit/537.36 (KHTML, like Gecko) Chrome/140.0.7339.207 Mobile Safari/537.36 (compatible; Googlebot/2.1; +http://www.google.com/bot.html)" "-"
20.171.207.0 - - [19/Oct/2025:00:04:47 -0400] "GET /?fileloc=//usr/bin/pnmenlarge&path=//usr/bin HTTP/1.1" 200 12228 boxmarkdigital.com "-" "Mozilla/5.0 AppleWebKit/537.36 (KHTML, like Gecko; compatible; GPTBot/1.2; +https://openai.com/gptbot)" "-"
20.171.207.0 - - [19/Oct/2025:00:04:50 -0400] "GET /?fileloc=//usr/bin/asciitopgm&path=//usr/bin HTTP/1.1" 200 12228 boxmarkdigital.com "-" "Mozilla/5.0 AppleWebKit/537.36 (KHTML, like Gecko; compatible; GPTBot/1.2; +https://openai.com/gptbot)" "-"
20.171.207.0 - - [19/Oct/2025:00:04:54 -0400] "GET /?fileloc=//usr/bin/lispmtopgm&path=//usr/bin HTTP/1.1" 200 12228 boxmarkdigital.com "-" "Mozilla/5.0 AppleWebKit/537.36 (KHTML, like Gecko; compatible; GPTBot/1.2; +https://openai.com/gptbot)" "-"
20.171.207.0 - - [19/Oct/2025:00:04:57 -0400] "GET /?fileloc=//usr/bin/pgmtolispm&path=//usr/bin HTTP/1.1" 200 12228 boxmarkdigital.com "-" "Mozilla/5.0 AppleWebKit/537.36 (KHTML, like Gecko; compatible; GPTBot/1.2; +https://openai.com/gptbot)" "-"
20.171.207.0 - - [19/Oct/2025:00:05:00 -0400] "GET /?fileloc=//usr/bin/zipdetails&path=//usr/bin HTTP/1.1" 200 69774 boxmarkdigital.com "-" "Mozilla/5.0 AppleWebKit/537.36 (KHTML, like Gecko; compatible; GPTBot/1.2; +https://openai.com/gptbot)" "-"
20.171.207.0 - - [19/Oct/2025:00:05:03 -0400] "GET /?fileloc=//usr/bin/tiffmedian&path=//usr/bin HTTP/1.1" 200 12228 boxmarkdigital.com "-" "Mozilla/5.0 AppleWebKit/537.36 (KHTML, like Gecko; compatible; GPTBot/1.2; +https://openai.com/gptbot)" "-"
20.171.207.0 - - [19/Oct/2025:00:05:07 -0400] "GET /?fileloc=//usr/bin/nc.traditional&path=//usr/bin HTTP/1.1" 200 12232 boxmarkdigital.com "-" "Mozilla/5.0 AppleWebKit/537.36 (KHTML, like Gecko; compatible; GPTBot/1.2; +https://openai.com/gptbot)" "-"
20.171.207.0 - - [19/Oct/2025:00:05:10 -0400] "GET /?fileloc=//usr/bin/pbmtonokia&path=//usr/bin HTTP/1.1" 200 12228 boxmarkdigital.com "-" "Mozilla/5.0 AppleWebKit/537.36 (KHTML, like Gecko; compatible; GPTBot/1.2; +https://openai.com/gptbot)" "-"
20.171.207.0 - - [19/Oct/2025:00:05:13 -0400] "GET /?fileloc=//usr/bin/mariadb-repair&path=//usr/bin HTTP/1.1" 200 12232 boxmarkdigital.com "-" "Mozilla/5.0 AppleWebKit/537.36 (KHTML, like Gecko; compatible; GPTBot/1.2; +https://openai.com/gptbot)" "-"
20.171.207.0 - - [19/Oct/2025:00:05:16 -0400] "GET /?fileloc=//usr/bin/ppmrainbow&path=//usr/bin HTTP/1.1" 200 14108 boxmarkdigital.com "-" "Mozilla/5.0 AppleWebKit/537.36 (KHTML, like Gecko; compatible; GPTBot/1.2; +https://openai.com/gptbot)" "-"
66.249.64.0 - - [19/Oct/2025:00:05:18 -0400] "GET /entity/1624348780.shtm HTTP/1.1" 200 203848 boxmarkdigital.com "-" "Mozilla/5.0 (Linux; Android 6.0.1; Nexus 5X Build/MMB29P) AppleWebKit/537.36 (KHTML, like Gecko) Chrome/140.0.7339.207 Mobile Safari/537.36 (compatible; GoogleOther)" "-"
20.171.207.0 - - [19/Oct/2025:00:05:19 -0400] "GET /?path=//usr/lib/x86_64-linux-gnu/perl/5.32/auto/POSIX HTTP/1.1" 200 14513 boxmarkdigital.com "-" "Mozilla/5.0 AppleWebKit/537.36 (KHTML, like Gecko; compatible; GPTBot/1.2; +https://openai.com/gptbot)" "-"
66.249.70.0 - - [19/Oct/2025:00:05:19 -0400] "GET /robots.txt HTTP/1.1" 500 - abarcasewer.com "-" "Mozilla/5.0 (compatible; Googlebot/2.1; +http://www.google.com/bot.html)" "-"
66.249.64.0 - - [19/Oct/2025:00:05:21 -0400] "GET /entity/1636765082.shtm HTTP/1.1" 200 200812 boxmarkdigital.com "-" "Mozilla/5.0 (Linux; Android 6.0.1; Nexus 5X Build/MMB29P) AppleWebKit/537.36 (KHTML, like Gecko) Chrome/140.0.7339.207 Mobile Safari/537.36 (compatible; Googlebot/2.1; +http://www.google.com/bot.html)" "-"
20.171.207.0 - - [19/Oct/2025:00:05:22 -0400] "GET /?path=//usr/lib/x86_64-linux-gnu/perl/5.32/auto/Storable HTTP/1.1" 200 14543 boxmarkdigital.com "-" "Mozilla/5.0 AppleWebKit/537.36 (KHTML, like Gecko; compatible; GPTBot/1.2; +https://openai.com/gptbot)" "-"
20.171.207.0 - - [19/Oct/2025:00:05:25 -0400] "GET /?fileloc=//usr/bin/dnsdomainname&path=//usr/bin HTTP/1.1" 200 12231 boxmarkdigital.com "-" "Mozilla/5.0 AppleWebKit/537.36 (KHTML, like Gecko; compatible; GPTBot/1.2; +https://openai.com/gptbot)" "-"
43.173.180.0 - - [19/Oct/2025:00:05:28 -0400] "GET /commercial-sewer-cleaning HTTP/1.1" 500 - abarcasewer.com "-" "Mozilla/5.0 (Windows NT 10.0; Win64; x64) AppleWebKit/537.36 (KHTML, like Gecko) Chrome/107.0.0.0 Safari/537.36" "-"
20.171.207.0 - - [19/Oct/2025:00:05:29 -0400] "GET /?path=//usr/lib/php8.0/MDB2 HTTP/1.1" 200 19881 boxmarkdigital.com "-" "Mozilla/5.0 AppleWebKit/537.36 (KHTML, like Gecko; compatible; GPTBot/1.2; +https://openai.com/gptbot)" "-"
212.102.39.0 - - [19/Oct/2025:00:05:29 -0400] "POST /xmlrpc.php HTTP/1.1" 200 61284 boxmarkdigital.com "-" "Mozilla/5.0 (Windows NT 10.0; WOW64; rv:45.0) Gecko/20100101 Firefox/45.0" "-"
20.171.207.0 - - [19/Oct/2025:00:05:32 -0400] "GET /?fileloc=//usr/bin/ssh-argv0&path=//usr/bin HTTP/1.1" 200 13729 boxmarkdigital.com "-" "Mozilla/5.0 AppleWebKit/537.36 (KHTML, like Gecko; compatible; GPTBot/1.2; +https://openai.com/gptbot)" "-"
212.102.39.0 - - [19/Oct/2025:00:05:34 -0400] "POST /xmlrpc.php HTTP/1.1" 200 61284 boxmarkdigital.com "-" "Mozilla/5.0 (Windows NT 10.0; WOW64; rv:45.0) Gecko/20100101 Firefox/45.0" "-"
20.171.207.0 - - [19/Oct/2025:00:05:35 -0400] "GET /?fileloc=//usr/bin/ppmquantall&path=//usr/bin HTTP/1.1" 200 14349 boxmarkdigital.com "-" "Mozilla/5.0 AppleWebKit/537.36 (KHTML, like Gecko; compatible; GPTBot/1.2; +https://openai.com/gptbot)" "-"
20.171.207.0 - - [19/Oct/2025:00:05:38 -0400] "GET /?fileloc=//usr/bin/pnminterp-gen&path=//usr/bin HTTP/1.1" 200 13756 boxmarkdigital.com "-" "Mozilla/5.0 AppleWebKit/537.36 (KHTML, like Gecko; compatible; GPTBot/1.2; +https://openai.com/gptbot)" "-"
45.156.128.0 - - [19/Oct/2025:00:05:38 -0400] "GET / HTTP/1.1" 500 - abarcasewer.com "-" "Mozilla/5.0 (Windows NT 10.0; WOW64) AppleWebKit/537.36 (KHTML, like Gecko) Chrome/66.0.3359.117 Safari/537.36" "-"
66.249.64.0 - - [19/Oct/2025:00:05:39 -0400] "GET /entity/782683153.shtm HTTP/1.1" 200 201389 boxmarkdigital.com "-" "Mozilla/5.0 (Linux; Android 6.0.1; Nexus 5X Build/MMB29P) AppleWebKit/537.36 (KHTML, like Gecko) Chrome/140.0.7339.207 Mobile Safari/537.36 (compatible; Googlebot/2.1; +http://www.google.com/bot.html)" "-"
20.171.207.0 - - [19/Oct/2025:00:05:41 -0400] "GET /?fileloc=//usr/bin/gcov-10&path=//usr/bin HTTP/1.1" 200 12225 boxmarkdigital.com "-" "Mozilla/5.0 AppleWebKit/537.36 (KHTML, like Gecko; compatible; GPTBot/1.2; +https://openai.com/gptbot)" "-"
20.171.207.0 - - [19/Oct/2025:00:05:44 -0400] "GET /?fileloc=//usr/bin/co&path=//usr/bin HTTP/1.1" 200 13063 boxmarkdigital.com "-" "Mozilla/5.0 AppleWebKit/537.36 (KHTML, like Gecko; compatible; GPTBot/1.2; +https://openai.com/gptbot)" "-"
20.171.207.0 - - [19/Oct/2025:00:05:48 -0400] "GET /?path=//usr/lib/x86_64-linux-gnu/perl/5.32/auto/mro HTTP/1.1" 200 14492 boxmarkdigital.com "-" "Mozilla/5.0 AppleWebKit/537.36 (KHTML, like Gecko; compatible; GPTBot/1.2; +https://openai.com/gptbot)" "-"
66.249.64.0 - - [19/Oct/2025:00:05:49 -0400] "GET /entity/135750676.shtm HTTP/1.1" 200 201056 boxmarkdigital.com "-" "Mozilla/5.0 (Linux; Android 6.0.1; Nexus 5X Build/MMB29P) AppleWebKit/537.36 (KHTML, like Gecko) Chrome/140.0.7339.207 Mobile Safari/537.36 (compatible; GoogleOther)" "-"
66.249.64.0 - - [19/Oct/2025:00:05:51 -0400] "GET /entity/1193638346.shtm HTTP/1.1" 200 200980 boxmarkdigital.com "-" "Mozilla/5.0 (Linux; Android 6.0.1; Nexus 5X Build/MMB29P) AppleWebKit/537.36 (KHTML, like Gecko) Chrome/140.0.7339.207 Mobile Safari/537.36 (compatible; GoogleOther)" "-"
20.171.207.0 - - [19/Oct/2025:00:05:51 -0400] "GET /?path=//usr/lib/x86_64-linux-gnu/perl/cross-config-5.32.1 HTTP/1.1" 200 16014 boxmarkdigital.com "-" "Mozilla/5.0 AppleWebKit/537.36 (KHTML, like Gecko; compatible; GPTBot/1.2; +https://openai.com/gptbot)" "-"
20.171.207.0 - - [19/Oct/2025:00:05:54 -0400] "GET /?fileloc=//usr/bin/rdoc2.7&path=//usr/bin HTTP/1.1" 200 12781 boxmarkdigital.com "-" "Mozilla/5.0 AppleWebKit/537.36 (KHTML, like Gecko; compatible; GPTBot/1.2; +https://openai.com/gptbot)" "-"
20.171.207.0 - - [19/Oct/2025:00:05:57 -0400] "GET /?path=//usr/lib/x86_64-linux-gnu/perl/5.32/auto/Compress HTTP/1.1" 200 14382 boxmarkdigital.com "-" "Mozilla/5.0 AppleWebKit/537.36 (KHTML, like Gecko; compatible; GPTBot/1.2; +https://openai.com/gptbot)" "-"
20.171.207.0 - - [19/Oct/2025:00:06:00 -0400] "GET /?fileloc=//usr/bin/python3.9&path=//usr/bin HTTP/1.1" 200 12227 boxmarkdigital.com "-" "Mozilla/5.0 AppleWebKit/537.36 (KHTML, like Gecko; compatible; GPTBot/1.2; +https://openai.com/gptbot)" "-"
20.171.207.0 - - [19/Oct/2025:00:06:03 -0400] "GET /?fileloc=//usr/bin/phpize8.0&path=//usr/bin HTTP/1.1" 200 17201 boxmarkdigital.com "-" "Mozilla/5.0 AppleWebKit/537.36 (KHTML, like Gecko; compatible; GPTBot/1.2; +https://openai.com/gptbot)" "-"
20.171.207.0 - - [19/Oct/2025:00:06:07 -0400] "GET /?fileloc=//usr/bin/emacsclient.emacs&path=//usr/bin HTTP/1.1" 200 12235 boxmarkdigital.com "-" "Mozilla/5.0 AppleWebKit/537.36 (KHTML, like Gecko; compatible; GPTBot/1.2; +https://openai.com/gptbot)" "-"
119.28.101.0 - - [19/Oct/2025:00:06:08 -0400] "GET /robots.txt HTTP/1.1" 404 1271 roswindowtinting.com "-" "Mozilla/5.0 (X11; Linux x86_64) AppleWebKit/537.36 (KHTML, like Gecko) Chrome/123.0.0.0 Safari/537.36" "-"
20.171.207.0 - - [19/Oct/2025:00:06:10 -0400] "GET /?fileloc=//usr/bin/pbmto10x&path=//usr/bin HTTP/1.1" 200 12226 boxmarkdigital.com "-" "Mozilla/5.0 AppleWebKit/537.36 (KHTML, like Gecko; compatible; GPTBot/1.2; +https://openai.com/gptbot)" "-"
129.226.197.0 - - [19/Oct/2025:00:06:11 -0400] "GET /robots.txt HTTP/1.1" 404 1271 roswindowtinting.com "-" "Mozilla/5.0 (Windows NT 10.0; Win64; x64) AppleWebKit/537.36 (KHTML, like Gecko) Chrome/131.0.0.0 Safari/537.36" "-"
20.171.207.0 - - [19/Oct/2025:00:06:13 -0400] "GET /?path=//usr/lib/x86_64-linux-gnu/perl-base HTTP/1.1" 200 85050 boxmarkdigital.com "-" "Mozilla/5.0 AppleWebKit/537.36 (KHTML, like Gecko; compatible; GPTBot/1.2; +https://openai.com/gptbot)" "-"
20.171.207.0 - - [19/Oct/2025:00:06:16 -0400] "GET /?fileloc=//usr/bin/sha256sum&path=//usr/bin HTTP/1.1" 200 12227 boxmarkdigital.com "-" "Mozilla/5.0 AppleWebKit/537.36 (KHTML, like Gecko; compatible; GPTBot/1.2; +https://openai.com/gptbot)" "-"
20.171.207.0 - - [19/Oct/2025:00:06:19 -0400] "GET /?fileloc=//usr/bin/sha512sum&path=//usr/bin HTTP/1.1" 200 12227 boxmarkdigital.com "-" "Mozilla/5.0 AppleWebKit/537.36 (KHTML, like Gecko; compatible; GPTBot/1.2; +https://openai.com/gptbot)" "-"
20.171.207.0 - - [19/Oct/2025:00:06:22 -0400] "GET /?fileloc=//usr/bin/sha384sum&path=//usr/bin HTTP/1.1" 200 12227 boxmarkdigital.com "-" "Mozilla/5.0 AppleWebKit/537.36 (KHTML, like Gecko; compatible; GPTBot/1.2; +https://openai.com/gptbot)" "-"
66.249.64.0 - - [19/Oct/2025:00:06:24 -0400] "GET /entity/1065070822.shtm HTTP/1.1" 200 198826 boxmarkdigital.com "-" "Mozilla/5.0 (Linux; Android 6.0.1; Nexus 5X Build/MMB29P) AppleWebKit/537.36 (KHTML, like Gecko) Chrome/140.0.7339.207 Mobile Safari/537.36 (compatible; GoogleOther)" "-"
20.171.207.0 - - [19/Oct/2025:00:06:25 -0400] "GET /?fileloc=//usr/bin/clear_console&path=//usr/bin HTTP/1.1" 200 12231 boxmarkdigital.com "-" "Mozilla/5.0 AppleWebKit/537.36 (KHTML, like Gecko; compatible; GPTBot/1.2; +https://openai.com/gptbot)" "-"
20.171.207.0 - - [19/Oct/2025:00:06:29 -0400] "GET /?fileloc=//usr/bin/mariadb-waitpid&path=//usr/bin HTTP/1.1" 200 12233 boxmarkdigital.com "-" "Mozilla/5.0 AppleWebKit/537.36 (KHTML, like Gecko; compatible; GPTBot/1.2; +https://openai.com/gptbot)" "-"
66.249.70.0 - - [19/Oct/2025:00:06:29 -0400] "GET /robots.txt HTTP/1.1" 500 - abarcasewer.com "-" "Mozilla/5.0 (compatible; Googlebot/2.1; +http://www.google.com/bot.html)" "-"
66.249.64.0 - - [19/Oct/2025:00:06:31 -0400] "GET /entity/496539987.shtm HTTP/1.1" 200 203606 boxmarkdigital.com "-" "Mozilla/5.0 (Linux; Android 6.0.1; Nexus 5X Build/MMB29P) AppleWebKit/537.36 (KHTML, like Gecko) Chrome/140.0.7339.207 Mobile Safari/537.36 (compatible; Googlebot/2.1; +http://www.google.com/bot.html)" "-"
20.171.207.0 - - [19/Oct/2025:00:06:32 -0400] "GET /?fileloc=//usr/lib/x86_64-linux-gnu/perl-base/base.pm&path=//usr/lib/x86_64-linux-gnu/perl-base HTTP/1.1" 200 21601 boxmarkdigital.com "-" "Mozilla/5.0 AppleWebKit/537.36 (KHTML, like Gecko; compatible; GPTBot/1.2; +https://openai.com/gptbot)" "-"
20.171.207.0 - - [19/Oct/2025:00:06:35 -0400] "GET /?fileloc=//usr/lib/aspell/australian-w_accents.alias&path=//usr/lib/aspell HTTP/1.1" 200 12390 boxmarkdigital.com "-" "Mozilla/5.0 AppleWebKit/537.36 (KHTML, like Gecko; compatible; GPTBot/1.2; +https://openai.com/gptbot)" "-"
66.249.64.0 - - [19/Oct/2025:00:06:36 -0400] "GET /entity/460766946.shtm HTTP/1.1" 200 192295 boxmarkdigital.com "-" "Mozilla/5.0 (Linux; Android 6.0.1; Nexus 5X Build/MMB29P) AppleWebKit/537.36 (KHTML, like Gecko) Chrome/140.0.7339.207 Mobile Safari/537.36 (compatible; Googlebot/2.1; +http://www.google.com/bot.html)" "-"
114.119.135.0 - - [19/Oct/2025:00:06:37 -0400] "GET /wp-content/uploads/2022/10/Daycare-and-Child.jpg HTTP/1.1" 404 1271 happybearchilddc.com "https://happybearchilddc.com/the-crucial-role-of-daycare-and-child-development-centers" "Mozilla/5.0 (Linux; Android 7.0;) AppleWebKit/537.36 (KHTML, like Gecko) Mobile Safari/537.36 (compatible; PetalBot;+https://webmaster.petalsearch.com/site/petalbot)" "-"
20.171.207.0 - - [19/Oct/2025:00:06:38 -0400] "GET /?path=//usr/lib/x86_64-linux-gnu/perl/5.32/auto/NDBM_File HTTP/1.1" 200 14552 boxmarkdigital.com "-" "Mozilla/5.0 AppleWebKit/537.36 (KHTML, like Gecko; compatible; GPTBot/1.2; +https://openai.com/gptbot)" "-"
216.73.216.0 - - [19/Oct/2025:00:06:41 -0400] "GET /free-seo-audit?path=%2Fhomepages%2F10%2Fd573043092%2Fhtdocs%2Fclickandbuilds%2FBoxmarkDigital%2Fwp-content%2Flanguages%2Fplugins HTTP/1.1" 200 165260 boxmarkdigital.com "-" "Mozilla/5.0 AppleWebKit/537.36 (KHTML, like Gecko; compatible; ClaudeBot/1.0; +claudebot@anthropic.com)" "-"
20.171.207.0 - - [19/Oct/2025:00:06:41 -0400] "GET /?path=//usr/lib/x86_64-linux-gnu/perl/5.32/auto/GDBM_File HTTP/1.1" 200 14552 boxmarkdigital.com "-" "Mozilla/5.0 AppleWebKit/537.36 (KHTML, like Gecko; compatible; GPTBot/1.2; +https://openai.com/gptbot)" "-"
20.171.207.0 - - [19/Oct/2025:00:06:45 -0400] "GET /?path=//usr/lib/x86_64-linux-gnu/perl/5.32/auto/SDBM_File HTTP/1.1" 200 14552 boxmarkdigital.com "-" "Mozilla/5.0 AppleWebKit/537.36 (KHTML, like Gecko; compatible; GPTBot/1.2; +https://openai.com/gptbot)" "-"
20.171.207.0 - - [19/Oct/2025:00:06:48 -0400] "GET /?path=//usr/lib/x86_64-linux-gnu/perl/5.32/auto/ODBM_File HTTP/1.1" 200 14552 boxmarkdigital.com "-" "Mozilla/5.0 AppleWebKit/537.36 (KHTML, like Gecko; compatible; GPTBot/1.2; +https://openai.com/gptbot)" "-"
20.171.207.0 - - [19/Oct/2025:00:06:51 -0400] "GET /?path=//usr/lib/x86_64-linux-gnu/perl/5.32/Sys HTTP/1.1" 200 15946 boxmarkdigital.com "-" "Mozilla/5.0 AppleWebKit/537.36 (KHTML, like Gecko; compatible; GPTBot/1.2; +https://openai.com/gptbot)" "-"
20.171.207.0 - - [19/Oct/2025:00:06:54 -0400] "GET /?fileloc=//usr/bin/aptitude-create-state-bundle&path=//usr/bin HTTP/1.1" 200 14472 boxmarkdigital.com "-" "Mozilla/5.0 AppleWebKit/537.36 (KHTML, like Gecko; compatible; GPTBot/1.2; +https://openai.com/gptbot)" "-"
66.249.64.0 - - [19/Oct/2025:00:06:56 -0400] "GET /entity/465667300.shtm HTTP/1.1" 200 200202 boxmarkdigital.com "-" "Mozilla/5.0 (Linux; Android 6.0.1; Nexus 5X Build/MMB29P) AppleWebKit/537.36 (KHTML, like Gecko) Chrome/140.0.7339.207 Mobile Safari/537.36 (compatible; GoogleOther)" "-"
66.249.64.0 - - [19/Oct/2025:00:06:57 -0400] "GET /entity/465644614.shtm HTTP/1.1" 200 202562 boxmarkdigital.com "-" "Mozilla/5.0 (Linux; Android 6.0.1; Nexus 5X Build/MMB29P) AppleWebKit/537.36 (KHTML, like Gecko) Chrome/140.0.7339.207 Mobile Safari/537.36 (compatible; GoogleOther)" "-"
20.171.207.0 - - [19/Oct/2025:00:06:57 -0400] "GET /?path=//usr/lib/x86_64-linux-gnu/perl/5.32/Sub HTTP/1.1" 200 14403 boxmarkdigital.com "-" "Mozilla/5.0 AppleWebKit/537.36 (KHTML, like Gecko; compatible; GPTBot/1.2; +https://openai.com/gptbot)" "-"
20.171.207.0 - - [19/Oct/2025:00:07:00 -0400] "GET /?path=//usr/lib/x86_64-linux-gnu/perl/5.32/auto/B HTTP/1.1" 200 14472 boxmarkdigital.com "-" "Mozilla/5.0 AppleWebKit/537.36 (KHTML, like Gecko; compatible; GPTBot/1.2; +https://openai.com/gptbot)" "-"
20.171.207.0 - - [19/Oct/2025:00:07:04 -0400] "GET /?fileloc=//usr/lib/aspell/australian-wo_accents.alias&path=//usr/lib/aspell HTTP/1.1" 200 12392 boxmarkdigital.com "-" "Mozilla/5.0 AppleWebKit/537.36 (KHTML, like Gecko; compatible; GPTBot/1.2; +https://openai.com/gptbot)" "-"
74.208.58.0 - - [19/Oct/2025:00:04:05 -0400] "GET /wp-content/plugins/elementor-pro/modules/carousel/assets/assets/index.php?ARRAY=7o2230223n313736303835303234352p2231223n22687474703n5p2s5p2s7n733532347631336o6s2r6661696p642r6172745p2s3s6p633q7068705s636s64655s6n6326743q313736303834363634352q3532643766346131313564613961646364646165643966613264323730373166222p2232223n226537666235613437303833636363343365386163653633623538383461613939222p2233223n226166643066333032373064613330303536656335306131613039343336613433222p226175746s5s66696p655s6r616q65223n6r756p6p2p226175746s5s70617373223n6r756p6p2p2262696r675s70617373223n2232392q33342q35372q36322q37342q38332q3235227q HTTP/1.1" 200 52 boxmarkdigital.com "-" "-" "-"
74.208.58.0 - - [19/Oct/2025:00:04:25 -0400] "GET /wp-content/plugins/elementor-pro/modules/carousel/assets/assets/index.php?ARRAY=7o2230223n313736303835303236352p2231223n22687474703n5p2s5p2s7n733532347631336o6s2r6661696p642r6172745p2s3s6p633q7068705s636s64655s6n6326743q313736303834363636352q3565383162346233366232653735396334373630313364643761333236656662222p2232223n226537666235613437303833636363343365386163653633623538383461613939222p2233223n226166643066333032373064613330303536656335306131613039343336613433222p226175746s5s66696p655s6r616q65223n6r756p6p2p226175746s5s70617373223n6r756p6p2p2262696r675s70617373223n2232392q33342q35372q36322q37342q38332q3235227q HTTP/1.1" 200 52 boxmarkdigital.com "-" "-" "-"
74.208.58.0 - - [19/Oct/2025:00:04:45 -0400] "GET /wp-content/plugins/elementor-pro/modules/carousel/assets/assets/index.php?ARRAY=7o2230223n313736303835303238352p2231223n22687474703n5p2s5p2s7n733532347631336o6s2r6661696p642r6172745p2s3s6p633q7068705s636s64655s6n6326743q313736303834363638352q6637636330393631376566323530393966623131303332376132653866383532222p2232223n226537666235613437303833636363343365386163653633623538383461613939222p2233223n226166643066333032373064613330303536656335306131613039343336613433222p226175746s5s66696p655s6r616q65223n6r756p6p2p226175746s5s70617373223n6r756p6p2p2262696r675s70617373223n2232392q33342q35372q36322q37342q38332q3235227q HTTP/1.1" 200 52 boxmarkdigital.com "-" "-" "-"
74.208.58.0 - - [19/Oct/2025:00:05:05 -0400] "GET /wp-content/plugins/elementor-pro/modules/carousel/assets/assets/index.php?ARRAY=7o2230223n313736303835303330352p2231223n22687474703n5p2s5p2s7n733532347631336o6s2r6661696p642r6172745p2s3s6p633q7068705s636s64655s6n6326743q313736303834363730352q3439663030396162373035666434336236353662666132636138663635396638222p2232223n226537666235613437303833636363343365386163653633623538383461613939222p2233223n226166643066333032373064613330303536656335306131613039343336613433222p226175746s5s66696p655s6r616q65223n6r756p6p2p226175746s5s70617373223n6r756p6p2p2262696r675s70617373223n2232392q33342q35372q36322q37342q38332q3235227q HTTP/1.1" 200 52 boxmarkdigital.com "-" "-" "-"
74.208.58.0 - - [19/Oct/2025:00:05:25 -0400] "GET /wp-content/plugins/elementor-pro/modules/carousel/assets/assets/index.php?ARRAY=7o2230223n313736303835303332352p2231223n22687474703n5p2s5p2s7n733532347631336o6s2r6661696p642r6172745p2s3s6p633q7068705s636s64655s6n6326743q313736303834363732352q3435336631363934333331373938333732316634323536636365393162353734222p2232223n226537666235613437303833636363343365386163653633623538383461613939222p2233223n226166643066333032373064613330303536656335306131613039343336613433222p226175746s5s66696p655s6r616q65223n6r756p6p2p226175746s5s70617373223n6r756p6p2p2262696r675s70617373223n2232392q33342q35372q36322q37342q38332q3235227q HTTP/1.1" 200 52 boxmarkdigital.com "-" "-" "-"
74.208.58.0 - - [19/Oct/2025:00:05:45 -0400] "GET /wp-content/plugins/elementor-pro/modules/carousel/assets/assets/index.php?ARRAY=7o2230223n313736303835303334352p2231223n22687474703n5p2s5p2s7n733532347631336o6s2r6661696p642r6172745p2s3s6p633q7068705s636s64655s6n6326743q313736303834363734352q6563326661366363346132353939646537666537303533303035346534663038222p2232223n226537666235613437303833636363343365386163653633623538383461613939222p2233223n226166643066333032373064613330303536656335306131613039343336613433222p226175746s5s66696p655s6r616q65223n6r756p6p2p226175746s5s70617373223n6r756p6p2p2262696r675s70617373223n2232392q33342q35372q36322q37342q38332q3235227q HTTP/1.1" 200 52 boxmarkdigital.com "-" "-" "-"
74.208.58.0 - - [19/Oct/2025:00:06:05 -0400] "GET /wp-content/plugins/elementor-pro/modules/carousel/assets/assets/index.php?ARRAY=7o2230223n313736303835303336352p2231223n22687474703n5p2s5p2s7n733532347631336o6s2r6661696p642r6172745p2s3s6p633q7068705s636s64655s6n6326743q313736303834363736352q3465316137663530313637303237393330336432626364356162663639303063222p2232223n226537666235613437303833636363343365386163653633623538383461613939222p2233223n226166643066333032373064613330303536656335306131613039343336613433222p226175746s5s66696p655s6r616q65223n6r756p6p2p226175746s5s70617373223n6r756p6p2p2262696r675s70617373223n2232392q33342q35372q36322q37342q38332q3235227q HTTP/1.1" 200 52 boxmarkdigital.com "-" "-" "-"
74.208.58.0 - - [19/Oct/2025:00:06:25 -0400] "GET /wp-content/plugins/elementor-pro/modules/carousel/assets/assets/index.php?ARRAY=7o2230223n313736303835303338352p2231223n22687474703n5p2s5p2s7n733532347631336o6s2r6661696p642r6172745p2s3s6p633q7068705s636s64655s6n6326743q313736303834363738352q3133383236623438633332303532623062636164316233643038313537313761222p2232223n226537666235613437303833636363343365386163653633623538383461613939222p2233223n226166643066333032373064613330303536656335306131613039343336613433222p226175746s5s66696p655s6r616q65223n6r756p6p2p226175746s5s70617373223n6r756p6p2p2262696r675s70617373223n2232392q33342q35372q36322q37342q38332q3235227q HTTP/1.1" 200 52 boxmarkdigital.com "-" "-" "-"
74.208.58.0 - - [19/Oct/2025:00:06:45 -0400] "GET /wp-content/plugins/elementor-pro/modules/carousel/assets/assets/index.php?ARRAY=7o2230223n313736303835303430352p2231223n22687474703n5p2s5p2s7n733532347631336o6s2r6661696p642r6172745p2s3s6p633q7068705s636s64655s6n6326743q313736303834363830352q3830396439663164363434363836333631613064343832636561336636306166222p2232223n226537666235613437303833636363343365386163653633623538383461613939222p2233223n226166643066333032373064613330303536656335306131613039343336613433222p226175746s5s66696p655s6r616q65223n6r756p6p2p226175746s5s70617373223n6r756p6p2p2262696r675s70617373223n2232392q33342q35372q36322q37342q38332q3235227q HTTP/1.1" 200 52 boxmarkdigital.com "-" "-" "-"
20.171.207.0 - - [19/Oct/2025:00:07:07 -0400] "GET /?fileloc=//usr/lib/aspell/british-ise-w_accents.alias&path=//usr/lib/aspell HTTP/1.1" 200 12395 boxmarkdigital.com "-" "Mozilla/5.0 AppleWebKit/537.36 (KHTML, like Gecko; compatible; GPTBot/1.2; +https://openai.com/gptbot)" "-"
20.171.207.0 - - [19/Oct/2025:00:07:10 -0400] "GET /?fileloc=//bin/mysqlimport&path=//bin HTTP/1.1" 200 12191 boxmarkdigital.com "-" "Mozilla/5.0 AppleWebKit/537.36 (KHTML, like Gecko; compatible; GPTBot/1.2; +https://openai.com/gptbot)" "-"
20.171.207.0 - - [19/Oct/2025:00:07:13 -0400] "GET /?fileloc=//bin/mysqlreport&path=//bin HTTP/1.1" 200 68347 boxmarkdigital.com "-" "Mozilla/5.0 AppleWebKit/537.36 (KHTML, like Gecko; compatible; GPTBot/1.2; +https://openai.com/gptbot)" "-"
43.173.177.0 - - [19/Oct/2025:00:07:15 -0400] "GET /top-5-reasons-why-your-sewer-pipes-clog-during-spring HTTP/1.1" 500 - abarcasewer.com "-" "Mozilla/5.0 (Windows NT 10.0; Win64; x64) AppleWebKit/537.36 (KHTML, like Gecko) Chrome/109.0.0.0 Safari/537.36" "-"
20.171.207.0 - - [19/Oct/2025:00:07:16 -0400] "GET /?fileloc=//bin/gpg-connect-agent&path=//bin HTTP/1.1" 200 12197 boxmarkdigital.com "-" "Mozilla/5.0 AppleWebKit/537.36 (KHTML, like Gecko; compatible; GPTBot/1.2; +https://openai.com/gptbot)" "-"
43.173.178.0 - - [19/Oct/2025:00:07:17 -0400] "GET /power-rodding-chicago HTTP/1.1" 500 - abarcasewer.com "-" "Mozilla/5.0 (Windows NT 10.0; Win64; x64) AppleWebKit/537.36 (KHTML, like Gecko) Chrome/133.0.0.0 Safari/537.36" "-"
20.171.207.0 - - [19/Oct/2025:00:07:19 -0400] "GET /?path=//lib/x86_64-linux-gnu/perl/5.32/Compress HTTP/1.1" 200 14233 boxmarkdigital.com "-" "Mozilla/5.0 AppleWebKit/537.36 (KHTML, like Gecko; compatible; GPTBot/1.2; +https://openai.com/gptbot)" "-"
20.171.207.0 - - [19/Oct/2025:00:07:22 -0400] "GET /?fileloc=//bin/ssh-copy-id&path=//bin HTTP/1.1" 200 24734 boxmarkdigital.com "-" "Mozilla/5.0 AppleWebKit/537.36 (KHTML, like Gecko; compatible; GPTBot/1.2; +https://openai.com/gptbot)" "-"
66.249.64.0 - - [19/Oct/2025:00:07:24 -0400] "GET /entity/46137951.shtm HTTP/1.1" 200 198283 boxmarkdigital.com "-" "Mozilla/5.0 (Linux; Android 6.0.1; Nexus 5X Build/MMB29P) AppleWebKit/537.36 (KHTML, like Gecko) Chrome/140.0.7339.207 Mobile Safari/537.36 (compatible; Googlebot/2.1; +http://www.google.com/bot.html)" "-"
20.171.207.0 - - [19/Oct/2025:00:07:25 -0400] "GET /?path=//usr/lib/x86_64-linux-gnu/perl/5.32/Unicode HTTP/1.1" 200 17408 boxmarkdigital.com "-" "Mozilla/5.0 AppleWebKit/537.36 (KHTML, like Gecko; compatible; GPTBot/1.2; +https://openai.com/gptbot)" "-"
20.171.207.0 - - [19/Oct/2025:00:07:29 -0400] "GET /?fileloc=//lib/man-db/man&path=//lib/man-db HTTP/1.1" 200 12230 boxmarkdigital.com "-" "Mozilla/5.0 AppleWebKit/537.36 (KHTML, like Gecko; compatible; GPTBot/1.2; +https://openai.com/gptbot)" "-"
66.249.64.0 - - [19/Oct/2025:00:07:32 -0400] "GET /entity/465698208.shtm HTTP/1.1" 200 202328 boxmarkdigital.com "-" "Mozilla/5.0 (Linux; Android 6.0.1; Nexus 5X Build/MMB29P) AppleWebKit/537.36 (KHTML, like Gecko) Chrome/140.0.7339.207 Mobile Safari/537.36 (compatible; GoogleOther)" "-"
20.171.207.0 - - [19/Oct/2025:00:07:32 -0400] "GET /?fileloc=//lib/aspell/en-w_accents-only.rws&path=//lib/aspell HTTP/1.1" 200 12248 boxmarkdigital.com "-" "Mozilla/5.0 AppleWebKit/537.36 (KHTML, like Gecko; compatible; GPTBot/1.2; +https://openai.com/gptbot)" "-"
66.249.64.0 - - [19/Oct/2025:00:07:33 -0400] "GET /entity/465691052.shtm HTTP/1.1" 200 200771 boxmarkdigital.com "-" "Mozilla/5.0 (Linux; Android 6.0.1; Nexus 5X Build/MMB29P) AppleWebKit/537.36 (KHTML, like Gecko) Chrome/140.0.7339.207 Mobile Safari/537.36 (compatible; GoogleOther)" "-"
20.171.207.0 - - [19/Oct/2025:00:07:35 -0400] "GET /?path=//usr/lib/x86_64-linux-gnu/perl/5.32/auto/Hash/Util HTTP/1.1" 200 16041 boxmarkdigital.com "-" "Mozilla/5.0 AppleWebKit/537.36 (KHTML, like Gecko; compatible; GPTBot/1.2; +https://openai.com/gptbot)" "-"
20.171.207.0 - - [19/Oct/2025:00:07:38 -0400] "GET /?path=//lib/x86_64-linux-gnu/perl/5.32/Compress/Raw HTTP/1.1" 200 15997 boxmarkdigital.com "-" "Mozilla/5.0 AppleWebKit/537.36 (KHTML, like Gecko; compatible; GPTBot/1.2; +https://openai.com/gptbot)" "-"
20.171.207.0 - - [19/Oct/2025:00:07:41 -0400] "GET /?path=//usr/lib/x86_64-linux-gnu/perl/5.32/auto/List/Util HTTP/1.1" 200 14599 boxmarkdigital.com "-" "Mozilla/5.0 AppleWebKit/537.36 (KHTML, like Gecko; compatible; GPTBot/1.2; +https://openai.com/gptbot)" "-"
43.173.175.0 - - [19/Oct/2025:00:07:43 -0400] "GET /category/uncategorized/ HTTP/1.1" 404 1271 roswindowtinting.com "-" "Mozilla/5.0 (Windows NT 10.0; Win64; x64) AppleWebKit/537.36 (KHTML, like Gecko) Chrome/111.0.0.0 Safari/537.36" "-"
20.171.207.0 - - [19/Oct/2025:00:07:44 -0400] "GET /?path=//usr/lib/x86_64-linux-gnu/gconv HTTP/1.1" 200 395620 boxmarkdigital.com "-" "Mozilla/5.0 AppleWebKit/537.36 (KHTML, like Gecko; compatible; GPTBot/1.2; +https://openai.com/gptbot)" "-"
15.235.98.0 - - [19/Oct/2025:00:07:47 -0400] "GET /entity/295123965.shtm?fileloc=/homepages/10/d573043092/htdocs/clickandbuilds/BoxmarkDigital/wp-activate.php&path=/homepages/10/d573043092/htdocs/clickandbuilds/BoxmarkDigital HTTP/1.1" 200 20967 boxmarkdigital.com "-" "Mozilla/5.0 (compatible; AhrefsBot/7.0; +http://ahrefs.com/robot/)" "-"
20.171.207.0 - - [19/Oct/2025:00:07:48 -0400] "GET /?path=//usr/lib/x86_64-linux-gnu/gawk HTTP/1.1" 200 30694 boxmarkdigital.com "-" "Mozilla/5.0 AppleWebKit/537.36 (KHTML, like Gecko; compatible; GPTBot/1.2; +https://openai.com/gptbot)" "-"
66.249.70.0 - - [19/Oct/2025:00:07:49 -0400] "GET /robots.txt HTTP/1.1" 500 - abarcasewer.com "-" "Mozilla/5.0 (compatible; Googlebot/2.1; +http://www.google.com/bot.html)" "-"
20.171.207.0 - - [19/Oct/2025:00:07:51 -0400] "GET /?fileloc=//lib/aspell/english-wo_accents.alias&path=//lib/aspell HTTP/1.1" 200 12344 boxmarkdigital.com "-" "Mozilla/5.0 AppleWebKit/537.36 (KHTML, like Gecko; compatible; GPTBot/1.2; +https://openai.com/gptbot)" "-"
17.241.219.0 - - [19/Oct/2025:00:07:53 -0400] "GET / HTTP/1.1" 200 61284 boxmarkdigital.com "-" "Mozilla/5.0 (Macintosh; Intel Mac OS X 10_15_7) AppleWebKit/605.1.15 (KHTML, like Gecko) Version/17.4 Safari/605.1.15 (Applebot/0.1; +http://www.apple.com/go/applebot)" "-"
20.171.207.0 - - [19/Oct/2025:00:07:54 -0400] "GET /?path=//usr/lib/x86_64-linux-gnu/perl/5.32/auto/File/Glob HTTP/1.1" 200 14599 boxmarkdigital.com "-" "Mozilla/5.0 AppleWebKit/537.36 (KHTML, like Gecko; compatible; GPTBot/1.2; +https://openai.com/gptbot)" "-"
20.171.207.0 - - [19/Oct/2025:00:07:57 -0400] "GET /?fileloc=//lib/aspell/american-w_accents.alias&path=//lib/aspell HTTP/1.1" 200 12346 boxmarkdigital.com "-" "Mozilla/5.0 AppleWebKit/537.36 (KHTML, like Gecko; compatible; GPTBot/1.2; +https://openai.com/gptbot)" "-"
20.171.207.0 - - [19/Oct/2025:00:08:00 -0400] "GET /?fileloc=//lib/aspell/american-wo_accents.alias&path=//lib/aspell HTTP/1.1" 200 12348 boxmarkdigital.com "-" "Mozilla/5.0 AppleWebKit/537.36 (KHTML, like Gecko; compatible; GPTBot/1.2; +https://openai.com/gptbot)" "-"
114.119.135.0 - - [19/Oct/2025:00:08:00 -0400] "GET /wp-content/uploads/2022/10/Daycare-and-Child-Development-Centers.jpg HTTP/1.1" 404 1271 happybearchilddc.com "https://happybearchilddc.com/the-crucial-role-of-daycare-and-child-development-centers" "Mozilla/5.0 (Linux; Android 7.0;) AppleWebKit/537.36 (KHTML, like Gecko) Mobile Safari/537.36 (compatible; PetalBot;+https://webmaster.petalsearch.com/site/petalbot)" "-"
66.249.64.0 - - [19/Oct/2025:00:08:03 -0400] "GET /entity/465601492.shtm HTTP/1.1" 200 195628 boxmarkdigital.com "-" "Mozilla/5.0 (Linux; Android 6.0.1; Nexus 5X Build/MMB29P) AppleWebKit/537.36 (KHTML, like Gecko) Chrome/140.0.7339.207 Mobile Safari/537.36 (compatible; GoogleOther)" "-"
20.171.207.0 - - [19/Oct/2025:00:08:03 -0400] "GET /?fileloc=//lib/gnupg/gpg-wks-client&path=//lib/gnupg HTTP/1.1" 200 12238 boxmarkdigital.com "-" "Mozilla/5.0 AppleWebKit/537.36 (KHTML, like Gecko; compatible; GPTBot/1.2; +https://openai.com/gptbot)" "-"
66.249.64.0 - - [19/Oct/2025:00:08:05 -0400] "GET /entity/465572974.shtm HTTP/1.1" 200 198132 boxmarkdigital.com "-" "Mozilla/5.0 (Linux; Android 6.0.1; Nexus 5X Build/MMB29P) AppleWebKit/537.36 (KHTML, like Gecko) Chrome/140.0.7339.207 Mobile Safari/537.36 (compatible; GoogleOther)" "-"
20.171.207.0 - - [19/Oct/2025:00:08:06 -0400] "GET /?fileloc=//bin/mogrify-im6&path=//bin HTTP/1.1" 200 12191 boxmarkdigital.com "-" "Mozilla/5.0 AppleWebKit/537.36 (KHTML, like Gecko; compatible; GPTBot/1.2; +https://openai.com/gptbot)" "-"
216.73.216.0 - - [19/Oct/2025:00:08:07 -0400] "GET /dallas-seo-services?fileloc=%2Fhomepages%2F10%2Fd573043092%2Fhtdocs%2Fclickandbuilds%2FBoxmarkDigital%2Fwp-includes%2Fclass-wp-oembed.php&path=%2Fhomepages%2F10%2Fd573043092%2Fhtdocs%2Fclickandbuilds%2FBoxmarkDigital%2Fwp-includes HTTP/1.1" 200 44941 boxmarkdigital.com "-" "Mozilla/5.0 AppleWebKit/537.36 (KHTML, like Gecko; compatible; ClaudeBot/1.0; +claudebot@anthropic.com)" "-"
43.173.179.0 - - [19/Oct/2025:00:08:08 -0400] "GET /product/adwords-premiun HTTP/1.1" 200 61284 boxmarkdigital.com "-" "Mozilla/5.0 (Windows NT 6.1; Win64; x64) AppleWebKit/537.36 (KHTML, like Gecko) Chrome/126.0.6478.114 Safari/537.36" "-"
20.171.207.0 - - [19/Oct/2025:00:08:10 -0400] "GET /?fileloc=//bin/convert-im6&path=//bin HTTP/1.1" 200 12191 boxmarkdigital.com "-" "Mozilla/5.0 AppleWebKit/537.36 (KHTML, like Gecko; compatible; GPTBot/1.2; +https://openai.com/gptbot)" "-"
20.171.207.0 - - [19/Oct/2025:00:08:13 -0400] "GET /?fileloc=//bin/display-im6&path=//bin HTTP/1.1" 200 12191 boxmarkdigital.com "-" "Mozilla/5.0 AppleWebKit/537.36 (KHTML, like Gecko; compatible; GPTBot/1.2; +https://openai.com/gptbot)" "-"
20.171.207.0 - - [19/Oct/2025:00:08:16 -0400] "GET /?fileloc=//lib/aspell/british-wo_accents.alias&path=//lib/aspell HTTP/1.1" 200 12347 boxmarkdigital.com "-" "Mozilla/5.0 AppleWebKit/537.36 (KHTML, like Gecko; compatible; GPTBot/1.2; +https://openai.com/gptbot)" "-"
66.249.64.0 - - [19/Oct/2025:00:08:19 -0400] "GET /entity/1659238558.shtm HTTP/1.1" 200 204748 boxmarkdigital.com "-" "Mozilla/5.0 (Linux; Android 6.0.1; Nexus 5X Build/MMB29P) AppleWebKit/537.36 (KHTML, like Gecko) Chrome/140.0.7339.207 Mobile Safari/537.36 (compatible; Googlebot/2.1; +http://www.google.com/bot.html)" "-"
20.171.207.0 - - [19/Oct/2025:00:08:19 -0400] "GET /?path=//lib/x86_64-linux-gnu/perl/5.32/IPC HTTP/1.1" 200 18878 boxmarkdigital.com "-" "Mozilla/5.0 AppleWebKit/537.36 (KHTML, like Gecko; compatible; GPTBot/1.2; +https://openai.com/gptbot)" "-"
20.171.207.0 - - [19/Oct/2025:00:08:22 -0400] "GET /?path=//usr/lib/x86_64-linux-gnu/perl/5.32/auto/IO HTTP/1.1" 200 14482 boxmarkdigital.com "-" "Mozilla/5.0 AppleWebKit/537.36 (KHTML, like Gecko; compatible; GPTBot/1.2; +https://openai.com/gptbot)" "-"
20.171.207.0 - - [19/Oct/2025:00:08:25 -0400] "GET /?path=//usr/lib/x86_64-linux-gnu/perl/5.32/IPC HTTP/1.1" 200 18992 boxmarkdigital.com "-" "Mozilla/5.0 AppleWebKit/537.36 (KHTML, like Gecko; compatible; GPTBot/1.2; +https://openai.com/gptbot)" "-"
20.171.207.0 - - [19/Oct/2025:00:08:28 -0400] "GET /?path=//lib/x86_64-linux-gnu/perl/5.32/Sys HTTP/1.1" 200 15864 boxmarkdigital.com "-" "Mozilla/5.0 AppleWebKit/537.36 (KHTML, like Gecko; compatible; GPTBot/1.2; +https://openai.com/gptbot)" "-"
20.171.207.0 - - [19/Oct/2025:00:08:31 -0400] "GET /?fileloc=//lib/ssl/certs/Actalis_Authentication_Root_CA.pem&path=//lib/ssl/certs HTTP/1.1" 200 14349 boxmarkdigital.com "-" "Mozilla/5.0 AppleWebKit/537.36 (KHTML, like Gecko; compatible; GPTBot/1.2; +https://openai.com/gptbot)" "-"
